CRAN Package Check Results for Package rioja

Last updated on 2017-08-21 13:50:13.

Flavor Version Tinstall Tcheck Ttotal Status Flags
r-devel-linux-x86_64-debian-clang 0.9-15 10.99 46.08 57.07 OK
r-devel-linux-x86_64-debian-gcc 0.9-15 10.19 47.07 57.27 OK
r-devel-linux-x86_64-fedora-clang 0.9-15 118.81 WARN
r-devel-linux-x86_64-fedora-gcc 0.9-15 115.31 OK
r-devel-windows-ix86+x86_64 0.9-15 50.00 101.00 151.00 OK
r-patched-linux-x86_64 0.9-15 10.67 47.39 58.07 OK
r-patched-solaris-x86 0.9-15 159.50 OK
r-release-linux-x86_64 0.9-15 10.00 46.37 56.37 OK
r-release-windows-ix86+x86_64 0.9-15 64.00 106.00 170.00 OK
r-release-osx-x86_64 0.9-15 OK
r-oldrel-windows-ix86+x86_64 0.9-15 55.00 92.00 147.00 OK
r-oldrel-osx-x86_64 0.9-15 OK

Additional issues

rchk

Check Details

Version: 0.9-15
Check: whether package can be installed
Result: WARN
    Found the following significant warnings:
     mlrc.cpp:15:32: warning: unknown warning group '-Wunused-but-set-variable', ignored [-Wunknown-warning-option]
     wa.cpp:12:32: warning: unknown warning group '-Wunused-but-set-variable', ignored [-Wunknown-warning-option]
Flavor: r-devel-linux-x86_64-fedora-clang