CRAN Package Check Results for Package rioja

Last updated on 2017-12-12 00:47:03 CET.

Flavor Version Tinstall Tcheck Ttotal Status Flags
r-devel-linux-x86_64-debian-clang 0.9-15 15.07 57.07 72.14 WARN
r-devel-linux-x86_64-debian-gcc 0.9-15 11.84 54.59 66.43 OK
r-devel-linux-x86_64-fedora-clang 0.9-15 101.80 WARN
r-devel-linux-x86_64-fedora-gcc 0.9-15 101.42 WARN
r-devel-windows-ix86+x86_64 0.9-15 64.00 103.00 167.00 OK
r-patched-linux-x86_64 0.9-15 13.14 75.70 88.84 OK
r-patched-solaris-x86 0.9-15 157.40 OK
r-release-linux-x86_64 0.9-15 14.86 75.41 90.27 OK
r-release-windows-ix86+x86_64 0.9-15 51.00 149.00 200.00 OK
r-release-osx-x86_64 0.9-15 OK
r-oldrel-windows-ix86+x86_64 0.9-15 62.00 126.00 188.00 OK
r-oldrel-osx-x86_64 0.9-15 OK

Additional issues

rchk

Check Details

Version: 0.9-15
Check: whether package can be installed
Result: WARN
    Found the following significant warnings:
     mlrc.cpp:15:32: warning: unknown warning group '-Wunused-but-set-variable', ignored [-Wunknown-warning-option]
     wa.cpp:12:32: warning: unknown warning group '-Wunused-but-set-variable', ignored [-Wunknown-warning-option]
Flavors: r-devel-linux-x86_64-debian-clang, r-devel-linux-x86_64-fedora-clang

Version: 0.9-15
Check: pragmas in C/C++ headers and code
Result: WARN
    Files which contain pragma(s) suppressing diagnostics:
     src/mlrc.cpp src/rdfmt.c src/wa.cpp
Flavors: r-devel-linux-x86_64-fedora-clang, r-devel-linux-x86_64-fedora-gcc