CRAN Package Check Results for Package rioja

Last updated on 2017-01-17 23:49:35.

Flavor Version Tinstall Tcheck Ttotal Status Flags
r-devel-linux-x86_64-debian-clang 0.9-9 10.90 47.61 58.51 OK
r-devel-linux-x86_64-debian-gcc 0.9-9 9.66 46.07 55.74 OK
r-devel-linux-x86_64-fedora-clang 0.9-9 119.91 OK --no-stop-on-test-error
r-devel-linux-x86_64-fedora-gcc 0.9-9 118.50 OK --no-stop-on-test-error
r-devel-macos-x86_64-clang 0.9-9 92.98 OK --no-stop-on-test-error
r-devel-windows-ix86+x86_64 0.9-9 62.00 105.00 167.00 OK
r-patched-linux-x86_64 0.9-9 9.21 43.37 52.58 OK
r-patched-solaris-sparc 0.9-9 632.20 OK
r-patched-solaris-x86 0.9-9 140.00 OK
r-release-linux-x86_64 0.9-9 9.02 43.67 52.68 OK
r-release-osx-x86_64-mavericks 0.9-9 NOTE
r-release-windows-ix86+x86_64 0.9-9 37.00 137.00 174.00 OK
r-oldrel-windows-ix86+x86_64 0.9-9 52.00 140.00 192.00 OK

Check Details

Version: 0.9-9
Check: package dependencies
Result: NOTE
    Package suggested but not available for checking: ‘RODBC’
Flavor: r-release-osx-x86_64-mavericks