CRAN Package Check Results for Package rioja

Last updated on 2016-12-04 22:47:30.

Flavor Version Tinstall Tcheck Ttotal Status Flags
r-devel-linux-x86_64-debian-clang 0.9-9 10.71 50.88 61.60 OK
r-devel-linux-x86_64-debian-gcc 0.9-9 9.83 49.33 59.16 OK
r-devel-linux-x86_64-fedora-clang 0.9-9 123.81 OK --no-stop-on-test-error
r-devel-linux-x86_64-fedora-gcc 0.9-9 121.78 OK --no-stop-on-test-error
r-devel-macos-x86_64-clang 0.9-9 94.66 OK
r-devel-windows-ix86+x86_64 0.9-9 35.00 140.00 175.00 OK
r-patched-linux-x86_64 0.9-9 9.15 43.31 52.47 OK
r-patched-solaris-sparc 0.9-9 591.60 OK
r-patched-solaris-x86 0.9-9 154.40 OK
r-release-linux-x86_64 0.9-9 9.15 44.09 53.24 OK
r-release-osx-x86_64-mavericks 0.9-9 NOTE
r-release-windows-ix86+x86_64 0.9-9 52.00 96.00 148.00 OK
r-oldrel-windows-ix86+x86_64 0.9-9 46.00 105.00 151.00 OK

Check Details

Version: 0.9-9
Check: package dependencies
Result: NOTE
    Package suggested but not available for checking: ‘RODBC’
Flavor: r-release-osx-x86_64-mavericks