CRAN Package Check Results for Package rioja

Last updated on 2017-02-21 15:50:45.

Flavor Version Tinstall Tcheck Ttotal Status Flags
r-devel-linux-x86_64-debian-clang 0.9-9 10.96 49.80 60.77 NOTE
r-devel-linux-x86_64-debian-gcc 0.9-9 9.74 47.62 57.36 NOTE
r-devel-linux-x86_64-fedora-clang 0.9-9 118.45 NOTE --no-stop-on-test-error
r-devel-linux-x86_64-fedora-gcc 0.9-9 117.76 NOTE --no-stop-on-test-error
r-devel-macos-x86_64-clang 0.9-9 94.84 NOTE --no-stop-on-test-error
r-devel-windows-ix86+x86_64 0.9-9 69.00 139.00 208.00 OK
r-patched-linux-x86_64 0.9-9 9.27 43.51 52.78 OK
r-patched-solaris-sparc 0.9-9 632.20 OK
r-patched-solaris-x86 0.9-9 148.90 OK
r-release-linux-x86_64 0.9-9 8.95 44.35 53.30 OK
r-release-osx-x86_64-mavericks 0.9-9 NOTE
r-release-windows-ix86+x86_64 0.9-9 50.00 145.00 195.00 OK
r-oldrel-windows-ix86+x86_64 0.9-9 72.00 156.00 228.00 OK

Check Details

Version: 0.9-9
Check: compiled code
Result: NOTE
    File ‘rioja/libs/rioja.so’:
     Found no calls to: ‘R_registerRoutines’, ‘R_useDynamicSymbols’
    
    It is good practice to register native routines and to disable symbol
    search.
    
    See ‘Writing portable packages’ in the ‘Writing R Extensions’ manual.
Flavors: r-devel-linux-x86_64-debian-clang, r-devel-linux-x86_64-debian-gcc

Version: 0.9-9
Flags: --no-stop-on-test-error
Check: compiled code
Result: NOTE
    File ‘rioja/libs/rioja.so’:
     Found no calls to: ‘R_registerRoutines’, ‘R_useDynamicSymbols’
    
    It is good practice to register native routines and to disable symbol
    search.
    
    See ‘Writing portable packages’ in the ‘Writing R Extensions’ manual.
Flavors: r-devel-linux-x86_64-fedora-clang, r-devel-linux-x86_64-fedora-gcc, r-devel-macos-x86_64-clang

Version: 0.9-9
Check: package dependencies
Result: NOTE
    Package suggested but not available for checking: ‘RODBC’
Flavor: r-release-osx-x86_64-mavericks