CRAN Package Check Results for Package rioja

Last updated on 2015-02-26 23:47:54.

Flavor Version Tinstall Tcheck Ttotal Status Flags
r-devel-linux-x86_64-debian-clang 0.9-3 7.98 46.82 54.80 NOTE
r-devel-linux-x86_64-debian-gcc 0.9-3 9.17 45.26 54.43 NOTE
r-devel-linux-x86_64-fedora-clang 0.9-3 110.50 NOTE
r-devel-linux-x86_64-fedora-gcc 0.9-3 104.07 NOTE
r-devel-osx-x86_64-clang 0.9-3 97.29 NOTE
r-devel-windows-ix86+x86_64 0.9-3 72.00 88.00 160.00 OK
r-patched-linux-x86_64 0.9-3 10.84 58.50 69.34 OK
r-patched-solaris-sparc 0.9-3 859.00 OK
r-patched-solaris-x86 0.9-3 194.70 OK
r-release-linux-ix86 0.9-3 16.90 68.18 85.08 OK
r-release-linux-x86_64 0.9-3 11.68 0.38 12.06 OK
r-release-osx-x86_64-mavericks 0.9-3 NOTE
r-release-osx-x86_64-snowleopard 0.9-3 OK
r-release-windows-ix86+x86_64 0.9-3 55.00 109.00 164.00 OK
r-oldrel-windows-ix86+x86_64 0.9-3 51.00 117.00 168.00 OK

Check Details

Version: 0.9-3
Check: S3 generic/method consistency
Result: NOTE
    Found the following apparent S3 methods exported but not registered:
     predict.internal.IKFA predict.internal.MLRC predict.internal.MR
     predict.internal.WA predict.internal.WAPLS
    See section ‘Registering S3 methods’ in the ‘Writing R Extensions’
    manual.
Flavors: r-devel-linux-x86_64-debian-clang, r-devel-linux-x86_64-debian-gcc, r-devel-linux-x86_64-fedora-clang, r-devel-linux-x86_64-fedora-gcc, r-devel-osx-x86_64-clang

Version: 0.9-3
Check: package dependencies
Result: NOTE
    Package which this enhances but not available for checking: ‘RODBC’
Flavor: r-release-osx-x86_64-mavericks