CRAN Package Check Results for Package rioja

Last updated on 2017-06-29 06:53:19.

Flavor Version Tinstall Tcheck Ttotal Status Flags
r-devel-linux-x86_64-debian-clang 0.9-15 11.04 47.17 58.21 OK
r-devel-linux-x86_64-debian-gcc 0.9-15 10.23 47.08 57.31 OK
r-devel-linux-x86_64-fedora-clang 0.9-15 118.63 OK
r-devel-linux-x86_64-fedora-gcc 0.9-15 122.81 OK
r-devel-windows-ix86+x86_64 0.9-15 74.00 109.00 183.00 OK
r-patched-linux-x86_64 0.9-15 10.63 46.30 56.93 OK
r-patched-solaris-sparc 0.9-14 54.10 ERROR
r-patched-solaris-x86 0.9-15 156.80 OK
r-release-linux-x86_64 0.9-15 10.05 45.35 55.41 OK
r-release-windows-ix86+x86_64 0.9-15 55.00 145.00 200.00 OK
r-release-osx-x86_64 0.9-15 OK
r-oldrel-windows-ix86+x86_64 0.9-15 64.00 124.00 188.00 OK
r-oldrel-osx-x86_64 0.9-15 OK

Additional issues

rchk

Check Details

Version: 0.9-14
Check: whether package can be installed
Result: ERROR
    Installation failed.
Flavor: r-patched-solaris-sparc