CRAN Package Check Results for Package rioja

Last updated on 2015-07-05 14:46:48.

Flavor Version Tinstall Tcheck Ttotal Status Flags
r-devel-linux-x86_64-debian-clang 0.9-5 8.03 45.72 53.76 NOTE
r-devel-linux-x86_64-debian-gcc 0.9-5 9.48 46.76 56.24 NOTE
r-devel-linux-x86_64-fedora-clang 0.9-5 107.72 NOTE
r-devel-linux-x86_64-fedora-gcc 0.9-5 103.41 NOTE
r-devel-osx-x86_64-clang 0.9-5 81.93 OK
r-devel-windows-ix86+x86_64 0.9-5 50.00 94.00 144.00 NOTE
r-patched-linux-x86_64 0.9-5 9.26 45.80 55.06 OK
r-patched-solaris-sparc 0.9-5 654.00 OK
r-patched-solaris-x86 0.9-5 151.70 OK
r-release-linux-x86_64 0.9-5 9.36 46.62 55.97 OK
r-release-osx-x86_64-mavericks 0.9-5 NOTE
r-release-windows-ix86+x86_64 0.9-5 64.00 105.00 169.00 OK
r-oldrel-windows-ix86+x86_64 0.9-5 67.00 118.00 185.00 OK

Check Details

Version: 0.9-5
Check: R code for possible problems
Result: NOTE
    hulls: no visible global function definition for ‘chull’
    Undefined global functions or variables:
     chull
Flavors: r-devel-linux-x86_64-debian-clang, r-devel-linux-x86_64-debian-gcc, r-devel-linux-x86_64-fedora-clang, r-devel-linux-x86_64-fedora-gcc

Version: 0.9-5
Check: R code for possible problems
Result: NOTE
    MLRC.fit : glr: no visible binding for global variable 'logit'
    MLRC2.fit : glr: no visible binding for global variable 'logit'
    hulls: no visible global function definition for 'chull'
    Undefined global functions or variables:
     chull logit
Flavor: r-devel-windows-ix86+x86_64

Version: 0.9-5
Check: package dependencies
Result: NOTE
    Package which this enhances but not available for checking: ‘RODBC’
Flavor: r-release-osx-x86_64-mavericks