CRAN Package Check Results for Package rioja

Last updated on 2016-10-01 23:47:25.

Flavor Version Tinstall Tcheck Ttotal Status Flags
r-devel-linux-x86_64-debian-clang 0.9-9 10.79 47.31 58.10 OK
r-devel-linux-x86_64-debian-gcc 0.9-9 9.77 46.81 56.58 OK
r-devel-linux-x86_64-fedora-clang 0.9-9 118.66 OK
r-devel-linux-x86_64-fedora-gcc 0.9-9 112.99 OK
r-devel-macos-x86_64-clang 0.9-9 83.04 OK
r-devel-windows-ix86+x86_64 0.9-9 62.00 126.00 188.00 OK
r-patched-linux-x86_64 0.9-9 9.71 47.16 56.87 OK
r-patched-solaris-sparc 0.9-9 591.60 OK
r-patched-solaris-x86 0.9-9 137.00 OK
r-release-linux-x86_64 0.9-9 9.85 46.06 55.91 OK
r-release-osx-x86_64-mavericks 0.9-9 NOTE
r-release-windows-ix86+x86_64 0.9-9 36.00 134.00 170.00 OK
r-oldrel-windows-ix86+x86_64 0.9-9 51.00 105.00 156.00 OK

Check Details

Version: 0.9-9
Check: package dependencies
Result: NOTE
    Package suggested but not available for checking: ‘RODBC’
Flavor: r-release-osx-x86_64-mavericks