CRAN Package Check Results for Package rioja

Last updated on 2016-07-24 17:49:17.

Flavor Version Tinstall Tcheck Ttotal Status Flags
r-devel-linux-x86_64-debian-clang 0.9-9 14.61 55.46 70.06 OK
r-devel-linux-x86_64-debian-gcc 0.9-9 13.93 54.10 68.04 OK
r-devel-linux-x86_64-fedora-clang 0.9-9 113.14 OK
r-devel-linux-x86_64-fedora-gcc 0.9-9 104.56 OK
r-devel-osx-x86_64-clang 0.9-9 89.26 OK
r-devel-windows-ix86+x86_64 0.9-9 39.00 111.00 150.00 OK
r-patched-linux-x86_64 0.9-9 12.42 52.04 64.47 OK
r-patched-solaris-sparc 0.9-9 591.60 OK
r-patched-solaris-x86 0.9-9 138.50 OK
r-release-linux-x86_64 0.9-9 10.96 53.77 64.73 OK
r-release-osx-x86_64-mavericks 0.9-9 NOTE
r-release-windows-ix86+x86_64 0.9-9 41.00 147.00 188.00 OK
r-oldrel-windows-ix86+x86_64 0.9-9 74.00 139.00 213.00 OK

Check Details

Version: 0.9-9
Check: package dependencies
Result: NOTE
    Package suggested but not available for checking: ‘RODBC’
Flavor: r-release-osx-x86_64-mavericks