CRAN Package Check Results for Package rioja

Last updated on 2015-05-25 11:48:33.

Flavor Version Tinstall Tcheck Ttotal Status Flags
r-devel-linux-x86_64-debian-clang 0.9-5 7.91 47.98 55.88 OK
r-devel-linux-x86_64-debian-gcc 0.9-5 9.16 47.12 56.28 OK
r-devel-linux-x86_64-fedora-clang 0.9-5 110.21 OK
r-devel-linux-x86_64-fedora-gcc 0.9-5 105.79 OK
r-devel-osx-x86_64-clang 0.9-5 101.60 OK
r-devel-windows-ix86+x86_64 0.9-5 53.00 97.00 150.00 OK
r-patched-linux-x86_64 0.9-5 9.58 45.99 55.56 OK
r-patched-solaris-sparc 0.9-5 654.00 OK
r-patched-solaris-x86 0.9-5 151.10 OK
r-release-linux-x86_64 0.9-5 9.33 46.35 55.68 OK
r-release-osx-x86_64-mavericks 0.9-5 NOTE
r-release-osx-x86_64-snowleopard 0.9-5 OK
r-release-windows-ix86+x86_64 0.9-5 49.00 89.00 138.00 OK
r-oldrel-windows-ix86+x86_64 0.9-5 56.00 164.00 220.00 OK

Check Details

Version: 0.9-5
Check: package dependencies
Result: NOTE
    Package which this enhances but not available for checking: ‘RODBC’
Flavor: r-release-osx-x86_64-mavericks