CRAN Package Check Results for Package rioja

Last updated on 2016-08-24 03:47:26.

Flavor Version Tinstall Tcheck Ttotal Status Flags
r-devel-linux-x86_64-debian-clang 0.9-9 10.69 50.28 60.98 OK
r-devel-linux-x86_64-debian-gcc 0.9-9 10.73 49.70 60.43 OK
r-devel-linux-x86_64-fedora-clang 0.9-9 111.81 OK
r-devel-linux-x86_64-fedora-gcc 0.9-9 101.63 OK
r-devel-osx-x86_64-clang 0.9-9 88.56 OK
r-devel-windows-ix86+x86_64 0.9-9 55.00 129.00 184.00 OK
r-patched-linux-x86_64 0.9-9 9.41 48.67 58.08 OK
r-patched-solaris-sparc 0.9-9 591.60 OK
r-patched-solaris-x86 0.9-9 140.10 OK
r-release-linux-x86_64 0.9-9 9.31 47.56 56.87 OK
r-release-osx-x86_64-mavericks 0.9-9 NOTE
r-release-windows-ix86+x86_64 0.9-9 52.00 127.00 179.00 OK
r-oldrel-windows-ix86+x86_64 0.9-9 61.00 105.00 166.00 OK

Check Details

Version: 0.9-9
Check: package dependencies
Result: NOTE
    Package suggested but not available for checking: ‘RODBC’
Flavor: r-release-osx-x86_64-mavericks