CRAN Package Check Results for Package rioja

Last updated on 2017-03-24 04:47:50.

Flavor Version Tinstall Tcheck Ttotal Status Flags
r-devel-linux-x86_64-debian-clang 0.9-9 10.99 48.02 59.01 NOTE
r-devel-linux-x86_64-debian-gcc 0.9-9 10.07 47.25 57.32 NOTE
r-devel-linux-x86_64-fedora-clang 0.9-9 123.38 NOTE --no-stop-on-test-error
r-devel-linux-x86_64-fedora-gcc 0.9-9 119.64 NOTE --no-stop-on-test-error
r-devel-macos-x86_64-clang 0.9-9 92.87 NOTE --no-stop-on-test-error
r-devel-windows-ix86+x86_64 0.9-9 52.00 112.00 164.00 OK
r-patched-linux-x86_64 0.9-9 9.00 43.43 52.43 OK
r-patched-solaris-sparc 0.9-9 730.60 OK
r-patched-solaris-x86 0.9-9 176.10 OK
r-release-linux-x86_64 0.9-9 9.33 43.49 52.82 OK
r-release-osx-x86_64-mavericks 0.9-9 NOTE
r-release-windows-ix86+x86_64 0.9-9 63.00 100.00 163.00 OK
r-oldrel-windows-ix86+x86_64 0.9-9 64.00 140.00 204.00 OK

Check Details

Version: 0.9-9
Check: compiled code
Result: NOTE
    File ‘rioja/libs/rioja.so’:
     Found no calls to: ‘R_registerRoutines’, ‘R_useDynamicSymbols’
    
    It is good practice to register native routines and to disable symbol
    search.
    
    See ‘Writing portable packages’ in the ‘Writing R Extensions’ manual.
Flavors: r-devel-linux-x86_64-debian-clang, r-devel-linux-x86_64-debian-gcc

Version: 0.9-9
Flags: --no-stop-on-test-error
Check: compiled code
Result: NOTE
    File ‘rioja/libs/rioja.so’:
     Found no calls to: ‘R_registerRoutines’, ‘R_useDynamicSymbols’
    
    It is good practice to register native routines and to disable symbol
    search.
    
    See ‘Writing portable packages’ in the ‘Writing R Extensions’ manual.
Flavors: r-devel-linux-x86_64-fedora-clang, r-devel-linux-x86_64-fedora-gcc, r-devel-macos-x86_64-clang

Version: 0.9-9
Check: package dependencies
Result: NOTE
    Package suggested but not available for checking: ‘RODBC’
Flavor: r-release-osx-x86_64-mavericks