CRAN Package Check Results for Package rioja

Last updated on 2017-04-28 06:49:04.

Flavor Version Tinstall Tcheck Ttotal Status Flags
r-devel-linux-x86_64-debian-clang 0.9-9 11.26 48.47 59.73 NOTE
r-devel-linux-x86_64-debian-gcc 0.9-9 10.40 51.28 61.68 NOTE
r-devel-linux-x86_64-fedora-clang 0.9-9 128.56 NOTE --no-stop-on-test-error
r-devel-linux-x86_64-fedora-gcc 0.9-9 116.78 NOTE --no-stop-on-test-error
r-devel-windows-ix86+x86_64 0.9-9 52.00 150.00 202.00 OK
r-patched-linux-x86_64 0.9-9 9.36 50.27 59.63 NOTE
r-patched-solaris-sparc 0.9-9 730.60 OK
r-patched-solaris-x86 0.9-9 162.00 OK
r-release-linux-x86_64 0.9-9 9.55 49.09 58.64 NOTE
r-release-windows-ix86+x86_64 0.9-9 52.00 113.00 165.00 OK
r-release-osx-x86_64 0.9-9 NOTE
r-oldrel-windows-ix86+x86_64 0.9-9 61.00 101.00 162.00 OK
r-oldrel-osx-x86_64 0.9-9 NOTE

Check Details

Version: 0.9-9
Check: compiled code
Result: NOTE
    File ‘rioja/libs/rioja.so’:
     Found no calls to: ‘R_registerRoutines’, ‘R_useDynamicSymbols’
    
    It is good practice to register native routines and to disable symbol
    search.
    
    See ‘Writing portable packages’ in the ‘Writing R Extensions’ manual.
Flavors: r-devel-linux-x86_64-debian-clang, r-devel-linux-x86_64-debian-gcc, r-patched-linux-x86_64, r-release-linux-x86_64

Version: 0.9-9
Flags: --no-stop-on-test-error
Check: compiled code
Result: NOTE
    File ‘rioja/libs/rioja.so’:
     Found no calls to: ‘R_registerRoutines’, ‘R_useDynamicSymbols’
    
    It is good practice to register native routines and to disable symbol
    search.
    
    See ‘Writing portable packages’ in the ‘Writing R Extensions’ manual.
Flavors: r-devel-linux-x86_64-fedora-clang, r-devel-linux-x86_64-fedora-gcc

Version: 0.9-9
Check: package dependencies
Result: NOTE
    Package suggested but not available for checking: ‘RODBC’
Flavors: r-release-osx-x86_64, r-oldrel-osx-x86_64