CRAN Package Check Results for Package rioja

Last updated on 2015-08-28 12:48:07.

Flavor Version Tinstall Tcheck Ttotal Status Flags
r-devel-linux-x86_64-debian-clang 0.9-5 8.24 45.02 53.26 NOTE
r-devel-linux-x86_64-debian-gcc 0.9-5 9.30 44.83 54.13 NOTE
r-devel-linux-x86_64-fedora-clang 0.9-5 106.72 NOTE
r-devel-linux-x86_64-fedora-gcc 0.9-5 103.46 NOTE
r-devel-osx-x86_64-clang 0.9-5 88.37 OK
r-devel-windows-ix86+x86_64 0.9-5 63.00 132.00 195.00 NOTE
r-patched-linux-x86_64 0.9-5 9.45 46.10 55.56 OK
r-patched-solaris-sparc 0.9-5 672.30 OK
r-patched-solaris-x86 0.9-5 158.50 OK
r-release-linux-x86_64 0.9-5 10.63 46.43 57.06 OK
r-release-osx-x86_64-mavericks 0.9-5 NOTE
r-release-windows-ix86+x86_64 0.9-5 71.00 144.00 215.00 OK
r-oldrel-windows-ix86+x86_64 0.9-5 71.00 171.00 242.00 OK

Check Details

Version: 0.9-5
Check: R code for possible problems
Result: NOTE
    hulls: no visible global function definition for ‘chull’
    Undefined global functions or variables:
     chull
    Consider adding
     importFrom("grDevices", "chull")
    to your NAMESPACE.
Flavors: r-devel-linux-x86_64-debian-clang, r-devel-linux-x86_64-debian-gcc, r-devel-linux-x86_64-fedora-clang, r-devel-linux-x86_64-fedora-gcc, r-devel-windows-ix86+x86_64

Version: 0.9-5
Check: package dependencies
Result: NOTE
    Package which this enhances but not available for checking: ‘RODBC’
Flavor: r-release-osx-x86_64-mavericks