CRAN Package Check Results for Package rioja

Last updated on 2016-02-10 02:49:18.

Flavor Version Tinstall Tcheck Ttotal Status Flags
r-devel-linux-x86_64-debian-gcc 0.9-5 9.63 44.46 54.10 NOTE
r-devel-linux-x86_64-fedora-clang 0.9-5 103.83 NOTE
r-devel-linux-x86_64-fedora-gcc 0.9-5 100.56 NOTE
r-devel-osx-x86_64-clang 0.9-5 110.96 NOTE
r-devel-windows-ix86+x86_64 0.9-5 66.00 126.00 192.00 NOTE
r-patched-linux-x86_64 0.9-5 9.53 46.48 56.01 OK
r-patched-solaris-sparc 0.9-5 640.70 OK
r-patched-solaris-x86 0.9-5 139.00 OK
r-release-linux-x86_64 0.9-5 9.82 47.87 57.69 OK
r-release-osx-x86_64-mavericks 0.9-5 NOTE
r-release-windows-ix86+x86_64 0.9-5 63.00 138.00 201.00 OK
r-oldrel-windows-ix86+x86_64 0.9-5 69.00 134.00 203.00 OK

Check Details

Version: 0.9-5
Check: R code for possible problems
Result: NOTE
    hulls: no visible global function definition for ‘chull’
    Undefined global functions or variables:
     chull
    Consider adding
     importFrom("grDevices", "chull")
    to your NAMESPACE file.
Flavors: r-devel-linux-x86_64-debian-gcc, r-devel-linux-x86_64-fedora-clang, r-devel-linux-x86_64-fedora-gcc, r-devel-osx-x86_64-clang, r-devel-windows-ix86+x86_64

Version: 0.9-5
Check: package dependencies
Result: NOTE
    Package which this enhances but not available for checking: ‘RODBC’
Flavor: r-release-osx-x86_64-mavericks