CRAN Package Check Results for Package rioja

Last updated on 2017-10-17 23:48:45.

Flavor Version Tinstall Tcheck Ttotal Status Flags
r-devel-linux-x86_64-debian-clang 0.9-15 11.30 48.03 59.34 WARN
r-devel-linux-x86_64-debian-gcc 0.9-15 10.93 47.50 58.43 OK
r-devel-linux-x86_64-fedora-clang 0.9-15 120.48 WARN
r-devel-linux-x86_64-fedora-gcc 0.9-15 120.97 OK
r-devel-windows-ix86+x86_64 0.9-15 50.00 140.00 190.00 OK
r-patched-linux-x86_64 0.9-15 9.67 45.83 55.50 OK
r-patched-solaris-x86 0.9-15 159.10 OK
r-release-linux-x86_64 0.9-15 9.86 48.21 58.08 OK
r-release-windows-ix86+x86_64 0.9-15 77.00 103.00 180.00 OK
r-release-osx-x86_64 0.9-15 OK
r-oldrel-windows-ix86+x86_64 0.9-15 70.00 124.00 194.00 OK
r-oldrel-osx-x86_64 0.9-15 OK

Additional issues

rchk

Check Details

Version: 0.9-15
Check: whether package can be installed
Result: WARN
    Found the following significant warnings:
     mlrc.cpp:15:32: warning: unknown warning group '-Wunused-but-set-variable', ignored [-Wunknown-warning-option]
     wa.cpp:12:32: warning: unknown warning group '-Wunused-but-set-variable', ignored [-Wunknown-warning-option]
Flavors: r-devel-linux-x86_64-debian-clang, r-devel-linux-x86_64-fedora-clang