CRAN Package Check Results for Package rioja

Last updated on 2014-04-24 17:49:52.

Flavor Version Tinstall Tcheck Ttotal Status Flags
r-devel-linux-x86_64-debian-clang 0.8-5 5.68 28.96 34.64 NOTE
r-devel-linux-x86_64-debian-gcc 0.8-5 7.64 29.14 36.78 NOTE
r-devel-linux-x86_64-fedora-clang 0.8-5 67.34 NOTE
r-devel-linux-x86_64-fedora-gcc 0.8-5 68.37 NOTE
r-devel-osx-x86_64-clang 0.8-5 60.76 NOTE
r-devel-osx-x86_64-gcc 0.8-5 ERROR
r-devel-windows-ix86+x86_64 0.8-5 41.00 47.00 88.00 NOTE
r-patched-linux-x86_64 0.8-5 7.40 29.47 36.87 NOTE
r-patched-solaris-sparc 0.8-5 374.20 NOTE
r-patched-solaris-x86 0.8-5 89.90 NOTE
r-release-linux-ix86 0.8-5 14.00 49.00 63.00 NOTE
r-release-linux-x86_64 0.8-5 7.26 29.02 36.27 NOTE
r-release-osx-x86_64-mavericks 0.8-5 WARN
r-release-osx-x86_64-snowleopard 0.8-5 NOTE
r-release-windows-ix86+x86_64 0.8-5 40.00 57.00 97.00 NOTE
r-oldrel-windows-ix86+x86_64 0.8-5 41.00 53.00 94.00 NOTE

Check Details

Version: 0.8-5
Check: dependencies in R code
Result: NOTE
    Missing object imported by a ':::' call: ‘RODBC:::full.path’
    See the information on DESCRIPTION files in the chapter ‘Creating R
    packages’ of the ‘Writing R Extensions’ manual.
Flavors: r-devel-linux-x86_64-debian-clang, r-devel-linux-x86_64-debian-gcc, r-devel-linux-x86_64-fedora-clang, r-devel-linux-x86_64-fedora-gcc, r-devel-osx-x86_64-clang, r-patched-linux-x86_64, r-patched-solaris-sparc, r-patched-solaris-x86, r-release-linux-ix86, r-release-linux-x86_64, r-release-osx-x86_64-snowleopard

Version: 0.8-5
Check: package dependencies
Result: ERROR
    Package required but not available: ‘vegan’
    
    See the information on DESCRIPTION files in the chapter ‘Creating R
    packages’ of the ‘Writing R Extensions’ manual.
Flavor: r-devel-osx-x86_64-gcc

Version: 0.8-5
Check: dependencies in R code
Result: NOTE
    Unexported object imported by a ':::' call: 'RODBC:::full.path'
     See the note in ?`:::` about the use of this operator.
    See the information on DESCRIPTION files in the chapter 'Creating R
    packages' of the 'Writing R Extensions' manual.
Flavors: r-devel-windows-ix86+x86_64, r-release-windows-ix86+x86_64, r-oldrel-windows-ix86+x86_64

Version: 0.8-5
Check: package dependencies
Result: NOTE
    Package suggested but not available for checking: ‘RODBC’
Flavor: r-release-osx-x86_64-mavericks

Version: 0.8-5
Check: dependencies in R code
Result: NOTE
    Unavailable namespace imported from by a ':::' call: ‘RODBC’
     See the note in ?`:::` about the use of this operator.
    See the information on DESCRIPTION files in the chapter ‘Creating R
    packages’ of the ‘Writing R Extensions’ manual.
Flavor: r-release-osx-x86_64-mavericks

Version: 0.8-5
Check: R code for possible problems
Result: NOTE
    read.C2Model: no visible global function definition for ‘odbcCloseAll’
    read.C2Model: no visible global function definition for
     ‘odbcDriverConnect’
    read.C2Model: no visible global function definition for ‘sqlTables’
    read.C2Model: no visible global function definition for ‘sqlFetch’
    write.list.Excel: no visible global function definition for
     ‘odbcCloseAll’
    write.list.Excel: no visible global function definition for
     ‘odbcDriverConnect’
    write.list.Excel: no visible global function definition for ‘sqlSave’
Flavor: r-release-osx-x86_64-mavericks

Version: 0.8-5
Check: PDF version of manual
Result: WARNING
    LaTeX errors when creating PDF version.
    This typically indicates Rd problems.
    LaTeX errors found:
    ! LaTeX Error: File `upquote.sty' not found.
    
    Type X to quit or <RETURN> to proceed,
    or enter new name. (Default extension: sty)
    
    57f97dc5/Rd2.tex:8: ==> Fatal error occurred, no output PDF file produced!
Flavor: r-release-osx-x86_64-mavericks