CRAN Package Check Results for Package rise

Last updated on 2020-02-20 13:49:06 CET.

Flavor Version Tinstall Tcheck Ttotal Status Flags
r-devel-linux-x86_64-debian-clang 1.0.4 4.89 41.82 46.71 OK
r-devel-linux-x86_64-debian-gcc 1.0.4 3.95 31.93 35.88 OK
r-devel-linux-x86_64-fedora-clang 1.0.4 57.23 OK
r-devel-linux-x86_64-fedora-gcc 1.0.4 55.76 OK
r-devel-windows-ix86+x86_64 1.0.4 12.00 54.00 66.00 OK
r-devel-windows-ix86+x86_64-gcc8 1.0.4 17.00 56.00 73.00 OK
r-patched-linux-x86_64 1.0.4 4.09 35.49 39.58 OK
r-patched-solaris-x86 1.0.4 78.60 OK
r-release-linux-x86_64 1.0.4 4.03 36.74 40.77 OK
r-release-windows-ix86+x86_64 1.0.4 10.00 55.00 65.00 OK
r-release-osx-x86_64 1.0.4 OK
r-oldrel-windows-ix86+x86_64 1.0.4 6.00 51.00 57.00 OK
r-oldrel-osx-x86_64 1.0.4 WARN

Check Details

Version: 1.0.4
Check: whether package can be installed
Result: WARN
    Found the following significant warnings:
     Warning: package ‘dplyr’ was built under R version 3.5.1
Flavor: r-oldrel-osx-x86_64