CRAN Package Check Results for Package riskRegression

Last updated on 2015-05-25 11:48:33.

Flavor Version Tinstall Tcheck Ttotal Status Flags
r-devel-linux-x86_64-debian-clang 1.1.1 2.78 19.68 22.47 OK
r-devel-linux-x86_64-debian-gcc 1.1.1 3.40 19.08 22.48 OK
r-devel-linux-x86_64-fedora-clang 1.1.1 41.40 OK
r-devel-linux-x86_64-fedora-gcc 1.1.1 40.00 OK
r-devel-osx-x86_64-clang 1.1.1 43.81 OK
r-devel-windows-ix86+x86_64 1.1.1 16.00 43.00 59.00 OK
r-patched-linux-x86_64 1.1.1 3.31 18.62 21.93 OK
r-patched-solaris-sparc 1.1.1 259.40 OK
r-patched-solaris-x86 1.1.1 58.30 OK
r-release-linux-x86_64 1.1.1 3.27 18.69 21.96 OK
r-release-osx-x86_64-mavericks 1.1.1 OK
r-release-osx-x86_64-snowleopard 1.1.1 ERROR
r-release-windows-ix86+x86_64 1.1.1 15.00 45.00 60.00 OK
r-oldrel-windows-ix86+x86_64 1.1.1 14.00 55.00 69.00 OK

Memtest notes: valgrind

Check Details

Version: 1.1.1
Check: package dependencies
Result: ERROR
    Packages required but not available: ‘rms’ ‘pec’
    
    See section ‘The DESCRIPTION file’ in the ‘Writing R Extensions’
    manual.
Flavor: r-release-osx-x86_64-snowleopard