CRAN Package Check Results for Package riskRegression

Last updated on 2016-12-03 12:48:36.

Flavor Version Tinstall Tcheck Ttotal Status Flags
r-devel-linux-x86_64-debian-clang 1.1.7 6.24 47.03 53.28 OK
r-devel-linux-x86_64-debian-gcc 1.1.7 5.66 45.35 51.01 OK
r-devel-linux-x86_64-fedora-clang 1.1.7 110.95 OK
r-devel-linux-x86_64-fedora-gcc 1.1.7 108.33 OK
r-devel-macos-x86_64-clang 1.1.7 85.11 NOTE
r-devel-windows-ix86+x86_64 1.1.7 18.00 108.00 126.00 OK
r-patched-linux-x86_64 1.1.7 5.00 38.32 43.33 OK
r-patched-solaris-sparc 1.1.7 546.80 OK
r-patched-solaris-x86 1.1.7 119.20 OK
r-release-linux-x86_64 1.1.7 5.03 38.30 43.33 OK
r-release-osx-x86_64-mavericks 1.1.7 OK
r-release-windows-ix86+x86_64 1.1.7 26.00 114.00 140.00 OK
r-oldrel-windows-ix86+x86_64 1.1.7 27.00 133.00 160.00 OK

Check Details

Version: 1.1.7
Check: dependencies in R code
Result: NOTE
    
    This data.table install has not detected OpenMP support. It will work but slower in single threaded mode.
Flavor: r-devel-macos-x86_64-clang