CRAN Package Check Results for Package riskRegression

Last updated on 2018-05-25 00:46:52 CEST.

Flavor Version Tinstall Tcheck Ttotal Status Flags
r-devel-linux-x86_64-debian-clang 2018.04.21 144.56 648.28 792.84 OK
r-devel-linux-x86_64-debian-gcc 2018.04.21 125.36 358.49 483.85 OK
r-devel-linux-x86_64-fedora-clang 2018.04.21 812.32 NOTE
r-devel-linux-x86_64-fedora-gcc 2018.04.21 701.23 NOTE
r-devel-windows-ix86+x86_64 2018.04.21 253.00 763.00 1016.00 OK
r-patched-linux-x86_64 2018.04.21 144.54 413.94 558.48 OK
r-patched-solaris-x86 2018.04.21 929.80 OK
r-release-linux-x86_64 2018.04.21 144.36 419.44 563.80 OK
r-release-windows-ix86+x86_64 2018.04.21 349.00 976.00 1325.00 OK
r-release-osx-x86_64 2018.04.21 OK
r-oldrel-windows-ix86+x86_64 2018.04.21 329.00 827.00 1156.00 OK
r-oldrel-osx-x86_64 2018.04.21 OK

Check Details

Version: 2018.04.21
Check: installed package size
Result: NOTE
     installed size is 5.5Mb
     sub-directories of 1Mb or more:
     libs 4.6Mb
Flavors: r-devel-linux-x86_64-fedora-clang, r-devel-linux-x86_64-fedora-gcc