CRAN Package Check Results for Package riskRegression

Last updated on 2014-12-21 11:46:43.

Flavor Version Tinstall Tcheck Ttotal Status Flags
r-devel-linux-x86_64-debian-clang 1.1.1 2.88 20.24 23.12 OK
r-devel-linux-x86_64-debian-gcc 1.1.1 3.58 20.26 23.84 OK
r-devel-linux-x86_64-fedora-clang 1.1.1 47.79 OK
r-devel-linux-x86_64-fedora-gcc 1.1.1 43.86 OK
r-devel-osx-x86_64-clang 1.1.1 44.61 OK
r-devel-windows-ix86+x86_64 1.1.1 14.00 44.00 58.00 OK
r-patched-linux-x86_64 1.1.1 3.78 21.62 25.41 OK
r-patched-solaris-sparc 1.1.1 278.00 OK
r-patched-solaris-x86 1.1.1 65.40 OK
r-release-linux-ix86 1.1.1 4.57 29.14 33.71 OK
r-release-linux-x86_64 1.1.1 3.76 21.72 25.48 OK
r-release-osx-x86_64-mavericks 1.1.1 ERROR
r-release-osx-x86_64-snowleopard 1.1.1 ERROR
r-release-windows-ix86+x86_64 1.1.1 14.00 50.00 64.00 OK
r-oldrel-windows-ix86+x86_64 1.1.1 14.00 1.00 15.00 ERROR

Memtest notes: valgrind

Check Details

Version: 1.1.1
Check: package dependencies
Result: ERROR
    Package required and available but unsuitable version: ‘pec’
    
    See the information on DESCRIPTION files in the chapter ‘Creating R
    packages’ of the ‘Writing R Extensions’ manual.
Flavors: r-release-osx-x86_64-mavericks, r-release-osx-x86_64-snowleopard

Version: 1.1.1
Check: package dependencies
Result: ERROR
    Package required and available but unsuitable version: 'randomForestSRC'
    
    See the information on DESCRIPTION files in the chapter 'Creating R
    packages' of the 'Writing R Extensions' manual.
Flavor: r-oldrel-windows-ix86+x86_64