CRAN Package Check Results for Package riskRegression

Last updated on 2018-01-17 02:53:11 CET.

Flavor Version Tinstall Tcheck Ttotal Status Flags
r-devel-linux-x86_64-debian-clang 1.4.3 106.81 418.66 525.47 OK
r-devel-linux-x86_64-debian-gcc 1.4.3 90.05 239.26 329.31 OK
r-devel-linux-x86_64-fedora-clang 1.4.3 546.53 OK
r-devel-linux-x86_64-fedora-gcc 1.4.3 498.19 NOTE
r-devel-windows-ix86+x86_64 1.4.3 253.00 488.00 741.00 ERROR
r-patched-linux-x86_64 1.4.3 106.98 334.03 441.01 OK
r-patched-solaris-x86 1.4.3 704.70 OK
r-release-linux-x86_64 1.4.3 108.75 330.48 439.23 OK
r-release-windows-ix86+x86_64 1.4.3 339.00 707.00 1046.00 OK
r-release-osx-x86_64 1.4.3 OK
r-oldrel-windows-ix86+x86_64 1.4.3 327.00 547.00 874.00 OK
r-oldrel-osx-x86_64 1.4.3 OK

Check Details

Version: 1.4.3
Check: installed package size
Result: NOTE
     installed size is 6.0Mb
     sub-directories of 1Mb or more:
     libs 5.6Mb
Flavor: r-devel-linux-x86_64-fedora-gcc

Version: 1.4.3
Check: running tests for arch ‘i386’
Result: ERROR
     Running 'test-BinomialRegression.R' [0s]
     Running 'test-BrierScore.R' [10s]
     Running 'test-CauseSpecificCoxRegression.R' [7s]
     Running 'test-FineGrayRegression.R' [3s]
     Running 'test-ate.R' [36s]
     Running 'test-boxplotScore.R' [3s]
     Running 'test-confidenceBand_vs_timereg.R' [10s]
     Running 'test-iidCox.R' [4s]
     Running 'test-phreg.R' [0s]
     Running 'test-predictCSC_vs_mstate.R' [8s]
     Running 'test-predictCox-CSC-Risk_internal.R' [9s]
     Running 'test-predictCox_vs_timereg.R' [7s]
     Running 'test-score.R' [17s]
    Running the tests in 'tests/test-predictCSC_vs_mstate.R' failed.
    Last 13 lines of output:
     [18] 0.6280 - 0.0414 == 0.5866
     ...
     * as.double(pred.RR1b$absRisk.se) not equal to pred.probtrans[, "se2"].
     16/80 mismatches (average diff: 0.0139)
     [65] 0.0261 - 0.0159 == 0.0101
     [66] 0.0277 - 0.0169 == 0.0108
     [67] 0.0294 - 0.0179 == 0.0115
     [68] 0.0314 - 0.0190 == 0.0123
     [69] 0.0314 - 0.0190 == 0.0123
     [70] 0.0336 - 0.0203 == 0.0133
     [71] 0.0336 - 0.0203 == 0.0133
     [72] 0.0336 - 0.0203 == 0.0133
     [73] 0.0336 - 0.0203 == 0.0133
     ...
     Execution halted
Flavor: r-devel-windows-ix86+x86_64