CRAN Package Check Results for Package riskRegression

Last updated on 2015-01-29 16:48:36.

Flavor Version Tinstall Tcheck Ttotal Status Flags
r-devel-linux-x86_64-debian-clang 1.1.1 2.61 18.80 21.41 OK
r-devel-linux-x86_64-debian-gcc 1.1.1 3.25 18.23 21.48 OK
r-devel-linux-x86_64-fedora-clang 1.1.1 43.24 OK
r-devel-linux-x86_64-fedora-gcc 1.1.1 43.24 OK
r-devel-osx-x86_64-clang 1.1.1 45.11 OK
r-devel-windows-ix86+x86_64 1.1.1 16.00 38.00 54.00 OK
r-patched-linux-x86_64 1.1.1 3.72 21.77 25.48 OK
r-patched-solaris-sparc 1.1.1 265.10 OK
r-patched-solaris-x86 1.1.1 66.10 OK
r-release-linux-ix86 1.1.1 4.57 29.40 33.97 OK
r-release-linux-x86_64 1.1.1 3.71 21.31 25.02 OK
r-release-osx-x86_64-mavericks 1.1.1 ERROR
r-release-osx-x86_64-snowleopard 1.1.1 ERROR
r-release-windows-ix86+x86_64 1.1.1 14.00 45.00 59.00 OK
r-oldrel-windows-ix86+x86_64 1.1.1 13.00 1.00 14.00 ERROR

Memtest notes: valgrind

Check Details

Version: 1.1.1
Check: package dependencies
Result: ERROR
    Package required and available but unsuitable version: ‘pec’
    
    See the information on DESCRIPTION files in the chapter ‘Creating R
    packages’ of the ‘Writing R Extensions’ manual.
Flavors: r-release-osx-x86_64-mavericks, r-release-osx-x86_64-snowleopard

Version: 1.1.1
Check: package dependencies
Result: ERROR
    Package required and available but unsuitable version: 'randomForestSRC'
    
    See the information on DESCRIPTION files in the chapter 'Creating R
    packages' of the 'Writing R Extensions' manual.
Flavor: r-oldrel-windows-ix86+x86_64