CRAN Package Check Results for Package riskRegression

Last updated on 2017-10-23 01:46:57.

Flavor Version Tinstall Tcheck Ttotal Status Flags
r-devel-linux-x86_64-debian-clang 1.4.3 77.86 197.99 275.84 OK
r-devel-linux-x86_64-debian-gcc 1.4.3 79.43 203.52 282.96 OK
r-devel-linux-x86_64-fedora-clang 1.4.3 595.01 OK
r-devel-linux-x86_64-fedora-gcc 1.4.3 560.07 NOTE
r-devel-windows-ix86+x86_64 1.4.3 215.00 488.00 703.00 OK
r-patched-linux-x86_64 1.4.3 82.66 199.57 282.23 OK
r-patched-solaris-x86 1.4.3 690.90 OK
r-release-linux-x86_64 1.4.3 82.74 202.68 285.42 OK
r-release-windows-ix86+x86_64 1.4.3 331.00 690.00 1021.00 OK
r-release-osx-x86_64 1.4.3 OK
r-oldrel-windows-ix86+x86_64 1.4.3 214.00 566.00 780.00 OK
r-oldrel-osx-x86_64 1.4.3 OK

Check Details

Version: 1.4.3
Check: installed package size
Result: NOTE
     installed size is 6.0Mb
     sub-directories of 1Mb or more:
     libs 5.6Mb
Flavor: r-devel-linux-x86_64-fedora-gcc