CRAN Package Check Results for Package riskRegression

Last updated on 2017-08-16 20:48:27.

Flavor Version Tinstall Tcheck Ttotal Status Flags
r-devel-linux-x86_64-debian-clang 1.4.3 76.10 197.66 273.76 OK
r-devel-linux-x86_64-debian-gcc 1.4.3 81.88 196.91 278.79 OK
r-devel-linux-x86_64-fedora-clang 1.4.3 588.28 OK
r-devel-linux-x86_64-fedora-gcc 1.4.3 525.67 NOTE
r-devel-windows-ix86+x86_64 1.4.3 212.00 495.00 707.00 OK
r-patched-linux-x86_64 1.4.3 82.02 209.92 291.94 OK
r-patched-solaris-x86 1.4.3 654.50 OK
r-release-linux-x86_64 1.4.3 80.94 205.25 286.20 OK
r-release-windows-ix86+x86_64 1.4.3 255.00 736.00 991.00 OK
r-release-osx-x86_64 1.4.3 OK
r-oldrel-windows-ix86+x86_64 1.4.3 243.00 372.00 615.00 OK
r-oldrel-osx-x86_64 1.4.3 OK

Check Details

Version: 1.4.3
Check: installed package size
Result: NOTE
     installed size is 6.1Mb
     sub-directories of 1Mb or more:
     libs 5.6Mb
Flavor: r-devel-linux-x86_64-fedora-gcc