CRAN Package Check Results for Package riskRegression

Last updated on 2017-02-19 23:48:33.

Flavor Version Tinstall Tcheck Ttotal Status Flags
r-devel-linux-x86_64-debian-clang 1.1.7 6.00 45.11 51.11 NOTE
r-devel-linux-x86_64-debian-gcc 1.1.7 5.65 45.05 50.70 NOTE
r-devel-linux-x86_64-fedora-clang 1.1.7 105.07 NOTE --no-stop-on-test-error
r-devel-linux-x86_64-fedora-gcc 1.1.7 108.78 NOTE --no-stop-on-test-error
r-devel-macos-x86_64-clang 1.1.7 85.00 NOTE --no-stop-on-test-error
r-devel-windows-ix86+x86_64 1.1.7 36.00 137.00 173.00 OK
r-patched-linux-x86_64 1.1.7 5.05 40.60 45.65 OK
r-patched-solaris-sparc 1.1.7 535.80 OK
r-patched-solaris-x86 1.1.7 123.10 OK
r-release-linux-x86_64 1.1.7 5.00 38.52 43.53 OK
r-release-osx-x86_64-mavericks 1.1.7 OK
r-release-windows-ix86+x86_64 1.1.7 18.00 94.00 112.00 OK
r-oldrel-windows-ix86+x86_64 1.1.7 26.00 126.00 152.00 OK

Check Details

Version: 1.1.7
Check: compiled code
Result: NOTE
    File ‘riskRegression/libs/riskRegression.so’:
     Found no calls to: ‘R_registerRoutines’, ‘R_useDynamicSymbols’
    
    It is good practice to register native routines and to disable symbol
    search.
    
    See ‘Writing portable packages’ in the ‘Writing R Extensions’ manual.
Flavors: r-devel-linux-x86_64-debian-clang, r-devel-linux-x86_64-debian-gcc

Version: 1.1.7
Flags: --no-stop-on-test-error
Check: compiled code
Result: NOTE
    File ‘riskRegression/libs/riskRegression.so’:
     Found no calls to: ‘R_registerRoutines’, ‘R_useDynamicSymbols’
    
    It is good practice to register native routines and to disable symbol
    search.
    
    See ‘Writing portable packages’ in the ‘Writing R Extensions’ manual.
Flavors: r-devel-linux-x86_64-fedora-clang, r-devel-linux-x86_64-fedora-gcc, r-devel-macos-x86_64-clang