CRAN Package Check Results for Package risksetROC

Last updated on 2017-01-17 20:50:56.

Flavor Version Tinstall Tcheck Ttotal Status Flags
r-devel-linux-x86_64-debian-clang 1.0.4 2.27 30.96 33.23 NOTE
r-devel-linux-x86_64-debian-gcc 1.0.4 2.66 30.97 33.63 NOTE
r-devel-linux-x86_64-fedora-clang 1.0.4 73.33 NOTE --no-stop-on-test-error
r-devel-linux-x86_64-fedora-gcc 1.0.4 71.73 NOTE --no-stop-on-test-error
r-devel-macos-x86_64-clang 1.0.4 56.85 NOTE --no-stop-on-test-error
r-devel-windows-ix86+x86_64 1.0.4 9.00 57.00 66.00 NOTE
r-patched-linux-x86_64 1.0.4 2.17 28.25 30.42 NOTE
r-patched-solaris-sparc 1.0.4 400.20 NOTE
r-patched-solaris-x86 1.0.4 90.10 NOTE
r-release-linux-x86_64 1.0.4 2.16 28.66 30.83 NOTE
r-release-osx-x86_64-mavericks 1.0.4 NOTE
r-release-windows-ix86+x86_64 1.0.4 6.00 69.00 75.00 NOTE
r-oldrel-windows-ix86+x86_64 1.0.4 6.00 73.00 79.00 OK

Check Details

Version: 1.0.4
Check: R code for possible problems
Result: NOTE
    KM.plot: no visible global function definition for ‘plot’
    KM.plot: no visible global function definition for ‘lines’
    SchoenSmooth: no visible global function definition for ‘lm’
    llCoxReg: no visible binding for global variable ‘time’
    risksetAUC: no visible global function definition for ‘abline’
    risksetROC: no visible global function definition for ‘abline’
    weightedKM: no visible binding for global variable ‘time’
    Undefined global functions or variables:
     abline lines lm plot time
    Consider adding
     importFrom("graphics", "abline", "lines", "plot")
     importFrom("stats", "lm", "time")
    to your NAMESPACE file.
Flavors: r-devel-linux-x86_64-debian-clang, r-devel-linux-x86_64-debian-gcc, r-devel-windows-ix86+x86_64, r-patched-linux-x86_64, r-patched-solaris-sparc, r-patched-solaris-x86, r-release-linux-x86_64, r-release-osx-x86_64-mavericks, r-release-windows-ix86+x86_64

Version: 1.0.4
Flags: --no-stop-on-test-error
Check: R code for possible problems
Result: NOTE
    KM.plot: no visible global function definition for ‘plot’
    KM.plot: no visible global function definition for ‘lines’
    SchoenSmooth: no visible global function definition for ‘lm’
    llCoxReg: no visible binding for global variable ‘time’
    risksetAUC: no visible global function definition for ‘abline’
    risksetROC: no visible global function definition for ‘abline’
    weightedKM: no visible binding for global variable ‘time’
    Undefined global functions or variables:
     abline lines lm plot time
    Consider adding
     importFrom("graphics", "abline", "lines", "plot")
     importFrom("stats", "lm", "time")
    to your NAMESPACE file.
Flavors: r-devel-linux-x86_64-fedora-clang, r-devel-linux-x86_64-fedora-gcc, r-devel-macos-x86_64-clang