CRAN Package Check Results for Package risksetROC

Last updated on 2016-06-30 09:49:49.

Flavor Version Tinstall Tcheck Ttotal Status Flags
r-devel-linux-x86_64-debian-gcc 1.0.4 2.58 32.47 35.05 NOTE
r-devel-linux-x86_64-fedora-clang 1.0.4 66.48 NOTE
r-devel-linux-x86_64-fedora-gcc 1.0.4 59.80 NOTE
r-devel-osx-x86_64-clang 1.0.4 53.06 NOTE
r-devel-windows-ix86+x86_64 1.0.4 7.00 79.00 86.00 NOTE
r-patched-linux-x86_64 1.0.4 2.70 32.93 35.63 NOTE
r-patched-solaris-sparc 1.0.4 403.60 NOTE
r-patched-solaris-x86 1.0.4 91.90 NOTE
r-release-linux-x86_64 1.0.4 2.50 31.36 33.86 NOTE
r-release-osx-x86_64-mavericks 1.0.4 NOTE
r-release-windows-ix86+x86_64 1.0.4 9.00 77.00 86.00 NOTE
r-oldrel-windows-ix86+x86_64 1.0.4 10.00 81.00 91.00 OK

Check Details

Version: 1.0.4
Check: R code for possible problems
Result: NOTE
    KM.plot: no visible global function definition for ‘plot’
    KM.plot: no visible global function definition for ‘lines’
    SchoenSmooth: no visible global function definition for ‘lm’
    llCoxReg: no visible binding for global variable ‘time’
    risksetAUC: no visible global function definition for ‘abline’
    risksetROC: no visible global function definition for ‘abline’
    weightedKM: no visible binding for global variable ‘time’
    Undefined global functions or variables:
     abline lines lm plot time
    Consider adding
     importFrom("graphics", "abline", "lines", "plot")
     importFrom("stats", "lm", "time")
    to your NAMESPACE file.
Flavors: r-devel-linux-x86_64-debian-gcc, r-devel-linux-x86_64-fedora-clang, r-devel-linux-x86_64-fedora-gcc, r-devel-osx-x86_64-clang, r-devel-windows-ix86+x86_64, r-patched-linux-x86_64, r-patched-solaris-sparc, r-patched-solaris-x86, r-release-linux-x86_64, r-release-osx-x86_64-mavericks, r-release-windows-ix86+x86_64