CRAN Package Check Results for Package risksetROC

Last updated on 2016-07-29 15:47:40.

Flavor Version Tinstall Tcheck Ttotal Status Flags
r-devel-linux-x86_64-debian-clang 1.0.4 2.59 32.28 34.87 NOTE
r-devel-linux-x86_64-debian-gcc 1.0.4 2.89 32.76 35.65 NOTE
r-devel-linux-x86_64-fedora-clang 1.0.4 68.21 NOTE
r-devel-linux-x86_64-fedora-gcc 1.0.4 62.97 NOTE
r-devel-osx-x86_64-clang 1.0.4 54.52 NOTE
r-devel-windows-ix86+x86_64 1.0.4 9.00 61.00 70.00 NOTE
r-patched-linux-x86_64 1.0.4 3.20 34.42 37.62 NOTE
r-patched-solaris-sparc 1.0.4 403.60 NOTE
r-patched-solaris-x86 1.0.4 91.30 NOTE
r-release-linux-x86_64 1.0.4 3.97 35.49 39.46 NOTE
r-release-osx-x86_64-mavericks 1.0.4 NOTE
r-release-windows-ix86+x86_64 1.0.4 9.00 78.00 87.00 NOTE
r-oldrel-windows-ix86+x86_64 1.0.4 9.00 80.00 89.00 OK

Check Details

Version: 1.0.4
Check: R code for possible problems
Result: NOTE
    KM.plot: no visible global function definition for ‘plot’
    KM.plot: no visible global function definition for ‘lines’
    SchoenSmooth: no visible global function definition for ‘lm’
    llCoxReg: no visible binding for global variable ‘time’
    risksetAUC: no visible global function definition for ‘abline’
    risksetROC: no visible global function definition for ‘abline’
    weightedKM: no visible binding for global variable ‘time’
    Undefined global functions or variables:
     abline lines lm plot time
    Consider adding
     importFrom("graphics", "abline", "lines", "plot")
     importFrom("stats", "lm", "time")
    to your NAMESPACE file.
Flavors: r-devel-linux-x86_64-debian-clang, r-devel-linux-x86_64-debian-gcc, r-devel-linux-x86_64-fedora-clang, r-devel-linux-x86_64-fedora-gcc, r-devel-osx-x86_64-clang, r-devel-windows-ix86+x86_64, r-patched-linux-x86_64, r-patched-solaris-sparc, r-patched-solaris-x86, r-release-linux-x86_64, r-release-osx-x86_64-mavericks, r-release-windows-ix86+x86_64