CRAN Package Check Results for Package risksetROC

Last updated on 2016-08-30 19:47:41.

Flavor Version Tinstall Tcheck Ttotal Status Flags
r-devel-linux-x86_64-debian-clang 1.0.4 2.35 29.89 32.24 NOTE
r-devel-linux-x86_64-debian-gcc 1.0.4 2.12 29.50 31.62 NOTE
r-devel-linux-x86_64-fedora-clang 1.0.4 68.27 NOTE
r-devel-linux-x86_64-fedora-gcc 1.0.4 64.19 NOTE
r-devel-osx-x86_64-clang 1.0.4 54.89 NOTE
r-devel-windows-ix86+x86_64 1.0.4 9.00 59.00 68.00 NOTE
r-patched-linux-x86_64 1.0.4 2.77 31.62 34.39 NOTE
r-patched-solaris-sparc 1.0.4 403.60 NOTE
r-patched-solaris-x86 1.0.4 92.20 NOTE
r-release-linux-x86_64 1.0.4 2.33 28.70 31.03 NOTE
r-release-osx-x86_64-mavericks 1.0.4 NOTE
r-release-windows-ix86+x86_64 1.0.4 9.00 74.00 83.00 NOTE
r-oldrel-windows-ix86+x86_64 1.0.4 10.00 83.00 93.00 OK

Check Details

Version: 1.0.4
Check: R code for possible problems
Result: NOTE
    KM.plot: no visible global function definition for ‘plot’
    KM.plot: no visible global function definition for ‘lines’
    SchoenSmooth: no visible global function definition for ‘lm’
    llCoxReg: no visible binding for global variable ‘time’
    risksetAUC: no visible global function definition for ‘abline’
    risksetROC: no visible global function definition for ‘abline’
    weightedKM: no visible binding for global variable ‘time’
    Undefined global functions or variables:
     abline lines lm plot time
    Consider adding
     importFrom("graphics", "abline", "lines", "plot")
     importFrom("stats", "lm", "time")
    to your NAMESPACE file.
Flavors: r-devel-linux-x86_64-debian-clang, r-devel-linux-x86_64-debian-gcc, r-devel-linux-x86_64-fedora-clang, r-devel-linux-x86_64-fedora-gcc, r-devel-osx-x86_64-clang, r-devel-windows-ix86+x86_64, r-patched-linux-x86_64, r-patched-solaris-sparc, r-patched-solaris-x86, r-release-linux-x86_64, r-release-osx-x86_64-mavericks, r-release-windows-ix86+x86_64