CRAN Package Check Results for Package risksetROC

Last updated on 2017-08-21 02:49:16.

Flavor Version Tinstall Tcheck Ttotal Status Flags
r-devel-linux-x86_64-debian-clang 1.0.4 2.54 32.35 34.88 NOTE
r-devel-linux-x86_64-debian-gcc 1.0.4 2.70 32.19 34.89 NOTE
r-devel-linux-x86_64-fedora-clang 1.0.4 78.76 NOTE
r-devel-linux-x86_64-fedora-gcc 1.0.4 76.35 NOTE
r-devel-windows-ix86+x86_64 1.0.4 7.00 58.00 65.00 NOTE
r-patched-linux-x86_64 1.0.4 2.66 32.34 35.00 NOTE
r-patched-solaris-x86 1.0.4 107.80 NOTE
r-release-linux-x86_64 1.0.4 2.54 32.23 34.78 NOTE
r-release-windows-ix86+x86_64 1.0.4 10.00 61.00 71.00 NOTE
r-release-osx-x86_64 1.0.4 NOTE
r-oldrel-windows-ix86+x86_64 1.0.4 6.00 55.00 61.00 NOTE
r-oldrel-osx-x86_64 1.0.4 NOTE

Check Details

Version: 1.0.4
Check: R code for possible problems
Result: NOTE
    KM.plot: no visible global function definition for ‘plot’
    KM.plot: no visible global function definition for ‘lines’
    SchoenSmooth: no visible global function definition for ‘lm’
    llCoxReg: no visible binding for global variable ‘time’
    risksetAUC: no visible global function definition for ‘abline’
    risksetROC: no visible global function definition for ‘abline’
    weightedKM: no visible binding for global variable ‘time’
    Undefined global functions or variables:
     abline lines lm plot time
    Consider adding
     importFrom("graphics", "abline", "lines", "plot")
     importFrom("stats", "lm", "time")
    to your NAMESPACE file.
Flavors: r-devel-linux-x86_64-debian-clang, r-devel-linux-x86_64-debian-gcc, r-devel-linux-x86_64-fedora-clang, r-devel-linux-x86_64-fedora-gcc, r-devel-windows-ix86+x86_64, r-patched-linux-x86_64, r-patched-solaris-x86, r-release-linux-x86_64, r-release-windows-ix86+x86_64, r-release-osx-x86_64, r-oldrel-windows-ix86+x86_64, r-oldrel-osx-x86_64