CRAN Package Check Results for Package risksetROC

Last updated on 2016-12-11 06:57:42.

Flavor Version Tinstall Tcheck Ttotal Status Flags
r-devel-linux-x86_64-debian-clang 1.0.4 2.32 31.90 34.22 NOTE
r-devel-linux-x86_64-debian-gcc 1.0.4 2.31 31.44 33.75 NOTE
r-devel-linux-x86_64-fedora-clang 1.0.4 75.91 NOTE --no-stop-on-test-error
r-devel-linux-x86_64-fedora-gcc 1.0.4 74.05 NOTE --no-stop-on-test-error
r-devel-macos-x86_64-clang 1.0.4 58.64 NOTE --no-stop-on-test-error
r-devel-windows-ix86+x86_64 1.0.4 7.00 80.00 87.00 NOTE
r-patched-linux-x86_64 1.0.4 2.11 28.22 30.33 NOTE
r-patched-solaris-sparc 1.0.4 403.60 NOTE
r-patched-solaris-x86 1.0.4 90.40 NOTE
r-release-linux-x86_64 1.0.4 2.15 27.86 30.00 NOTE
r-release-osx-x86_64-mavericks 1.0.4 NOTE
r-release-windows-ix86+x86_64 1.0.4 8.00 53.00 61.00 NOTE
r-oldrel-windows-ix86+x86_64 1.0.4 11.00 54.00 65.00 OK

Check Details

Version: 1.0.4
Check: R code for possible problems
Result: NOTE
    KM.plot: no visible global function definition for ‘plot’
    KM.plot: no visible global function definition for ‘lines’
    SchoenSmooth: no visible global function definition for ‘lm’
    llCoxReg: no visible binding for global variable ‘time’
    risksetAUC: no visible global function definition for ‘abline’
    risksetROC: no visible global function definition for ‘abline’
    weightedKM: no visible binding for global variable ‘time’
    Undefined global functions or variables:
     abline lines lm plot time
    Consider adding
     importFrom("graphics", "abline", "lines", "plot")
     importFrom("stats", "lm", "time")
    to your NAMESPACE file.
Flavors: r-devel-linux-x86_64-debian-clang, r-devel-linux-x86_64-debian-gcc, r-devel-windows-ix86+x86_64, r-patched-linux-x86_64, r-patched-solaris-sparc, r-patched-solaris-x86, r-release-linux-x86_64, r-release-osx-x86_64-mavericks, r-release-windows-ix86+x86_64

Version: 1.0.4
Flags: --no-stop-on-test-error
Check: R code for possible problems
Result: NOTE
    KM.plot: no visible global function definition for ‘plot’
    KM.plot: no visible global function definition for ‘lines’
    SchoenSmooth: no visible global function definition for ‘lm’
    llCoxReg: no visible binding for global variable ‘time’
    risksetAUC: no visible global function definition for ‘abline’
    risksetROC: no visible global function definition for ‘abline’
    weightedKM: no visible binding for global variable ‘time’
    Undefined global functions or variables:
     abline lines lm plot time
    Consider adding
     importFrom("graphics", "abline", "lines", "plot")
     importFrom("stats", "lm", "time")
    to your NAMESPACE file.
Flavors: r-devel-linux-x86_64-fedora-clang, r-devel-linux-x86_64-fedora-gcc, r-devel-macos-x86_64-clang