CRAN Package Check Results for Package risksetROC

Last updated on 2018-05-22 13:46:46 CEST.

Flavor Version Tinstall Tcheck Ttotal Status Flags
r-devel-linux-x86_64-debian-clang 1.0.4 4.91 59.15 64.06 NOTE
r-devel-linux-x86_64-debian-gcc 1.0.4 4.23 47.42 51.65 NOTE
r-devel-linux-x86_64-fedora-clang 1.0.4 78.68 NOTE
r-devel-linux-x86_64-fedora-gcc 1.0.4 75.13 NOTE
r-devel-windows-ix86+x86_64 1.0.4 10.00 94.00 104.00 NOTE
r-patched-linux-x86_64 1.0.4 4.89 49.22 54.11 NOTE
r-patched-solaris-x86 1.0.4 105.40 NOTE
r-release-linux-x86_64 1.0.4 4.90 50.10 55.00 NOTE
r-release-windows-ix86+x86_64 1.0.4 10.00 85.00 95.00 NOTE
r-release-osx-x86_64 1.0.4 NOTE
r-oldrel-windows-ix86+x86_64 1.0.4 9.00 90.00 99.00 NOTE
r-oldrel-osx-x86_64 1.0.4 NOTE

Check Details

Version: 1.0.4
Check: R code for possible problems
Result: NOTE
    KM.plot: no visible global function definition for ‘plot’
    KM.plot: no visible global function definition for ‘lines’
    SchoenSmooth: no visible global function definition for ‘lm’
    llCoxReg: no visible binding for global variable ‘time’
    risksetAUC: no visible global function definition for ‘abline’
    risksetROC: no visible global function definition for ‘abline’
    weightedKM: no visible binding for global variable ‘time’
    Undefined global functions or variables:
     abline lines lm plot time
    Consider adding
     importFrom("graphics", "abline", "lines", "plot")
     importFrom("stats", "lm", "time")
    to your NAMESPACE file.
Flavors: r-devel-linux-x86_64-debian-clang, r-devel-linux-x86_64-debian-gcc, r-devel-linux-x86_64-fedora-clang, r-devel-linux-x86_64-fedora-gcc, r-devel-windows-ix86+x86_64, r-patched-linux-x86_64, r-patched-solaris-x86, r-release-linux-x86_64, r-release-windows-ix86+x86_64, r-release-osx-x86_64, r-oldrel-windows-ix86+x86_64, r-oldrel-osx-x86_64