CRAN Package Check Results for Package risksetROC

Last updated on 2015-06-30 19:48:03.

Flavor Version Tinstall Tcheck Ttotal Status Flags
r-devel-linux-x86_64-debian-clang 1.0.4 0.66 12.64 13.30 NOTE
r-devel-linux-x86_64-debian-gcc 1.0.4 0.62 13.17 13.79 NOTE
r-devel-linux-x86_64-fedora-clang 1.0.4 24.66 NOTE
r-devel-linux-x86_64-fedora-gcc 1.0.4 23.79 OK
r-devel-osx-x86_64-clang 1.0.4 21.64 OK
r-devel-windows-ix86+x86_64 1.0.4 4.00 24.00 28.00 NOTE
r-patched-linux-x86_64 1.0.4 0.65 12.87 13.52 OK
r-patched-solaris-sparc 1.0.4 165.20 OK
r-patched-solaris-x86 1.0.4 39.00 OK
r-release-linux-x86_64 1.0.4 0.66 12.67 13.32 OK
r-release-osx-x86_64-mavericks 1.0.4 OK
r-release-windows-ix86+x86_64 1.0.4 4.00 24.00 28.00 OK
r-oldrel-windows-ix86+x86_64 1.0.4 7.00 25.00 32.00 OK

Check Details

Version: 1.0.4
Check: R code for possible problems
Result: NOTE
    KM.plot: no visible global function definition for ‘plot’
    KM.plot: no visible global function definition for ‘lines’
    SchoenSmooth: no visible global function definition for ‘lm’
    llCoxReg: no visible binding for global variable ‘time’
    risksetAUC: no visible global function definition for ‘abline’
    risksetROC: no visible global function definition for ‘abline’
    weightedKM: no visible binding for global variable ‘time’
Flavors: r-devel-linux-x86_64-debian-clang, r-devel-linux-x86_64-debian-gcc, r-devel-linux-x86_64-fedora-clang, r-devel-windows-ix86+x86_64