CRAN Package Check Results for Package risksetROC

Last updated on 2017-12-17 02:49:18 CET.

Flavor Version Tinstall Tcheck Ttotal Status Flags
r-devel-linux-x86_64-debian-clang 1.0.4 2.83 46.76 49.59 NOTE
r-devel-linux-x86_64-debian-gcc 1.0.4 2.75 37.76 40.51 NOTE
r-devel-linux-x86_64-fedora-clang 1.0.4 65.91 NOTE
r-devel-linux-x86_64-fedora-gcc 1.0.4 63.92 NOTE
r-devel-windows-ix86+x86_64 1.0.4 6.00 57.00 63.00 NOTE
r-patched-linux-x86_64 1.0.4 3.71 52.22 55.93 NOTE
r-patched-solaris-x86 1.0.4 107.30 NOTE
r-release-linux-x86_64 1.0.4 2.69 51.58 54.27 NOTE
r-release-windows-ix86+x86_64 1.0.4 5.00 89.00 94.00 NOTE
r-release-osx-x86_64 1.0.4 NOTE
r-oldrel-windows-ix86+x86_64 1.0.4 9.00 74.00 83.00 NOTE
r-oldrel-osx-x86_64 1.0.4 NOTE

Check Details

Version: 1.0.4
Check: R code for possible problems
Result: NOTE
    KM.plot: no visible global function definition for ‘plot’
    KM.plot: no visible global function definition for ‘lines’
    SchoenSmooth: no visible global function definition for ‘lm’
    llCoxReg: no visible binding for global variable ‘time’
    risksetAUC: no visible global function definition for ‘abline’
    risksetROC: no visible global function definition for ‘abline’
    weightedKM: no visible binding for global variable ‘time’
    Undefined global functions or variables:
     abline lines lm plot time
    Consider adding
     importFrom("graphics", "abline", "lines", "plot")
     importFrom("stats", "lm", "time")
    to your NAMESPACE file.
Flavors: r-devel-linux-x86_64-debian-clang, r-devel-linux-x86_64-debian-gcc, r-devel-linux-x86_64-fedora-clang, r-devel-linux-x86_64-fedora-gcc, r-devel-windows-ix86+x86_64, r-patched-linux-x86_64, r-patched-solaris-x86, r-release-linux-x86_64, r-release-windows-ix86+x86_64, r-release-osx-x86_64, r-oldrel-windows-ix86+x86_64, r-oldrel-osx-x86_64