CRAN Package Check Results for Package risksetROC

Last updated on 2016-05-27 23:47:27.

Flavor Version Tinstall Tcheck Ttotal Status Flags
r-devel-linux-x86_64-debian-gcc 1.0.4 2.48 32.67 35.15 NOTE
r-devel-linux-x86_64-fedora-clang 1.0.4 65.65 NOTE
r-devel-linux-x86_64-fedora-gcc 1.0.4 62.15 NOTE
r-devel-osx-x86_64-clang 1.0.4 74.63 NOTE
r-devel-windows-ix86+x86_64 1.0.4 7.00 65.00 72.00 NOTE
r-patched-linux-x86_64 1.0.4 2.52 31.94 34.46 NOTE
r-patched-solaris-sparc 1.0.4 401.30 NOTE
r-patched-solaris-x86 1.0.4 92.20 NOTE
r-release-linux-x86_64 1.0.4 2.53 32.04 34.57 NOTE
r-release-osx-x86_64-mavericks 1.0.4 NOTE
r-release-windows-ix86+x86_64 1.0.4 9.00 62.00 71.00 NOTE

Check Details

Version: 1.0.4
Check: R code for possible problems
Result: NOTE
    KM.plot: no visible global function definition for ‘plot’
    KM.plot: no visible global function definition for ‘lines’
    SchoenSmooth: no visible global function definition for ‘lm’
    llCoxReg: no visible binding for global variable ‘time’
    risksetAUC: no visible global function definition for ‘abline’
    risksetROC: no visible global function definition for ‘abline’
    weightedKM: no visible binding for global variable ‘time’
    Undefined global functions or variables:
     abline lines lm plot time
    Consider adding
     importFrom("graphics", "abline", "lines", "plot")
     importFrom("stats", "lm", "time")
    to your NAMESPACE file.
Flavors: r-devel-linux-x86_64-debian-gcc, r-devel-linux-x86_64-fedora-clang, r-devel-linux-x86_64-fedora-gcc, r-devel-osx-x86_64-clang, r-devel-windows-ix86+x86_64, r-patched-linux-x86_64, r-patched-solaris-sparc, r-patched-solaris-x86, r-release-linux-x86_64, r-release-osx-x86_64-mavericks, r-release-windows-ix86+x86_64