CRAN Package Check Results for Package risksetROC

Last updated on 2017-06-27 23:48:24.

Flavor Version Tinstall Tcheck Ttotal Status Flags
r-devel-linux-x86_64-debian-clang 1.0.4 2.74 32.39 35.14 NOTE
r-devel-linux-x86_64-debian-gcc 1.0.4 2.56 32.05 34.61 NOTE
r-devel-linux-x86_64-fedora-clang 1.0.4 78.10 NOTE
r-devel-linux-x86_64-fedora-gcc 1.0.4 81.60 NOTE
r-devel-windows-ix86+x86_64 1.0.4 8.00 64.00 72.00 NOTE
r-patched-linux-x86_64 1.0.4 2.52 31.82 34.34 NOTE
r-patched-solaris-sparc 1.0.4 445.10 NOTE
r-patched-solaris-x86 1.0.4 106.00 NOTE
r-release-linux-x86_64 1.0.4 2.37 31.77 34.14 NOTE
r-release-windows-ix86+x86_64 1.0.4 6.00 82.00 88.00 NOTE
r-release-osx-x86_64 1.0.4 NOTE
r-oldrel-windows-ix86+x86_64 1.0.4 8.00 80.00 88.00 NOTE
r-oldrel-osx-x86_64 1.0.4 NOTE

Check Details

Version: 1.0.4
Check: R code for possible problems
Result: NOTE
    KM.plot: no visible global function definition for ‘plot’
    KM.plot: no visible global function definition for ‘lines’
    SchoenSmooth: no visible global function definition for ‘lm’
    llCoxReg: no visible binding for global variable ‘time’
    risksetAUC: no visible global function definition for ‘abline’
    risksetROC: no visible global function definition for ‘abline’
    weightedKM: no visible binding for global variable ‘time’
    Undefined global functions or variables:
     abline lines lm plot time
    Consider adding
     importFrom("graphics", "abline", "lines", "plot")
     importFrom("stats", "lm", "time")
    to your NAMESPACE file.
Flavors: r-devel-linux-x86_64-debian-clang, r-devel-linux-x86_64-debian-gcc, r-devel-linux-x86_64-fedora-clang, r-devel-linux-x86_64-fedora-gcc, r-devel-windows-ix86+x86_64, r-patched-linux-x86_64, r-patched-solaris-sparc, r-patched-solaris-x86, r-release-linux-x86_64, r-release-windows-ix86+x86_64, r-release-osx-x86_64, r-oldrel-windows-ix86+x86_64, r-oldrel-osx-x86_64