CRAN Package Check Results for Package risksetROC

Last updated on 2016-02-13 23:47:16.

Flavor Version Tinstall Tcheck Ttotal Status Flags
r-devel-linux-x86_64-debian-gcc 1.0.4 0.62 13.22 13.84 NOTE
r-devel-linux-x86_64-fedora-clang 1.0.4 23.93 NOTE
r-devel-linux-x86_64-fedora-gcc 1.0.4 22.57 NOTE
r-devel-osx-x86_64-clang 1.0.4 27.28 NOTE
r-devel-windows-ix86+x86_64 1.0.4 4.00 35.00 39.00 NOTE
r-patched-linux-x86_64 1.0.4 0.77 14.83 15.60 OK
r-patched-solaris-sparc 1.0.4 159.10 OK
r-patched-solaris-x86 1.0.4 36.00 OK
r-release-linux-x86_64 1.0.4 0.72 14.14 14.86 OK
r-release-osx-x86_64-mavericks 1.0.4 OK
r-release-windows-ix86+x86_64 1.0.4 3.00 25.00 28.00 OK
r-oldrel-windows-ix86+x86_64 1.0.4 7.00 30.00 37.00 OK

Check Details

Version: 1.0.4
Check: R code for possible problems
Result: NOTE
    KM.plot: no visible global function definition for ‘plot’
    KM.plot: no visible global function definition for ‘lines’
    SchoenSmooth: no visible global function definition for ‘lm’
    llCoxReg: no visible binding for global variable ‘time’
    risksetAUC: no visible global function definition for ‘abline’
    risksetROC: no visible global function definition for ‘abline’
    weightedKM: no visible binding for global variable ‘time’
    Undefined global functions or variables:
     abline lines lm plot time
    Consider adding
     importFrom("graphics", "abline", "lines", "plot")
     importFrom("stats", "lm", "time")
    to your NAMESPACE file.
Flavors: r-devel-linux-x86_64-debian-gcc, r-devel-linux-x86_64-fedora-clang, r-devel-linux-x86_64-fedora-gcc, r-devel-osx-x86_64-clang, r-devel-windows-ix86+x86_64