CRAN Package Check Results for Package risksetROC

Last updated on 2015-07-28 06:48:05.

Flavor Version Tinstall Tcheck Ttotal Status Flags
r-devel-linux-x86_64-debian-clang 1.0.4 0.64 14.23 14.87 NOTE
r-devel-linux-x86_64-debian-gcc 1.0.4 0.62 13.53 14.15 NOTE
r-devel-linux-x86_64-fedora-clang 1.0.4 27.42 NOTE
r-devel-linux-x86_64-fedora-gcc 1.0.4 25.52 NOTE
r-devel-osx-x86_64-clang 1.0.4 22.42 OK
r-devel-windows-ix86+x86_64 1.0.4 3.00 22.00 25.00 NOTE
r-patched-linux-x86_64 1.0.4 0.73 13.81 14.54 OK
r-patched-solaris-sparc 1.0.4 177.60 OK
r-patched-solaris-x86 1.0.4 41.10 OK
r-release-linux-x86_64 1.0.4 0.85 13.68 14.53 OK
r-release-osx-x86_64-mavericks 1.0.4 OK
r-release-windows-ix86+x86_64 1.0.4 4.00 40.00 44.00 OK
r-oldrel-windows-ix86+x86_64 1.0.4 6.00 27.00 33.00 OK

Check Details

Version: 1.0.4
Check: R code for possible problems
Result: NOTE
    KM.plot: no visible global function definition for ‘plot’
    KM.plot: no visible global function definition for ‘lines’
    SchoenSmooth: no visible global function definition for ‘lm’
    llCoxReg: no visible binding for global variable ‘time’
    risksetAUC: no visible global function definition for ‘abline’
    risksetROC: no visible global function definition for ‘abline’
    weightedKM: no visible binding for global variable ‘time’
    Undefined global functions or variables:
     abline lines lm plot time
    Consider adding
     importFrom("graphics", "abline", "lines", "plot")
     importFrom("stats", "lm", "time")
    to your NAMESPACE.
Flavors: r-devel-linux-x86_64-debian-clang, r-devel-linux-x86_64-debian-gcc, r-devel-linux-x86_64-fedora-clang, r-devel-linux-x86_64-fedora-gcc, r-devel-windows-ix86+x86_64