CRAN Package Check Results for Package risksetROC

Last updated on 2017-03-30 09:48:09.

Flavor Version Tinstall Tcheck Ttotal Status Flags
r-devel-linux-x86_64-debian-clang 1.0.4 2.28 31.98 34.26 NOTE
r-devel-linux-x86_64-debian-gcc 1.0.4 2.28 31.14 33.42 NOTE
r-devel-linux-x86_64-fedora-clang 1.0.4 77.04 NOTE --no-stop-on-test-error
r-devel-linux-x86_64-fedora-gcc 1.0.4 75.64 NOTE --no-stop-on-test-error
r-devel-macos-x86_64-clang 1.0.4 59.08 NOTE --no-stop-on-test-error
r-devel-windows-ix86+x86_64 1.0.4 9.00 96.00 105.00 NOTE
r-patched-linux-x86_64 1.0.4 2.36 31.44 33.80 NOTE
r-patched-solaris-sparc 1.0.4 445.10 NOTE
r-patched-solaris-x86 1.0.4 108.00 NOTE
r-release-linux-x86_64 1.0.4 2.21 27.78 29.99 NOTE
r-release-osx-x86_64-mavericks 1.0.4 NOTE
r-release-windows-ix86+x86_64 1.0.4 12.00 76.00 88.00 NOTE
r-oldrel-windows-ix86+x86_64 1.0.4 14.00 75.00 89.00 OK

Check Details

Version: 1.0.4
Check: R code for possible problems
Result: NOTE
    KM.plot: no visible global function definition for ‘plot’
    KM.plot: no visible global function definition for ‘lines’
    SchoenSmooth: no visible global function definition for ‘lm’
    llCoxReg: no visible binding for global variable ‘time’
    risksetAUC: no visible global function definition for ‘abline’
    risksetROC: no visible global function definition for ‘abline’
    weightedKM: no visible binding for global variable ‘time’
    Undefined global functions or variables:
     abline lines lm plot time
    Consider adding
     importFrom("graphics", "abline", "lines", "plot")
     importFrom("stats", "lm", "time")
    to your NAMESPACE file.
Flavors: r-devel-linux-x86_64-debian-clang, r-devel-linux-x86_64-debian-gcc, r-devel-windows-ix86+x86_64, r-patched-linux-x86_64, r-patched-solaris-sparc, r-patched-solaris-x86, r-release-linux-x86_64, r-release-osx-x86_64-mavericks, r-release-windows-ix86+x86_64

Version: 1.0.4
Flags: --no-stop-on-test-error
Check: R code for possible problems
Result: NOTE
    KM.plot: no visible global function definition for ‘plot’
    KM.plot: no visible global function definition for ‘lines’
    SchoenSmooth: no visible global function definition for ‘lm’
    llCoxReg: no visible binding for global variable ‘time’
    risksetAUC: no visible global function definition for ‘abline’
    risksetROC: no visible global function definition for ‘abline’
    weightedKM: no visible binding for global variable ‘time’
    Undefined global functions or variables:
     abline lines lm plot time
    Consider adding
     importFrom("graphics", "abline", "lines", "plot")
     importFrom("stats", "lm", "time")
    to your NAMESPACE file.
Flavors: r-devel-linux-x86_64-fedora-clang, r-devel-linux-x86_64-fedora-gcc, r-devel-macos-x86_64-clang