CRAN Package Check Results for Package riv

Last updated on 2016-09-29 23:47:47.

Flavor Version Tinstall Tcheck Ttotal Status Flags
r-devel-linux-x86_64-debian-clang 2.0-4 2.76 34.74 37.51 NOTE
r-devel-linux-x86_64-debian-gcc 2.0-4 2.98 35.34 38.32 NOTE
r-devel-linux-x86_64-fedora-clang 2.0-4 87.34 NOTE
r-devel-linux-x86_64-fedora-gcc 2.0-4 75.49 NOTE
r-devel-macos-x86_64-clang 2.0-4 60.29 NOTE
r-devel-windows-ix86+x86_64 2.0-4 12.00 83.00 95.00 NOTE
r-patched-linux-x86_64 2.0-4 3.14 34.48 37.61 NOTE
r-patched-solaris-sparc 2.0-4 467.90 NOTE
r-patched-solaris-x86 2.0-4 106.80 NOTE
r-release-linux-x86_64 2.0-4 2.88 34.70 37.58 NOTE
r-release-osx-x86_64-mavericks 2.0-4 NOTE
r-release-windows-ix86+x86_64 2.0-4 8.00 64.00 72.00 NOTE
r-oldrel-windows-ix86+x86_64 2.0-4 10.00 88.00 98.00 OK

Check Details

Version: 2.0-4
Check: R code for possible problems
Result: NOTE
    Tbsb : ksiint: no visible global function definition for ‘pgamma’
    Tbsb: no visible global function definition for ‘pchisq’
    Tbsc: no visible global function definition for ‘qchisq’
    riv_classical: no visible global function definition for ‘cov’
    riv_classical: no visible global function definition for ‘pt’
    riv_sest: no visible global function definition for ‘pt’
    riv_sest: no visible global function definition for ‘mad’
    riv_sest: no visible global function definition for ‘mahalanobis’
    riv_withDummies: no visible global function definition for ‘coef’
    riv_withDummies : <anonymous>: no visible global function definition
     for ‘coef’
    Undefined global functions or variables:
     coef cov mad mahalanobis pchisq pgamma pt qchisq
    Consider adding
     importFrom("stats", "coef", "cov", "mad", "mahalanobis", "pchisq",
     "pgamma", "pt", "qchisq")
    to your NAMESPACE file.
Flavors: r-devel-linux-x86_64-debian-clang, r-devel-linux-x86_64-debian-gcc, r-devel-linux-x86_64-fedora-clang, r-devel-linux-x86_64-fedora-gcc, r-devel-macos-x86_64-clang, r-devel-windows-ix86+x86_64, r-patched-linux-x86_64, r-patched-solaris-sparc, r-patched-solaris-x86, r-release-linux-x86_64, r-release-osx-x86_64-mavericks, r-release-windows-ix86+x86_64