CRAN Package Check Results for Package riv

Last updated on 2017-03-29 18:47:31.

Flavor Version Tinstall Tcheck Ttotal Status Flags
r-devel-linux-x86_64-debian-clang 2.0-4 2.94 38.72 41.65 NOTE
r-devel-linux-x86_64-debian-gcc 2.0-4 2.96 37.60 40.56 NOTE
r-devel-linux-x86_64-fedora-clang 2.0-4 95.32 NOTE --no-stop-on-test-error
r-devel-linux-x86_64-fedora-gcc 2.0-4 91.81 NOTE --no-stop-on-test-error
r-devel-macos-x86_64-clang 2.0-4 70.17 NOTE --no-stop-on-test-error
r-devel-windows-ix86+x86_64 2.0-4 10.00 112.00 122.00 NOTE
r-patched-linux-x86_64 2.0-4 3.28 37.81 41.09 NOTE
r-patched-solaris-sparc 2.0-4 528.10 NOTE
r-patched-solaris-x86 2.0-4 130.60 NOTE
r-release-linux-x86_64 2.0-4 3.13 34.25 37.38 NOTE
r-release-osx-x86_64-mavericks 2.0-4 NOTE
r-release-windows-ix86+x86_64 2.0-4 11.00 96.00 107.00 NOTE
r-oldrel-windows-ix86+x86_64 2.0-4 12.00 131.00 143.00 OK

Check Details

Version: 2.0-4
Check: R code for possible problems
Result: NOTE
    Tbsb : ksiint: no visible global function definition for ‘pgamma’
    Tbsb: no visible global function definition for ‘pchisq’
    Tbsc: no visible global function definition for ‘qchisq’
    riv_classical: no visible global function definition for ‘cov’
    riv_classical: no visible global function definition for ‘pt’
    riv_sest: no visible global function definition for ‘pt’
    riv_sest: no visible global function definition for ‘mad’
    riv_sest: no visible global function definition for ‘mahalanobis’
    riv_withDummies: no visible global function definition for ‘coef’
    riv_withDummies : <anonymous>: no visible global function definition
     for ‘coef’
    Undefined global functions or variables:
     coef cov mad mahalanobis pchisq pgamma pt qchisq
    Consider adding
     importFrom("stats", "coef", "cov", "mad", "mahalanobis", "pchisq",
     "pgamma", "pt", "qchisq")
    to your NAMESPACE file.
Flavors: r-devel-linux-x86_64-debian-clang, r-devel-linux-x86_64-debian-gcc, r-devel-windows-ix86+x86_64, r-patched-linux-x86_64, r-patched-solaris-sparc, r-patched-solaris-x86, r-release-linux-x86_64, r-release-osx-x86_64-mavericks, r-release-windows-ix86+x86_64

Version: 2.0-4
Flags: --no-stop-on-test-error
Check: R code for possible problems
Result: NOTE
    Tbsb : ksiint: no visible global function definition for ‘pgamma’
    Tbsb: no visible global function definition for ‘pchisq’
    Tbsc: no visible global function definition for ‘qchisq’
    riv_classical: no visible global function definition for ‘cov’
    riv_classical: no visible global function definition for ‘pt’
    riv_sest: no visible global function definition for ‘pt’
    riv_sest: no visible global function definition for ‘mad’
    riv_sest: no visible global function definition for ‘mahalanobis’
    riv_withDummies: no visible global function definition for ‘coef’
    riv_withDummies : <anonymous>: no visible global function definition
     for ‘coef’
    Undefined global functions or variables:
     coef cov mad mahalanobis pchisq pgamma pt qchisq
    Consider adding
     importFrom("stats", "coef", "cov", "mad", "mahalanobis", "pchisq",
     "pgamma", "pt", "qchisq")
    to your NAMESPACE file.
Flavors: r-devel-linux-x86_64-fedora-clang, r-devel-linux-x86_64-fedora-gcc, r-devel-macos-x86_64-clang