CRAN Package Check Results for Package riv

Last updated on 2017-09-22 20:47:41.

Flavor Version Tinstall Tcheck Ttotal Status Flags
r-devel-linux-x86_64-debian-clang 2.0-4 2.90 38.69 41.59 NOTE
r-devel-linux-x86_64-debian-gcc 2.0-4 3.02 37.45 40.47 NOTE
r-devel-linux-x86_64-fedora-clang 2.0-4 92.75 NOTE
r-devel-linux-x86_64-fedora-gcc 2.0-4 92.25 NOTE
r-devel-windows-ix86+x86_64 2.0-4 8.00 70.00 78.00 NOTE
r-patched-linux-x86_64 2.0-4 2.94 38.52 41.45 NOTE
r-patched-solaris-x86 2.0-4 128.20 NOTE
r-release-linux-x86_64 2.0-4 3.03 38.00 41.03 NOTE
r-release-windows-ix86+x86_64 2.0-4 8.00 73.00 81.00 NOTE
r-release-osx-x86_64 2.0-4 NOTE
r-oldrel-windows-ix86+x86_64 2.0-4 9.00 62.00 71.00 NOTE
r-oldrel-osx-x86_64 2.0-4 NOTE

Check Details

Version: 2.0-4
Check: R code for possible problems
Result: NOTE
    Tbsb : ksiint: no visible global function definition for ‘pgamma’
    Tbsb: no visible global function definition for ‘pchisq’
    Tbsc: no visible global function definition for ‘qchisq’
    riv_classical: no visible global function definition for ‘cov’
    riv_classical: no visible global function definition for ‘pt’
    riv_sest: no visible global function definition for ‘pt’
    riv_sest: no visible global function definition for ‘mad’
    riv_sest: no visible global function definition for ‘mahalanobis’
    riv_withDummies: no visible global function definition for ‘coef’
    riv_withDummies : <anonymous>: no visible global function definition
     for ‘coef’
    Undefined global functions or variables:
     coef cov mad mahalanobis pchisq pgamma pt qchisq
    Consider adding
     importFrom("stats", "coef", "cov", "mad", "mahalanobis", "pchisq",
     "pgamma", "pt", "qchisq")
    to your NAMESPACE file.
Flavors: r-devel-linux-x86_64-debian-clang, r-devel-linux-x86_64-debian-gcc, r-devel-linux-x86_64-fedora-clang, r-devel-linux-x86_64-fedora-gcc, r-devel-windows-ix86+x86_64, r-patched-linux-x86_64, r-patched-solaris-x86, r-release-linux-x86_64, r-release-windows-ix86+x86_64, r-release-osx-x86_64, r-oldrel-windows-ix86+x86_64, r-oldrel-osx-x86_64