CRAN Package Check Results for Package riv

Last updated on 2015-04-19 23:49:25.

Flavor Version Tinstall Tcheck Ttotal Status Flags
r-devel-linux-x86_64-debian-clang 2.0-4 1.28 19.14 20.42 OK
r-devel-linux-x86_64-debian-gcc 2.0-4 1.61 19.21 20.82 OK
r-devel-linux-x86_64-fedora-clang 2.0-4 41.34 OK
r-devel-linux-x86_64-fedora-gcc 2.0-4 37.28 OK
r-devel-osx-x86_64-clang 2.0-4 40.03 OK
r-devel-windows-ix86+x86_64 2.0-4 7.00 33.00 40.00 OK
r-patched-linux-x86_64 2.0-4 1.25 19.06 20.31 OK
r-patched-solaris-sparc 2.0-4 237.60 OK
r-patched-solaris-x86 2.0-4 56.20 OK
r-release-linux-x86_64 2.0-4 1.25 18.40 19.66 OK
r-release-osx-x86_64-mavericks 2.0-4 OK
r-release-osx-x86_64-snowleopard 2.0-4 ERROR
r-release-windows-ix86+x86_64 2.0-4 4.00 29.00 33.00 OK
r-oldrel-windows-ix86+x86_64 2.0-4 7.00 39.00 46.00 OK

Check Details

Version: 2.0-4
Check: package dependencies
Result: ERROR
    Package required but not available: ‘quantreg’
    
    See section ‘The DESCRIPTION file’ in the ‘Writing R Extensions’
    manual.
Flavor: r-release-osx-x86_64-snowleopard