CRAN Package Check Results for Package riv

Last updated on 2014-04-24 19:54:06.

Flavor Version Tinstall Tcheck Ttotal Status Flags
r-devel-linux-x86_64-debian-clang 2.0-4 1.58 24.00 25.58 OK
r-devel-linux-x86_64-debian-gcc 2.0-4 1.62 23.64 25.26 OK
r-devel-linux-x86_64-fedora-clang 2.0-4 52.29 OK
r-devel-linux-x86_64-fedora-gcc 2.0-4 49.77 OK
r-devel-osx-x86_64-clang 2.0-4 52.67 OK
r-devel-osx-x86_64-gcc 2.0-4 ERROR
r-devel-windows-ix86+x86_64 2.0-4 6.00 35.00 41.00 OK
r-patched-linux-x86_64 2.0-4 1.58 23.96 25.54 OK
r-patched-solaris-sparc 2.0-4 279.80 OK
r-patched-solaris-x86 2.0-4 71.70 OK
r-release-linux-ix86 2.0-4 3.00 44.00 47.00 OK
r-release-linux-x86_64 2.0-4 1.56 23.66 25.23 OK
r-release-osx-x86_64-mavericks 2.0-4 WARN
r-release-osx-x86_64-snowleopard 2.0-4 OK
r-release-windows-ix86+x86_64 2.0-4 6.00 40.00 46.00 OK
r-oldrel-windows-ix86+x86_64 2.0-4 6.00 38.00 44.00 OK

Check Details

Version: 2.0-4
Check: package dependencies
Result: ERROR
    Packages required but not available: ‘rrcov’ ‘quantreg’
    
    See the information on DESCRIPTION files in the chapter ‘Creating R
    packages’ of the ‘Writing R Extensions’ manual.
Flavor: r-devel-osx-x86_64-gcc

Version: 2.0-4
Check: PDF version of manual
Result: WARNING
    LaTeX errors when creating PDF version.
    This typically indicates Rd problems.
    LaTeX errors found:
    ! LaTeX Error: File `upquote.sty' not found.
    
    Type X to quit or <RETURN> to proceed,
    or enter new name. (Default extension: sty)
    
    ac7c8a1/Rd2.tex:8: ==> Fatal error occurred, no output PDF file produced!
Flavor: r-release-osx-x86_64-mavericks