CRAN Package Check Results for Package riv

Last updated on 2017-07-23 17:47:35.

Flavor Version Tinstall Tcheck Ttotal Status Flags
r-devel-linux-x86_64-debian-clang 2.0-4 3.35 44.81 48.17 NOTE
r-devel-linux-x86_64-debian-gcc 2.0-4 2.90 43.54 46.44 NOTE
r-devel-linux-x86_64-fedora-clang 2.0-4 95.92 NOTE
r-devel-linux-x86_64-fedora-gcc 2.0-4 97.77 NOTE
r-devel-windows-ix86+x86_64 2.0-4 11.00 103.00 114.00 NOTE
r-patched-linux-x86_64 2.0-4 2.97 44.45 47.42 NOTE
r-patched-solaris-x86 2.0-4 131.30 NOTE
r-release-linux-x86_64 2.0-4 3.38 44.19 47.57 NOTE
r-release-windows-ix86+x86_64 2.0-4 10.00 93.00 103.00 NOTE
r-release-osx-x86_64 2.0-4 NOTE
r-oldrel-windows-ix86+x86_64 2.0-4 11.00 84.00 95.00 NOTE
r-oldrel-osx-x86_64 2.0-4 NOTE

Check Details

Version: 2.0-4
Check: R code for possible problems
Result: NOTE
    Tbsb : ksiint: no visible global function definition for ‘pgamma’
    Tbsb: no visible global function definition for ‘pchisq’
    Tbsc: no visible global function definition for ‘qchisq’
    riv_classical: no visible global function definition for ‘cov’
    riv_classical: no visible global function definition for ‘pt’
    riv_sest: no visible global function definition for ‘pt’
    riv_sest: no visible global function definition for ‘mad’
    riv_sest: no visible global function definition for ‘mahalanobis’
    riv_withDummies: no visible global function definition for ‘coef’
    riv_withDummies : <anonymous>: no visible global function definition
     for ‘coef’
    Undefined global functions or variables:
     coef cov mad mahalanobis pchisq pgamma pt qchisq
    Consider adding
     importFrom("stats", "coef", "cov", "mad", "mahalanobis", "pchisq",
     "pgamma", "pt", "qchisq")
    to your NAMESPACE file.
Flavors: r-devel-linux-x86_64-debian-clang, r-devel-linux-x86_64-debian-gcc, r-devel-linux-x86_64-fedora-clang, r-devel-linux-x86_64-fedora-gcc, r-devel-windows-ix86+x86_64, r-patched-linux-x86_64, r-patched-solaris-x86, r-release-linux-x86_64, r-release-windows-ix86+x86_64, r-release-osx-x86_64, r-oldrel-windows-ix86+x86_64, r-oldrel-osx-x86_64