CRAN Package Check Results for Package riv

Last updated on 2015-05-30 17:46:53.

Flavor Version Tinstall Tcheck Ttotal Status Flags
r-devel-linux-x86_64-debian-clang 2.0-4 1.70 19.43 21.13 OK
r-devel-linux-x86_64-debian-gcc 2.0-4 1.30 18.90 20.20 OK
r-devel-linux-x86_64-fedora-clang 2.0-4 40.78 OK
r-devel-linux-x86_64-fedora-gcc 2.0-4 36.66 OK
r-devel-osx-x86_64-clang 2.0-4 39.48 OK
r-devel-windows-ix86+x86_64 2.0-4 5.00 34.00 39.00 OK
r-patched-linux-x86_64 2.0-4 1.24 19.24 20.48 OK
r-patched-solaris-sparc 2.0-4 248.20 OK
r-patched-solaris-x86 2.0-4 59.20 OK
r-release-linux-x86_64 2.0-4 1.25 19.00 20.25 OK
r-release-osx-x86_64-mavericks 2.0-4 OK
r-release-osx-x86_64-snowleopard 2.0-4 ERROR
r-release-windows-ix86+x86_64 2.0-4 4.00 31.00 35.00 OK
r-oldrel-windows-ix86+x86_64 2.0-4 7.00 45.00 52.00 OK

Check Details

Version: 2.0-4
Check: package dependencies
Result: ERROR
    Package required but not available: ‘quantreg’
    
    See section ‘The DESCRIPTION file’ in the ‘Writing R Extensions’
    manual.
Flavor: r-release-osx-x86_64-snowleopard