CRAN Package Check Results for Package riv

Last updated on 2015-07-06 08:48:22.

Flavor Version Tinstall Tcheck Ttotal Status Flags
r-devel-linux-x86_64-debian-clang 2.0-4 1.59 18.73 20.32 NOTE
r-devel-linux-x86_64-debian-gcc 2.0-4 1.18 18.41 19.59 NOTE
r-devel-linux-x86_64-fedora-clang 2.0-4 38.59 NOTE
r-devel-linux-x86_64-fedora-gcc 2.0-4 35.52 NOTE
r-devel-osx-x86_64-clang 2.0-4 32.93 OK
r-devel-windows-ix86+x86_64 2.0-4 8.00 34.00 42.00 NOTE
r-patched-linux-x86_64 2.0-4 1.30 18.93 20.24 OK
r-patched-solaris-sparc 2.0-4 248.20 OK
r-patched-solaris-x86 2.0-4 58.00 OK
r-release-linux-x86_64 2.0-4 1.24 18.63 19.87 OK
r-release-osx-x86_64-mavericks 2.0-4 OK
r-release-windows-ix86+x86_64 2.0-4 6.00 36.00 42.00 OK
r-oldrel-windows-ix86+x86_64 2.0-4 7.00 49.00 56.00 OK

Check Details

Version: 2.0-4
Check: R code for possible problems
Result: NOTE
    Tbsb : ksiint: no visible global function definition for ‘pgamma’
    Tbsb: no visible global function definition for ‘pchisq’
    Tbsc: no visible global function definition for ‘qchisq’
    riv_classical: no visible global function definition for ‘cov’
    riv_classical: no visible global function definition for ‘pt’
    riv_sest: no visible global function definition for ‘pt’
    riv_sest: no visible global function definition for ‘mad’
    riv_sest: no visible global function definition for ‘mahalanobis’
    riv_withDummies: no visible global function definition for ‘coef’
    riv_withDummies : <anonymous>: no visible global function definition
     for ‘coef’
    Undefined global functions or variables:
     coef cov mad mahalanobis pchisq pgamma pt qchisq
Flavors: r-devel-linux-x86_64-debian-clang, r-devel-linux-x86_64-debian-gcc, r-devel-linux-x86_64-fedora-clang, r-devel-linux-x86_64-fedora-gcc, r-devel-windows-ix86+x86_64