CRAN Package Check Results for Package riv

Last updated on 2015-08-30 05:48:05.

Flavor Version Tinstall Tcheck Ttotal Status Flags
r-devel-linux-x86_64-debian-clang 2.0-4 3.06 36.25 39.31 NOTE
r-devel-linux-x86_64-debian-gcc 2.0-4 3.08 35.32 38.40 NOTE
r-devel-linux-x86_64-fedora-clang 2.0-4 84.19 NOTE
r-devel-linux-x86_64-fedora-gcc 2.0-4 82.23 NOTE
r-devel-osx-x86_64-clang 2.0-4 72.67 OK
r-devel-windows-ix86+x86_64 2.0-4 13.00 69.00 82.00 NOTE
r-patched-linux-x86_64 2.0-4 3.39 38.91 42.30 OK
r-patched-solaris-sparc 2.0-4 247.30 OK
r-patched-solaris-x86 2.0-4 59.60 OK
r-release-linux-x86_64 2.0-4 3.36 38.76 42.13 OK
r-release-osx-x86_64-mavericks 2.0-4 OK
r-release-windows-ix86+x86_64 2.0-4 14.00 66.00 80.00 OK
r-oldrel-windows-ix86+x86_64 2.0-4 19.00 93.00 112.00 OK

Check Details

Version: 2.0-4
Check: R code for possible problems
Result: NOTE
    Tbsb : ksiint: no visible global function definition for ‘pgamma’
    Tbsb: no visible global function definition for ‘pchisq’
    Tbsc: no visible global function definition for ‘qchisq’
    riv_classical: no visible global function definition for ‘cov’
    riv_classical: no visible global function definition for ‘pt’
    riv_sest: no visible global function definition for ‘pt’
    riv_sest: no visible global function definition for ‘mad’
    riv_sest: no visible global function definition for ‘mahalanobis’
    riv_withDummies: no visible global function definition for ‘coef’
    riv_withDummies : <anonymous>: no visible global function definition
     for ‘coef’
    Undefined global functions or variables:
     coef cov mad mahalanobis pchisq pgamma pt qchisq
    Consider adding
     importFrom("stats", "coef", "cov", "mad", "mahalanobis", "pchisq",
     "pgamma", "pt", "qchisq")
    to your NAMESPACE.
Flavors: r-devel-linux-x86_64-debian-clang, r-devel-linux-x86_64-debian-gcc, r-devel-linux-x86_64-fedora-clang, r-devel-linux-x86_64-fedora-gcc, r-devel-windows-ix86+x86_64