CRAN Package Check Results for Package riverdist

Last updated on 2020-09-29 08:51:42 CEST.

Flavor Version Tinstall Tcheck Ttotal Status Flags
r-devel-linux-x86_64-debian-clang 0.15.3 12.80 145.16 157.96 OK
r-devel-linux-x86_64-debian-gcc 0.15.3 12.11 106.44 118.55 OK
r-devel-linux-x86_64-fedora-clang 0.15.3 195.20 OK
r-devel-linux-x86_64-fedora-gcc 0.15.3 188.67 OK
r-devel-windows-ix86+x86_64 0.15.3 24.00 132.00 156.00 OK
r-patched-linux-x86_64 0.15.3 13.17 135.85 149.02 OK
r-patched-solaris-x86 0.15.3 235.50 NOTE
r-release-linux-x86_64 0.15.3 14.92 136.72 151.64 OK
r-release-macos-x86_64 0.15.3 OK
r-release-windows-ix86+x86_64 0.15.3 35.00 191.00 226.00 OK
r-oldrel-macos-x86_64 0.15.3 OK
r-oldrel-windows-ix86+x86_64 0.15.3 22.00 214.00 236.00 OK

Check Details

Version: 0.15.3
Check: installed package size
Result: NOTE
     installed size is 5.3Mb
     sub-directories of 1Mb or more:
     data 3.6Mb
Flavor: r-patched-solaris-x86