CRAN Package Check Results for Package rjags

Last updated on 2017-08-17 12:54:16.

Flavor Version Tinstall Tcheck Ttotal Status Flags
r-devel-linux-x86_64-debian-clang 4-6 4.74 15.65 20.39 NOTE
r-devel-linux-x86_64-debian-gcc 4-6 4.19 15.77 19.96 NOTE
r-devel-linux-x86_64-fedora-clang 4-6 34.31 NOTE
r-devel-linux-x86_64-fedora-gcc 4-6 33.00 NOTE
r-devel-windows-ix86+x86_64 4-6 13.00 66.00 79.00 OK
r-patched-linux-x86_64 4-6 4.27 16.35 20.62 NOTE
r-patched-solaris-x86 4-6 48.30 OK
r-release-linux-x86_64 4-6 4.13 15.54 19.67 NOTE
r-release-windows-ix86+x86_64 4-6 14.00 51.00 65.00 OK
r-release-osx-x86_64 4-6 OK
r-oldrel-windows-ix86+x86_64 4-6 18.00 43.00 61.00 OK
r-oldrel-osx-x86_64 4-6 NOTE

Check Details

Version: 4-6
Check: compiled code
Result: NOTE
    File ‘rjags/libs/rjags.so’:
     Found no calls to: ‘R_registerRoutines’, ‘R_useDynamicSymbols’
    
    It is good practice to register native routines and to disable symbol
    search.
    
    See ‘Writing portable packages’ in the ‘Writing R Extensions’ manual.
Flavors: r-devel-linux-x86_64-debian-clang, r-devel-linux-x86_64-debian-gcc, r-devel-linux-x86_64-fedora-clang, r-devel-linux-x86_64-fedora-gcc, r-patched-linux-x86_64, r-release-linux-x86_64

Version: 4-6
Check: dependencies in R code
Result: NOTE
    Invalid MIT-MAGIC-COOKIE-1 key
Flavor: r-oldrel-osx-x86_64