CRAN Package Check Results for Package rjags

Last updated on 2014-08-02 07:50:26.

Flavor Version Tinstall Tcheck Ttotal Status Flags
r-devel-linux-x86_64-debian-clang 3-13 4.10 14.23 18.33 OK
r-devel-linux-x86_64-debian-gcc 3-13 4.35 13.60 17.94 OK
r-devel-linux-x86_64-fedora-clang 3-13 34.90 OK
r-devel-linux-x86_64-fedora-gcc 3-13 32.07 OK
r-devel-osx-x86_64-clang 3-13 37.70 OK
r-devel-windows-ix86+x86_64 3-13 12.00 34.00 46.00 OK
r-patched-linux-x86_64 3-13 4.48 13.60 18.08 OK
r-patched-solaris-sparc 3-13 197.10 OK
r-patched-solaris-x86 3-13 52.00 OK
r-release-linux-ix86 3-13 6.98 20.26 27.24 OK
r-release-linux-x86_64 3-13 4.56 13.95 18.50 OK
r-release-osx-x86_64-mavericks 3-13 ERROR
r-release-osx-x86_64-snowleopard 3-13 OK
r-release-windows-ix86+x86_64 3-13 12.00 37.00 49.00 OK
r-oldrel-windows-ix86+x86_64 3-13 21.00 51.00 72.00 OK

Check Details

Version: 3-13
Check: whether package can be installed
Result: ERROR
    Installation failed.
Flavor: r-release-osx-x86_64-mavericks