CRAN Package Check Results for Package rjags

Last updated on 2016-02-12 18:49:52.

Flavor Version Tinstall Tcheck Ttotal Status Flags
r-devel-linux-x86_64-debian-gcc 4-5 3.91 11.11 15.01 OK
r-devel-linux-x86_64-fedora-clang 4-5 26.82 OK
r-devel-linux-x86_64-fedora-gcc 4-5 25.68 OK
r-devel-osx-x86_64-clang 4-5 32.91 OK
r-devel-windows-ix86+x86_64 4-5 19.00 38.00 57.00 OK
r-patched-linux-x86_64 4-5 3.63 11.91 15.54 OK
r-patched-solaris-sparc 4-5 178.40 OK
r-patched-solaris-x86 4-5 40.50 OK
r-release-linux-x86_64 4-5 3.87 12.13 16.00 OK
r-release-osx-x86_64-mavericks 4-5 ERROR
r-release-windows-ix86+x86_64 4-5 15.00 38.00 53.00 OK
r-oldrel-windows-ix86+x86_64 4-5 18.00 41.00 59.00 OK

Check Details

Version: 4-5
Check: whether package can be installed
Result: ERROR
    Installation failed.
Flavor: r-release-osx-x86_64-mavericks