CRAN Package Check Results for Package rjags

Last updated on 2016-12-03 20:47:20.

Flavor Version Tinstall Tcheck Ttotal Status Flags
r-devel-linux-x86_64-debian-clang 4-6 4.54 15.34 19.88 OK
r-devel-linux-x86_64-debian-gcc 4-6 4.78 15.18 19.97 OK
r-devel-linux-x86_64-fedora-clang 4-6 34.63 OK
r-devel-linux-x86_64-fedora-gcc 4-6 32.91 OK
r-devel-macos-x86_64-clang 4-6 30.08 OK
r-devel-windows-ix86+x86_64 4-6 12.00 53.00 65.00 OK
r-patched-linux-x86_64 4-6 3.68 12.44 16.12 OK
r-patched-solaris-sparc 4-6 171.70 OK
r-patched-solaris-x86 4-6 39.40 OK
r-release-linux-x86_64 4-6 3.76 12.09 15.85 OK
r-release-osx-x86_64-mavericks 4-6 NOTE
r-release-windows-ix86+x86_64 4-6 19.00 76.00 95.00 OK
r-oldrel-windows-ix86+x86_64 4-6 18.00 40.00 58.00 OK

Check Details

Version: 4-6
Check: dependencies in R code
Result: NOTE
    Invalid MIT-MAGIC-COOKIE-1 key
Flavor: r-release-osx-x86_64-mavericks