CRAN Package Check Results for Package rjags

Last updated on 2017-03-01 19:48:57.

Flavor Version Tinstall Tcheck Ttotal Status Flags
r-devel-linux-x86_64-debian-clang 4-6 4.65 15.95 20.60 NOTE
r-devel-linux-x86_64-debian-gcc 4-6 4.17 15.51 19.68 NOTE
r-devel-linux-x86_64-fedora-clang 4-6 35.47 NOTE --no-stop-on-test-error
r-devel-linux-x86_64-fedora-gcc 4-6 32.11 NOTE --no-stop-on-test-error
r-devel-macos-x86_64-clang 4-6 30.20 NOTE --no-stop-on-test-error
r-devel-windows-ix86+x86_64 4-6 15.00 64.00 79.00 OK
r-patched-linux-x86_64 4-6 3.72 12.92 16.64 OK
r-patched-solaris-sparc 4-6 170.20 OK
r-patched-solaris-x86 4-6 39.20 OK
r-release-linux-x86_64 4-6 3.88 12.14 16.01 OK
r-release-osx-x86_64-mavericks 4-6 NOTE
r-release-windows-ix86+x86_64 4-6 19.00 103.00 122.00 OK
r-oldrel-windows-ix86+x86_64 4-6 6.00 3.00 9.00 ERROR

Memtest notes: clang-ASAN

Check Details

Version: 4-6
Check: compiled code
Result: NOTE
    File ‘rjags/libs/rjags.so’:
     Found no calls to: ‘R_registerRoutines’, ‘R_useDynamicSymbols’
    
    It is good practice to register native routines and to disable symbol
    search.
    
    See ‘Writing portable packages’ in the ‘Writing R Extensions’ manual.
Flavors: r-devel-linux-x86_64-debian-clang, r-devel-linux-x86_64-debian-gcc

Version: 4-6
Flags: --no-stop-on-test-error
Check: compiled code
Result: NOTE
    File ‘rjags/libs/rjags.so’:
     Found no calls to: ‘R_registerRoutines’, ‘R_useDynamicSymbols’
    
    It is good practice to register native routines and to disable symbol
    search.
    
    See ‘Writing portable packages’ in the ‘Writing R Extensions’ manual.
Flavors: r-devel-linux-x86_64-fedora-clang, r-devel-linux-x86_64-fedora-gcc, r-devel-macos-x86_64-clang

Version: 4-6
Check: dependencies in R code
Result: NOTE
    Invalid MIT-MAGIC-COOKIE-1 key
Flavor: r-release-osx-x86_64-mavericks

Version: 4-6
Check: whether package can be installed
Result: ERROR
    Installation failed.
Flavor: r-oldrel-windows-ix86+x86_64