CRAN Package Check Results for Package rjags

Last updated on 2018-06-20 07:47:55 CEST.

Flavor Version Tinstall Tcheck Ttotal Status Flags
r-devel-linux-x86_64-debian-clang 4-6 7.40 23.26 30.66 NOTE
r-devel-linux-x86_64-debian-gcc 4-6 5.01 20.10 25.11 NOTE
r-devel-linux-x86_64-fedora-clang 4-6 36.76 NOTE
r-devel-linux-x86_64-fedora-gcc 4-6 33.38 NOTE
r-devel-windows-ix86+x86_64 4-6 21.00 65.00 86.00 OK
r-patched-linux-x86_64 4-6 6.66 21.61 28.27 NOTE
r-patched-solaris-x86 4-6 52.00 OK
r-release-linux-x86_64 4-6 7.61 21.52 29.13 NOTE
r-release-windows-ix86+x86_64 4-6 15.00 59.00 74.00 OK
r-release-osx-x86_64 4-6 OK
r-oldrel-windows-ix86+x86_64 4-6 18.00 49.00 67.00 OK
r-oldrel-osx-x86_64 4-6 OK

Check Details

Version: 4-6
Check: compiled code
Result: NOTE
    File ‘rjags/libs/rjags.so’:
     Found no calls to: ‘R_registerRoutines’, ‘R_useDynamicSymbols’
    
    It is good practice to register native routines and to disable symbol
    search.
    
    See ‘Writing portable packages’ in the ‘Writing R Extensions’ manual.
Flavors: r-devel-linux-x86_64-debian-clang, r-devel-linux-x86_64-debian-gcc, r-devel-linux-x86_64-fedora-clang, r-devel-linux-x86_64-fedora-gcc, r-patched-linux-x86_64, r-release-linux-x86_64