CRAN Package Check Results for Package rjags

Last updated on 2017-04-28 17:47:56.

Flavor Version Tinstall Tcheck Ttotal Status Flags
r-devel-linux-x86_64-debian-clang 4-6 4.56 15.65 20.21 NOTE
r-devel-linux-x86_64-debian-gcc 4-6 4.28 15.46 19.75 NOTE
r-devel-linux-x86_64-fedora-clang 4-6 35.14 NOTE --no-stop-on-test-error
r-devel-linux-x86_64-fedora-gcc 4-6 32.12 NOTE --no-stop-on-test-error
r-devel-windows-ix86+x86_64 4-6 13.00 62.00 75.00 OK
r-patched-linux-x86_64 4-6 3.95 15.28 19.23 NOTE
r-patched-solaris-sparc 4-6 210.60 OK
r-patched-solaris-x86 4-6 47.20 OK
r-release-linux-x86_64 4-6 3.93 15.40 19.33 NOTE
r-release-windows-ix86+x86_64 4-6 22.00 51.00 73.00 OK
r-release-osx-x86_64 4-6 OK
r-oldrel-windows-ix86+x86_64 4-6 17.00 41.00 58.00 OK
r-oldrel-osx-x86_64 4-6 NOTE

Check Details

Version: 4-6
Check: compiled code
Result: NOTE
    File ‘rjags/libs/rjags.so’:
     Found no calls to: ‘R_registerRoutines’, ‘R_useDynamicSymbols’
    
    It is good practice to register native routines and to disable symbol
    search.
    
    See ‘Writing portable packages’ in the ‘Writing R Extensions’ manual.
Flavors: r-devel-linux-x86_64-debian-clang, r-devel-linux-x86_64-debian-gcc, r-patched-linux-x86_64, r-release-linux-x86_64

Version: 4-6
Flags: --no-stop-on-test-error
Check: compiled code
Result: NOTE
    File ‘rjags/libs/rjags.so’:
     Found no calls to: ‘R_registerRoutines’, ‘R_useDynamicSymbols’
    
    It is good practice to register native routines and to disable symbol
    search.
    
    See ‘Writing portable packages’ in the ‘Writing R Extensions’ manual.
Flavors: r-devel-linux-x86_64-fedora-clang, r-devel-linux-x86_64-fedora-gcc

Version: 4-6
Check: dependencies in R code
Result: NOTE
    Invalid MIT-MAGIC-COOKIE-1 key
Flavor: r-oldrel-osx-x86_64