CRAN Package Check Results for Package rjags

Last updated on 2016-07-30 08:48:28.

Flavor Version Tinstall Tcheck Ttotal Status Flags
r-devel-linux-x86_64-debian-clang 4-6 4.67 12.31 16.98 OK
r-devel-linux-x86_64-debian-gcc 4-6 4.17 12.42 16.59 OK
r-devel-linux-x86_64-fedora-clang 4-6 27.55 OK
r-devel-linux-x86_64-fedora-gcc 4-6 24.74 OK
r-devel-osx-x86_64-clang 4-6 25.22 OK
r-devel-windows-ix86+x86_64 4-6 13.00 33.00 46.00 OK
r-patched-linux-x86_64 4-6 4.93 14.05 18.98 OK
r-patched-solaris-sparc 4-6 171.70 OK
r-patched-solaris-x86 4-6 39.40 OK
r-release-linux-x86_64 4-6 4.13 13.59 17.72 OK
r-release-osx-x86_64-mavericks 4-6 NOTE
r-release-windows-ix86+x86_64 4-6 20.00 47.00 67.00 OK
r-oldrel-windows-ix86+x86_64 4-6 20.00 66.00 86.00 OK

Check Details

Version: 4-6
Check: dependencies in R code
Result: NOTE
    Invalid MIT-MAGIC-COOKIE-1 key
Flavor: r-release-osx-x86_64-mavericks