CRAN Package Check Results for Package rjags

Last updated on 2015-03-05 16:47:06.

Flavor Version Tinstall Tcheck Ttotal Status Flags
r-devel-linux-x86_64-debian-clang 3-14 4.13 12.03 16.16 NOTE
r-devel-linux-x86_64-debian-gcc 3-14 4.40 12.66 17.06 NOTE
r-devel-linux-x86_64-fedora-clang 3-14 32.69 NOTE
r-devel-linux-x86_64-fedora-gcc 3-14 28.99 NOTE
r-devel-osx-x86_64-clang 3-14 36.53 NOTE
r-devel-windows-ix86+x86_64 3-14 15.00 31.00 46.00 NOTE
r-patched-linux-x86_64 3-14 4.52 13.86 18.38 OK
r-patched-solaris-sparc 3-14 214.90 OK
r-patched-solaris-x86 3-14 58.30 OK
r-release-linux-ix86 3-14 8.94 20.53 29.47 OK
r-release-linux-x86_64 3-14 4.40 13.82 18.22 OK
r-release-osx-x86_64-mavericks 3-14 OK
r-release-osx-x86_64-snowleopard 3-14 OK
r-release-windows-ix86+x86_64 3-14 15.00 36.00 51.00 OK
r-oldrel-windows-ix86+x86_64 3-14 13.00 42.00 55.00 OK

Check Details

Version: 3-14
Check: DESCRIPTION meta-information
Result: NOTE
    Malformed Description field: should contain one or more complete sentences.
Flavors: r-devel-linux-x86_64-debian-clang, r-devel-linux-x86_64-debian-gcc, r-devel-linux-x86_64-fedora-clang, r-devel-linux-x86_64-fedora-gcc, r-devel-osx-x86_64-clang, r-devel-windows-ix86+x86_64