CRAN Package Check Results for Package rjags

Last updated on 2014-09-02 15:49:06.

Flavor Version Tinstall Tcheck Ttotal Status Flags
r-devel-linux-x86_64-debian-clang 3-13 4.03 13.32 17.35 OK
r-devel-linux-x86_64-debian-gcc 3-13 4.44 12.96 17.40 OK
r-devel-linux-x86_64-fedora-clang 3-13 34.46 OK
r-devel-linux-x86_64-fedora-gcc 3-13 30.98 OK
r-devel-osx-x86_64-clang 3-13 36.13 OK
r-devel-windows-ix86+x86_64 3-13 14.00 37.00 51.00 OK
r-patched-linux-x86_64 3-13 4.66 13.72 18.37 OK
r-patched-solaris-sparc 3-13 197.10 OK
r-patched-solaris-x86 3-13 52.10 OK
r-release-linux-ix86 3-13 7.04 20.62 27.65 OK
r-release-linux-x86_64 3-13 4.51 13.73 18.24 OK
r-release-osx-x86_64-mavericks 3-13 ERROR
r-release-osx-x86_64-snowleopard 3-13 OK
r-release-windows-ix86+x86_64 3-13 12.00 40.00 52.00 OK
r-oldrel-windows-ix86+x86_64 3-13 13.00 40.00 53.00 OK

Check Details

Version: 3-13
Check: whether package can be installed
Result: ERROR
    Installation failed.
Flavor: r-release-osx-x86_64-mavericks