CRAN Package Check Results for Package rjags

Last updated on 2016-09-26 13:48:05.

Flavor Version Tinstall Tcheck Ttotal Status Flags
r-devel-linux-x86_64-debian-clang 4-6 4.15 12.38 16.53 OK
r-devel-linux-x86_64-debian-gcc 4-6 4.06 12.41 16.47 OK
r-devel-linux-x86_64-fedora-clang 4-6 28.46 OK
r-devel-linux-x86_64-fedora-gcc 4-6 25.51 OK
r-devel-macos-x86_64-clang 4-6 25.05 OK
r-devel-windows-ix86+x86_64 4-6 28.00 42.00 70.00 OK
r-patched-linux-x86_64 4-6 3.79 12.69 16.48 OK
r-patched-solaris-sparc 4-6 171.70 OK
r-patched-solaris-x86 4-6 38.70 OK
r-release-linux-x86_64 4-6 3.97 12.29 16.26 OK
r-release-osx-x86_64-mavericks 4-6 NOTE
r-release-windows-ix86+x86_64 4-6 29.00 52.00 81.00 OK
r-oldrel-windows-ix86+x86_64 4-6 18.00 52.00 70.00 OK

Check Details

Version: 4-6
Check: dependencies in R code
Result: NOTE
    Invalid MIT-MAGIC-COOKIE-1 key
Flavor: r-release-osx-x86_64-mavericks