CRAN Package Check Results for Package rjags

Last updated on 2017-06-25 16:52:29.

Flavor Version Tinstall Tcheck Ttotal Status Flags
r-devel-linux-x86_64-debian-clang 4-6 4.75 15.51 20.26 NOTE
r-devel-linux-x86_64-debian-gcc 4-6 4.36 15.16 19.52 NOTE
r-devel-linux-x86_64-fedora-clang 4-6 34.17 NOTE
r-devel-linux-x86_64-fedora-gcc 4-6 33.57 NOTE
r-devel-windows-ix86+x86_64 4-6 22.00 49.00 71.00 OK
r-patched-linux-x86_64 4-6 3.93 15.01 18.94 NOTE
r-patched-solaris-sparc 4-6 210.60 OK
r-patched-solaris-x86 4-6 47.70 OK
r-release-linux-x86_64 4-6 4.16 15.53 19.69 NOTE
r-release-windows-ix86+x86_64 4-6 15.00 67.00 82.00 OK
r-release-osx-x86_64 4-6 OK
r-oldrel-windows-ix86+x86_64 4-6 15.00 55.00 70.00 OK
r-oldrel-osx-x86_64 4-6 NOTE

Check Details

Version: 4-6
Check: compiled code
Result: NOTE
    File ‘rjags/libs/rjags.so’:
     Found no calls to: ‘R_registerRoutines’, ‘R_useDynamicSymbols’
    
    It is good practice to register native routines and to disable symbol
    search.
    
    See ‘Writing portable packages’ in the ‘Writing R Extensions’ manual.
Flavors: r-devel-linux-x86_64-debian-clang, r-devel-linux-x86_64-debian-gcc, r-devel-linux-x86_64-fedora-clang, r-devel-linux-x86_64-fedora-gcc, r-patched-linux-x86_64, r-release-linux-x86_64

Version: 4-6
Check: dependencies in R code
Result: NOTE
    Invalid MIT-MAGIC-COOKIE-1 key
Flavor: r-oldrel-osx-x86_64