CRAN Package Check Results for Package rjags

Last updated on 2016-05-06 12:52:54.

Flavor Version Tinstall Tcheck Ttotal Status Flags
r-devel-linux-x86_64-debian-gcc 4-6 3.71 12.25 15.96 OK
r-devel-linux-x86_64-fedora-clang 4-6 27.68 OK
r-devel-linux-x86_64-fedora-gcc 4-6 25.78 OK
r-devel-osx-x86_64-clang 4-6 34.84 OK
r-devel-windows-ix86+x86_64 4-6 11.00 34.00 45.00 OK
r-patched-linux-x86_64 4-6 3.77 11.92 15.69 OK
r-patched-solaris-sparc 4-6 173.50 OK
r-patched-solaris-x86 4-6 41.40 OK
r-release-linux-x86_64 4-6 3.63 12.10 15.73 OK
r-release-osx-x86_64-mavericks 4-6 ERROR
r-release-windows-ix86+x86_64 4-6 11.00 34.00 45.00 OK
r-oldrel-windows-ix86+x86_64 4-6 15.00 44.00 59.00 OK

Check Details

Version: 4-6
Check: whether package can be installed
Result: ERROR
    Installation failed.
Flavor: r-release-osx-x86_64-mavericks