CRAN Package Check Results for Package rjags

Last updated on 2017-10-19 11:47:47.

Flavor Version Tinstall Tcheck Ttotal Status Flags
r-devel-linux-x86_64-debian-clang 4-6 4.36 15.43 19.79 NOTE
r-devel-linux-x86_64-debian-gcc 4-6 13.81 17.03 30.84 NOTE
r-devel-linux-x86_64-fedora-clang 4-6 35.30 NOTE
r-devel-linux-x86_64-fedora-gcc 4-6 34.37 NOTE
r-devel-windows-ix86+x86_64 4-6 15.00 46.00 61.00 OK
r-patched-linux-x86_64 4-6 4.24 16.15 20.39 NOTE
r-patched-solaris-x86 4-6 48.20 OK
r-release-linux-x86_64 4-6 4.14 15.78 19.91 NOTE
r-release-windows-ix86+x86_64 4-6 21.00 52.00 73.00 OK
r-release-osx-x86_64 4-6 OK
r-oldrel-windows-ix86+x86_64 4-6 22.00 62.00 84.00 OK
r-oldrel-osx-x86_64 4-6 NOTE

Check Details

Version: 4-6
Check: compiled code
Result: NOTE
    File ‘rjags/libs/rjags.so’:
     Found no calls to: ‘R_registerRoutines’, ‘R_useDynamicSymbols’
    
    It is good practice to register native routines and to disable symbol
    search.
    
    See ‘Writing portable packages’ in the ‘Writing R Extensions’ manual.
Flavors: r-devel-linux-x86_64-debian-clang, r-devel-linux-x86_64-debian-gcc, r-devel-linux-x86_64-fedora-clang, r-devel-linux-x86_64-fedora-gcc, r-patched-linux-x86_64, r-release-linux-x86_64

Version: 4-6
Check: dependencies in R code
Result: NOTE
    Invalid MIT-MAGIC-COOKIE-1 key
Flavor: r-oldrel-osx-x86_64