CRAN Package Check Results for Package rjags

Last updated on 2016-08-23 22:47:49.

Flavor Version Tinstall Tcheck Ttotal Status Flags
r-devel-linux-x86_64-debian-clang 4-6 4.14 12.46 16.60 OK
r-devel-linux-x86_64-debian-gcc 4-6 4.13 12.00 16.13 OK
r-devel-linux-x86_64-fedora-clang 4-6 28.41 OK
r-devel-linux-x86_64-fedora-gcc 4-6 26.07 OK
r-devel-osx-x86_64-clang 4-6 25.27 OK
r-devel-windows-ix86+x86_64 4-6 19.00 43.00 62.00 OK
r-patched-linux-x86_64 4-6 3.82 12.01 15.83 OK
r-patched-solaris-sparc 4-6 171.70 OK
r-patched-solaris-x86 4-6 39.30 OK
r-release-linux-x86_64 4-6 3.66 12.35 16.02 OK
r-release-osx-x86_64-mavericks 4-6 NOTE
r-release-windows-ix86+x86_64 4-6 17.00 44.00 61.00 OK
r-oldrel-windows-ix86+x86_64 4-6 20.00 44.00 64.00 OK

Check Details

Version: 4-6
Check: dependencies in R code
Result: NOTE
    Invalid MIT-MAGIC-COOKIE-1 key
Flavor: r-release-osx-x86_64-mavericks