CRAN Package Check Results for Package rjags

Last updated on 2016-06-30 21:46:55.

Flavor Version Tinstall Tcheck Ttotal Status Flags
r-devel-linux-x86_64-debian-gcc 4-6 4.55 13.03 17.58 OK
r-devel-linux-x86_64-fedora-clang 4-6 27.29 OK
r-devel-linux-x86_64-fedora-gcc 4-6 25.35 OK
r-devel-osx-x86_64-clang 4-6 24.96 OK
r-devel-windows-ix86+x86_64 4-6 13.00 43.00 56.00 OK
r-patched-linux-x86_64 4-6 4.24 13.41 17.65 OK
r-patched-solaris-sparc 4-6 171.70 OK
r-patched-solaris-x86 4-6 40.70 OK
r-release-linux-x86_64 4-6 3.93 12.66 16.59 OK
r-release-osx-x86_64-mavericks 4-6 NOTE
r-release-windows-ix86+x86_64 4-6 19.00 34.00 53.00 OK
r-oldrel-windows-ix86+x86_64 4-6 18.00 52.00 70.00 OK

Check Details

Version: 4-6
Check: dependencies in R code
Result: NOTE
    Invalid MIT-MAGIC-COOKIE-1 key
Flavor: r-release-osx-x86_64-mavericks