CRAN Package Check Results for Package rjags

Last updated on 2014-07-25 12:47:38.

Flavor Version Tinstall Tcheck Ttotal Status Flags
r-devel-linux-x86_64-debian-clang 3-13 4.04 14.24 18.28 OK
r-devel-linux-x86_64-debian-gcc 3-13 4.38 13.90 18.28 OK
r-devel-linux-x86_64-fedora-clang 3-13 34.90 OK
r-devel-linux-x86_64-fedora-gcc 3-13 32.20 OK
r-devel-osx-x86_64-clang 3-13 34.93 OK
r-devel-windows-ix86+x86_64 3-13 11.00 33.00 44.00 OK
r-patched-linux-x86_64 3-13 4.59 13.38 17.97 OK
r-patched-solaris-sparc 3-13 197.00 OK
r-patched-solaris-x86 3-13 56.50 OK
r-release-linux-ix86 3-13 6.94 20.57 27.51 OK
r-release-linux-x86_64 3-13 4.52 14.63 19.16 OK
r-release-osx-x86_64-mavericks 3-13 ERROR
r-release-osx-x86_64-snowleopard 3-13 OK
r-release-windows-ix86+x86_64 3-13 13.00 35.00 48.00 OK
r-oldrel-windows-ix86+x86_64 3-13 12.00 38.00 50.00 OK

Check Details

Version: 3-13
Check: whether package can be installed
Result: ERROR
    Installation failed.
    See ‘/Builds/CRAN-QA-Simon/packages/mavericks-x86_64/results/3.1/rjags.Rcheck/00install.out’ for details.
Flavor: r-release-osx-x86_64-mavericks