CRAN Package Check Results for Package rjags

Last updated on 2014-04-24 21:47:48.

Flavor Version Tinstall Tcheck Ttotal Status Flags
r-devel-linux-x86_64-debian-clang 3-13 4.09 14.26 18.35 OK
r-devel-linux-x86_64-debian-gcc 3-13 4.31 14.40 18.70 OK
r-devel-linux-x86_64-fedora-clang 3-13 34.91 OK
r-devel-linux-x86_64-fedora-gcc 3-13 32.95 OK
r-devel-osx-x86_64-clang 3-13 39.46 OK
r-devel-osx-x86_64-gcc 3-13 OK
r-devel-windows-ix86+x86_64 3-13 12.00 36.00 48.00 OK
r-patched-linux-x86_64 3-13 4.34 14.35 18.68 OK
r-patched-solaris-sparc 3-13 197.00 OK
r-patched-solaris-x86 3-13 55.60 OK
r-release-linux-ix86 3-13 10.00 29.00 39.00 OK
r-release-linux-x86_64 3-13 4.29 14.15 18.44 OK
r-release-osx-x86_64-mavericks 3-13 ERROR
r-release-osx-x86_64-snowleopard 3-13 OK
r-release-windows-ix86+x86_64 3-13 12.00 36.00 48.00 OK
r-oldrel-windows-ix86+x86_64 3-13 12.00 39.00 51.00 OK

Check Details

Version: 3-13
Check: whether package can be installed
Result: ERROR
    Installation failed.
    See ‘/Builds/CRAN-QA-Simon/packages/mavericks-x86_64/results/3.1/rjags.Rcheck/00install.out’ for details.
Flavor: r-release-osx-x86_64-mavericks