Last updated on 2022-08-12 06:49:30 CEST.
Flavor | Version | Tinstall | Tcheck | Ttotal | Status | Flags |
---|---|---|---|---|---|---|
r-devel-linux-x86_64-debian-clang | 0.2.0 | 6.94 | 104.41 | 111.35 | NOTE | |
r-devel-linux-x86_64-debian-gcc | 0.2.0 | 5.93 | 79.43 | 85.36 | NOTE | |
r-devel-linux-x86_64-fedora-clang | 0.2.0 | 141.56 | NOTE | |||
r-devel-linux-x86_64-fedora-gcc | 0.2.0 | 144.56 | NOTE | |||
r-devel-windows-x86_64 | 0.2.0 | 20.00 | 127.00 | 147.00 | NOTE | |
r-patched-linux-x86_64 | 0.2.0 | 6.50 | 103.07 | 109.57 | NOTE | |
r-release-linux-x86_64 | 0.2.0 | 6.83 | 101.88 | 108.71 | NOTE | |
r-release-macos-arm64 | 0.2.0 | 39.00 | NOTE | |||
r-release-macos-x86_64 | 0.2.0 | 69.00 | NOTE | |||
r-release-windows-x86_64 | 0.2.0 | 27.00 | 127.00 | 154.00 | NOTE | |
r-oldrel-macos-arm64 | 0.2.0 | 68.00 | NOTE | |||
r-oldrel-macos-x86_64 | 0.2.0 | 72.00 | NOTE | |||
r-oldrel-windows-ix86+x86_64 | 0.2.0 | 17.00 | 121.00 | 138.00 | NOTE |
Version: 0.2.0
Check: LazyData
Result: NOTE
'LazyData' is specified without a 'data' directory
Flavors: r-devel-linux-x86_64-debian-clang, r-devel-linux-x86_64-debian-gcc, r-devel-linux-x86_64-fedora-clang, r-devel-linux-x86_64-fedora-gcc, r-devel-windows-x86_64, r-patched-linux-x86_64, r-release-linux-x86_64, r-release-macos-arm64, r-release-macos-x86_64, r-release-windows-x86_64, r-oldrel-macos-arm64, r-oldrel-macos-x86_64, r-oldrel-windows-ix86+x86_64