CRAN Package Check Results for Package rje

Last updated on 2016-05-24 08:48:53.

Flavor Version Tinstall Tcheck Ttotal Status Flags
r-devel-linux-x86_64-debian-gcc 1.9 1.11 12.46 13.57 NOTE
r-devel-linux-x86_64-fedora-clang 1.9 22.47 NOTE
r-devel-linux-x86_64-fedora-gcc 1.9 20.88 NOTE
r-devel-osx-x86_64-clang 1.9 27.74 NOTE
r-devel-windows-ix86+x86_64 1.9 7.00 46.00 53.00 NOTE
r-patched-linux-x86_64 1.9 1.14 12.13 13.27 NOTE
r-patched-solaris-sparc 1.9 150.20 NOTE
r-patched-solaris-x86 1.9 32.70 NOTE
r-release-linux-x86_64 1.9 1.23 12.75 13.97 NOTE
r-release-osx-x86_64-mavericks 1.9 NOTE
r-release-windows-ix86+x86_64 1.9 7.00 46.00 53.00 NOTE
r-oldrel-windows-ix86+x86_64 1.9 6.00 40.00 46.00 OK

Check Details

Version: 1.9
Check: R code for possible problems
Result: NOTE
    cubeHelix : <anonymous>: no visible global function definition for
     ‘rgb’
    rdirichlet: no visible global function definition for ‘rgamma’
    Undefined global functions or variables:
     rgamma rgb
    Consider adding
     importFrom("grDevices", "rgb")
     importFrom("stats", "rgamma")
    to your NAMESPACE file.
Flavors: r-devel-linux-x86_64-debian-gcc, r-devel-linux-x86_64-fedora-clang, r-devel-linux-x86_64-fedora-gcc, r-devel-osx-x86_64-clang, r-devel-windows-ix86+x86_64, r-patched-linux-x86_64, r-patched-solaris-sparc, r-patched-solaris-x86, r-release-linux-x86_64, r-release-osx-x86_64-mavericks, r-release-windows-ix86+x86_64