CRAN Package Check Results for Package rje

Last updated on 2021-01-23 21:49:52 CET.

Flavor Version Tinstall Tcheck Ttotal Status Flags
r-devel-linux-x86_64-debian-clang 1.10.16 5.06 38.68 43.74 OK
r-devel-linux-x86_64-debian-gcc 1.10.16 3.16 30.81 33.97 OK
r-devel-linux-x86_64-fedora-clang 1.10.16 61.30 NOTE
r-devel-linux-x86_64-fedora-gcc 1.10.16 52.21 NOTE
r-devel-windows-ix86+x86_64 1.10.16 11.00 56.00 67.00 OK
r-patched-linux-x86_64 1.10.16 4.62 37.41 42.03 OK
r-patched-solaris-x86 1.10.16 79.00 NOTE
r-release-linux-x86_64 1.10.16 4.33 38.12 42.45 OK
r-release-macos-x86_64 1.10.16 NOTE
r-release-windows-ix86+x86_64 1.10.16 13.00 71.00 84.00 OK
r-oldrel-macos-x86_64 1.10.16 NOTE
r-oldrel-windows-ix86+x86_64 1.10.16 8.00 69.00 77.00 OK

Check Details

Version: 1.10.16
Check: dependencies in R code
Result: NOTE
    Namespace in Imports field not imported from: ‘knitr’
     All declared Imports should be used.
Flavors: r-devel-linux-x86_64-fedora-clang, r-devel-linux-x86_64-fedora-gcc, r-patched-solaris-x86, r-release-macos-x86_64, r-oldrel-macos-x86_64