CRAN Package Check Results for Package rje

Last updated on 2015-08-29 15:48:02.

Flavor Version Tinstall Tcheck Ttotal Status Flags
r-devel-linux-x86_64-debian-clang 1.9 0.99 12.34 13.34 NOTE
r-devel-linux-x86_64-debian-gcc 1.9 0.98 11.48 12.46 NOTE
r-devel-linux-x86_64-fedora-clang 1.9 23.08 NOTE
r-devel-linux-x86_64-fedora-gcc 1.9 22.26 NOTE
r-devel-osx-x86_64-clang 1.9 23.66 OK
r-devel-windows-ix86+x86_64 1.9 9.00 28.00 37.00 NOTE
r-patched-linux-x86_64 1.9 1.10 11.96 13.06 OK
r-patched-solaris-sparc 1.9 161.50 OK
r-patched-solaris-x86 1.9 37.10 OK
r-release-linux-x86_64 1.9 1.10 12.10 13.19 OK
r-release-osx-x86_64-mavericks 1.9 OK
r-release-windows-ix86+x86_64 1.9 6.00 30.00 36.00 OK
r-oldrel-windows-ix86+x86_64 1.9 8.00 30.00 38.00 OK

Check Details

Version: 1.9
Check: R code for possible problems
Result: NOTE
    cubeHelix : <anonymous>: no visible global function definition for
     ‘rgb’
    rdirichlet: no visible global function definition for ‘rgamma’
    Undefined global functions or variables:
     rgamma rgb
    Consider adding
     importFrom("grDevices", "rgb")
     importFrom("stats", "rgamma")
    to your NAMESPACE.
Flavors: r-devel-linux-x86_64-debian-clang, r-devel-linux-x86_64-debian-gcc, r-devel-linux-x86_64-fedora-clang, r-devel-linux-x86_64-fedora-gcc, r-devel-windows-ix86+x86_64