CRAN Package Check Results for Package rje

Last updated on 2016-12-06 03:47:32.

Flavor Version Tinstall Tcheck Ttotal Status Flags
r-devel-linux-x86_64-debian-clang 1.9 1.26 15.07 16.32 NOTE
r-devel-linux-x86_64-debian-gcc 1.9 1.17 14.53 15.69 NOTE
r-devel-linux-x86_64-fedora-clang 1.9 27.07 NOTE --no-stop-on-test-error
r-devel-linux-x86_64-fedora-gcc 1.9 26.34 NOTE --no-stop-on-test-error
r-devel-macos-x86_64-clang 1.9 23.83 NOTE
r-devel-windows-ix86+x86_64 1.9 13.00 37.00 50.00 NOTE
r-patched-linux-x86_64 1.9 1.09 12.45 13.54 NOTE
r-patched-solaris-sparc 1.9 149.80 NOTE
r-patched-solaris-x86 1.9 31.40 NOTE
r-release-linux-x86_64 1.9 1.10 12.57 13.67 NOTE
r-release-osx-x86_64-mavericks 1.9 NOTE
r-release-windows-ix86+x86_64 1.9 11.00 32.00 43.00 NOTE
r-oldrel-windows-ix86+x86_64 1.9 13.00 35.00 48.00 OK

Check Details

Version: 1.9
Check: R code for possible problems
Result: NOTE
    cubeHelix : <anonymous>: no visible global function definition for
     ‘rgb’
    rdirichlet: no visible global function definition for ‘rgamma’
    Undefined global functions or variables:
     rgamma rgb
    Consider adding
     importFrom("grDevices", "rgb")
     importFrom("stats", "rgamma")
    to your NAMESPACE file.
Flavors: r-devel-linux-x86_64-debian-clang, r-devel-linux-x86_64-debian-gcc, r-devel-macos-x86_64-clang, r-devel-windows-ix86+x86_64, r-patched-linux-x86_64, r-patched-solaris-sparc, r-patched-solaris-x86, r-release-linux-x86_64, r-release-osx-x86_64-mavericks, r-release-windows-ix86+x86_64

Version: 1.9
Flags: --no-stop-on-test-error
Check: R code for possible problems
Result: NOTE
    cubeHelix : <anonymous>: no visible global function definition for
     ‘rgb’
    rdirichlet: no visible global function definition for ‘rgamma’
    Undefined global functions or variables:
     rgamma rgb
    Consider adding
     importFrom("grDevices", "rgb")
     importFrom("stats", "rgamma")
    to your NAMESPACE file.
Flavors: r-devel-linux-x86_64-fedora-clang, r-devel-linux-x86_64-fedora-gcc