CRAN Package Check Results for Package rje

Last updated on 2018-09-26 08:48:28 CEST.

Flavor Version Tinstall Tcheck Ttotal Status Flags
r-devel-linux-x86_64-debian-clang 1.9 2.74 23.56 26.30 NOTE
r-devel-linux-x86_64-debian-gcc 1.9 2.25 18.54 20.79 NOTE
r-devel-linux-x86_64-fedora-clang 1.9 31.17 NOTE
r-devel-linux-x86_64-fedora-gcc 1.9 29.17 NOTE
r-devel-windows-ix86+x86_64 1.9 10.00 41.00 51.00 NOTE
r-patched-linux-x86_64 1.9 2.27 21.79 24.06 NOTE
r-patched-solaris-x86 1.9 41.80 NOTE
r-release-linux-x86_64 1.9 2.72 21.98 24.70 NOTE
r-release-windows-ix86+x86_64 1.9 11.00 40.00 51.00 NOTE
r-release-osx-x86_64 1.9 NOTE
r-oldrel-windows-ix86+x86_64 1.9 5.00 36.00 41.00 NOTE
r-oldrel-osx-x86_64 1.9 NOTE

Check Details

Version: 1.9
Check: R code for possible problems
Result: NOTE
    cubeHelix : <anonymous>: no visible global function definition for
     ‘rgb’
    rdirichlet: no visible global function definition for ‘rgamma’
    Undefined global functions or variables:
     rgamma rgb
    Consider adding
     importFrom("grDevices", "rgb")
     importFrom("stats", "rgamma")
    to your NAMESPACE file.
Flavors: r-devel-linux-x86_64-debian-clang, r-devel-linux-x86_64-debian-gcc, r-devel-linux-x86_64-fedora-clang, r-devel-linux-x86_64-fedora-gcc, r-devel-windows-ix86+x86_64, r-patched-linux-x86_64, r-patched-solaris-x86, r-release-linux-x86_64, r-release-windows-ix86+x86_64, r-release-osx-x86_64, r-oldrel-windows-ix86+x86_64, r-oldrel-osx-x86_64

Version: 1.9
Check: compiled code
Result: NOTE
    File ‘rje/libs/rje.so’:
     Found no calls to: ‘R_registerRoutines’, ‘R_useDynamicSymbols’
    
    It is good practice to register native routines and to disable symbol
    search.
    
    See ‘Writing portable packages’ in the ‘Writing R Extensions’ manual.
Flavors: r-devel-linux-x86_64-fedora-clang, r-devel-linux-x86_64-fedora-gcc