CRAN Package Check Results for Package rje

Last updated on 2017-02-24 10:47:57.

Flavor Version Tinstall Tcheck Ttotal Status Flags
r-devel-linux-x86_64-debian-clang 1.9 1.27 15.24 16.51 NOTE
r-devel-linux-x86_64-debian-gcc 1.9 1.18 14.52 15.70 NOTE
r-devel-linux-x86_64-fedora-clang 1.9 27.92 NOTE --no-stop-on-test-error
r-devel-linux-x86_64-fedora-gcc 1.9 25.57 NOTE --no-stop-on-test-error
r-devel-macos-x86_64-clang 1.9 23.96 NOTE --no-stop-on-test-error
r-devel-windows-ix86+x86_64 1.9 6.00 45.00 51.00 NOTE
r-patched-linux-x86_64 1.9 1.14 12.57 13.71 NOTE
r-patched-solaris-sparc 1.9 151.90 NOTE
r-patched-solaris-x86 1.9 31.40 NOTE
r-release-linux-x86_64 1.9 1.02 12.70 13.72 NOTE
r-release-osx-x86_64-mavericks 1.9 NOTE
r-release-windows-ix86+x86_64 1.9 11.00 32.00 43.00 NOTE
r-oldrel-windows-ix86+x86_64 1.9 13.00 35.00 48.00 OK

Check Details

Version: 1.9
Check: R code for possible problems
Result: NOTE
    cubeHelix : <anonymous>: no visible global function definition for
     ‘rgb’
    rdirichlet: no visible global function definition for ‘rgamma’
    Undefined global functions or variables:
     rgamma rgb
    Consider adding
     importFrom("grDevices", "rgb")
     importFrom("stats", "rgamma")
    to your NAMESPACE file.
Flavors: r-devel-linux-x86_64-debian-clang, r-devel-linux-x86_64-debian-gcc, r-devel-windows-ix86+x86_64, r-patched-linux-x86_64, r-patched-solaris-sparc, r-patched-solaris-x86, r-release-linux-x86_64, r-release-osx-x86_64-mavericks, r-release-windows-ix86+x86_64

Version: 1.9
Check: compiled code
Result: NOTE
    File ‘rje/libs/rje.so’:
     Found no calls to: ‘R_registerRoutines’, ‘R_useDynamicSymbols’
    
    It is good practice to register native routines and to disable symbol
    search.
    
    See ‘Writing portable packages’ in the ‘Writing R Extensions’ manual.
Flavors: r-devel-linux-x86_64-debian-clang, r-devel-linux-x86_64-debian-gcc

Version: 1.9
Flags: --no-stop-on-test-error
Check: R code for possible problems
Result: NOTE
    cubeHelix : <anonymous>: no visible global function definition for
     ‘rgb’
    rdirichlet: no visible global function definition for ‘rgamma’
    Undefined global functions or variables:
     rgamma rgb
    Consider adding
     importFrom("grDevices", "rgb")
     importFrom("stats", "rgamma")
    to your NAMESPACE file.
Flavors: r-devel-linux-x86_64-fedora-clang, r-devel-linux-x86_64-fedora-gcc, r-devel-macos-x86_64-clang

Version: 1.9
Flags: --no-stop-on-test-error
Check: compiled code
Result: NOTE
    File ‘rje/libs/rje.so’:
     Found no calls to: ‘R_registerRoutines’, ‘R_useDynamicSymbols’
    
    It is good practice to register native routines and to disable symbol
    search.
    
    See ‘Writing portable packages’ in the ‘Writing R Extensions’ manual.
Flavors: r-devel-linux-x86_64-fedora-clang, r-devel-linux-x86_64-fedora-gcc, r-devel-macos-x86_64-clang