CRAN Package Check Results for Package rje

Last updated on 2016-09-29 02:49:58.

Flavor Version Tinstall Tcheck Ttotal Status Flags
r-devel-linux-x86_64-debian-clang 1.9 1.12 12.88 14.00 NOTE
r-devel-linux-x86_64-debian-gcc 1.9 1.13 12.56 13.69 NOTE
r-devel-linux-x86_64-fedora-clang 1.9 23.13 NOTE
r-devel-linux-x86_64-fedora-gcc 1.9 21.74 NOTE
r-devel-macos-x86_64-clang 1.9 20.54 NOTE
r-devel-windows-ix86+x86_64 1.9 10.00 51.00 61.00 NOTE
r-patched-linux-x86_64 1.9 1.14 14.34 15.49 NOTE
r-patched-solaris-sparc 1.9 149.80 NOTE
r-patched-solaris-x86 1.9 31.10 NOTE
r-release-linux-x86_64 1.9 1.12 12.65 13.77 NOTE
r-release-osx-x86_64-mavericks 1.9 NOTE
r-release-windows-ix86+x86_64 1.9 5.00 34.00 39.00 NOTE
r-oldrel-windows-ix86+x86_64 1.9 6.00 40.00 46.00 OK

Check Details

Version: 1.9
Check: R code for possible problems
Result: NOTE
    cubeHelix : <anonymous>: no visible global function definition for
     ‘rgb’
    rdirichlet: no visible global function definition for ‘rgamma’
    Undefined global functions or variables:
     rgamma rgb
    Consider adding
     importFrom("grDevices", "rgb")
     importFrom("stats", "rgamma")
    to your NAMESPACE file.
Flavors: r-devel-linux-x86_64-debian-clang, r-devel-linux-x86_64-debian-gcc, r-devel-linux-x86_64-fedora-clang, r-devel-linux-x86_64-fedora-gcc, r-devel-macos-x86_64-clang, r-devel-windows-ix86+x86_64, r-patched-linux-x86_64, r-patched-solaris-sparc, r-patched-solaris-x86, r-release-linux-x86_64, r-release-osx-x86_64-mavericks, r-release-windows-ix86+x86_64