CRAN Package Check Results for Package rje

Last updated on 2016-07-27 10:47:27.

Flavor Version Tinstall Tcheck Ttotal Status Flags
r-devel-linux-x86_64-debian-clang 1.9 1.53 14.48 16.01 NOTE
r-devel-linux-x86_64-debian-gcc 1.9 1.38 14.47 15.85 NOTE
r-devel-linux-x86_64-fedora-clang 1.9 22.31 NOTE
r-devel-linux-x86_64-fedora-gcc 1.9 20.37 NOTE
r-devel-osx-x86_64-clang 1.9 20.65 NOTE
r-devel-windows-ix86+x86_64 1.9 5.00 34.00 39.00 NOTE
r-patched-linux-x86_64 1.9 1.24 14.36 15.59 NOTE
r-patched-solaris-sparc 1.9 149.80 NOTE
r-patched-solaris-x86 1.9 31.50 NOTE
r-release-linux-x86_64 1.9 1.42 14.76 16.18 NOTE
r-release-osx-x86_64-mavericks 1.9 NOTE
r-release-windows-ix86+x86_64 1.9 7.00 46.00 53.00 NOTE
r-oldrel-windows-ix86+x86_64 1.9 6.00 40.00 46.00 OK

Check Details

Version: 1.9
Check: R code for possible problems
Result: NOTE
    cubeHelix : <anonymous>: no visible global function definition for
     ‘rgb’
    rdirichlet: no visible global function definition for ‘rgamma’
    Undefined global functions or variables:
     rgamma rgb
    Consider adding
     importFrom("grDevices", "rgb")
     importFrom("stats", "rgamma")
    to your NAMESPACE file.
Flavors: r-devel-linux-x86_64-debian-clang, r-devel-linux-x86_64-debian-gcc, r-devel-linux-x86_64-fedora-clang, r-devel-linux-x86_64-fedora-gcc, r-devel-osx-x86_64-clang, r-devel-windows-ix86+x86_64, r-patched-linux-x86_64, r-patched-solaris-sparc, r-patched-solaris-x86, r-release-linux-x86_64, r-release-osx-x86_64-mavericks, r-release-windows-ix86+x86_64