CRAN Package Check Results for Package rje

Last updated on 2016-02-14 13:47:20.

Flavor Version Tinstall Tcheck Ttotal Status Flags
r-devel-linux-x86_64-debian-gcc 1.9 1.12 11.69 12.81 NOTE
r-devel-linux-x86_64-fedora-clang 1.9 22.08 NOTE
r-devel-linux-x86_64-fedora-gcc 1.9 20.98 NOTE
r-devel-osx-x86_64-clang 1.9 27.92 NOTE
r-devel-windows-ix86+x86_64 1.9 8.00 38.00 46.00 NOTE
r-patched-linux-x86_64 1.9 1.20 12.23 13.43 OK
r-patched-solaris-sparc 1.9 151.60 OK
r-patched-solaris-x86 1.9 31.50 OK
r-release-linux-x86_64 1.9 1.14 12.01 13.15 OK
r-release-osx-x86_64-mavericks 1.9 OK
r-release-windows-ix86+x86_64 1.9 6.00 40.00 46.00 OK
r-oldrel-windows-ix86+x86_64 1.9 8.00 30.00 38.00 OK

Check Details

Version: 1.9
Check: R code for possible problems
Result: NOTE
    cubeHelix : <anonymous>: no visible global function definition for
     ‘rgb’
    rdirichlet: no visible global function definition for ‘rgamma’
    Undefined global functions or variables:
     rgamma rgb
    Consider adding
     importFrom("grDevices", "rgb")
     importFrom("stats", "rgamma")
    to your NAMESPACE file.
Flavors: r-devel-linux-x86_64-debian-gcc, r-devel-linux-x86_64-fedora-clang, r-devel-linux-x86_64-fedora-gcc, r-devel-osx-x86_64-clang, r-devel-windows-ix86+x86_64