CRAN Package Check Results for Package rjmcmc

Last updated on 2021-12-06 21:51:25 CET.

Flavor Version Tinstall Tcheck Ttotal Status Flags
r-devel-linux-x86_64-debian-clang 0.4.5 6.23 88.27 94.50 NOTE
r-devel-linux-x86_64-debian-gcc 0.4.5 7.10 69.21 76.31 NOTE
r-devel-linux-x86_64-fedora-clang 0.4.5 117.52 NOTE
r-devel-linux-x86_64-fedora-gcc 0.4.5 107.68 NOTE
r-devel-windows-x86_64-new-UL 0.4.5 14.00 113.00 127.00 NOTE
r-devel-windows-x86_64-new-TK 0.4.5 NOTE
r-devel-windows-x86_64-old 0.4.5 13.00 85.00 98.00 NOTE
r-patched-linux-x86_64 0.4.5 11.52 77.39 88.91 NOTE
r-release-linux-x86_64 0.4.5 8.48 85.83 94.31 NOTE
r-release-macos-arm64 0.4.5 NOTE
r-release-macos-x86_64 0.4.5 NOTE
r-release-windows-ix86+x86_64 0.4.5 18.00 104.00 122.00 NOTE
r-oldrel-macos-x86_64 0.4.5 NOTE
r-oldrel-windows-ix86+x86_64 0.4.5 19.00 102.00 121.00 OK

Check Details

Version: 0.4.5
Check: LazyData
Result: NOTE
     'LazyData' is specified without a 'data' directory
Flavors: r-devel-linux-x86_64-debian-clang, r-devel-linux-x86_64-debian-gcc, r-devel-linux-x86_64-fedora-clang, r-devel-linux-x86_64-fedora-gcc, r-devel-windows-x86_64-new-UL, r-devel-windows-x86_64-new-TK, r-devel-windows-x86_64-old, r-patched-linux-x86_64, r-release-linux-x86_64, r-release-macos-arm64, r-release-macos-x86_64, r-release-windows-ix86+x86_64

Version: 0.4.5
Check: dependencies in R code
Result: NOTE
    Namespace in Imports field not imported from: ‘coda’
     All declared Imports should be used.
Flavors: r-devel-linux-x86_64-fedora-clang, r-devel-linux-x86_64-fedora-gcc, r-devel-windows-x86_64-new-TK, r-release-macos-arm64, r-release-macos-x86_64, r-oldrel-macos-x86_64