CRAN Package Check Results for Package rjqpd

Last updated on 2022-12-03 19:53:00 CET.

Flavor Version Tinstall Tcheck Ttotal Status Flags
r-devel-linux-x86_64-debian-clang 0.2.3 2.38 25.72 28.10 NOTE
r-devel-linux-x86_64-debian-gcc 0.2.3 1.94 20.30 22.24 NOTE
r-devel-linux-x86_64-fedora-clang 0.2.3 46.33 NOTE
r-devel-linux-x86_64-fedora-gcc 0.2.3 43.54 NOTE
r-devel-windows-x86_64 0.2.3 15.00 55.00 70.00 NOTE
r-patched-linux-x86_64 0.2.3 2.85 24.68 27.53 NOTE
r-release-linux-x86_64 0.2.3 1.86 25.29 27.15 NOTE
r-release-macos-arm64 0.2.3 14.00 NOTE
r-release-macos-x86_64 0.2.3 20.00 NOTE
r-release-windows-x86_64 0.2.3 7.00 59.00 66.00 NOTE
r-oldrel-macos-arm64 0.2.3 17.00 NOTE
r-oldrel-macos-x86_64 0.2.3 27.00 NOTE
r-oldrel-windows-ix86+x86_64 0.2.3 6.00 49.00 55.00 NOTE

Check Details

Version: 0.2.3
Check: LazyData
Result: NOTE
     'LazyData' is specified without a 'data' directory
Flavors: r-devel-linux-x86_64-debian-clang, r-devel-linux-x86_64-debian-gcc, r-devel-linux-x86_64-fedora-clang, r-devel-linux-x86_64-fedora-gcc, r-devel-windows-x86_64, r-patched-linux-x86_64, r-release-linux-x86_64, r-release-macos-arm64, r-release-macos-x86_64, r-release-windows-x86_64, r-oldrel-macos-arm64, r-oldrel-macos-x86_64, r-oldrel-windows-ix86+x86_64