CRAN Package Check Results for Package rjson

Last updated on 2015-04-01 03:49:26.

Flavor Version Tinstall Tcheck Ttotal Status Flags
r-devel-linux-x86_64-debian-clang 0.2.15 1.41 10.79 12.20 NOTE
r-devel-linux-x86_64-debian-gcc 0.2.15 1.49 10.28 11.77 NOTE
r-devel-linux-x86_64-fedora-clang 0.2.15 22.99 NOTE
r-devel-linux-x86_64-fedora-gcc 0.2.15 22.47 NOTE
r-devel-osx-x86_64-clang 0.2.15 30.17 NOTE
r-prerel-windows-ix86+x86_64 0.2.15 14.00 29.00 43.00 NOTE
r-prerel-linux-x86_64 0.2.15 1.50 10.13 11.63 NOTE
r-prerel-solaris-sparc 0.2.15 134.30 NOTE
r-prerel-solaris-x86 0.2.15 31.60 NOTE
r-release-linux-x86_64 0.2.15 1.89 11.28 13.18 OK
r-release-osx-x86_64-mavericks 0.2.15 OK
r-release-osx-x86_64-snowleopard 0.2.15 OK
r-release-windows-ix86+x86_64 0.2.15 14.00 31.00 45.00 OK
r-oldrel-windows-ix86+x86_64 0.2.14 8.00 29.00 37.00 OK

Memtest notes: valgrind

Check Details

Version: 0.2.15
Check: DESCRIPTION meta-information
Result: NOTE
    Malformed Description field: should contain one or more complete sentences.
Flavors: r-devel-linux-x86_64-debian-clang, r-devel-linux-x86_64-debian-gcc, r-devel-linux-x86_64-fedora-clang, r-devel-linux-x86_64-fedora-gcc, r-devel-osx-x86_64-clang, r-prerel-windows-ix86+x86_64, r-prerel-linux-x86_64, r-prerel-solaris-sparc, r-prerel-solaris-x86