CRAN Package Check Results for Package rjson

Last updated on 2016-10-01 21:47:33.

Flavor Version Tinstall Tcheck Ttotal Status Flags
r-devel-linux-x86_64-debian-clang 0.2.15 1.65 11.07 12.72 NOTE
r-devel-linux-x86_64-debian-gcc 0.2.15 1.69 10.98 12.67 NOTE
r-devel-linux-x86_64-fedora-clang 0.2.15 22.02 NOTE
r-devel-linux-x86_64-fedora-gcc 0.2.15 19.79 NOTE
r-devel-macos-x86_64-clang 0.2.15 18.30 NOTE
r-devel-windows-ix86+x86_64 0.2.15 13.00 44.00 57.00 NOTE
r-patched-linux-x86_64 0.2.15 1.54 10.39 11.93 NOTE
r-patched-solaris-sparc 0.2.15 120.20 NOTE
r-patched-solaris-x86 0.2.15 27.70 NOTE
r-release-linux-x86_64 0.2.15 1.58 10.20 11.78 NOTE
r-release-osx-x86_64-mavericks 0.2.15 NOTE
r-release-windows-ix86+x86_64 0.2.15 9.00 29.00 38.00 NOTE
r-oldrel-windows-ix86+x86_64 0.2.15 15.00 37.00 52.00 NOTE

Memtest notes: valgrind

Check Details

Version: 0.2.15
Check: DESCRIPTION meta-information
Result: NOTE
    Malformed Description field: should contain one or more complete sentences.
Flavors: r-devel-linux-x86_64-debian-clang, r-devel-linux-x86_64-debian-gcc, r-devel-linux-x86_64-fedora-clang, r-devel-linux-x86_64-fedora-gcc, r-devel-macos-x86_64-clang, r-devel-windows-ix86+x86_64, r-patched-linux-x86_64, r-patched-solaris-sparc, r-patched-solaris-x86, r-release-linux-x86_64, r-release-osx-x86_64-mavericks, r-release-windows-ix86+x86_64, r-oldrel-windows-ix86+x86_64