CRAN Package Check Results for Package rjson

Last updated on 2014-04-24 23:48:11.

Flavor Version Tinstall Tcheck Ttotal Status Flags
r-devel-linux-x86_64-debian-clang 0.2.13 1.29 10.42 11.72 NOTE
r-devel-linux-x86_64-debian-gcc 0.2.13 1.65 10.47 12.12 OK
r-devel-linux-x86_64-fedora-clang 0.2.13 13.58 NOTE
r-devel-linux-x86_64-fedora-gcc 0.2.13 22.31 OK
r-devel-osx-x86_64-clang 0.2.13 27.16 OK
r-devel-osx-x86_64-gcc 0.2.13 OK
r-devel-windows-ix86+x86_64 0.2.13 9.00 25.00 34.00 OK
r-patched-linux-x86_64 0.2.13 1.51 10.55 12.06 OK
r-patched-solaris-sparc 0.2.13 127.30 OK
r-patched-solaris-x86 0.2.13 34.40 OK
r-release-linux-ix86 0.2.13 3.00 25.00 28.00 OK
r-release-linux-x86_64 0.2.13 1.52 10.66 12.18 OK
r-release-osx-x86_64-mavericks 0.2.13 OK
r-release-windows-ix86+x86_64 0.2.13 16.00 35.00 51.00 OK
r-oldrel-windows-ix86+x86_64 0.2.13 9.00 36.00 45.00 OK

Check Details

Version: 0.2.13
Check: whether package can be installed
Result: NOTE
    Found the following warnings:
     parser.c:115:1: warning: control may reach end of non-void function [-Wreturn-type]
    See ‘/home/hornik/tmp/R.check/r-devel-clang/Work/PKGS/rjson.Rcheck/00install.out’ for details.
Flavor: r-devel-linux-x86_64-debian-clang

Version: 0.2.13
Check: whether package can be installed
Result: NOTE
    Found the following warnings:
     parser.c:115:1: warning: control may reach end of non-void function [-Wreturn-type]
    See ‘/data/gannet/ripley/R/packages/tests-clang/rjson.Rcheck/00install.out’ for details.
Flavor: r-devel-linux-x86_64-fedora-clang