CRAN Package Check Results for Package rjson

Last updated on 2016-12-03 23:47:55.

Flavor Version Tinstall Tcheck Ttotal Status Flags
r-devel-linux-x86_64-debian-clang 0.2.15 1.58 11.89 13.47 NOTE
r-devel-linux-x86_64-debian-gcc 0.2.15 1.54 12.21 13.75 NOTE
r-devel-linux-x86_64-fedora-clang 0.2.15 24.57 NOTE
r-devel-linux-x86_64-fedora-gcc 0.2.15 22.62 NOTE
r-devel-macos-x86_64-clang 0.2.15 21.59 NOTE
r-devel-windows-ix86+x86_64 0.2.15 17.00 32.00 49.00 NOTE
r-patched-linux-x86_64 0.2.15 1.45 10.13 11.58 NOTE
r-patched-solaris-sparc 0.2.15 120.20 NOTE
r-patched-solaris-x86 0.2.15 27.70 NOTE
r-release-linux-x86_64 0.2.15 1.48 10.26 11.74 NOTE
r-release-osx-x86_64-mavericks 0.2.15 NOTE
r-release-windows-ix86+x86_64 0.2.15 13.00 28.00 41.00 NOTE
r-oldrel-windows-ix86+x86_64 0.2.15 16.00 37.00 53.00 NOTE

Memtest notes: valgrind

Check Details

Version: 0.2.15
Check: DESCRIPTION meta-information
Result: NOTE
    Malformed Description field: should contain one or more complete sentences.
Flavors: r-devel-linux-x86_64-debian-clang, r-devel-linux-x86_64-debian-gcc, r-devel-linux-x86_64-fedora-clang, r-devel-linux-x86_64-fedora-gcc, r-devel-macos-x86_64-clang, r-devel-windows-ix86+x86_64, r-patched-linux-x86_64, r-patched-solaris-sparc, r-patched-solaris-x86, r-release-linux-x86_64, r-release-osx-x86_64-mavericks, r-release-windows-ix86+x86_64, r-oldrel-windows-ix86+x86_64