CRAN Package Check Results for Package rjson

Last updated on 2016-02-10 10:47:56.

Flavor Version Tinstall Tcheck Ttotal Status Flags
r-devel-linux-x86_64-debian-gcc 0.2.15 1.52 9.05 10.57 NOTE
r-devel-linux-x86_64-fedora-clang 0.2.15 19.47 NOTE
r-devel-linux-x86_64-fedora-gcc 0.2.15 17.78 NOTE
r-devel-osx-x86_64-clang 0.2.15 23.60 NOTE
r-devel-windows-ix86+x86_64 0.2.15 13.00 36.00 49.00 NOTE
r-patched-linux-x86_64 0.2.15 1.54 10.03 11.57 NOTE
r-patched-solaris-sparc 0.2.15 120.10 NOTE
r-patched-solaris-x86 0.2.15 27.70 NOTE
r-release-linux-x86_64 0.2.15 1.58 9.90 11.48 NOTE
r-release-osx-x86_64-mavericks 0.2.15 NOTE
r-release-windows-ix86+x86_64 0.2.15 10.00 37.00 47.00 NOTE
r-oldrel-windows-ix86+x86_64 0.2.15 14.00 31.00 45.00 OK

Memtest notes: valgrind

Check Details

Version: 0.2.15
Check: DESCRIPTION meta-information
Result: NOTE
    Malformed Description field: should contain one or more complete sentences.
Flavors: r-devel-linux-x86_64-debian-gcc, r-devel-linux-x86_64-fedora-clang, r-devel-linux-x86_64-fedora-gcc, r-devel-osx-x86_64-clang, r-devel-windows-ix86+x86_64, r-patched-linux-x86_64, r-patched-solaris-sparc, r-patched-solaris-x86, r-release-linux-x86_64, r-release-osx-x86_64-mavericks, r-release-windows-ix86+x86_64