CRAN Package Check Results for Package rjson

Last updated on 2014-07-25 17:48:07.

Flavor Version Tinstall Tcheck Ttotal Status Flags
r-devel-linux-x86_64-debian-clang 0.2.14 1.21 10.19 11.40 NOTE
r-devel-linux-x86_64-debian-gcc 0.2.14 1.42 10.00 11.42 OK
r-devel-linux-x86_64-fedora-clang 0.2.14 23.41 NOTE
r-devel-linux-x86_64-fedora-gcc 0.2.14 21.36 OK
r-devel-osx-x86_64-clang 0.2.14 25.14 NOTE
r-devel-windows-ix86+x86_64 0.2.14 8.00 28.00 36.00 OK
r-patched-linux-x86_64 0.2.14 1.50 9.82 11.32 OK
r-patched-solaris-sparc 0.2.14 127.10 OK
r-patched-solaris-x86 0.2.14 35.30 OK
r-release-linux-ix86 0.2.14 2.15 17.06 19.21 OK
r-release-linux-x86_64 0.2.14 1.44 10.67 12.11 OK
r-release-osx-x86_64-mavericks 0.2.14 NOTE
r-release-osx-x86_64-snowleopard 0.2.14 OK
r-release-windows-ix86+x86_64 0.2.14 11.00 36.00 47.00 OK
r-oldrel-windows-ix86+x86_64 0.2.14 8.00 29.00 37.00 OK

Check Details

Version: 0.2.14
Check: whether package can be installed
Result: NOTE
    Found the following warnings:
     parser.c:115:1: warning: control may reach end of non-void function [-Wreturn-type]
    See ‘/home/hornik/tmp/R.check/r-devel-clang/Work/PKGS/rjson.Rcheck/00install.out’ for details.
Flavor: r-devel-linux-x86_64-debian-clang

Version: 0.2.14
Check: whether package can be installed
Result: NOTE
    Found the following warnings:
     parser.c:115:1: warning: control may reach end of non-void function [-Wreturn-type]
    See ‘/data/gannet/ripley/R/packages/tests-clang/rjson.Rcheck/00install.out’ for details.
Flavor: r-devel-linux-x86_64-fedora-clang

Version: 0.2.14
Check: whether package can be installed
Result: NOTE
    Found the following warnings:
     parser.c:115:1: warning: control may reach end of non-void function [-Wreturn-type]
    See ‘/Users/ripley/R/packages/tests-devel/rjson.Rcheck/00install.out’ for details.
Flavor: r-devel-osx-x86_64-clang

Version: 0.2.14
Check: whether package can be installed
Result: NOTE
    Found the following warnings:
     parser.c:115:1: warning: control may reach end of non-void function [-Wreturn-type]
    See ‘/Builds/CRAN-QA-Simon/packages/mavericks-x86_64/results/3.1/rjson.Rcheck/00install.out’ for details.
Flavor: r-release-osx-x86_64-mavericks