CRAN Package Check Results for Package rjson

Last updated on 2018-05-20 16:50:08 CEST.

Flavor Version Tinstall Tcheck Ttotal Status Flags
r-devel-linux-x86_64-debian-clang 0.2.18 2.92 19.34 22.26 OK
r-devel-linux-x86_64-debian-gcc 0.2.19 2.34 15.42 17.76 OK
r-devel-linux-x86_64-fedora-clang 0.2.19 22.81 OK
r-devel-linux-x86_64-fedora-gcc 0.2.19 18.45 OK
r-devel-windows-ix86+x86_64 0.2.19 17.00 60.00 77.00 OK
r-patched-linux-x86_64 0.2.18 3.43 18.52 21.95 OK
r-patched-solaris-x86 0.2.19 36.90 OK
r-release-linux-x86_64 0.2.19 2.97 18.51 21.48 OK
r-release-windows-ix86+x86_64 0.2.19 17.00 51.00 68.00 OK
r-release-osx-x86_64 0.2.19 OK
r-oldrel-windows-ix86+x86_64 0.2.19 13.00 54.00 67.00 OK
r-oldrel-osx-x86_64 0.2.15 NOTE

Check Details

Version: 0.2.15
Check: DESCRIPTION meta-information
Result: NOTE
    Malformed Description field: should contain one or more complete sentences.
Flavor: r-oldrel-osx-x86_64