CRAN Package Check Results for Package rjson

Last updated on 2016-05-26 15:49:13.

Flavor Version Tinstall Tcheck Ttotal Status Flags
r-devel-linux-x86_64-debian-gcc 0.2.15 1.84 10.12 11.95 NOTE
r-devel-linux-x86_64-fedora-clang 0.2.15 19.68 NOTE
r-devel-linux-x86_64-fedora-gcc 0.2.15 17.98 NOTE
r-devel-osx-x86_64-clang 0.2.15 24.86 NOTE
r-devel-windows-ix86+x86_64 0.2.15 9.00 29.00 38.00 NOTE
r-patched-linux-x86_64 0.2.15 1.54 9.89 11.43 NOTE
r-patched-solaris-sparc 0.2.15 118.50 NOTE
r-patched-solaris-x86 0.2.15 29.20 NOTE
r-release-linux-x86_64 0.2.15 1.63 10.00 11.63 NOTE
r-release-osx-x86_64-mavericks 0.2.15 NOTE
r-release-windows-ix86+x86_64 0.2.15 14.00 40.00 54.00 NOTE
r-oldrel-windows-ix86+x86_64 0.2.15 10.00 37.00 47.00 NOTE

Memtest notes: valgrind

Check Details

Version: 0.2.15
Check: DESCRIPTION meta-information
Result: NOTE
    Malformed Description field: should contain one or more complete sentences.
Flavors: r-devel-linux-x86_64-debian-gcc, r-devel-linux-x86_64-fedora-clang, r-devel-linux-x86_64-fedora-gcc, r-devel-osx-x86_64-clang, r-devel-windows-ix86+x86_64, r-patched-linux-x86_64, r-patched-solaris-sparc, r-patched-solaris-x86, r-release-linux-x86_64, r-release-osx-x86_64-mavericks, r-release-windows-ix86+x86_64, r-oldrel-windows-ix86+x86_64