CRAN Package Check Results for Package rjson

Last updated on 2015-03-04 00:47:18.

Flavor Version Tinstall Tcheck Ttotal Status Flags
r-devel-linux-x86_64-debian-clang 0.2.15 1.35 10.81 12.16 NOTE
r-devel-linux-x86_64-debian-gcc 0.2.15 1.50 10.07 11.56 NOTE
r-devel-linux-x86_64-fedora-clang 0.2.15 22.92 NOTE
r-devel-linux-x86_64-fedora-gcc 0.2.15 20.72 NOTE
r-devel-osx-x86_64-clang 0.2.15 27.51 NOTE
r-devel-windows-ix86+x86_64 0.2.15 17.00 29.00 46.00 NOTE
r-patched-linux-x86_64 0.2.15 1.54 11.22 12.76 OK
r-patched-solaris-sparc 0.2.15 141.50 OK
r-patched-solaris-x86 0.2.15 35.60 OK
r-release-linux-ix86 0.2.15 2.83 18.26 21.10 OK
r-release-linux-x86_64 0.2.15 1.67 10.79 12.46 OK
r-release-osx-x86_64-mavericks 0.2.15 OK
r-release-osx-x86_64-snowleopard 0.2.15 OK
r-release-windows-ix86+x86_64 0.2.15 7.00 27.00 34.00 OK
r-oldrel-windows-ix86+x86_64 0.2.14 8.00 29.00 37.00 OK

Memtest notes: valgrind

Check Details

Version: 0.2.15
Check: DESCRIPTION meta-information
Result: NOTE
    Malformed Description field: should contain one or more complete sentences.
Flavors: r-devel-linux-x86_64-debian-clang, r-devel-linux-x86_64-debian-gcc, r-devel-linux-x86_64-fedora-clang, r-devel-linux-x86_64-fedora-gcc, r-devel-osx-x86_64-clang, r-devel-windows-ix86+x86_64