CRAN Package Check Results for Package rjson

Last updated on 2014-11-01 08:48:25.

Flavor Version Tinstall Tcheck Ttotal Status Flags
r-devel-linux-x86_64-debian-clang 0.2.14 1.29 10.70 11.98 WARN
r-devel-linux-x86_64-debian-gcc 0.2.14 1.52 10.64 12.16 OK
r-devel-linux-x86_64-fedora-clang 0.2.14 24.28 WARN
r-devel-linux-x86_64-fedora-gcc 0.2.14 23.30 OK
r-devel-osx-x86_64-clang 0.2.14 27.44 WARN
r-devel-windows-ix86+x86_64 0.2.14 8.00 29.00 37.00 OK
r-patched-linux-x86_64 0.2.14 1.56 10.79 12.35 OK
r-patched-solaris-sparc 0.2.14 126.00 OK
r-patched-solaris-x86 0.2.14 35.30 OK
r-release-linux-ix86 0.2.14 2.20 17.13 19.33 OK
r-release-linux-x86_64 0.2.14 1.48 10.90 12.38 OK
r-release-osx-x86_64-mavericks 0.2.14 NOTE
r-release-osx-x86_64-snowleopard 0.2.14 OK
r-release-windows-ix86+x86_64 0.2.14 11.00 36.00 47.00 OK
r-oldrel-windows-ix86+x86_64 0.2.14 8.00 29.00 37.00 OK

Check Details

Version: 0.2.14
Check: whether package can be installed
Result: WARN
    Found the following significant warnings:
     parser.c:115:1: warning: control may reach end of non-void function [-Wreturn-type]
    Found the following additional warnings:
     parser.c:115:1: warning: control may reach end of non-void function [-Wreturn-type]
Flavors: r-devel-linux-x86_64-debian-clang, r-devel-linux-x86_64-fedora-clang, r-devel-osx-x86_64-clang

Version: 0.2.14
Check: whether package can be installed
Result: NOTE
    Found the following warnings:
     parser.c:115:1: warning: control may reach end of non-void function [-Wreturn-type]
Flavor: r-release-osx-x86_64-mavericks