CRAN Package Check Results for Package rjson

Last updated on 2017-03-25 15:48:08.

Flavor Version Tinstall Tcheck Ttotal Status Flags
r-devel-linux-x86_64-debian-clang 0.2.15 1.70 11.98 13.68 NOTE
r-devel-linux-x86_64-debian-gcc 0.2.15 1.98 11.73 13.71 NOTE
r-devel-linux-x86_64-fedora-clang 0.2.15 24.11 NOTE --no-stop-on-test-error
r-devel-linux-x86_64-fedora-gcc 0.2.15 22.55 NOTE --no-stop-on-test-error
r-devel-macos-x86_64-clang 0.2.15 21.14 NOTE --no-stop-on-test-error
r-devel-windows-ix86+x86_64 0.2.15 10.00 38.00 48.00 NOTE
r-patched-linux-x86_64 0.2.15 1.63 12.16 13.79 NOTE
r-patched-solaris-sparc 0.2.15 140.30 NOTE
r-patched-solaris-x86 0.2.15 32.70 NOTE
r-release-linux-x86_64 0.2.15 1.49 10.10 11.59 NOTE
r-release-osx-x86_64-mavericks 0.2.15 NOTE
r-release-windows-ix86+x86_64 0.2.15 13.00 28.00 41.00 NOTE
r-oldrel-windows-ix86+x86_64 0.2.15 16.00 37.00 53.00 NOTE

Memtest notes: valgrind

Check Details

Version: 0.2.15
Check: DESCRIPTION meta-information
Result: NOTE
    Malformed Description field: should contain one or more complete sentences.
Flavors: r-devel-linux-x86_64-debian-clang, r-devel-linux-x86_64-debian-gcc, r-devel-windows-ix86+x86_64, r-patched-linux-x86_64, r-patched-solaris-sparc, r-patched-solaris-x86, r-release-linux-x86_64, r-release-osx-x86_64-mavericks, r-release-windows-ix86+x86_64, r-oldrel-windows-ix86+x86_64

Version: 0.2.15
Check: compiled code
Result: NOTE
    File ‘rjson/libs/rjson.so’:
     Found no calls to: ‘R_registerRoutines’, ‘R_useDynamicSymbols’
    
    It is good practice to register native routines and to disable symbol
    search.
    
    See ‘Writing portable packages’ in the ‘Writing R Extensions’ manual.
Flavors: r-devel-linux-x86_64-debian-clang, r-devel-linux-x86_64-debian-gcc, r-patched-linux-x86_64

Version: 0.2.15
Flags: --no-stop-on-test-error
Check: DESCRIPTION meta-information
Result: NOTE
    Malformed Description field: should contain one or more complete sentences.
Flavors: r-devel-linux-x86_64-fedora-clang, r-devel-linux-x86_64-fedora-gcc, r-devel-macos-x86_64-clang

Version: 0.2.15
Flags: --no-stop-on-test-error
Check: compiled code
Result: NOTE
    File ‘rjson/libs/rjson.so’:
     Found no calls to: ‘R_registerRoutines’, ‘R_useDynamicSymbols’
    
    It is good practice to register native routines and to disable symbol
    search.
    
    See ‘Writing portable packages’ in the ‘Writing R Extensions’ manual.
Flavors: r-devel-linux-x86_64-fedora-clang, r-devel-linux-x86_64-fedora-gcc, r-devel-macos-x86_64-clang