CRAN Package Check Results for Package rjson

Last updated on 2014-08-27 11:51:01.

Flavor Version Tinstall Tcheck Ttotal Status Flags
r-devel-linux-x86_64-debian-clang 0.2.14 1.36 10.42 11.78 NOTE
r-devel-linux-x86_64-debian-gcc 0.2.14 1.41 9.79 11.20 OK
r-devel-linux-x86_64-fedora-clang 0.2.14 22.89 NOTE
r-devel-linux-x86_64-fedora-gcc 0.2.14 20.54 OK
r-devel-osx-x86_64-clang 0.2.14 26.72 NOTE
r-devel-windows-ix86+x86_64 0.2.14 8.00 29.00 37.00 OK
r-patched-linux-x86_64 0.2.14 1.48 10.39 11.86 OK
r-patched-solaris-sparc 0.2.14 126.00 OK
r-patched-solaris-x86 0.2.14 33.70 OK
r-release-linux-ix86 0.2.14 2.22 17.01 19.23 OK
r-release-linux-x86_64 0.2.14 1.68 10.20 11.87 OK
r-release-osx-x86_64-mavericks 0.2.14 NOTE
r-release-osx-x86_64-snowleopard 0.2.14 OK
r-release-windows-ix86+x86_64 0.2.14 11.00 36.00 47.00 OK
r-oldrel-windows-ix86+x86_64 0.2.14 8.00 29.00 37.00 OK

Check Details

Version: 0.2.14
Check: whether package can be installed
Result: NOTE
    Found the following warnings:
     parser.c:115:1: warning: control may reach end of non-void function [-Wreturn-type]
Flavors: r-devel-linux-x86_64-debian-clang, r-devel-linux-x86_64-fedora-clang, r-devel-osx-x86_64-clang, r-release-osx-x86_64-mavericks