CRAN Package Check Results for Package rjson

Last updated on 2017-12-16 13:48:29 CET.

Flavor Version Tinstall Tcheck Ttotal Status Flags
r-devel-linux-x86_64-debian-clang 0.2.15 2.25 18.55 20.80 NOTE
r-devel-linux-x86_64-debian-gcc 0.2.15 1.58 15.66 17.24 NOTE
r-devel-linux-x86_64-fedora-clang 0.2.15 25.71 NOTE
r-devel-linux-x86_64-fedora-gcc 0.2.15 24.09 NOTE
r-devel-windows-ix86+x86_64 0.2.15 14.00 38.00 52.00 NOTE
r-patched-linux-x86_64 0.2.15 2.17 17.46 19.63 NOTE
r-patched-solaris-x86 0.2.15 32.90 NOTE
r-release-linux-x86_64 0.2.15 2.21 17.17 19.38 NOTE
r-release-windows-ix86+x86_64 0.2.15 10.00 39.00 49.00 NOTE
r-release-osx-x86_64 0.2.15 NOTE
r-oldrel-windows-ix86+x86_64 0.2.15 13.00 28.00 41.00 NOTE
r-oldrel-osx-x86_64 0.2.15 NOTE

Additional issues

rchk valgrind

Check Details

Version: 0.2.15
Check: DESCRIPTION meta-information
Result: NOTE
    Malformed Description field: should contain one or more complete sentences.
Flavors: r-devel-linux-x86_64-debian-clang, r-devel-linux-x86_64-debian-gcc, r-devel-linux-x86_64-fedora-clang, r-devel-linux-x86_64-fedora-gcc, r-devel-windows-ix86+x86_64, r-patched-linux-x86_64, r-patched-solaris-x86, r-release-linux-x86_64, r-release-windows-ix86+x86_64, r-release-osx-x86_64, r-oldrel-windows-ix86+x86_64, r-oldrel-osx-x86_64

Version: 0.2.15
Check: compiled code
Result: NOTE
    File ‘rjson/libs/rjson.so’:
     Found no calls to: ‘R_registerRoutines’, ‘R_useDynamicSymbols’
    
    It is good practice to register native routines and to disable symbol
    search.
    
    See ‘Writing portable packages’ in the ‘Writing R Extensions’ manual.
Flavors: r-devel-linux-x86_64-debian-clang, r-devel-linux-x86_64-debian-gcc, r-devel-linux-x86_64-fedora-clang, r-devel-linux-x86_64-fedora-gcc, r-patched-linux-x86_64, r-release-linux-x86_64