CRAN Package Check Results for Package rjson

Last updated on 2014-09-21 19:48:02.

Flavor Version Tinstall Tcheck Ttotal Status Flags
r-devel-linux-x86_64-debian-clang 0.2.14 1.20 11.23 12.43 WARN
r-devel-linux-x86_64-debian-gcc 0.2.14 1.42 10.40 11.81 OK
r-devel-linux-x86_64-fedora-clang 0.2.14 23.87 WARN
r-devel-linux-x86_64-fedora-gcc 0.2.14 20.67 OK
r-devel-osx-x86_64-clang 0.2.14 28.50 WARN
r-devel-windows-ix86+x86_64 0.2.14 9.00 29.00 38.00 OK
r-patched-linux-x86_64 0.2.14 1.50 10.77 12.28 OK
r-patched-solaris-sparc 0.2.14 126.00 OK
r-patched-solaris-x86 0.2.14 32.80 OK
r-release-linux-ix86 0.2.14 2.33 17.25 19.58 OK
r-release-linux-x86_64 0.2.14 1.47 10.54 12.01 OK
r-release-osx-x86_64-mavericks 0.2.14 NOTE
r-release-osx-x86_64-snowleopard 0.2.14 OK
r-release-windows-ix86+x86_64 0.2.14 11.00 36.00 47.00 OK
r-oldrel-windows-ix86+x86_64 0.2.14 8.00 29.00 37.00 OK

Check Details

Version: 0.2.14
Check: whether package can be installed
Result: WARN
    Found the following significant warnings:
     parser.c:115:1: warning: control may reach end of non-void function [-Wreturn-type]
    Found the following additional warnings:
     parser.c:115:1: warning: control may reach end of non-void function [-Wreturn-type]
Flavors: r-devel-linux-x86_64-debian-clang, r-devel-linux-x86_64-fedora-clang, r-devel-osx-x86_64-clang

Version: 0.2.14
Check: whether package can be installed
Result: NOTE
    Found the following warnings:
     parser.c:115:1: warning: control may reach end of non-void function [-Wreturn-type]
Flavor: r-release-osx-x86_64-mavericks