CRAN Package Check Results for Package rjson

Last updated on 2015-05-23 15:47:26.

Flavor Version Tinstall Tcheck Ttotal Status Flags
r-devel-linux-x86_64-debian-clang 0.2.15 1.34 10.36 11.71 NOTE
r-devel-linux-x86_64-debian-gcc 0.2.15 1.50 10.35 11.85 NOTE
r-devel-linux-x86_64-fedora-clang 0.2.15 22.45 NOTE
r-devel-linux-x86_64-fedora-gcc 0.2.15 21.15 NOTE
r-devel-osx-x86_64-clang 0.2.15 29.10 NOTE
r-devel-windows-ix86+x86_64 0.2.15 14.00 29.00 43.00 NOTE
r-patched-linux-x86_64 0.2.15 1.54 10.57 12.11 NOTE
r-patched-solaris-sparc 0.2.15 135.30 NOTE
r-patched-solaris-x86 0.2.15 32.50 NOTE
r-release-linux-x86_64 0.2.15 1.48 10.15 11.63 NOTE
r-release-osx-x86_64-mavericks 0.2.15 NOTE
r-release-osx-x86_64-snowleopard 0.2.15 NOTE
r-release-windows-ix86+x86_64 0.2.15 7.00 33.00 40.00 NOTE
r-oldrel-windows-ix86+x86_64 0.2.15 14.00 31.00 45.00 OK

Memtest notes: valgrind

Check Details

Version: 0.2.15
Check: DESCRIPTION meta-information
Result: NOTE
    Malformed Description field: should contain one or more complete sentences.
Flavors: r-devel-linux-x86_64-debian-clang, r-devel-linux-x86_64-debian-gcc, r-devel-linux-x86_64-fedora-clang, r-devel-linux-x86_64-fedora-gcc, r-devel-osx-x86_64-clang, r-devel-windows-ix86+x86_64, r-patched-linux-x86_64, r-patched-solaris-sparc, r-patched-solaris-x86, r-release-linux-x86_64, r-release-osx-x86_64-mavericks, r-release-osx-x86_64-snowleopard, r-release-windows-ix86+x86_64