CRAN Package Check Results for Package rjson

Last updated on 2017-01-24 03:47:45.

Flavor Version Tinstall Tcheck Ttotal Status Flags
r-devel-linux-x86_64-debian-clang 0.2.15 1.64 12.20 13.84 NOTE
r-devel-linux-x86_64-debian-gcc 0.2.15 1.63 12.05 13.68 NOTE
r-devel-linux-x86_64-fedora-clang 0.2.15 23.14 NOTE --no-stop-on-test-error
r-devel-linux-x86_64-fedora-gcc 0.2.15 21.96 NOTE --no-stop-on-test-error
r-devel-macos-x86_64-clang 0.2.15 20.92 NOTE --no-stop-on-test-error
r-devel-windows-ix86+x86_64 0.2.15 13.00 31.00 44.00 NOTE
r-patched-linux-x86_64 0.2.15 1.67 10.06 11.73 NOTE
r-patched-solaris-sparc 0.2.15 121.10 NOTE
r-patched-solaris-x86 0.2.15 27.50 NOTE
r-release-linux-x86_64 0.2.15 1.53 10.47 12.00 NOTE
r-release-osx-x86_64-mavericks 0.2.15 NOTE
r-release-windows-ix86+x86_64 0.2.15 13.00 28.00 41.00 NOTE
r-oldrel-windows-ix86+x86_64 0.2.15 16.00 37.00 53.00 NOTE

Memtest notes: valgrind

Check Details

Version: 0.2.15
Check: DESCRIPTION meta-information
Result: NOTE
    Malformed Description field: should contain one or more complete sentences.
Flavors: r-devel-linux-x86_64-debian-clang, r-devel-linux-x86_64-debian-gcc, r-devel-windows-ix86+x86_64, r-patched-linux-x86_64, r-patched-solaris-sparc, r-patched-solaris-x86, r-release-linux-x86_64, r-release-osx-x86_64-mavericks, r-release-windows-ix86+x86_64, r-oldrel-windows-ix86+x86_64

Version: 0.2.15
Flags: --no-stop-on-test-error
Check: DESCRIPTION meta-information
Result: NOTE
    Malformed Description field: should contain one or more complete sentences.
Flavors: r-devel-linux-x86_64-fedora-clang, r-devel-linux-x86_64-fedora-gcc, r-devel-macos-x86_64-clang