CRAN Package Check Results for Package rjson

Last updated on 2016-09-01 03:50:39.

Flavor Version Tinstall Tcheck Ttotal Status Flags
r-devel-linux-x86_64-debian-clang 0.2.15 1.60 10.14 11.74 NOTE
r-devel-linux-x86_64-debian-gcc 0.2.15 1.67 10.33 12.00 NOTE
r-devel-linux-x86_64-fedora-clang 0.2.15 20.24 NOTE
r-devel-linux-x86_64-fedora-gcc 0.2.15 18.12 NOTE
r-devel-osx-x86_64-clang 0.2.15 18.15 NOTE
r-devel-windows-ix86+x86_64 0.2.15 13.00 72.00 85.00 NOTE
r-patched-linux-x86_64 0.2.15 1.47 10.04 11.51 NOTE
r-patched-solaris-sparc 0.2.15 120.20 NOTE
r-patched-solaris-x86 0.2.15 27.50 NOTE
r-release-linux-x86_64 0.2.15 1.50 9.99 11.48 NOTE
r-release-osx-x86_64-mavericks 0.2.15 NOTE
r-release-windows-ix86+x86_64 0.2.15 14.00 40.00 54.00 NOTE
r-oldrel-windows-ix86+x86_64 0.2.15 10.00 37.00 47.00 NOTE

Memtest notes: valgrind

Check Details

Version: 0.2.15
Check: DESCRIPTION meta-information
Result: NOTE
    Malformed Description field: should contain one or more complete sentences.
Flavors: r-devel-linux-x86_64-debian-clang, r-devel-linux-x86_64-debian-gcc, r-devel-linux-x86_64-fedora-clang, r-devel-linux-x86_64-fedora-gcc, r-devel-osx-x86_64-clang, r-devel-windows-ix86+x86_64, r-patched-linux-x86_64, r-patched-solaris-sparc, r-patched-solaris-x86, r-release-linux-x86_64, r-release-osx-x86_64-mavericks, r-release-windows-ix86+x86_64, r-oldrel-windows-ix86+x86_64