CRAN Package Check Results for Package rjson

Last updated on 2020-07-13 14:48:15 CEST.

Flavor Version Tinstall Tcheck Ttotal Status Flags
r-devel-linux-x86_64-debian-clang 0.2.20 4.93 21.49 26.42 OK
r-devel-linux-x86_64-debian-gcc 0.2.20 3.14 17.28 20.42 OK
r-devel-linux-x86_64-fedora-clang 0.2.20 41.76 OK
r-devel-linux-x86_64-fedora-gcc 0.2.20 33.40 OK
r-devel-windows-ix86+x86_64 0.2.20 14.00 48.00 62.00 OK
r-patched-linux-x86_64 0.2.20 4.26 21.60 25.86 OK
r-patched-solaris-x86 0.2.20 49.10 OK
r-release-linux-x86_64 0.2.20 4.01 21.72 25.73 OK
r-release-macos-x86_64 0.2.20 ERROR
r-release-windows-ix86+x86_64 0.2.20 15.00 61.00 76.00 OK
r-oldrel-macos-x86_64 0.2.20 OK
r-oldrel-windows-ix86+x86_64 0.2.20 12.00 65.00 77.00 OK

Additional issues

rchk

Check Details

Version: 0.2.20
Check: whether package can be installed
Result: ERROR
    Installation failed.
Flavor: r-release-macos-x86_64