CRAN Package Check Results for Package rjson

Last updated on 2019-03-23 11:51:23 CET.

Flavor Version Tinstall Tcheck Ttotal Status Flags
r-devel-linux-x86_64-debian-clang 0.2.20 3.97 19.82 23.79 OK
r-devel-linux-x86_64-debian-gcc 0.2.20 3.17 16.39 19.56 OK
r-devel-linux-x86_64-fedora-clang 0.2.20 30.54 OK
r-devel-linux-x86_64-fedora-gcc 0.2.20 28.51 OK
r-devel-windows-ix86+x86_64 0.2.20 18.00 54.00 72.00 OK
r-patched-linux-x86_64 0.2.20 3.01 18.71 21.72 OK
r-patched-solaris-x86 0.2.20 41.10 OK
r-release-linux-x86_64 0.2.20 0.34 1.91 2.25 ERROR
r-release-windows-ix86+x86_64 0.2.20 10.00 42.00 52.00 OK
r-release-osx-x86_64 0.2.20 OK
r-oldrel-windows-ix86+x86_64 0.2.20 10.00 45.00 55.00 OK
r-oldrel-osx-x86_64 0.2.20 OK

Additional issues

rchk

Check Details

Version: 0.2.20
Check: whether package can be installed
Result: ERROR
    Installation failed.
Flavor: r-release-linux-x86_64