CRAN Package Check Results for Package rjson

Last updated on 2017-10-18 05:47:54.

Flavor Version Tinstall Tcheck Ttotal Status Flags
r-devel-linux-x86_64-debian-clang 0.2.15 1.69 12.77 14.46 NOTE
r-devel-linux-x86_64-debian-gcc 0.2.15 1.83 14.19 16.02 NOTE
r-devel-linux-x86_64-fedora-clang 0.2.15 24.94 NOTE
r-devel-linux-x86_64-fedora-gcc 0.2.15 23.83 NOTE
r-devel-windows-ix86+x86_64 0.2.15 15.00 51.00 66.00 NOTE
r-patched-linux-x86_64 0.2.15 1.73 12.19 13.92 NOTE
r-patched-solaris-x86 0.2.15 33.00 NOTE
r-release-linux-x86_64 0.2.15 1.64 12.42 14.06 NOTE
r-release-windows-ix86+x86_64 0.2.15 10.00 39.00 49.00 NOTE
r-release-osx-x86_64 0.2.15 NOTE
r-oldrel-windows-ix86+x86_64 0.2.15 13.00 28.00 41.00 NOTE
r-oldrel-osx-x86_64 0.2.15 NOTE

Additional issues

rchk valgrind

Check Details

Version: 0.2.15
Check: DESCRIPTION meta-information
Result: NOTE
    Malformed Description field: should contain one or more complete sentences.
Flavors: r-devel-linux-x86_64-debian-clang, r-devel-linux-x86_64-debian-gcc, r-devel-linux-x86_64-fedora-clang, r-devel-linux-x86_64-fedora-gcc, r-devel-windows-ix86+x86_64, r-patched-linux-x86_64, r-patched-solaris-x86, r-release-linux-x86_64, r-release-windows-ix86+x86_64, r-release-osx-x86_64, r-oldrel-windows-ix86+x86_64, r-oldrel-osx-x86_64

Version: 0.2.15
Check: compiled code
Result: NOTE
    File ‘rjson/libs/rjson.so’:
     Found no calls to: ‘R_registerRoutines’, ‘R_useDynamicSymbols’
    
    It is good practice to register native routines and to disable symbol
    search.
    
    See ‘Writing portable packages’ in the ‘Writing R Extensions’ manual.
Flavors: r-devel-linux-x86_64-debian-clang, r-devel-linux-x86_64-debian-gcc, r-devel-linux-x86_64-fedora-clang, r-devel-linux-x86_64-fedora-gcc, r-patched-linux-x86_64, r-release-linux-x86_64