CRAN Package Check Results for Package rjson

Last updated on 2016-06-25 18:46:54.

Flavor Version Tinstall Tcheck Ttotal Status Flags
r-devel-linux-x86_64-debian-gcc 0.2.15 2.02 10.29 12.31 NOTE
r-devel-linux-x86_64-fedora-clang 0.2.15 19.97 NOTE
r-devel-linux-x86_64-fedora-gcc 0.2.15 17.40 NOTE
r-devel-osx-x86_64-clang 0.2.15 18.26 NOTE
r-devel-windows-ix86+x86_64 0.2.15 13.00 28.00 41.00 NOTE
r-patched-linux-x86_64 0.2.15 1.78 10.63 12.41 NOTE
r-patched-solaris-sparc 0.2.15 120.20 NOTE
r-patched-solaris-x86 0.2.15 28.60 NOTE
r-release-linux-x86_64 0.2.15 1.59 10.43 12.02 NOTE
r-release-osx-x86_64-mavericks 0.2.15 NOTE
r-release-windows-ix86+x86_64 0.2.15 14.00 40.00 54.00 NOTE
r-oldrel-windows-ix86+x86_64 0.2.15 10.00 37.00 47.00 NOTE

Memtest notes: valgrind

Check Details

Version: 0.2.15
Check: DESCRIPTION meta-information
Result: NOTE
    Malformed Description field: should contain one or more complete sentences.
Flavors: r-devel-linux-x86_64-debian-gcc, r-devel-linux-x86_64-fedora-clang, r-devel-linux-x86_64-fedora-gcc, r-devel-osx-x86_64-clang, r-devel-windows-ix86+x86_64, r-patched-linux-x86_64, r-patched-solaris-sparc, r-patched-solaris-x86, r-release-linux-x86_64, r-release-osx-x86_64-mavericks, r-release-windows-ix86+x86_64, r-oldrel-windows-ix86+x86_64