CRAN Package Check Results for Package rjson

Last updated on 2015-06-29 23:47:08.

Flavor Version Tinstall Tcheck Ttotal Status Flags
r-devel-linux-x86_64-debian-clang 0.2.15 1.26 10.10 11.35 NOTE
r-devel-linux-x86_64-debian-gcc 0.2.15 1.48 9.94 11.42 NOTE
r-devel-linux-x86_64-fedora-clang 0.2.15 22.13 NOTE
r-devel-linux-x86_64-fedora-gcc 0.2.15 19.72 NOTE
r-devel-osx-x86_64-clang 0.2.15 21.06 NOTE
r-devel-windows-ix86+x86_64 0.2.15 15.00 27.00 42.00 NOTE
r-patched-linux-x86_64 0.2.15 1.51 10.34 11.85 NOTE
r-patched-solaris-sparc 0.2.15 135.30 NOTE
r-patched-solaris-x86 0.2.15 32.70 NOTE
r-release-linux-x86_64 0.2.15 1.65 10.26 11.91 NOTE
r-release-osx-x86_64-mavericks 0.2.15 NOTE
r-release-windows-ix86+x86_64 0.2.15 7.00 33.00 40.00 NOTE
r-oldrel-windows-ix86+x86_64 0.2.15 14.00 31.00 45.00 OK

Memtest notes: valgrind

Check Details

Version: 0.2.15
Check: DESCRIPTION meta-information
Result: NOTE
    Malformed Description field: should contain one or more complete sentences.
Flavors: r-devel-linux-x86_64-debian-clang, r-devel-linux-x86_64-debian-gcc, r-devel-linux-x86_64-fedora-clang, r-devel-linux-x86_64-fedora-gcc, r-devel-osx-x86_64-clang, r-devel-windows-ix86+x86_64, r-patched-linux-x86_64, r-patched-solaris-sparc, r-patched-solaris-x86, r-release-linux-x86_64, r-release-osx-x86_64-mavericks, r-release-windows-ix86+x86_64