Last updated on 2023-09-30 00:56:16 CEST.
Flavor | Version | Tinstall | Tcheck | Ttotal | Status | Flags |
---|---|---|---|---|---|---|
r-devel-linux-x86_64-debian-clang | 1.2 | 9.25 | 46.30 | 55.55 | OK | |
r-devel-linux-x86_64-debian-gcc | 1.2 | 6.33 | 34.97 | 41.30 | OK | |
r-devel-linux-x86_64-fedora-clang | 1.2 | 71.29 | NOTE | |||
r-devel-linux-x86_64-fedora-gcc | 1.2 | 69.66 | OK | |||
r-devel-windows-x86_64 | 1.2 | 7.00 | 52.00 | 59.00 | NOTE | |
r-patched-linux-x86_64 | 1.2 | 7.67 | 44.62 | 52.29 | OK | |
r-release-linux-x86_64 | 1.2 | 7.30 | 44.80 | 52.10 | OK | |
r-release-macos-arm64 | 1.2 | 30.00 | NOTE | |||
r-release-macos-x86_64 | 1.2 | 61.00 | NOTE | |||
r-release-windows-x86_64 | 1.2 | 6.00 | 63.00 | 69.00 | NOTE | |
r-oldrel-macos-arm64 | 1.2 | 30.00 | NOTE | |||
r-oldrel-macos-x86_64 | 1.2 | 51.00 | NOTE | |||
r-oldrel-windows-x86_64 | 1.2 | 728.00 | 71.00 | 799.00 | NOTE |
Version: 1.2
Check: installed package size
Result: NOTE
installed size is 12.2Mb
sub-directories of 1Mb or more:
java 12.0Mb
Flavors: r-devel-linux-x86_64-fedora-clang, r-devel-windows-x86_64, r-release-macos-arm64, r-release-macos-x86_64, r-release-windows-x86_64, r-oldrel-macos-arm64, r-oldrel-macos-x86_64, r-oldrel-windows-x86_64