Last updated on 2022-06-30 21:49:52 CEST.
Flavor | Version | Tinstall | Tcheck | Ttotal | Status | Flags |
---|---|---|---|---|---|---|
r-devel-linux-x86_64-debian-clang | 1.4.2.2 | 22.74 | 41.53 | 64.27 | NOTE | |
r-devel-linux-x86_64-debian-gcc | 1.4.2.2 | 15.56 | 32.13 | 47.69 | NOTE | |
r-devel-linux-x86_64-fedora-clang | 1.4.2.2 | 97.57 | NOTE | |||
r-devel-linux-x86_64-fedora-gcc | 1.4.2.2 | 88.17 | NOTE | |||
r-patched-linux-x86_64 | 1.4.2.2 | 18.57 | 40.72 | 59.29 | NOTE | |
r-release-linux-x86_64 | 1.4.2.2 | 19.76 | 39.85 | 59.61 | NOTE | |
r-release-macos-arm64 | 1.4.2.2 | 31.00 | NOTE | |||
r-release-macos-x86_64 | 1.4.2.2 | 40.00 | NOTE | |||
r-oldrel-macos-arm64 | 1.4.2.2 | 38.00 | NOTE | |||
r-oldrel-macos-x86_64 | 1.4.2.2 | 53.00 | NOTE |
Version: 1.4.2.2
Check: LazyData
Result: NOTE
'LazyData' is specified without a 'data' directory
Flavors: r-devel-linux-x86_64-debian-clang, r-devel-linux-x86_64-debian-gcc, r-devel-linux-x86_64-fedora-clang, r-devel-linux-x86_64-fedora-gcc, r-patched-linux-x86_64, r-release-linux-x86_64, r-release-macos-arm64, r-release-macos-x86_64, r-oldrel-macos-arm64, r-oldrel-macos-x86_64