CRAN Package Check Results for Package rknn

Last updated on 2017-08-16 16:47:02.

Flavor Version Tinstall Tcheck Ttotal Status Flags
r-devel-linux-x86_64-debian-clang 1.2-1 1.48 15.57 17.05 NOTE
r-devel-linux-x86_64-debian-gcc 1.2-1 1.39 15.65 17.03 NOTE
r-devel-linux-x86_64-fedora-clang 1.2-1 28.49 NOTE
r-devel-linux-x86_64-fedora-gcc 1.2-1 27.30 NOTE
r-devel-windows-ix86+x86_64 1.2-1 7.00 41.00 48.00 NOTE
r-patched-linux-x86_64 1.2-1 1.32 15.54 16.86 NOTE
r-patched-solaris-x86 1.2-1 40.30 NOTE
r-release-linux-x86_64 1.2-1 1.31 15.88 17.19 NOTE
r-release-windows-ix86+x86_64 1.2-1 7.00 63.00 70.00 NOTE
r-release-osx-x86_64 1.2-1 NOTE
r-oldrel-windows-ix86+x86_64 1.2-1 11.00 35.00 46.00 NOTE
r-oldrel-osx-x86_64 1.2-1 NOTE

Check Details

Version: 1.2-1
Check: R code for possible problems
Result: NOTE
    cv.coef: no visible global function definition for ‘sd’
    normalize.softmax: no visible global function definition for ‘plogis’
    plot.rknnBeg: no visible global function definition for ‘plot’
    plot.rknnBel: no visible global function definition for ‘plot’
    plot.rknnSupport: no visible global function definition for ‘dotchart’
    predicted: no visible global function definition for ‘influence’
    predicted: no visible global function definition for ‘fitted’
    predicted: no visible global function definition for ‘resid’
    pressresid: no visible global function definition for ‘influence’
    pressresid: no visible global function definition for ‘resid’
    Undefined global functions or variables:
     dotchart fitted influence plogis plot resid sd
    Consider adding
     importFrom("graphics", "dotchart", "plot")
     importFrom("stats", "fitted", "influence", "plogis", "resid", "sd")
    to your NAMESPACE file.
Flavors: r-devel-linux-x86_64-debian-clang, r-devel-linux-x86_64-debian-gcc, r-devel-linux-x86_64-fedora-clang, r-devel-linux-x86_64-fedora-gcc, r-devel-windows-ix86+x86_64, r-patched-linux-x86_64, r-patched-solaris-x86, r-release-linux-x86_64, r-release-windows-ix86+x86_64, r-release-osx-x86_64, r-oldrel-windows-ix86+x86_64, r-oldrel-osx-x86_64

Version: 1.2-1
Check: package dependencies
Result: NOTE
    Packages suggested but not available for checking:
     ‘genefilter’ ‘golubEsets’
Flavor: r-release-osx-x86_64

Version: 1.2-1
Check: package dependencies
Result: NOTE
    Package suggested but not available for checking: ‘golubEsets’
Flavor: r-oldrel-osx-x86_64