CRAN Package Check Results for Package rknn

Last updated on 2014-11-24 09:48:22.

Flavor Version Tinstall Tcheck Ttotal Status Flags
r-devel-linux-x86_64-debian-clang 1.2 1.21 14.46 15.67 NOTE
r-devel-linux-x86_64-debian-gcc 1.2 1.24 14.19 15.44 NOTE
r-devel-linux-x86_64-fedora-clang 1.2 31.54 NOTE
r-devel-linux-x86_64-fedora-gcc 1.2 28.26 NOTE
r-devel-osx-x86_64-clang 1.2 31.71 NOTE
r-devel-windows-ix86+x86_64 1.2 7.00 27.00 34.00 NOTE
r-patched-linux-x86_64 1.2 1.32 14.26 15.58 NOTE
r-patched-solaris-sparc 1.2 173.10 NOTE
r-patched-solaris-x86 1.2 43.10 NOTE
r-release-linux-ix86 1.2 1.78 19.71 21.50 NOTE
r-release-linux-x86_64 1.2 1.27 14.10 15.36 NOTE
r-release-osx-x86_64-mavericks 1.2 NOTE
r-release-osx-x86_64-snowleopard 1.2 NOTE
r-release-windows-ix86+x86_64 1.2 7.00 31.00 38.00 NOTE
r-oldrel-windows-ix86+x86_64 1.2 7.00 35.00 42.00 NOTE

Check Details

Version: 1.2
Check: dependencies in R code
Result: NOTE
    Package in Depends field not imported from: ‘gmp’
     These packages need to be imported from (in the NAMESPACE file)
     for when this namespace is loaded but not attached.
    See the information on DESCRIPTION files in the chapter ‘Creating R
    packages’ of the ‘Writing R Extensions’ manual.
Flavors: r-devel-linux-x86_64-debian-clang, r-devel-linux-x86_64-debian-gcc, r-devel-linux-x86_64-fedora-clang, r-devel-linux-x86_64-fedora-gcc, r-devel-osx-x86_64-clang, r-devel-windows-ix86+x86_64, r-patched-linux-x86_64, r-patched-solaris-sparc, r-patched-solaris-x86, r-release-linux-ix86, r-release-linux-x86_64, r-release-osx-x86_64-mavericks, r-release-windows-ix86+x86_64, r-oldrel-windows-ix86+x86_64

Version: 1.2
Check: foreign function calls
Result: NOTE
    Calls with DUP:
     .C(C_knnc, as.integer(k), as.integer(ntr), as.integer(nte), as.integer(p),
     as.double(train), as.integer(unclass(clf)), as.double(test),
     res = integer(nte), pr = double(nte), integer(nc + 1), as.integer(nc),
     as.integer(FALSE), as.integer(use.all), nn.index = integer(nte *
     k), nn.dist = double(nte * k), DUP = FALSE)
     .C(C_knnc, as.integer(k), as.integer(ntr), as.integer(ntr), as.integer(p),
     as.double(train), as.integer(unclass(clf)), as.double(train),
     res = integer(ntr), pr = double(ntr), integer(nc + 1), as.integer(nc),
     as.integer(TRUE), as.integer(use.all), nn.index = integer(ntr *
     k), nn.dist = double(ntr * k), DUP = FALSE)
     .C(C_knnr, as.integer(k), as.integer(ntr), as.integer(n), as.integer(p),
     as.double(train), as.double(y), as.double(if (is.null(test)) train else test),
     res = double(n), as.integer(is.null(test)), as.integer(use.all),
     nn.index = integer(n * k), nn.dist = double(n * k), DUP = FALSE)
    DUP is no longer supported and will be ignored.
Flavors: r-devel-linux-x86_64-debian-clang, r-devel-linux-x86_64-debian-gcc, r-devel-linux-x86_64-fedora-clang, r-devel-linux-x86_64-fedora-gcc, r-devel-osx-x86_64-clang, r-devel-windows-ix86+x86_64

Version: 1.2
Check: R code for possible problems
Result: NOTE
    eta: no visible global function definition for ‘chooseZ’
    eta: no visible global function definition for ‘pow.bigz’
    rbyz: no visible global function definition for ‘chooseZ’
    rknn: no visible global function definition for ‘clusterSetRNGStream’
    rknn: no visible global function definition for ‘clusterExport’
    rknn: no visible global function definition for ‘clusterApply’
    rknn.cv: no visible global function definition for
     ‘clusterSetRNGStream’
    rknn.cv: no visible global function definition for ‘clusterExport’
    rknn.cv: no visible global function definition for ‘clusterApply’
    rknnReg: no visible global function definition for
     ‘clusterSetRNGStream’
    rknnReg: no visible global function definition for ‘clusterExport’
    rknnReg: no visible global function definition for ‘clusterApply’
    rknnRegSupport: no visible global function definition for
     ‘clusterSetRNGStream’
    rknnRegSupport: no visible global function definition for
     ‘clusterExport’
    rknnRegSupport: no visible global function definition for
     ‘clusterApply’
    rknnSupport: no visible global function definition for
     ‘clusterSetRNGStream’
    rknnSupport: no visible global function definition for ‘clusterExport’
    rknnSupport: no visible global function definition for ‘clusterApply’
Flavors: r-devel-linux-x86_64-debian-clang, r-devel-linux-x86_64-debian-gcc, r-devel-linux-x86_64-fedora-clang, r-devel-linux-x86_64-fedora-gcc, r-devel-osx-x86_64-clang, r-devel-windows-ix86+x86_64, r-patched-linux-x86_64, r-patched-solaris-sparc, r-patched-solaris-x86, r-release-linux-ix86, r-release-linux-x86_64, r-release-windows-ix86+x86_64

Version: 1.2
Check: foreign function calls
Result: NOTE
    Calls with DUP != TRUE:
     .C(C_knnc, as.integer(k), as.integer(ntr), as.integer(nte), as.integer(p),
     as.double(train), as.integer(unclass(clf)), as.double(test),
     res = integer(nte), pr = double(nte), integer(nc + 1), as.integer(nc),
     as.integer(FALSE), as.integer(use.all), nn.index = integer(nte *
     k), nn.dist = double(nte * k), DUP = FALSE)
     .C(C_knnc, as.integer(k), as.integer(ntr), as.integer(ntr), as.integer(p),
     as.double(train), as.integer(unclass(clf)), as.double(train),
     res = integer(ntr), pr = double(ntr), integer(nc + 1), as.integer(nc),
     as.integer(TRUE), as.integer(use.all), nn.index = integer(ntr *
     k), nn.dist = double(ntr * k), DUP = FALSE)
     .C(C_knnr, as.integer(k), as.integer(ntr), as.integer(n), as.integer(p),
     as.double(train), as.double(y), as.double(if (is.null(test)) train else test),
     res = double(n), as.integer(is.null(test)), as.integer(use.all),
     nn.index = integer(n * k), nn.dist = double(n * k), DUP = FALSE)
    DUP = FALSE is deprecated and will be disabled in future versions of R.
Flavors: r-patched-linux-x86_64, r-patched-solaris-sparc, r-patched-solaris-x86, r-release-linux-ix86, r-release-linux-x86_64, r-release-windows-ix86+x86_64

Version: 1.2
Check: package dependencies
Result: NOTE
    Packages suggested but not available for checking:
     ‘Biobase’ ‘genefilter’ ‘golubEsets’
Flavors: r-release-osx-x86_64-mavericks, r-release-osx-x86_64-snowleopard

Version: 1.2
Check: foreign function calls
Result: NOTE
    Calls with DUP = FALSE:
     .C(C_knnc, as.integer(k), as.integer(ntr), as.integer(nte), as.integer(p),
     as.double(train), as.integer(unclass(clf)), as.double(test),
     res = integer(nte), pr = double(nte), integer(nc + 1), as.integer(nc),
     as.integer(FALSE), as.integer(use.all), nn.index = integer(nte *
     k), nn.dist = double(nte * k), DUP = FALSE)
     .C(C_knnc, as.integer(k), as.integer(ntr), as.integer(ntr), as.integer(p),
     as.double(train), as.integer(unclass(clf)), as.double(train),
     res = integer(ntr), pr = double(ntr), integer(nc + 1), as.integer(nc),
     as.integer(TRUE), as.integer(use.all), nn.index = integer(ntr *
     k), nn.dist = double(ntr * k), DUP = FALSE)
     .C(C_knnr, as.integer(k), as.integer(ntr), as.integer(n), as.integer(p),
     as.double(train), as.double(y), as.double(if (is.null(test)) train else test),
     res = double(n), as.integer(is.null(test)), as.integer(use.all),
     nn.index = integer(n * k), nn.dist = double(n * k), DUP = FALSE)
    DUP = FALSE is deprecated and may be disabled in future versions of R.
Flavor: r-release-osx-x86_64-mavericks

Version: 1.2
Check: R code for possible problems
Result: NOTE
    rknn: no visible global function definition for ‘clusterSetRNGStream’
    rknn: no visible global function definition for ‘clusterExport’
    rknn: no visible global function definition for ‘clusterApply’
    rknn.cv: no visible global function definition for
     ‘clusterSetRNGStream’
    rknn.cv: no visible global function definition for ‘clusterExport’
    rknn.cv: no visible global function definition for ‘clusterApply’
    rknnReg: no visible global function definition for
     ‘clusterSetRNGStream’
    rknnReg: no visible global function definition for ‘clusterExport’
    rknnReg: no visible global function definition for ‘clusterApply’
    rknnRegSupport: no visible global function definition for
     ‘clusterSetRNGStream’
    rknnRegSupport: no visible global function definition for
     ‘clusterExport’
    rknnRegSupport: no visible global function definition for
     ‘clusterApply’
    rknnSupport: no visible global function definition for
     ‘clusterSetRNGStream’
    rknnSupport: no visible global function definition for ‘clusterExport’
    rknnSupport: no visible global function definition for ‘clusterApply’
Flavors: r-release-osx-x86_64-mavericks, r-release-osx-x86_64-snowleopard