CRAN Package Check Results for Package rknn

Last updated on 2015-07-05 15:46:45.

Flavor Version Tinstall Tcheck Ttotal Status Flags
r-devel-linux-x86_64-debian-clang 1.2-1 1.16 12.98 14.14 NOTE
r-devel-linux-x86_64-debian-gcc 1.2-1 1.20 12.74 13.94 NOTE
r-devel-linux-x86_64-fedora-clang 1.2-1 25.30 NOTE
r-devel-linux-x86_64-fedora-gcc 1.2-1 23.81 NOTE
r-devel-osx-x86_64-clang 1.2-1 23.81 OK
r-devel-windows-ix86+x86_64 1.2-1 8.00 28.00 36.00 NOTE
r-patched-linux-x86_64 1.2-1 1.24 12.92 14.16 OK
r-patched-solaris-sparc 1.2-1 145.40 OK
r-patched-solaris-x86 1.2-1 39.80 OK
r-release-linux-x86_64 1.2-1 1.30 12.80 14.10 OK
r-release-osx-x86_64-mavericks 1.2-1 NOTE
r-release-windows-ix86+x86_64 1.2-1 9.00 28.00 37.00 OK
r-oldrel-windows-ix86+x86_64 1.2-1 12.00 52.00 64.00 OK

Check Details

Version: 1.2-1
Check: R code for possible problems
Result: NOTE
    cv.coef: no visible global function definition for ‘sd’
    normalize.softmax: no visible global function definition for ‘plogis’
    plot.rknnBeg: no visible global function definition for ‘plot’
    plot.rknnBel: no visible global function definition for ‘plot’
    plot.rknnSupport: no visible global function definition for ‘dotchart’
    predicted: no visible global function definition for ‘influence’
    predicted: no visible global function definition for ‘fitted’
    predicted: no visible global function definition for ‘resid’
    pressresid: no visible global function definition for ‘influence’
    pressresid: no visible global function definition for ‘resid’
    Undefined global functions or variables:
     dotchart fitted influence plogis plot resid sd
Flavors: r-devel-linux-x86_64-debian-clang, r-devel-linux-x86_64-debian-gcc, r-devel-linux-x86_64-fedora-clang, r-devel-linux-x86_64-fedora-gcc, r-devel-windows-ix86+x86_64

Version: 1.2-1
Check: package dependencies
Result: NOTE
    Package suggested but not available for checking: ‘golubEsets’
Flavor: r-release-osx-x86_64-mavericks