CRAN Package Check Results for Package rknn

Last updated on 2016-12-02 23:48:18.

Flavor Version Tinstall Tcheck Ttotal Status Flags
r-devel-linux-x86_64-debian-clang 1.2-1 1.49 15.56 17.05 NOTE
r-devel-linux-x86_64-debian-gcc 1.2-1 1.31 15.50 16.81 NOTE
r-devel-linux-x86_64-fedora-clang 1.2-1 29.72 NOTE
r-devel-linux-x86_64-fedora-gcc 1.2-1 28.24 NOTE
r-devel-macos-x86_64-clang 1.2-1 25.67 NOTE
r-devel-windows-ix86+x86_64 1.2-1 6.00 39.00 45.00 NOTE
r-patched-linux-x86_64 1.2-1 1.24 13.46 14.70 NOTE
r-patched-solaris-sparc 1.2-1 156.70 NOTE
r-patched-solaris-x86 1.2-1 35.30 NOTE
r-release-linux-x86_64 1.2-1 1.17 13.47 14.64 NOTE
r-release-osx-x86_64-mavericks 1.2-1 NOTE
r-release-windows-ix86+x86_64 1.2-1 13.00 46.00 59.00 NOTE
r-oldrel-windows-ix86+x86_64 1.2-1 16.00 51.00 67.00 OK

Check Details

Version: 1.2-1
Check: R code for possible problems
Result: NOTE
    cv.coef: no visible global function definition for ‘sd’
    normalize.softmax: no visible global function definition for ‘plogis’
    plot.rknnBeg: no visible global function definition for ‘plot’
    plot.rknnBel: no visible global function definition for ‘plot’
    plot.rknnSupport: no visible global function definition for ‘dotchart’
    predicted: no visible global function definition for ‘influence’
    predicted: no visible global function definition for ‘fitted’
    predicted: no visible global function definition for ‘resid’
    pressresid: no visible global function definition for ‘influence’
    pressresid: no visible global function definition for ‘resid’
    Undefined global functions or variables:
     dotchart fitted influence plogis plot resid sd
    Consider adding
     importFrom("graphics", "dotchart", "plot")
     importFrom("stats", "fitted", "influence", "plogis", "resid", "sd")
    to your NAMESPACE file.
Flavors: r-devel-linux-x86_64-debian-clang, r-devel-linux-x86_64-debian-gcc, r-devel-linux-x86_64-fedora-clang, r-devel-linux-x86_64-fedora-gcc, r-devel-macos-x86_64-clang, r-devel-windows-ix86+x86_64, r-patched-linux-x86_64, r-patched-solaris-sparc, r-patched-solaris-x86, r-release-linux-x86_64, r-release-osx-x86_64-mavericks, r-release-windows-ix86+x86_64

Version: 1.2-1
Check: package dependencies
Result: NOTE
    Package suggested but not available for checking: ‘golubEsets’
Flavor: r-release-osx-x86_64-mavericks