CRAN Package Check Results for Package rknn

Last updated on 2016-07-29 11:49:50.

Flavor Version Tinstall Tcheck Ttotal Status Flags
r-devel-linux-x86_64-debian-clang 1.2-1 1.31 13.66 14.97 NOTE
r-devel-linux-x86_64-debian-gcc 1.2-1 1.59 13.89 15.48 NOTE
r-devel-linux-x86_64-fedora-clang 1.2-1 24.56 NOTE
r-devel-linux-x86_64-fedora-gcc 1.2-1 21.51 NOTE
r-devel-osx-x86_64-clang 1.2-1 22.34 NOTE
r-devel-windows-ix86+x86_64 1.2-1 8.00 35.00 43.00 NOTE
r-patched-linux-x86_64 1.2-1 1.64 14.16 15.80 NOTE
r-patched-solaris-sparc 1.2-1 156.70 NOTE
r-patched-solaris-x86 1.2-1 34.70 NOTE
r-release-linux-x86_64 1.2-1 1.47 15.91 17.38 NOTE
r-release-osx-x86_64-mavericks 1.2-1 NOTE
r-release-windows-ix86+x86_64 1.2-1 9.00 37.00 46.00 NOTE
r-oldrel-windows-ix86+x86_64 1.2-1 9.00 48.00 57.00 OK

Check Details

Version: 1.2-1
Check: R code for possible problems
Result: NOTE
    cv.coef: no visible global function definition for ‘sd’
    normalize.softmax: no visible global function definition for ‘plogis’
    plot.rknnBeg: no visible global function definition for ‘plot’
    plot.rknnBel: no visible global function definition for ‘plot’
    plot.rknnSupport: no visible global function definition for ‘dotchart’
    predicted: no visible global function definition for ‘influence’
    predicted: no visible global function definition for ‘fitted’
    predicted: no visible global function definition for ‘resid’
    pressresid: no visible global function definition for ‘influence’
    pressresid: no visible global function definition for ‘resid’
    Undefined global functions or variables:
     dotchart fitted influence plogis plot resid sd
    Consider adding
     importFrom("graphics", "dotchart", "plot")
     importFrom("stats", "fitted", "influence", "plogis", "resid", "sd")
    to your NAMESPACE file.
Flavors: r-devel-linux-x86_64-debian-clang, r-devel-linux-x86_64-debian-gcc, r-devel-linux-x86_64-fedora-clang, r-devel-linux-x86_64-fedora-gcc, r-devel-osx-x86_64-clang, r-devel-windows-ix86+x86_64, r-patched-linux-x86_64, r-patched-solaris-sparc, r-patched-solaris-x86, r-release-linux-x86_64, r-release-osx-x86_64-mavericks, r-release-windows-ix86+x86_64

Version: 1.2-1
Check: package dependencies
Result: NOTE
    Package suggested but not available for checking: ‘golubEsets’
Flavor: r-release-osx-x86_64-mavericks