CRAN Package Check Results for Package rknn

Last updated on 2015-09-04 11:47:50.

Flavor Version Tinstall Tcheck Ttotal Status Flags
r-devel-linux-x86_64-debian-clang 1.2-1 1.14 12.44 13.58 NOTE
r-devel-linux-x86_64-debian-gcc 1.2-1 1.18 12.52 13.70 NOTE
r-devel-linux-x86_64-fedora-clang 1.2-1 25.12 NOTE
r-devel-linux-x86_64-fedora-gcc 1.2-1 24.12 NOTE
r-devel-osx-x86_64-clang 1.2-1 21.68 OK
r-devel-windows-ix86+x86_64 1.2-1 7.00 30.00 37.00 NOTE
r-patched-linux-x86_64 1.2-1 1.23 12.75 13.98 OK
r-patched-solaris-sparc 1.2-1 170.00 OK
r-patched-solaris-x86 1.2-1 39.70 OK
r-release-linux-x86_64 1.2-1 1.26 13.07 14.33 OK
r-release-osx-x86_64-mavericks 1.2-1 NOTE
r-release-windows-ix86+x86_64 1.2-1 9.00 29.00 38.00 OK
r-oldrel-windows-ix86+x86_64 1.2-1 10.00 34.00 44.00 OK

Check Details

Version: 1.2-1
Check: R code for possible problems
Result: NOTE
    cv.coef: no visible global function definition for ‘sd’
    normalize.softmax: no visible global function definition for ‘plogis’
    plot.rknnBeg: no visible global function definition for ‘plot’
    plot.rknnBel: no visible global function definition for ‘plot’
    plot.rknnSupport: no visible global function definition for ‘dotchart’
    predicted: no visible global function definition for ‘influence’
    predicted: no visible global function definition for ‘fitted’
    predicted: no visible global function definition for ‘resid’
    pressresid: no visible global function definition for ‘influence’
    pressresid: no visible global function definition for ‘resid’
    Undefined global functions or variables:
     dotchart fitted influence plogis plot resid sd
    Consider adding
     importFrom("graphics", "dotchart", "plot")
     importFrom("stats", "fitted", "influence", "plogis", "resid", "sd")
    to your NAMESPACE.
Flavors: r-devel-linux-x86_64-debian-clang, r-devel-linux-x86_64-debian-gcc, r-devel-linux-x86_64-fedora-clang, r-devel-linux-x86_64-fedora-gcc, r-devel-windows-ix86+x86_64

Version: 1.2-1
Check: package dependencies
Result: NOTE
    Package suggested but not available for checking: ‘golubEsets’
Flavor: r-release-osx-x86_64-mavericks