CRAN Package Check Results for Package rknn

Last updated on 2017-10-21 18:47:30.

Flavor Version Tinstall Tcheck Ttotal Status Flags
r-devel-linux-x86_64-debian-clang 1.2-1 1.32 15.51 16.84 NOTE
r-devel-linux-x86_64-debian-gcc 1.2-1 1.51 16.91 18.42 NOTE
r-devel-linux-x86_64-fedora-clang 1.2-1 29.12 NOTE
r-devel-linux-x86_64-fedora-gcc 1.2-1 29.47 NOTE
r-devel-windows-ix86+x86_64 1.2-1 8.00 59.00 67.00 NOTE
r-patched-linux-x86_64 1.2-1 1.44 15.54 16.98 NOTE
r-patched-solaris-x86 1.2-1 40.80 NOTE
r-release-linux-x86_64 1.2-1 1.38 15.45 16.83 NOTE
r-release-windows-ix86+x86_64 1.2-1 13.00 42.00 55.00 NOTE
r-release-osx-x86_64 1.2-1 NOTE
r-oldrel-windows-ix86+x86_64 1.2-1 7.00 47.00 54.00 NOTE
r-oldrel-osx-x86_64 1.2-1 NOTE

Check Details

Version: 1.2-1
Check: R code for possible problems
Result: NOTE
    cv.coef: no visible global function definition for ‘sd’
    normalize.softmax: no visible global function definition for ‘plogis’
    plot.rknnBeg: no visible global function definition for ‘plot’
    plot.rknnBel: no visible global function definition for ‘plot’
    plot.rknnSupport: no visible global function definition for ‘dotchart’
    predicted: no visible global function definition for ‘influence’
    predicted: no visible global function definition for ‘fitted’
    predicted: no visible global function definition for ‘resid’
    pressresid: no visible global function definition for ‘influence’
    pressresid: no visible global function definition for ‘resid’
    Undefined global functions or variables:
     dotchart fitted influence plogis plot resid sd
    Consider adding
     importFrom("graphics", "dotchart", "plot")
     importFrom("stats", "fitted", "influence", "plogis", "resid", "sd")
    to your NAMESPACE file.
Flavors: r-devel-linux-x86_64-debian-clang, r-devel-linux-x86_64-debian-gcc, r-devel-linux-x86_64-fedora-clang, r-devel-linux-x86_64-fedora-gcc, r-devel-windows-ix86+x86_64, r-patched-linux-x86_64, r-patched-solaris-x86, r-release-linux-x86_64, r-release-windows-ix86+x86_64, r-release-osx-x86_64, r-oldrel-windows-ix86+x86_64, r-oldrel-osx-x86_64

Version: 1.2-1
Check: package dependencies
Result: NOTE
    Packages suggested but not available for checking:
     ‘genefilter’ ‘golubEsets’
Flavor: r-release-osx-x86_64

Version: 1.2-1
Check: package dependencies
Result: NOTE
    Package suggested but not available for checking: ‘golubEsets’
Flavor: r-oldrel-osx-x86_64