CRAN Package Check Results for Package rknn

Last updated on 2017-06-25 09:48:35.

Flavor Version Tinstall Tcheck Ttotal Status Flags
r-devel-linux-x86_64-debian-clang 1.2-1 1.41 15.59 16.99 NOTE
r-devel-linux-x86_64-debian-gcc 1.2-1 1.42 15.39 16.81 NOTE
r-devel-linux-x86_64-fedora-clang 1.2-1 28.99 NOTE
r-devel-linux-x86_64-fedora-gcc 1.2-1 28.96 NOTE
r-devel-windows-ix86+x86_64 1.2-1 8.00 52.00 60.00 NOTE
r-patched-linux-x86_64 1.2-1 1.35 15.42 16.77 NOTE
r-patched-solaris-sparc 1.2-1 174.00 NOTE
r-patched-solaris-x86 1.2-1 39.80 NOTE
r-release-linux-x86_64 1.2-1 1.40 15.39 16.78 NOTE
r-release-windows-ix86+x86_64 1.2-1 18.00 56.00 74.00 NOTE
r-release-osx-x86_64 1.2-1 ERROR
r-oldrel-windows-ix86+x86_64 1.2-1 12.00 45.00 57.00 NOTE
r-oldrel-osx-x86_64 1.2-1 NOTE

Check Details

Version: 1.2-1
Check: R code for possible problems
Result: NOTE
    cv.coef: no visible global function definition for ‘sd’
    normalize.softmax: no visible global function definition for ‘plogis’
    plot.rknnBeg: no visible global function definition for ‘plot’
    plot.rknnBel: no visible global function definition for ‘plot’
    plot.rknnSupport: no visible global function definition for ‘dotchart’
    predicted: no visible global function definition for ‘influence’
    predicted: no visible global function definition for ‘fitted’
    predicted: no visible global function definition for ‘resid’
    pressresid: no visible global function definition for ‘influence’
    pressresid: no visible global function definition for ‘resid’
    Undefined global functions or variables:
     dotchart fitted influence plogis plot resid sd
    Consider adding
     importFrom("graphics", "dotchart", "plot")
     importFrom("stats", "fitted", "influence", "plogis", "resid", "sd")
    to your NAMESPACE file.
Flavors: r-devel-linux-x86_64-debian-clang, r-devel-linux-x86_64-debian-gcc, r-devel-linux-x86_64-fedora-clang, r-devel-linux-x86_64-fedora-gcc, r-devel-windows-ix86+x86_64, r-patched-linux-x86_64, r-patched-solaris-sparc, r-patched-solaris-x86, r-release-linux-x86_64, r-release-windows-ix86+x86_64, r-oldrel-windows-ix86+x86_64, r-oldrel-osx-x86_64

Version: 1.2-1
Check: package dependencies
Result: NOTE
    Package suggested but not available for checking: ‘chemometrics’
Flavor: r-devel-linux-x86_64-debian-gcc

Version: 1.2-1
Check: package dependencies
Result: ERROR
    Package required but not available: ‘gmp’
    
    Packages suggested but not available for checking:
     ‘genefilter’ ‘golubEsets’
    
    See section ‘The DESCRIPTION file’ in the ‘Writing R Extensions’
    manual.
Flavor: r-release-osx-x86_64

Version: 1.2-1
Check: package dependencies
Result: NOTE
    Package suggested but not available for checking: ‘golubEsets’
Flavor: r-oldrel-osx-x86_64