CRAN Package Check Results for Package rknn

Last updated on 2017-04-29 19:49:04.

Flavor Version Tinstall Tcheck Ttotal Status Flags
r-devel-linux-x86_64-debian-clang 1.2-1 1.56 15.61 17.17 NOTE
r-devel-linux-x86_64-debian-gcc 1.2-1 1.34 15.38 16.72 NOTE
r-devel-linux-x86_64-fedora-clang 1.2-1 29.38 NOTE --no-stop-on-test-error
r-devel-linux-x86_64-fedora-gcc 1.2-1 27.41 NOTE --no-stop-on-test-error
r-devel-windows-ix86+x86_64 1.2-1 16.00 59.00 75.00 NOTE
r-patched-linux-x86_64 1.2-1 1.39 15.53 16.92 NOTE
r-patched-solaris-sparc 1.2-1 174.00 NOTE
r-patched-solaris-x86 1.2-1 39.60 NOTE
r-release-linux-x86_64 1.2-1 1.36 15.61 16.97 NOTE
r-release-windows-ix86+x86_64 1.2-1 13.00 42.00 55.00 NOTE
r-release-osx-x86_64 1.2-1 ERROR
r-oldrel-windows-ix86+x86_64 1.2-1 15.00 48.00 63.00 NOTE
r-oldrel-osx-x86_64 1.2-1 NOTE

Check Details

Version: 1.2-1
Check: R code for possible problems
Result: NOTE
    cv.coef: no visible global function definition for ‘sd’
    normalize.softmax: no visible global function definition for ‘plogis’
    plot.rknnBeg: no visible global function definition for ‘plot’
    plot.rknnBel: no visible global function definition for ‘plot’
    plot.rknnSupport: no visible global function definition for ‘dotchart’
    predicted: no visible global function definition for ‘influence’
    predicted: no visible global function definition for ‘fitted’
    predicted: no visible global function definition for ‘resid’
    pressresid: no visible global function definition for ‘influence’
    pressresid: no visible global function definition for ‘resid’
    Undefined global functions or variables:
     dotchart fitted influence plogis plot resid sd
    Consider adding
     importFrom("graphics", "dotchart", "plot")
     importFrom("stats", "fitted", "influence", "plogis", "resid", "sd")
    to your NAMESPACE file.
Flavors: r-devel-linux-x86_64-debian-clang, r-devel-linux-x86_64-debian-gcc, r-devel-windows-ix86+x86_64, r-patched-linux-x86_64, r-patched-solaris-sparc, r-patched-solaris-x86, r-release-linux-x86_64, r-release-windows-ix86+x86_64, r-oldrel-windows-ix86+x86_64, r-oldrel-osx-x86_64

Version: 1.2-1
Flags: --no-stop-on-test-error
Check: R code for possible problems
Result: NOTE
    cv.coef: no visible global function definition for ‘sd’
    normalize.softmax: no visible global function definition for ‘plogis’
    plot.rknnBeg: no visible global function definition for ‘plot’
    plot.rknnBel: no visible global function definition for ‘plot’
    plot.rknnSupport: no visible global function definition for ‘dotchart’
    predicted: no visible global function definition for ‘influence’
    predicted: no visible global function definition for ‘fitted’
    predicted: no visible global function definition for ‘resid’
    pressresid: no visible global function definition for ‘influence’
    pressresid: no visible global function definition for ‘resid’
    Undefined global functions or variables:
     dotchart fitted influence plogis plot resid sd
    Consider adding
     importFrom("graphics", "dotchart", "plot")
     importFrom("stats", "fitted", "influence", "plogis", "resid", "sd")
    to your NAMESPACE file.
Flavors: r-devel-linux-x86_64-fedora-clang, r-devel-linux-x86_64-fedora-gcc

Version: 1.2-1
Check: package dependencies
Result: NOTE
    Package suggested but not available for checking: ‘golubEsets’
Flavors: r-patched-linux-x86_64, r-oldrel-osx-x86_64

Version: 1.2-1
Check: package dependencies
Result: ERROR
    Package required but not available: ‘gmp’
    
    Packages suggested but not available for checking:
     ‘genefilter’ ‘golubEsets’
    
    See section ‘The DESCRIPTION file’ in the ‘Writing R Extensions’
    manual.
Flavor: r-release-osx-x86_64