CRAN Package Check Results for Package rlang

Last updated on 2022-10-05 13:49:22 CEST.

Flavor Version Tinstall Tcheck Ttotal Status Flags
r-devel-linux-x86_64-debian-clang 1.0.6 21.69 283.91 305.60 OK
r-devel-linux-x86_64-debian-gcc 1.0.6 17.34 205.04 222.38 OK
r-devel-linux-x86_64-fedora-clang 1.0.6 372.42 WARN
r-devel-linux-x86_64-fedora-gcc 1.0.6 378.98 WARN
r-devel-windows-x86_64 1.0.6 370.00 354.00 724.00 OK
r-patched-linux-x86_64 1.0.6 27.42 257.21 284.63 OK
r-release-linux-x86_64 1.0.6 20.71 256.75 277.46 OK
r-release-macos-arm64 1.0.6 97.00 OK
r-release-macos-x86_64 1.0.6 143.00 OK
r-release-windows-x86_64 1.0.6 303.00 312.00 615.00 OK
r-oldrel-macos-arm64 1.0.6 91.00 OK
r-oldrel-macos-x86_64 1.0.6 143.00 OK
r-oldrel-windows-ix86+x86_64 1.0.6 59.00 478.00 537.00 WARN

Check Details

Version: 1.0.6
Check: whether package can be installed
Result: WARN
    Found the following significant warnings:
     ./rlang/cnd.h:9:17: warning: a function declaration without a prototype is deprecated in all versions of C [-Wstrict-prototypes]
     ./rlang/cnd.h:39:20: warning: a function declaration without a prototype is deprecated in all versions of C [-Wstrict-prototypes]
     ./rlang/session.h:6:18: warning: a function declaration without a prototype is deprecated in all versions of C [-Wstrict-prototypes]
     ./rlang/session.h:7:17: warning: a function declaration without a prototype is deprecated in all versions of C [-Wstrict-prototypes]
     ./rlang/stack.h:7:20: warning: a function declaration without a prototype is deprecated in all versions of C [-Wstrict-prototypes]
     ./rlang/stack.h:13:23: warning: a function declaration without a prototype is deprecated in all versions of C [-Wstrict-prototypes]
     ./internal/utils.h:5:32: warning: a function declaration without a prototype is deprecated in all versions of C [-Wstrict-prototypes]
     ./internal/nse-inject.h:47:56: warning: a function declaration without a prototype is deprecated in all versions of C [-Wstrict-prototypes]
     ./internal/cnd.c:144:30: warning: a function declaration without a prototype is deprecated in all versions of C [-Wstrict-prototypes]
     ./internal/dots.c:105:24: warning: a function declaration without a prototype is deprecated in all versions of C [-Wstrict-prototypes]
     ./internal/dots.c:138:18: warning: a function declaration without a prototype is deprecated in all versions of C [-Wstrict-prototypes]
     ./internal/dots.c:212:27: warning: a function declaration without a prototype is deprecated in all versions of C [-Wstrict-prototypes]
     ./internal/eval-tidy.c:256:34: warning: a function declaration without a prototype is deprecated in all versions of C [-Wstrict-prototypes]
     ./internal/eval-tidy.c:552:26: warning: a function declaration without a prototype is deprecated in all versions of C [-Wstrict-prototypes]
     ./internal/exported.c:12:27: warning: a function declaration without a prototype is deprecated in all versions of C [-Wstrict-prototypes]
     ./internal/exported.c:40:21: warning: a function declaration without a prototype is deprecated in all versions of C [-Wstrict-prototypes]
     ./internal/exported.c:493:27: warning: a function declaration without a prototype is deprecated in all versions of C [-Wstrict-prototypes]
     ./internal/exported.c:696:23: warning: a function declaration without a prototype is deprecated in all versions of C [-Wstrict-prototypes]
     ./internal/exported.c:806:25: warning: a function declaration without a prototype is deprecated in all versions of C [-Wstrict-prototypes]
     ./internal/exported.c:808:38: warning: a function declaration without a prototype is deprecated in all versions of C [-Wstrict-prototypes]
     ./internal/nse-inject.c:94:32: warning: a function declaration without a prototype is deprecated in all versions of C [-Wstrict-prototypes]
     ./internal/nse-inject.c:101:33: warning: a function declaration without a prototype is deprecated in all versions of C [-Wstrict-prototypes]
     ./internal/nse-inject.c:109:38: warning: a function declaration without a prototype is deprecated in all versions of C [-Wstrict-prototypes]
     ./internal/nse-inject.c:124:39: warning: a function declaration without a prototype is deprecated in all versions of C [-Wstrict-prototypes]
     ./internal/nse-inject.c:434:28: warning: a function declaration without a prototype is deprecated in all versions of C [-Wstrict-prototypes]
     ./internal/fn.c:36:19: warning: a function declaration without a prototype is deprecated in all versions of C [-Wstrict-prototypes]
     ./internal/hash.c:93:31: warning: a function declaration without a prototype is deprecated in all versions of C [-Wstrict-prototypes]
     ./internal/hash.c:164:17: warning: a function declaration without a prototype is deprecated in all versions of C [-Wstrict-prototypes]
     ./internal/hash.c:348:23: warning: a function declaration without a prototype is deprecated in all versions of C [-Wstrict-prototypes]
     ./internal/decl/names-decl.h:19:21: warning: a function declaration without a prototype is deprecated in all versions of C [-Wstrict-prototypes]
     ./internal/names.c:226:21: warning: a function declaration without a prototype is deprecated in all versions of C [-Wstrict-prototypes]
     ./internal/tests.c:8:17: warning: a function declaration without a prototype is deprecated in all versions of C [-Wstrict-prototypes]
     ./internal/tests.c:11:28: warning: a function declaration without a prototype is deprecated in all versions of C [-Wstrict-prototypes]
     ./internal/tests.c:14:30: warning: a function declaration without a prototype is deprecated in all versions of C [-Wstrict-prototypes]
     ./internal/tests.c:37:19: warning: a function declaration without a prototype is deprecated in all versions of C [-Wstrict-prototypes]
     ./internal/tests.c:68:12: warning: a function declaration without a prototype is deprecated in all versions of C [-Wstrict-prototypes]
     ./internal/tests.c:68:26: warning: a function declaration without a prototype is deprecated in all versions of C [-Wstrict-prototypes]
     ./internal/tests.c:186:22: warning: a function declaration without a prototype is deprecated in all versions of C [-Wstrict-prototypes]
     ./internal/utils.c:4:32: warning: a function declaration without a prototype is deprecated in all versions of C [-Wstrict-prototypes]
     ./internal/utils.c:259:23: warning: a function declaration without a prototype is deprecated in all versions of C [-Wstrict-prototypes]
     ./internal/utils.c:267:35: warning: a function declaration without a prototype is deprecated in all versions of C [-Wstrict-prototypes]
     ./internal/utils.c:276:19: warning: a function declaration without a prototype is deprecated in all versions of C [-Wstrict-prototypes]
     ./internal/utils.c:281:22: warning: a function declaration without a prototype is deprecated in all versions of C [-Wstrict-prototypes]
     ./internal/init.c:7:29: warning: a function declaration without a prototype is deprecated in all versions of C [-Wstrict-prototypes]
     ./internal/init.c:10:35: warning: a function declaration without a prototype is deprecated in all versions of C [-Wstrict-prototypes]
     ./internal/init.c:325:22: warning: a function declaration without a prototype is deprecated in all versions of C [-Wstrict-prototypes]
     ./rlang/arg.c:8:24: warning: a function declaration without a prototype is deprecated in all versions of C [-Wstrict-prototypes]
     ./rlang/call.c:65:25: warning: a function declaration without a prototype is deprecated in all versions of C [-Wstrict-prototypes]
     ./rlang/cnd.c:96:17: warning: a function declaration without a prototype is deprecated in all versions of C [-Wstrict-prototypes]
     ./rlang/cnd.c:137:24: warning: a function declaration without a prototype is deprecated in all versions of C [-Wstrict-prototypes]
     ./rlang/dyn-array.c:122:30: warning: a function declaration without a prototype is deprecated in all versions of C [-Wstrict-prototypes]
     ./rlang/env.c:285:25: warning: a function declaration without a prototype is deprecated in all versions of C [-Wstrict-prototypes]
     ./rlang/env.c:289:24: warning: a function declaration without a prototype is deprecated in all versions of C [-Wstrict-prototypes]
     ./rlang/eval.c:171:25: warning: a function declaration without a prototype is deprecated in all versions of C [-Wstrict-prototypes]
     ./rlang/fn.c:28:23: warning: a function declaration without a prototype is deprecated in all versions of C [-Wstrict-prototypes]
     ./rlang/globals.c:58:33: warning: a function declaration without a prototype is deprecated in all versions of C [-Wstrict-prototypes]
     ./rlang/obj.c:99:36: warning: a function declaration without a prototype is deprecated in all versions of C [-Wstrict-prototypes]
     ./rlang/quo.c:8:24: warning: a function declaration without a prototype is deprecated in all versions of C [-Wstrict-prototypes]
     ./rlang/session.c:19:18: warning: a function declaration without a prototype is deprecated in all versions of C [-Wstrict-prototypes]
     ./rlang/session.c:28:28: warning: a function declaration without a prototype is deprecated in all versions of C [-Wstrict-prototypes]
     ./rlang/session.c:73:17: warning: a function declaration without a prototype is deprecated in all versions of C [-Wstrict-prototypes]
     ./rlang/stack.c:19:20: warning: a function declaration without a prototype is deprecated in all versions of C [-Wstrict-prototypes]
     ./rlang/stack.c:77:26: warning: a function declaration without a prototype is deprecated in all versions of C [-Wstrict-prototypes]
     ./rlang/sym.c:56:24: warning: a function declaration without a prototype is deprecated in all versions of C [-Wstrict-prototypes]
     ./rlang/vendor.c:5:27: warning: a function declaration without a prototype is deprecated in all versions of C [-Wstrict-prototypes]
     version.c:25:26: warning: a function declaration without a prototype is deprecated in all versions of C [-Wstrict-prototypes]
Flavor: r-devel-linux-x86_64-fedora-clang

Version: 1.0.6
Check: whether package can be installed
Result: WARN
    Found the following significant warnings:
     ./rlang/cnd.h:9:1: warning: function declaration isn’t a prototype [-Wstrict-prototypes]
     ./rlang/cnd.h:39:1: warning: function declaration isn’t a prototype [-Wstrict-prototypes]
     ./rlang/session.h:6:1: warning: function declaration isn’t a prototype [-Wstrict-prototypes]
     ./rlang/session.h:7:1: warning: function declaration isn’t a prototype [-Wstrict-prototypes]
     ./rlang/stack.h:7:1: warning: function declaration isn’t a prototype [-Wstrict-prototypes]
     ./rlang/stack.h:13:6: warning: function declaration isn’t a prototype [-Wstrict-prototypes]
     internal/utils.h:5:1: warning: function declaration isn’t a prototype [-Wstrict-prototypes]
     internal/nse-inject.h:47:37: warning: function declaration isn’t a prototype [-Wstrict-prototypes]
     internal/cnd.c:144:8: warning: function declaration isn’t a prototype [-Wstrict-prototypes]
     internal/dots.c:105:8: warning: function declaration isn’t a prototype [-Wstrict-prototypes]
     internal/dots.c:138:6: warning: function declaration isn’t a prototype [-Wstrict-prototypes]
     internal/dots.c:212:6: warning: function declaration isn’t a prototype [-Wstrict-prototypes]
     internal/eval-tidy.c:256:13: warning: function declaration isn’t a prototype [-Wstrict-prototypes]
     internal/eval-tidy.c:552:6: warning: function declaration isn’t a prototype [-Wstrict-prototypes]
     internal/exported.c:12:8: warning: function declaration isn’t a prototype [-Wstrict-prototypes]
     internal/exported.c:40:8: warning: function declaration isn’t a prototype [-Wstrict-prototypes]
     internal/exported.c:493:8: warning: function declaration isn’t a prototype [-Wstrict-prototypes]
     internal/exported.c:696:8: warning: function declaration isn’t a prototype [-Wstrict-prototypes]
     internal/exported.c:806:8: warning: function declaration isn’t a prototype [-Wstrict-prototypes]
     internal/exported.c:808:10: warning: function declaration isn’t a prototype [-Wstrict-prototypes]
     internal/nse-inject.c:94:6: warning: function declaration isn’t a prototype [-Wstrict-prototypes]
     internal/nse-inject.c:101:6: warning: function declaration isn’t a prototype [-Wstrict-prototypes]
     internal/nse-inject.c:109:6: warning: function declaration isn’t a prototype [-Wstrict-prototypes]
     internal/nse-inject.c:124:6: warning: function declaration isn’t a prototype [-Wstrict-prototypes]
     internal/nse-inject.c:434:6: warning: function declaration isn’t a prototype [-Wstrict-prototypes]
     internal/fn.c:36:6: warning: function declaration isn’t a prototype [-Wstrict-prototypes]
     internal/hash.c:93:1: warning: function declaration isn’t a prototype [-Wstrict-prototypes]
     internal/hash.c:164:5: warning: function declaration isn’t a prototype [-Wstrict-prototypes]
     internal/hash.c:348:8: warning: function declaration isn’t a prototype [-Wstrict-prototypes]
     internal/decl/names-decl.h:19:1: warning: function declaration isn’t a prototype [-Wstrict-prototypes]
     internal/names.c:226:6: warning: function declaration isn’t a prototype [-Wstrict-prototypes]
     internal/tests.c:8:3: warning: function declaration isn’t a prototype [-Wstrict-prototypes]
     internal/tests.c:11:6: warning: function declaration isn’t a prototype [-Wstrict-prototypes]
     internal/tests.c:14:6: warning: function declaration isn’t a prototype [-Wstrict-prototypes]
     internal/tests.c:37:8: warning: function declaration isn’t a prototype [-Wstrict-prototypes]
     internal/tests.c:68:3: warning: function declaration isn’t a prototype [-Wstrict-prototypes]
     internal/tests.c:186:6: warning: function declaration isn’t a prototype [-Wstrict-prototypes]
     internal/utils.c:4:8: warning: function declaration isn’t a prototype [-Wstrict-prototypes]
     internal/utils.c:259:8: warning: function declaration isn’t a prototype [-Wstrict-prototypes]
     internal/utils.c:267:8: warning: function declaration isn’t a prototype [-Wstrict-prototypes]
     internal/utils.c:276:8: warning: function declaration isn’t a prototype [-Wstrict-prototypes]
     internal/utils.c:281:6: warning: function declaration isn’t a prototype [-Wstrict-prototypes]
     internal/init.c:7:1: warning: function declaration isn’t a prototype [-Wstrict-prototypes]
     internal/init.c:10:1: warning: function declaration isn’t a prototype [-Wstrict-prototypes]
     internal/init.c:325:8: warning: function declaration isn’t a prototype [-Wstrict-prototypes]
     rlang/arg.c:8:6: warning: function declaration isn’t a prototype [-Wstrict-prototypes]
     rlang/call.c:65:6: warning: function declaration isn’t a prototype [-Wstrict-prototypes]
     rlang/cnd.c:96:6: warning: function declaration isn’t a prototype [-Wstrict-prototypes]
     rlang/cnd.c:137:6: warning: function declaration isn’t a prototype [-Wstrict-prototypes]
     rlang/dyn-array.c:122:6: warning: function declaration isn’t a prototype [-Wstrict-prototypes]
     rlang/env.c:285:6: warning: function declaration isn’t a prototype [-Wstrict-prototypes]
     rlang/env.c:289:6: warning: function declaration isn’t a prototype [-Wstrict-prototypes]
     rlang/eval.c:171:6: warning: function declaration isn’t a prototype [-Wstrict-prototypes]
     rlang/fn.c:28:6: warning: function declaration isn’t a prototype [-Wstrict-prototypes]
     rlang/globals.c:58:6: warning: function declaration isn’t a prototype [-Wstrict-prototypes]
     rlang/obj.c:99:16: warning: function declaration isn’t a prototype [-Wstrict-prototypes]
     rlang/quo.c:8:6: warning: function declaration isn’t a prototype [-Wstrict-prototypes]
     rlang/session.c:19:6: warning: function declaration isn’t a prototype [-Wstrict-prototypes]
     rlang/session.c:28:6: warning: function declaration isn’t a prototype [-Wstrict-prototypes]
     rlang/session.c:73:8: warning: function declaration isn’t a prototype [-Wstrict-prototypes]
     rlang/stack.c:19:8: warning: function declaration isn’t a prototype [-Wstrict-prototypes]
     rlang/stack.c:77:6: warning: function declaration isn’t a prototype [-Wstrict-prototypes]
     rlang/sym.c:56:6: warning: function declaration isn’t a prototype [-Wstrict-prototypes]
     rlang/vendor.c:5:6: warning: function declaration isn’t a prototype [-Wstrict-prototypes]
     version.c:25:6: warning: function declaration isn’t a prototype [-Wstrict-prototypes]
Flavor: r-devel-linux-x86_64-fedora-gcc

Version: 1.0.6
Check: for unstated dependencies in ‘tests’
Result: WARN
    Warning: unable to access index for repository https://bioconductor.org/packages/3.14/bioc/src/contrib:
     cannot open URL 'https://bioconductor.org/packages/3.14/bioc/src/contrib/PACKAGES'
    Warning: unable to access index for repository https://bioconductor.org/packages/3.14/data/annotation/src/contrib:
     cannot open URL 'https://bioconductor.org/packages/3.14/data/annotation/src/contrib/PACKAGES'
    Warning: unable to access index for repository https://bioconductor.org/packages/3.14/data/experiment/src/contrib:
     cannot open URL 'https://bioconductor.org/packages/3.14/data/experiment/src/contrib/PACKAGES'
Flavor: r-oldrel-windows-ix86+x86_64