CRAN Package Check Results for Package rlecuyer

Last updated on 2014-12-23 01:49:11.

Flavor Version Tinstall Tcheck Ttotal Status Flags
r-devel-linux-x86_64-debian-clang 0.3-3 1.14 9.86 10.99 NOTE
r-devel-linux-x86_64-debian-gcc 0.3-3 1.30 9.93 11.23 NOTE
r-devel-linux-x86_64-fedora-clang 0.3-3 21.31 NOTE
r-devel-linux-x86_64-fedora-gcc 0.3-3 19.87 OK
r-devel-osx-x86_64-clang 0.3-3 23.97 NOTE
r-devel-windows-ix86+x86_64 0.3-3 14.00 21.00 35.00 OK
r-patched-linux-x86_64 0.3-3 1.26 9.73 10.99 NOTE
r-patched-solaris-sparc 0.3-3 117.60 OK
r-patched-solaris-x86 0.3-3 31.40 OK
r-release-linux-ix86 0.3-3 1.68 14.98 16.66 NOTE
r-release-linux-x86_64 0.3-3 1.28 9.75 11.03 NOTE
r-release-osx-x86_64-mavericks 0.3-3 OK
r-release-windows-ix86+x86_64 0.3-3 7.00 27.00 34.00 OK
r-oldrel-windows-ix86+x86_64 0.3-3 7.00 28.00 35.00 OK

Check Details

Version: 0.3-3
Check: R code for possible problems
Result: NOTE
    Found the following assignments to the global environment:
    File ‘rlecuyer/R/rlecuyer.R’:
     assign(".lec.Random.seed.table", list(Cg = matrix(0, nrow = 0,
     ncol = 6), Bg = matrix(0, nrow = 0, ncol = 6), Ig = matrix(0,
     nrow = 0, ncol = 6), AIP = matrix(0, nrow = 0, ncol = 2),
     name = c()), envir = .GlobalEnv)
     assign(".lec.Random.seed.table", list(Cg = matrix(0, nrow = 0,
     ncol = 6), Bg = matrix(0, nrow = 0, ncol = 6), Ig = matrix(0,
     nrow = 0, ncol = 6), AIP = matrix(0, nrow = 0, ncol = 2),
     name = c()), envir = .GlobalEnv)
Flavors: r-devel-linux-x86_64-debian-clang, r-devel-linux-x86_64-debian-gcc, r-devel-linux-x86_64-fedora-clang, r-devel-osx-x86_64-clang, r-patched-linux-x86_64, r-release-linux-ix86, r-release-linux-x86_64