CRAN Package Check Results for Package rlecuyer

Last updated on 2018-02-25 09:50:35 CET.

Flavor Version Tinstall Tcheck Ttotal Status Flags
r-devel-linux-x86_64-debian-clang 0.3-4 2.20 16.45 18.65 NOTE
r-devel-linux-x86_64-debian-gcc 0.3-4 1.48 13.09 14.57 NOTE
r-devel-linux-x86_64-fedora-clang 0.3-4 21.81 NOTE
r-devel-linux-x86_64-fedora-gcc 0.3-4 20.99 NOTE
r-devel-windows-ix86+x86_64 0.3-4 12.00 29.00 41.00 OK
r-patched-linux-x86_64 0.3-4 1.55 15.62 17.17 NOTE
r-patched-solaris-x86 0.3-4 27.80 OK
r-release-linux-x86_64 0.3-4 1.68 15.51 17.19 NOTE
r-release-windows-ix86+x86_64 0.3-4 8.00 28.00 36.00 OK
r-release-osx-x86_64 0.3-4 OK
r-oldrel-windows-ix86+x86_64 0.3-4 18.00 24.00 42.00 OK
r-oldrel-osx-x86_64 0.3-4 OK

Check Details

Version: 0.3-4
Check: compiled code
Result: NOTE
    File ‘rlecuyer/libs/rlecuyer.so’:
     Found no calls to: ‘R_registerRoutines’, ‘R_useDynamicSymbols’
    
    It is good practice to register native routines and to disable symbol
    search.
    
    See ‘Writing portable packages’ in the ‘Writing R Extensions’ manual.
Flavors: r-devel-linux-x86_64-debian-clang, r-devel-linux-x86_64-debian-gcc, r-devel-linux-x86_64-fedora-clang, r-devel-linux-x86_64-fedora-gcc, r-patched-linux-x86_64, r-release-linux-x86_64