CRAN Package Check Results for Package rlecuyer

Last updated on 2014-07-25 19:50:19.

Flavor Version Tinstall Tcheck Ttotal Status Flags
r-devel-linux-x86_64-debian-clang 0.3-3 1.02 9.12 10.14 NOTE
r-devel-linux-x86_64-debian-gcc 0.3-3 1.15 8.90 10.05 NOTE
r-devel-linux-x86_64-fedora-clang 0.3-3 20.15 NOTE
r-devel-linux-x86_64-fedora-gcc 0.3-3 17.84 OK
r-devel-osx-x86_64-clang 0.3-3 21.66 NOTE
r-devel-windows-ix86+x86_64 0.3-3 7.00 19.00 26.00 OK
r-patched-linux-x86_64 0.3-3 1.15 8.88 10.03 NOTE
r-patched-solaris-sparc 0.3-3 113.80 OK
r-patched-solaris-x86 0.3-3 30.30 OK
r-release-linux-ix86 0.3-3 1.70 14.92 16.62 NOTE
r-release-linux-x86_64 0.3-3 1.18 9.59 10.77 NOTE
r-release-osx-x86_64-mavericks 0.3-3 OK
r-release-windows-ix86+x86_64 0.3-3 10.00 25.00 35.00 OK
r-oldrel-windows-ix86+x86_64 0.3-3 7.00 28.00 35.00 OK

Check Details

Version: 0.3-3
Check: R code for possible problems
Result: NOTE
    Found the following assignments to the global environment:
    File ‘rlecuyer/R/rlecuyer.R’:
     assign(".lec.Random.seed.table", list(Cg = matrix(0, nrow = 0,
     ncol = 6), Bg = matrix(0, nrow = 0, ncol = 6), Ig = matrix(0,
     nrow = 0, ncol = 6), AIP = matrix(0, nrow = 0, ncol = 2),
     name = c()), envir = .GlobalEnv)
     assign(".lec.Random.seed.table", list(Cg = matrix(0, nrow = 0,
     ncol = 6), Bg = matrix(0, nrow = 0, ncol = 6), Ig = matrix(0,
     nrow = 0, ncol = 6), AIP = matrix(0, nrow = 0, ncol = 2),
     name = c()), envir = .GlobalEnv)
Flavors: r-devel-linux-x86_64-debian-clang, r-devel-linux-x86_64-debian-gcc, r-devel-linux-x86_64-fedora-clang, r-devel-osx-x86_64-clang, r-patched-linux-x86_64, r-release-linux-ix86, r-release-linux-x86_64