CRAN Package Check Results for Package rlecuyer

Last updated on 2014-04-18 05:48:11.

Flavor Version Tinstall Tcheck Ttotal Status Flags
r-devel-linux-x86_64-debian-clang 0.3-3 1.06 9.34 10.40 NOTE
r-devel-linux-x86_64-debian-gcc NOTE
r-devel-linux-x86_64-fedora-clang 0.3-3 20.30 NOTE
r-devel-linux-x86_64-fedora-gcc 0.3-3 18.29 OK
r-devel-macosx-x86_64-clang 0.3-3 23.20 NOTE
r-devel-macosx-x86_64-gcc 0.3-3 OK
r-devel-windows-ix86+x86_64 0.3-3 8.00 18.00 26.00 OK
r-patched-linux-x86_64 0.3-3 1.23 9.40 10.63 NOTE
r-patched-solaris-sparc 0.3-3 113.80 OK
r-patched-solaris-x86 0.3-3 29.80 OK
r-release-linux-ix86 0.3-3 3.00 22.00 25.00 NOTE
r-release-linux-x86_64 0.3-3 1.27 9.46 10.73 NOTE
r-release-windows-ix86+x86_64 0.3-3 13.00 25.00 38.00 OK
r-oldrel-windows-ix86+x86_64 0.3-3 7.00 28.00 35.00 OK

Check Details

Version: 0.3-3
Check: R code for possible problems
Result: NOTE
    Found the following assignments to the global environment:
    File ‘rlecuyer/R/rlecuyer.R’:
     assign(".lec.Random.seed.table", list(Cg = matrix(0, nrow = 0,
     ncol = 6), Bg = matrix(0, nrow = 0, ncol = 6), Ig = matrix(0,
     nrow = 0, ncol = 6), AIP = matrix(0, nrow = 0, ncol = 2),
     name = c()), envir = .GlobalEnv)
     assign(".lec.Random.seed.table", list(Cg = matrix(0, nrow = 0,
     ncol = 6), Bg = matrix(0, nrow = 0, ncol = 6), Ig = matrix(0,
     nrow = 0, ncol = 6), AIP = matrix(0, nrow = 0, ncol = 2),
     name = c()), envir = .GlobalEnv)
Flavors: r-devel-linux-x86_64-debian-clang, r-devel-linux-x86_64-debian-gcc, r-devel-linux-x86_64-fedora-clang, r-devel-macosx-x86_64-clang, r-patched-linux-x86_64, r-release-linux-ix86, r-release-linux-x86_64