CRAN Package Check Results for Package rlecuyer

Last updated on 2017-12-13 15:48:39 CET.

Flavor Version Tinstall Tcheck Ttotal Status Flags
r-devel-linux-x86_64-debian-clang 0.3-4 1.38 14.70 16.08 NOTE
r-devel-linux-x86_64-debian-gcc 0.3-4 1.32 12.27 13.59 NOTE
r-devel-linux-x86_64-fedora-clang 0.3-4 19.21 NOTE
r-devel-linux-x86_64-fedora-gcc 0.3-4 20.07 NOTE
r-devel-windows-ix86+x86_64 0.3-4 14.00 26.00 40.00 OK
r-patched-linux-x86_64 0.3-4 1.73 15.00 16.73 NOTE
r-patched-solaris-x86 0.3-4 28.20 OK
r-release-linux-x86_64 0.3-4 1.80 14.97 16.77 NOTE
r-release-windows-ix86+x86_64 0.3-4 8.00 28.00 36.00 OK
r-release-osx-x86_64 0.3-4 OK
r-oldrel-windows-ix86+x86_64 0.3-4 18.00 24.00 42.00 OK
r-oldrel-osx-x86_64 0.3-4 OK

Check Details

Version: 0.3-4
Check: compiled code
Result: NOTE
    File ‘rlecuyer/libs/rlecuyer.so’:
     Found no calls to: ‘R_registerRoutines’, ‘R_useDynamicSymbols’
    
    It is good practice to register native routines and to disable symbol
    search.
    
    See ‘Writing portable packages’ in the ‘Writing R Extensions’ manual.
Flavors: r-devel-linux-x86_64-debian-clang, r-devel-linux-x86_64-debian-gcc, r-devel-linux-x86_64-fedora-clang, r-devel-linux-x86_64-fedora-gcc, r-patched-linux-x86_64, r-release-linux-x86_64