CRAN Package Check Results for Package rlecuyer

Last updated on 2014-10-25 01:49:50.

Flavor Version Tinstall Tcheck Ttotal Status Flags
r-devel-linux-x86_64-debian-clang 0.3-3 3.15 10.30 13.45 NOTE
r-devel-linux-x86_64-debian-gcc 0.3-3 1.24 9.54 10.78 NOTE
r-devel-linux-x86_64-fedora-clang 0.3-3 21.00 NOTE
r-devel-linux-x86_64-fedora-gcc 0.3-3 18.92 OK
r-devel-osx-x86_64-clang 0.3-3 23.63 NOTE
r-devel-windows-ix86+x86_64 0.3-3 8.00 21.00 29.00 OK
r-patched-linux-x86_64 0.3-3 1.26 10.09 11.34 NOTE
r-patched-solaris-sparc 0.3-3 120.70 OK
r-patched-solaris-x86 0.3-3 31.20 OK
r-release-linux-ix86 0.3-3 1.77 15.34 17.11 NOTE
r-release-linux-x86_64 0.3-3 1.22 9.40 10.62 NOTE
r-release-osx-x86_64-mavericks 0.3-3 OK
r-release-windows-ix86+x86_64 0.3-3 10.00 25.00 35.00 OK
r-oldrel-windows-ix86+x86_64 0.3-3 7.00 28.00 35.00 OK

Check Details

Version: 0.3-3
Check: R code for possible problems
Result: NOTE
    Found the following assignments to the global environment:
    File ‘rlecuyer/R/rlecuyer.R’:
     assign(".lec.Random.seed.table", list(Cg = matrix(0, nrow = 0,
     ncol = 6), Bg = matrix(0, nrow = 0, ncol = 6), Ig = matrix(0,
     nrow = 0, ncol = 6), AIP = matrix(0, nrow = 0, ncol = 2),
     name = c()), envir = .GlobalEnv)
     assign(".lec.Random.seed.table", list(Cg = matrix(0, nrow = 0,
     ncol = 6), Bg = matrix(0, nrow = 0, ncol = 6), Ig = matrix(0,
     nrow = 0, ncol = 6), AIP = matrix(0, nrow = 0, ncol = 2),
     name = c()), envir = .GlobalEnv)
Flavors: r-devel-linux-x86_64-debian-clang, r-devel-linux-x86_64-debian-gcc, r-devel-linux-x86_64-fedora-clang, r-devel-osx-x86_64-clang, r-patched-linux-x86_64, r-release-linux-ix86, r-release-linux-x86_64