CRAN Package Check Results for Package rlecuyer

Last updated on 2015-01-29 22:48:50.

Flavor Version Tinstall Tcheck Ttotal Status Flags
r-devel-linux-x86_64-debian-clang 0.3-3 1.15 9.64 10.78 NOTE
r-devel-linux-x86_64-debian-gcc 0.3-3 1.20 8.82 10.02 NOTE
r-devel-linux-x86_64-fedora-clang 0.3-3 21.61 NOTE
r-devel-linux-x86_64-fedora-gcc 0.3-3 20.18 OK
r-devel-osx-x86_64-clang 0.3-3 24.45 NOTE
r-devel-windows-ix86+x86_64 0.3-3 9.00 21.00 30.00 OK
r-patched-linux-x86_64 0.3-3 1.84 9.80 11.64 NOTE
r-patched-solaris-sparc 0.3-3 117.80 OK
r-patched-solaris-x86 0.3-3 32.30 OK
r-release-linux-ix86 0.3-3 1.71 15.11 16.82 NOTE
r-release-linux-x86_64 0.3-3 1.24 9.68 10.92 NOTE
r-release-osx-x86_64-mavericks 0.3-3 OK
r-release-windows-ix86+x86_64 0.3-3 7.00 27.00 34.00 OK
r-oldrel-windows-ix86+x86_64 0.3-3 7.00 28.00 35.00 OK

Check Details

Version: 0.3-3
Check: R code for possible problems
Result: NOTE
    Found the following assignments to the global environment:
    File ‘rlecuyer/R/rlecuyer.R’:
     assign(".lec.Random.seed.table", list(Cg = matrix(0, nrow = 0,
     ncol = 6), Bg = matrix(0, nrow = 0, ncol = 6), Ig = matrix(0,
     nrow = 0, ncol = 6), AIP = matrix(0, nrow = 0, ncol = 2),
     name = c()), envir = .GlobalEnv)
     assign(".lec.Random.seed.table", list(Cg = matrix(0, nrow = 0,
     ncol = 6), Bg = matrix(0, nrow = 0, ncol = 6), Ig = matrix(0,
     nrow = 0, ncol = 6), AIP = matrix(0, nrow = 0, ncol = 2),
     name = c()), envir = .GlobalEnv)
Flavors: r-devel-linux-x86_64-debian-clang, r-devel-linux-x86_64-debian-gcc, r-devel-linux-x86_64-fedora-clang, r-devel-osx-x86_64-clang, r-patched-linux-x86_64, r-release-linux-ix86, r-release-linux-x86_64