CRAN Package Check Results for Package rlecuyer

Last updated on 2017-02-25 08:49:41.

Flavor Version Tinstall Tcheck Ttotal Status Flags
r-devel-linux-x86_64-debian-clang 0.3-4 1.30 10.91 12.20 NOTE
r-devel-linux-x86_64-debian-gcc 0.3-4 1.36 10.83 12.19 NOTE
r-devel-linux-x86_64-fedora-clang 0.3-4 20.79 NOTE --no-stop-on-test-error
r-devel-linux-x86_64-fedora-gcc 0.3-4 18.57 NOTE --no-stop-on-test-error
r-devel-macos-x86_64-clang 0.3-4 18.23 NOTE --no-stop-on-test-error
r-devel-windows-ix86+x86_64 0.3-4 10.00 34.00 44.00 OK
r-patched-linux-x86_64 0.3-4 1.20 9.26 10.46 OK
r-patched-solaris-sparc 0.3-4 107.20 OK
r-patched-solaris-x86 0.3-4 24.10 OK
r-release-linux-x86_64 0.3-4 1.22 9.13 10.34 OK
r-release-osx-x86_64-mavericks 0.3-4 OK
r-release-windows-ix86+x86_64 0.3-4 18.00 24.00 42.00 OK
r-oldrel-windows-ix86+x86_64 0.3-4 24.00 26.00 50.00 OK

Check Details

Version: 0.3-4
Check: compiled code
Result: NOTE
    File ‘rlecuyer/libs/rlecuyer.so’:
     Found no calls to: ‘R_registerRoutines’, ‘R_useDynamicSymbols’
    
    It is good practice to register native routines and to disable symbol
    search.
    
    See ‘Writing portable packages’ in the ‘Writing R Extensions’ manual.
Flavors: r-devel-linux-x86_64-debian-clang, r-devel-linux-x86_64-debian-gcc

Version: 0.3-4
Flags: --no-stop-on-test-error
Check: compiled code
Result: NOTE
    File ‘rlecuyer/libs/rlecuyer.so’:
     Found no calls to: ‘R_registerRoutines’, ‘R_useDynamicSymbols’
    
    It is good practice to register native routines and to disable symbol
    search.
    
    See ‘Writing portable packages’ in the ‘Writing R Extensions’ manual.
Flavors: r-devel-linux-x86_64-fedora-clang, r-devel-linux-x86_64-fedora-gcc, r-devel-macos-x86_64-clang