CRAN Package Check Results for Package rlecuyer

Last updated on 2017-04-27 11:53:56.

Flavor Version Tinstall Tcheck Ttotal Status Flags
r-devel-linux-x86_64-debian-clang 0.3-4 1.38 10.83 12.22 NOTE
r-devel-linux-x86_64-debian-gcc 0.3-4 1.29 10.60 11.89 NOTE
r-devel-linux-x86_64-fedora-clang 0.3-4 20.84 NOTE --no-stop-on-test-error
r-devel-linux-x86_64-fedora-gcc 0.3-4 18.64 NOTE --no-stop-on-test-error
r-devel-windows-ix86+x86_64 0.3-4 13.00 32.00 45.00 OK
r-patched-linux-x86_64 0.3-4 1.29 10.94 12.23 NOTE
r-patched-solaris-sparc 0.3-4 119.10 OK
r-patched-solaris-x86 0.3-4 27.30 OK
r-release-linux-x86_64 0.3-4 1.29 10.86 12.15 NOTE
r-release-windows-ix86+x86_64 0.3-4 9.00 28.00 37.00 OK
r-release-osx-x86_64 0.3-4 OK
r-oldrel-windows-ix86+x86_64 0.3-4 18.00 24.00 42.00 OK
r-oldrel-osx-x86_64 0.3-4 OK

Check Details

Version: 0.3-4
Check: compiled code
Result: NOTE
    File ‘rlecuyer/libs/rlecuyer.so’:
     Found no calls to: ‘R_registerRoutines’, ‘R_useDynamicSymbols’
    
    It is good practice to register native routines and to disable symbol
    search.
    
    See ‘Writing portable packages’ in the ‘Writing R Extensions’ manual.
Flavors: r-devel-linux-x86_64-debian-clang, r-devel-linux-x86_64-debian-gcc, r-patched-linux-x86_64, r-release-linux-x86_64

Version: 0.3-4
Flags: --no-stop-on-test-error
Check: compiled code
Result: NOTE
    File ‘rlecuyer/libs/rlecuyer.so’:
     Found no calls to: ‘R_registerRoutines’, ‘R_useDynamicSymbols’
    
    It is good practice to register native routines and to disable symbol
    search.
    
    See ‘Writing portable packages’ in the ‘Writing R Extensions’ manual.
Flavors: r-devel-linux-x86_64-fedora-clang, r-devel-linux-x86_64-fedora-gcc