CRAN Package Check Results for Package rlecuyer

Last updated on 2017-06-22 13:47:12.

Flavor Version Tinstall Tcheck Ttotal Status Flags
r-devel-linux-x86_64-debian-clang 0.3-4 1.44 11.33 12.77 NOTE
r-devel-linux-x86_64-debian-gcc 0.3-4 1.62 11.43 13.05 NOTE
r-devel-linux-x86_64-fedora-clang 0.3-4 19.96 NOTE
r-devel-linux-x86_64-fedora-gcc 0.3-4 18.78 NOTE
r-devel-windows-ix86+x86_64 0.3-4 8.00 36.00 44.00 OK
r-patched-linux-x86_64 0.3-4 1.24 10.74 11.98 NOTE
r-patched-solaris-sparc 0.3-4 119.10 OK
r-patched-solaris-x86 0.3-4 27.30 OK
r-release-linux-x86_64 0.3-4 1.28 10.87 12.15 NOTE
r-release-windows-ix86+x86_64 0.3-4 9.00 28.00 37.00 OK
r-release-osx-x86_64 0.3-4 OK
r-oldrel-windows-ix86+x86_64 0.3-4 18.00 24.00 42.00 OK
r-oldrel-osx-x86_64 0.3-4 OK

Check Details

Version: 0.3-4
Check: compiled code
Result: NOTE
    File ‘rlecuyer/libs/rlecuyer.so’:
     Found no calls to: ‘R_registerRoutines’, ‘R_useDynamicSymbols’
    
    It is good practice to register native routines and to disable symbol
    search.
    
    See ‘Writing portable packages’ in the ‘Writing R Extensions’ manual.
Flavors: r-devel-linux-x86_64-debian-clang, r-devel-linux-x86_64-debian-gcc, r-devel-linux-x86_64-fedora-clang, r-devel-linux-x86_64-fedora-gcc, r-patched-linux-x86_64, r-release-linux-x86_64