CRAN Package Check Results for Package rlecuyer

Last updated on 2014-08-30 23:48:33.

Flavor Version Tinstall Tcheck Ttotal Status Flags
r-devel-linux-x86_64-debian-clang 0.3-3 1.01 9.00 10.01 NOTE
r-devel-linux-x86_64-debian-gcc 0.3-3 1.12 9.13 10.25 NOTE
r-devel-linux-x86_64-fedora-clang 0.3-3 19.11 NOTE
r-devel-linux-x86_64-fedora-gcc 0.3-3 18.38 OK
r-devel-osx-x86_64-clang 0.3-3 22.05 NOTE
r-devel-windows-ix86+x86_64 0.3-3 8.00 20.00 28.00 OK
r-patched-linux-x86_64 0.3-3 1.16 9.24 10.40 NOTE
r-patched-solaris-sparc 0.3-3 114.10 OK
r-patched-solaris-x86 0.3-3 29.60 OK
r-release-linux-ix86 0.3-3 1.78 15.14 16.92 NOTE
r-release-linux-x86_64 0.3-3 1.17 9.21 10.38 NOTE
r-release-osx-x86_64-mavericks 0.3-3 OK
r-release-windows-ix86+x86_64 0.3-3 10.00 25.00 35.00 OK
r-oldrel-windows-ix86+x86_64 0.3-3 7.00 28.00 35.00 OK

Check Details

Version: 0.3-3
Check: R code for possible problems
Result: NOTE
    Found the following assignments to the global environment:
    File ‘rlecuyer/R/rlecuyer.R’:
     assign(".lec.Random.seed.table", list(Cg = matrix(0, nrow = 0,
     ncol = 6), Bg = matrix(0, nrow = 0, ncol = 6), Ig = matrix(0,
     nrow = 0, ncol = 6), AIP = matrix(0, nrow = 0, ncol = 2),
     name = c()), envir = .GlobalEnv)
     assign(".lec.Random.seed.table", list(Cg = matrix(0, nrow = 0,
     ncol = 6), Bg = matrix(0, nrow = 0, ncol = 6), Ig = matrix(0,
     nrow = 0, ncol = 6), AIP = matrix(0, nrow = 0, ncol = 2),
     name = c()), envir = .GlobalEnv)
Flavors: r-devel-linux-x86_64-debian-clang, r-devel-linux-x86_64-debian-gcc, r-devel-linux-x86_64-fedora-clang, r-devel-osx-x86_64-clang, r-patched-linux-x86_64, r-release-linux-ix86, r-release-linux-x86_64