CRAN Package Check Results for Package rlecuyer

Last updated on 2015-02-26 23:47:54.

Flavor Version Tinstall Tcheck Ttotal Status Flags
r-devel-linux-x86_64-debian-clang 0.3-3 1.10 9.10 10.20 NOTE
r-devel-linux-x86_64-debian-gcc 0.3-3 1.22 9.01 10.23 NOTE
r-devel-linux-x86_64-fedora-clang 0.3-3 19.23 NOTE
r-devel-linux-x86_64-fedora-gcc 0.3-3 17.26 OK
r-devel-osx-x86_64-clang 0.3-3 22.68 NOTE
r-devel-windows-ix86+x86_64 0.3-3 13.00 20.00 33.00 OK
r-patched-linux-x86_64 0.3-3 1.25 9.91 11.16 NOTE
r-patched-solaris-sparc 0.3-3 117.80 OK
r-patched-solaris-x86 0.3-3 31.40 OK
r-release-linux-ix86 0.3-3 2.17 15.78 17.94 NOTE
r-release-linux-x86_64 0.3-3 1.21 0.32 1.52 OK
r-release-osx-x86_64-mavericks 0.3-3 OK
r-release-windows-ix86+x86_64 0.3-3 7.00 27.00 34.00 OK
r-oldrel-windows-ix86+x86_64 0.3-3 7.00 28.00 35.00 OK

Check Details

Version: 0.3-3
Check: R code for possible problems
Result: NOTE
    Found the following assignments to the global environment:
    File ‘rlecuyer/R/rlecuyer.R’:
     assign(".lec.Random.seed.table", list(Cg = matrix(0, nrow = 0,
     ncol = 6), Bg = matrix(0, nrow = 0, ncol = 6), Ig = matrix(0,
     nrow = 0, ncol = 6), AIP = matrix(0, nrow = 0, ncol = 2),
     name = c()), envir = .GlobalEnv)
     assign(".lec.Random.seed.table", list(Cg = matrix(0, nrow = 0,
     ncol = 6), Bg = matrix(0, nrow = 0, ncol = 6), Ig = matrix(0,
     nrow = 0, ncol = 6), AIP = matrix(0, nrow = 0, ncol = 2),
     name = c()), envir = .GlobalEnv)
Flavors: r-devel-linux-x86_64-debian-clang, r-devel-linux-x86_64-debian-gcc, r-devel-linux-x86_64-fedora-clang, r-devel-osx-x86_64-clang, r-patched-linux-x86_64, r-release-linux-ix86