CRAN Package Check Results for Package rlecuyer

Last updated on 2015-07-07 06:46:49.

Flavor Version Tinstall Tcheck Ttotal Status Flags
r-devel-linux-x86_64-debian-clang 0.3-3 1.10 8.57 9.67 NOTE
r-devel-linux-x86_64-debian-gcc 0.3-3 1.16 8.34 9.50 NOTE
r-devel-linux-x86_64-fedora-clang 0.3-3 17.62 NOTE
r-devel-linux-x86_64-fedora-gcc 0.3-3 16.85 OK
r-devel-osx-x86_64-clang 0.3-3 17.72 NOTE
r-devel-windows-ix86+x86_64 0.3-3 11.00 20.00 31.00 OK
r-patched-linux-x86_64 0.3-3 1.26 9.07 10.34 NOTE
r-patched-solaris-sparc 0.3-3 127.60 OK
r-patched-solaris-x86 0.3-3 28.70 OK
r-release-linux-x86_64 0.3-3 1.22 8.90 10.12 NOTE
r-release-osx-x86_64-mavericks 0.3-3 OK
r-release-windows-ix86+x86_64 0.3-3 7.00 19.00 26.00 OK
r-oldrel-windows-ix86+x86_64 0.3-3 12.00 22.00 34.00 OK

Check Details

Version: 0.3-3
Check: R code for possible problems
Result: NOTE
    Found the following assignments to the global environment:
    File ‘rlecuyer/R/rlecuyer.R’:
     assign(".lec.Random.seed.table", list(Cg = matrix(0, nrow = 0,
     ncol = 6), Bg = matrix(0, nrow = 0, ncol = 6), Ig = matrix(0,
     nrow = 0, ncol = 6), AIP = matrix(0, nrow = 0, ncol = 2),
     name = c()), envir = .GlobalEnv)
     assign(".lec.Random.seed.table", list(Cg = matrix(0, nrow = 0,
     ncol = 6), Bg = matrix(0, nrow = 0, ncol = 6), Ig = matrix(0,
     nrow = 0, ncol = 6), AIP = matrix(0, nrow = 0, ncol = 2),
     name = c()), envir = .GlobalEnv)
Flavors: r-devel-linux-x86_64-debian-clang, r-devel-linux-x86_64-debian-gcc, r-devel-linux-x86_64-fedora-clang, r-devel-osx-x86_64-clang, r-patched-linux-x86_64, r-release-linux-x86_64