CRAN Package Check Results for Package rlecuyer

Last updated on 2015-08-03 03:47:56.

Flavor Version Tinstall Tcheck Ttotal Status Flags
r-devel-linux-x86_64-debian-clang 0.3-3 3.10 8.56 11.66 NOTE
r-devel-linux-x86_64-debian-gcc 0.3-3 1.15 8.33 9.48 NOTE
r-devel-linux-x86_64-fedora-clang 0.3-3 18.72 NOTE
r-devel-linux-x86_64-fedora-gcc 0.3-3 16.77 OK
r-devel-osx-x86_64-clang 0.3-3 19.18 NOTE
r-devel-windows-ix86+x86_64 0.3-3 12.00 20.00 32.00 OK
r-patched-linux-x86_64 0.3-3 1.28 8.82 10.10 NOTE
r-patched-solaris-sparc 0.3-3 121.40 OK
r-patched-solaris-x86 0.3-3 28.30 OK
r-release-linux-x86_64 0.3-3 1.27 8.84 10.11 NOTE
r-release-osx-x86_64-mavericks 0.3-3 OK
r-release-windows-ix86+x86_64 0.3-3 7.00 19.00 26.00 OK
r-oldrel-windows-ix86+x86_64 0.3-3 12.00 22.00 34.00 OK

Check Details

Version: 0.3-3
Check: R code for possible problems
Result: NOTE
    Found the following assignments to the global environment:
    File ‘rlecuyer/R/rlecuyer.R’:
     assign(".lec.Random.seed.table", list(Cg = matrix(0, nrow = 0,
     ncol = 6), Bg = matrix(0, nrow = 0, ncol = 6), Ig = matrix(0,
     nrow = 0, ncol = 6), AIP = matrix(0, nrow = 0, ncol = 2),
     name = c()), envir = .GlobalEnv)
     assign(".lec.Random.seed.table", list(Cg = matrix(0, nrow = 0,
     ncol = 6), Bg = matrix(0, nrow = 0, ncol = 6), Ig = matrix(0,
     nrow = 0, ncol = 6), AIP = matrix(0, nrow = 0, ncol = 2),
     name = c()), envir = .GlobalEnv)
Flavors: r-devel-linux-x86_64-debian-clang, r-devel-linux-x86_64-debian-gcc, r-devel-linux-x86_64-fedora-clang, r-devel-osx-x86_64-clang, r-patched-linux-x86_64, r-release-linux-x86_64