CRAN Package Check Results for Package rlecuyer

Last updated on 2017-08-18 04:47:06.

Flavor Version Tinstall Tcheck Ttotal Status Flags
r-devel-linux-x86_64-debian-clang 0.3-4 1.37 11.04 12.41 NOTE
r-devel-linux-x86_64-debian-gcc 0.3-4 1.34 10.96 12.29 NOTE
r-devel-linux-x86_64-fedora-clang 0.3-4 20.10 NOTE
r-devel-linux-x86_64-fedora-gcc 0.3-4 18.81 NOTE
r-devel-windows-ix86+x86_64 0.3-4 11.00 27.00 38.00 OK
r-patched-linux-x86_64 0.3-4 1.28 11.11 12.39 NOTE
r-patched-solaris-x86 0.3-4 28.00 OK
r-release-linux-x86_64 0.3-4 1.37 10.93 12.29 NOTE
r-release-windows-ix86+x86_64 0.3-4 8.00 28.00 36.00 OK
r-release-osx-x86_64 0.3-4 OK
r-oldrel-windows-ix86+x86_64 0.3-4 18.00 24.00 42.00 OK
r-oldrel-osx-x86_64 0.3-4 OK

Check Details

Version: 0.3-4
Check: compiled code
Result: NOTE
    File ‘rlecuyer/libs/rlecuyer.so’:
     Found no calls to: ‘R_registerRoutines’, ‘R_useDynamicSymbols’
    
    It is good practice to register native routines and to disable symbol
    search.
    
    See ‘Writing portable packages’ in the ‘Writing R Extensions’ manual.
Flavors: r-devel-linux-x86_64-debian-clang, r-devel-linux-x86_64-debian-gcc, r-devel-linux-x86_64-fedora-clang, r-devel-linux-x86_64-fedora-gcc, r-patched-linux-x86_64, r-release-linux-x86_64