CRAN Package Check Results for Package rlecuyer

Last updated on 2017-03-27 06:48:33.

Flavor Version Tinstall Tcheck Ttotal Status Flags
r-devel-linux-x86_64-debian-clang 0.3-4 1.33 10.73 12.06 NOTE
r-devel-linux-x86_64-debian-gcc 0.3-4 1.24 10.75 12.00 NOTE
r-devel-linux-x86_64-fedora-clang 0.3-4 19.59 NOTE --no-stop-on-test-error
r-devel-linux-x86_64-fedora-gcc 0.3-4 18.46 NOTE --no-stop-on-test-error
r-devel-macos-x86_64-clang 0.3-4 17.80 NOTE --no-stop-on-test-error
r-devel-windows-ix86+x86_64 0.3-4 9.00 28.00 37.00 OK
r-patched-linux-x86_64 0.3-4 1.28 10.93 12.20 NOTE
r-patched-solaris-sparc 0.3-4 119.10 OK
r-patched-solaris-x86 0.3-4 27.80 OK
r-release-linux-x86_64 0.3-4 1.20 9.11 10.31 OK
r-release-osx-x86_64-mavericks 0.3-4 OK
r-release-windows-ix86+x86_64 0.3-4 18.00 24.00 42.00 OK
r-oldrel-windows-ix86+x86_64 0.3-4 24.00 26.00 50.00 OK

Check Details

Version: 0.3-4
Check: compiled code
Result: NOTE
    File ‘rlecuyer/libs/rlecuyer.so’:
     Found no calls to: ‘R_registerRoutines’, ‘R_useDynamicSymbols’
    
    It is good practice to register native routines and to disable symbol
    search.
    
    See ‘Writing portable packages’ in the ‘Writing R Extensions’ manual.
Flavors: r-devel-linux-x86_64-debian-clang, r-devel-linux-x86_64-debian-gcc, r-patched-linux-x86_64

Version: 0.3-4
Flags: --no-stop-on-test-error
Check: compiled code
Result: NOTE
    File ‘rlecuyer/libs/rlecuyer.so’:
     Found no calls to: ‘R_registerRoutines’, ‘R_useDynamicSymbols’
    
    It is good practice to register native routines and to disable symbol
    search.
    
    See ‘Writing portable packages’ in the ‘Writing R Extensions’ manual.
Flavors: r-devel-linux-x86_64-fedora-clang, r-devel-linux-x86_64-fedora-gcc, r-devel-macos-x86_64-clang