Last updated on 2018-04-26 10:47:21 CEST.
Flavor | Version | Tinstall | Tcheck | Ttotal | Status | Flags |
---|---|---|---|---|---|---|
r-devel-linux-x86_64-debian-clang | 0.3-4 | 1.93 | 13.73 | 15.66 | NOTE | |
r-devel-linux-x86_64-debian-gcc | 0.3-4 | 1.63 | 13.20 | 14.83 | NOTE | |
r-devel-linux-x86_64-fedora-clang | 0.3-4 | 22.08 | NOTE | |||
r-devel-linux-x86_64-fedora-gcc | 0.3-4 | 20.58 | NOTE | |||
r-devel-windows-ix86+x86_64 | 0.3-4 | 13.00 | 30.00 | 43.00 | OK | |
r-patched-linux-x86_64 | 0.3-4 | 2.07 | 16.14 | 18.21 | NOTE | |
r-patched-solaris-x86 | 0.3-4 | 34.50 | OK | |||
r-release-linux-x86_64 | 0.3-4 | 2.18 | 16.18 | 18.36 | NOTE | |
r-release-windows-ix86+x86_64 | 0.3-4 | 13.00 | 30.00 | 43.00 | OK | |
r-release-osx-x86_64 | 0.3-4 | OK | ||||
r-oldrel-windows-ix86+x86_64 | 0.3-4 | 8.00 | 28.00 | 36.00 | OK | |
r-oldrel-osx-x86_64 | 0.3-4 | OK |
Version: 0.3-4
Check: compiled code
Result: NOTE
File ‘rlecuyer/libs/rlecuyer.so’:
Found no calls to: ‘R_registerRoutines’, ‘R_useDynamicSymbols’
It is good practice to register native routines and to disable symbol
search.
See ‘Writing portable packages’ in the ‘Writing R Extensions’ manual.
Flavors: r-devel-linux-x86_64-debian-clang, r-devel-linux-x86_64-debian-gcc, r-devel-linux-x86_64-fedora-clang, r-devel-linux-x86_64-fedora-gcc, r-patched-linux-x86_64, r-release-linux-x86_64