CRAN Package Check Results for Package rless

Last updated on 2022-01-28 00:49:06 CET.

Flavor Version Tinstall Tcheck Ttotal Status Flags
r-devel-linux-x86_64-debian-clang 0.1.1 1.66 35.36 37.02 NOTE
r-devel-linux-x86_64-debian-gcc 0.1.1 1.40 27.47 28.87 NOTE
r-devel-linux-x86_64-fedora-clang 0.1.1 45.80 NOTE
r-devel-linux-x86_64-fedora-gcc 0.1.1 35.01 NOTE
r-devel-windows-x86_64-new-UL 0.1.1 15.00 58.00 73.00 NOTE
r-devel-windows-x86_64-new-TK 0.1.1 NOTE
r-patched-linux-x86_64 0.1.1 1.73 33.76 35.49 NOTE
r-release-linux-x86_64 0.1.1 1.93 32.58 34.51 NOTE
r-release-macos-arm64 0.1.1 NOTE
r-release-macos-x86_64 0.1.1 NOTE
r-release-windows-ix86+x86_64 0.1.1 4.00 46.00 50.00 NOTE
r-oldrel-macos-x86_64 0.1.1 OK
r-oldrel-windows-ix86+x86_64 0.1.1 5.00 48.00 53.00 OK

Check Details

Version: 0.1.1
Check: LazyData
Result: NOTE
     'LazyData' is specified without a 'data' directory
Flavors: r-devel-linux-x86_64-debian-clang, r-devel-linux-x86_64-debian-gcc, r-devel-linux-x86_64-fedora-clang, r-devel-linux-x86_64-fedora-gcc, r-devel-windows-x86_64-new-UL, r-devel-windows-x86_64-new-TK, r-patched-linux-x86_64, r-release-linux-x86_64, r-release-macos-arm64, r-release-macos-x86_64, r-release-windows-ix86+x86_64