Last updated on 2023-12-10 17:49:23 CET.
Flavor | Version | Tinstall | Tcheck | Ttotal | Status | Flags |
---|---|---|---|---|---|---|
r-devel-linux-x86_64-debian-clang | 0.8-0.1 | 377.26 | 409.52 | 786.78 | NOTE | |
r-devel-linux-x86_64-debian-gcc | 0.8-0.1 | 262.72 | 295.82 | 558.54 | NOTE | |
r-devel-linux-x86_64-fedora-clang | 0.8-0.1 | 1125.72 | NOTE | |||
r-devel-linux-x86_64-fedora-gcc | 0.8-0.1 | 1186.46 | NOTE | |||
r-devel-windows-x86_64 | 0.8-0.1 | 333.00 | 363.00 | 696.00 | NOTE | |
r-patched-linux-x86_64 | 0.8-0.1 | 346.07 | 392.54 | 738.61 | NOTE | |
r-release-linux-x86_64 | 0.8-0.1 | 335.57 | 386.44 | 722.01 | NOTE | |
r-release-macos-arm64 | 0.8-0.1 | 113.00 | ERROR | |||
r-release-macos-x86_64 | 0.8-0.1 | 155.00 | ERROR | |||
r-release-windows-x86_64 | 0.8-0.1 | 412.00 | 460.00 | 872.00 | NOTE | |
r-oldrel-macos-arm64 | 0.8-0.1 | 96.00 | ERROR | |||
r-oldrel-macos-x86_64 | 0.8-0 | 61.00 | ERROR | |||
r-oldrel-windows-x86_64 | 0.8-0.1 | 385.00 | 428.00 | 813.00 | NOTE |
Version: 0.8-0.1
Check: for GNU extensions in Makefiles
Result: NOTE
GNU make is a SystemRequirements.
Flavors: r-devel-linux-x86_64-debian-clang, r-devel-linux-x86_64-debian-gcc, r-devel-linux-x86_64-fedora-clang, r-devel-linux-x86_64-fedora-gcc, r-devel-windows-x86_64, r-patched-linux-x86_64, r-release-linux-x86_64, r-release-windows-x86_64, r-oldrel-windows-x86_64
Version: 0.8-0.1
Check: installed package size
Result: NOTE
installed size is 28.3Mb
sub-directories of 1Mb or more:
hdf5 11.8Mb
include 6.4Mb
lib 4.0Mb
libs 5.6Mb
Flavors: r-devel-linux-x86_64-fedora-clang, r-devel-windows-x86_64, r-release-windows-x86_64, r-oldrel-windows-x86_64
Version: 0.8-0.1
Check: whether package can be installed
Result: ERROR
Installation failed.
Flavors: r-release-macos-arm64, r-release-macos-x86_64, r-oldrel-macos-arm64
Version: 0.8-0
Check: whether package can be installed
Result: ERROR
Installation failed.
Flavor: r-oldrel-macos-x86_64