CRAN Package Check Results for Package rlme

Last updated on 2015-03-02 03:52:07.

Flavor Version Tinstall Tcheck Ttotal Status Flags
r-devel-linux-x86_64-debian-clang 0.4 15.99 54.46 70.45 NOTE
r-devel-linux-x86_64-debian-gcc 0.4 18.43 52.28 70.72 NOTE
r-devel-linux-x86_64-fedora-clang 0.4 148.28 NOTE
r-devel-linux-x86_64-fedora-gcc 0.4 136.78 NOTE
r-devel-osx-x86_64-clang 0.4 116.29 NOTE
r-devel-windows-ix86+x86_64 0.4 54.00 116.00 170.00 OK
r-patched-linux-x86_64 0.4 20.47 68.62 89.08 OK
r-patched-solaris-sparc 0.4 1013.10 OK
r-patched-solaris-x86 0.4 241.90 OK
r-release-linux-ix86 0.4 26.03 77.86 103.89 OK
r-release-linux-x86_64 0.4 20.15 68.35 88.50 OK
r-release-osx-x86_64-mavericks 0.4 OK
r-release-osx-x86_64-snowleopard 0.4 OK
r-release-windows-ix86+x86_64 0.4 62.00 133.00 195.00 OK
r-oldrel-windows-ix86+x86_64 0.4 61.00 140.00 201.00 OK

Check Details

Version: 0.4
Check: S3 generic/method consistency
Result: NOTE
    Found the following apparent S3 methods exported but not registered:
     plot.rlme summary.rlme
    See section ‘Registering S3 methods’ in the ‘Writing R Extensions’
    manual.
Flavors: r-devel-linux-x86_64-debian-clang, r-devel-linux-x86_64-debian-gcc, r-devel-linux-x86_64-fedora-clang, r-devel-linux-x86_64-fedora-gcc, r-devel-osx-x86_64-clang