CRAN Package Check Results for Package rlme

Last updated on 2015-01-31 20:46:57.

Flavor Version Tinstall Tcheck Ttotal Status Flags
r-devel-linux-x86_64-debian-clang 0.4 16.02 53.32 69.34 NOTE
r-devel-linux-x86_64-debian-gcc 0.4 18.85 51.67 70.52 NOTE
r-devel-linux-x86_64-fedora-clang 0.4 184.06 NOTE
r-devel-linux-x86_64-fedora-gcc 0.4 183.20 NOTE
r-devel-osx-x86_64-clang 0.4 140.07 NOTE
r-devel-windows-ix86+x86_64 0.4 79.00 100.00 179.00 OK
r-patched-linux-x86_64 0.4 22.59 66.72 89.30 OK
r-patched-solaris-sparc 0.4 1013.10 OK
r-patched-solaris-x86 0.4 236.80 OK
r-release-linux-ix86 0.4 23.42 77.78 101.20 OK
r-release-linux-x86_64 0.4 20.14 66.94 87.08 OK
r-release-osx-x86_64-mavericks 0.4 OK
r-release-osx-x86_64-snowleopard 0.4 OK
r-release-windows-ix86+x86_64 0.4 60.00 138.00 198.00 OK
r-oldrel-windows-ix86+x86_64 0.4 55.00 136.00 191.00 OK

Check Details

Version: 0.4
Check: S3 generic/method consistency
Result: NOTE
    Found the following apparent S3 methods exported but not registered:
     summary.rlme plot.rlme
    See section ‘Registering S3 methods’ in the ‘Writing R Extensions’
    manual.
Flavors: r-devel-linux-x86_64-debian-clang, r-devel-linux-x86_64-debian-gcc, r-devel-linux-x86_64-fedora-clang, r-devel-linux-x86_64-fedora-gcc, r-devel-osx-x86_64-clang