CRAN Package Check Results for Package rlme

Last updated on 2014-09-02 03:49:47.

Flavor Version Tinstall Tcheck Ttotal Status Flags
r-devel-linux-x86_64-debian-clang 0.4 16.27 64.96 81.23 OK
r-devel-linux-x86_64-debian-gcc 0.4 19.40 62.17 81.56 OK
r-devel-linux-x86_64-fedora-clang 0.4 188.69 OK
r-devel-linux-x86_64-fedora-gcc 0.4 177.49 OK
r-devel-osx-x86_64-clang 0.4 136.83 OK
r-devel-windows-ix86+x86_64 0.4 57.00 131.00 188.00 OK
r-patched-linux-x86_64 0.4 19.00 66.06 85.06 OK
r-patched-solaris-sparc 0.4 1023.90 OK
r-patched-solaris-x86 0.4 231.70 OK
r-release-linux-ix86 0.4 23.46 80.30 103.76 OK
r-release-linux-x86_64 0.4 19.18 65.77 84.95 OK
r-release-osx-x86_64-mavericks 0.4 OK
r-release-osx-x86_64-snowleopard 0.4 OK
r-release-windows-ix86+x86_64 0.4 114.00 134.00 248.00 OK
r-oldrel-windows-ix86+x86_64 0.4 65.00 1.00 66.00 ERROR

Check Details

Version: 0.4
Check: whether package can be installed
Result: ERROR
    Installation failed.
Flavor: r-oldrel-windows-ix86+x86_64