CRAN Package Check Results for Package rlme

Last updated on 2015-04-21 12:48:54.

Flavor Version Tinstall Tcheck Ttotal Status Flags
r-devel-linux-x86_64-debian-clang 0.4 17.25 53.81 71.06 NOTE
r-devel-linux-x86_64-debian-gcc 0.4 18.94 52.96 71.90 NOTE
r-devel-linux-x86_64-fedora-clang 0.4 169.15 NOTE
r-devel-linux-x86_64-fedora-gcc 0.4 144.08 NOTE
r-devel-osx-x86_64-clang 0.4 104.61 NOTE
r-devel-windows-ix86+x86_64 0.4 79.00 112.00 191.00 OK
r-patched-linux-x86_64 0.4 19.14 53.52 72.66 NOTE
r-patched-solaris-sparc 0.4 859.00 OK
r-patched-solaris-x86 0.4 182.20 OK
r-release-linux-x86_64 0.4 18.92 53.55 72.48 NOTE
r-release-osx-x86_64-mavericks 0.4 OK
r-release-osx-x86_64-snowleopard 0.4 ERROR
r-release-windows-ix86+x86_64 0.4 48.00 111.00 159.00 OK
r-oldrel-windows-ix86+x86_64 0.4 50.00 129.00 179.00 OK

Check Details

Version: 0.4
Check: S3 generic/method consistency
Result: NOTE
    Found the following apparent S3 methods exported but not registered:
     plot.rlme summary.rlme
    See section ‘Registering S3 methods’ in the ‘Writing R Extensions’
    manual.
Flavors: r-devel-linux-x86_64-debian-clang, r-devel-linux-x86_64-debian-gcc, r-devel-linux-x86_64-fedora-clang, r-devel-linux-x86_64-fedora-gcc, r-devel-osx-x86_64-clang, r-patched-linux-x86_64, r-release-linux-x86_64

Version: 0.4
Check: package dependencies
Result: ERROR
    Package required but not available: ‘quantreg’
    
    See section ‘The DESCRIPTION file’ in the ‘Writing R Extensions’
    manual.
Flavor: r-release-osx-x86_64-snowleopard