CRAN Package Check Results for Package rlme

Last updated on 2014-04-23 12:48:26.

Flavor Version Tinstall Tcheck Ttotal Status Flags
r-devel-linux-x86_64-debian-clang 0.2 4.35 64.66 69.01 OK
r-devel-linux-x86_64-debian-gcc 0.2 4.21 63.10 67.30 OK
r-devel-linux-x86_64-fedora-clang 0.2 147.53 OK
r-devel-linux-x86_64-fedora-gcc 0.2 140.15 OK
r-devel-osx-x86_64-clang 0.2 119.51 OK
r-devel-osx-x86_64-gcc 0.2 ERROR
r-devel-windows-ix86+x86_64 0.2 10.00 82.00 92.00 OK
r-patched-linux-x86_64 0.2 4.16 62.92 67.08 OK
r-patched-solaris-sparc 0.2 821.80 OK
r-patched-solaris-x86 0.2 192.20 OK
r-release-linux-ix86 0.2 6.00 101.00 107.00 OK
r-release-linux-x86_64 0.2 4.19 63.27 67.46 OK
r-release-osx-x86_64-mavericks 0.2 ERROR
r-release-osx-x86_64-snowleopard 0.2 OK
r-release-windows-ix86+x86_64 0.2 11.00 85.00 96.00 OK
r-oldrel-windows-ix86+x86_64 0.2 11.00 96.00 107.00 OK

Check Details

Version: 0.2
Check: package dependencies
Result: ERROR
    Package required but not available: ‘quantreg’
    
    See the information on DESCRIPTION files in the chapter ‘Creating R
    packages’ of the ‘Writing R Extensions’ manual.
Flavor: r-devel-osx-x86_64-gcc

Version: 0.2
Check: whether the package can be loaded
Result: ERROR
    Loading this package had a fatal error status code 1
Flavor: r-release-osx-x86_64-mavericks