CRAN Package Check Results for Package rlme

Last updated on 2014-11-29 03:52:03.

Flavor Version Tinstall Tcheck Ttotal Status Flags
r-devel-linux-x86_64-debian-clang 0.4 16.63 65.34 81.97 OK
r-devel-linux-x86_64-debian-gcc 0.4 19.08 62.19 81.26 OK
r-devel-linux-x86_64-fedora-clang 0.4 195.55 OK
r-devel-linux-x86_64-fedora-gcc 0.4 183.16 OK
r-devel-osx-x86_64-clang 0.4 144.43 OK
r-devel-windows-ix86+x86_64 0.4 60.00 122.00 182.00 OK
r-patched-linux-x86_64 0.4 19.43 66.48 85.91 OK
r-patched-solaris-sparc 0.4 1023.90 OK
r-patched-solaris-x86 0.4 231.40 OK
r-release-linux-ix86 0.4 22.70 76.14 98.84 OK
r-release-linux-x86_64 0.4 19.68 65.94 85.62 OK
r-release-osx-x86_64-mavericks 0.4 OK
r-release-osx-x86_64-snowleopard 0.4 OK
r-release-windows-ix86+x86_64 0.4 50.00 1.00 51.00 ERROR
r-oldrel-windows-ix86+x86_64 0.4 108.00 136.00 244.00 OK

Check Details

Version: 0.4
Check: whether package can be installed
Result: ERROR
    Installation failed.
Flavor: r-release-windows-ix86+x86_64