CRAN Package Check Results for Package rlme

Last updated on 2015-05-29 13:49:19.

Flavor Version Tinstall Tcheck Ttotal Status Flags
r-devel-linux-x86_64-debian-clang 0.4 17.07 49.62 66.69 ERROR
r-devel-linux-x86_64-debian-gcc 0.4 19.37 46.78 66.15 ERROR
r-devel-linux-x86_64-fedora-clang 0.4 139.33 ERROR
r-devel-linux-x86_64-fedora-gcc 0.4 129.03 ERROR
r-devel-osx-x86_64-clang 0.4 105.02 ERROR
r-devel-windows-ix86+x86_64 0.4 63.00 104.00 167.00 ERROR
r-patched-linux-x86_64 0.4 19.18 48.20 67.38 ERROR
r-patched-solaris-sparc 0.4 821.40 ERROR
r-patched-solaris-x86 0.4 175.90 ERROR
r-release-linux-x86_64 0.4 19.33 48.79 68.12 ERROR
r-release-osx-x86_64-mavericks 0.4 OK
r-release-osx-x86_64-snowleopard 0.4 ERROR
r-release-windows-ix86+x86_64 0.4 69.00 103.00 172.00 ERROR
r-oldrel-windows-ix86+x86_64 0.4 58.00 112.00 170.00 ERROR

Check Details

Version: 0.4
Check: S3 generic/method consistency
Result: NOTE
    Found the following apparent S3 methods exported but not registered:
     plot.rlme summary.rlme
    See section ‘Registering S3 methods’ in the ‘Writing R Extensions’
    manual.
Flavors: r-devel-linux-x86_64-debian-clang, r-devel-linux-x86_64-debian-gcc, r-devel-linux-x86_64-fedora-clang, r-devel-linux-x86_64-fedora-gcc, r-devel-osx-x86_64-clang, r-patched-linux-x86_64, r-patched-solaris-sparc, r-patched-solaris-x86, r-release-linux-x86_64

Version: 0.4
Check: examples
Result: ERROR
    Running examples in ‘rlme-Ex.R’ failed
    The error most likely occurred in:
    
    > ### Name: compare.fits
    > ### Title: Compare Fits
    > ### Aliases: compare.fits
    > ### Keywords: models
    >
    > ### ** Examples
    >
    >
    > data(schools)
    > model = y ~ 1 + sex + age + (1 | region) + (1 | region:school)
    >
    > # Extract covariants into matrix
    > cov = as.matrix(data.frame(schools[,"sex"], schools[,"age"]))
    >
    > # Fit the models using each method
    > reml.fit = rlme(model, schools, method="reml")
    Error in stri_extract_all_regex(string, pattern, simplify = simplify, :
     Incorrectly nested parentheses in regexp pattern. (U_REGEX_MISMATCHED_PAREN)
    Calls: rlme -> str_extract_all -> stri_extract_all_regex -> .Call
    Execution halted
Flavors: r-devel-linux-x86_64-debian-clang, r-devel-linux-x86_64-debian-gcc, r-devel-linux-x86_64-fedora-clang, r-devel-linux-x86_64-fedora-gcc, r-devel-osx-x86_64-clang, r-patched-linux-x86_64, r-patched-solaris-sparc, r-patched-solaris-x86, r-release-linux-x86_64

Version: 0.4
Check: tests
Result: ERROR
    Running the tests in ‘tests/test-all.R’ failed.
    Last 13 lines of output:
    
     Type 'demo()' for some demos, 'help()' for on-line help, or
     'help.start()' for an HTML browser interface to help.
     Type 'q()' to quit R.
    
     > library(testthat)
     >
     > test_check("rlme")
     Loading required package: rlme
     Error in stri_extract_all_regex(string, pattern, simplify = simplify, :
     Incorrectly nested parentheses in regexp pattern. (U_REGEX_MISMATCHED_PAREN)
     Calls: test_check ... rlme -> str_extract_all -> stri_extract_all_regex -> .Call
     Execution halted
Flavors: r-devel-linux-x86_64-debian-clang, r-devel-linux-x86_64-debian-gcc, r-devel-linux-x86_64-fedora-clang, r-devel-linux-x86_64-fedora-gcc, r-devel-osx-x86_64-clang, r-patched-linux-x86_64, r-patched-solaris-x86, r-release-linux-x86_64

Version: 0.4
Check: running examples for arch ‘i386’
Result: ERROR
    Running examples in 'rlme-Ex.R' failed
    The error most likely occurred in:
    
    > ### Name: compare.fits
    > ### Title: Compare Fits
    > ### Aliases: compare.fits
    > ### Keywords: models
    >
    > ### ** Examples
    >
    >
    > data(schools)
    > model = y ~ 1 + sex + age + (1 | region) + (1 | region:school)
    >
    > # Extract covariants into matrix
    > cov = as.matrix(data.frame(schools[,"sex"], schools[,"age"]))
    >
    > # Fit the models using each method
    > reml.fit = rlme(model, schools, method="reml")
    Error in stri_extract_all_regex(string, pattern, simplify = simplify, :
     Incorrectly nested parentheses in regexp pattern. (U_REGEX_MISMATCHED_PAREN)
    Calls: rlme -> str_extract_all -> stri_extract_all_regex -> .Call
    Execution halted
Flavors: r-devel-windows-ix86+x86_64, r-release-windows-ix86+x86_64, r-oldrel-windows-ix86+x86_64

Version: 0.4
Check: running examples for arch ‘x64’
Result: ERROR
    Running examples in 'rlme-Ex.R' failed
    The error most likely occurred in:
    
    > ### Name: compare.fits
    > ### Title: Compare Fits
    > ### Aliases: compare.fits
    > ### Keywords: models
    >
    > ### ** Examples
    >
    >
    > data(schools)
    > model = y ~ 1 + sex + age + (1 | region) + (1 | region:school)
    >
    > # Extract covariants into matrix
    > cov = as.matrix(data.frame(schools[,"sex"], schools[,"age"]))
    >
    > # Fit the models using each method
    > reml.fit = rlme(model, schools, method="reml")
    Error in stri_extract_all_regex(string, pattern, simplify = simplify, :
     Incorrectly nested parentheses in regexp pattern. (U_REGEX_MISMATCHED_PAREN)
    Calls: rlme -> str_extract_all -> stri_extract_all_regex -> .Call
    Execution halted
Flavors: r-devel-windows-ix86+x86_64, r-release-windows-ix86+x86_64, r-oldrel-windows-ix86+x86_64

Version: 0.4
Check: running tests for arch ‘i386’
Result: ERROR
    Running the tests in 'tests/test-all.R' failed.
    Last 13 lines of output:
    
     Type 'demo()' for some demos, 'help()' for on-line help, or
     'help.start()' for an HTML browser interface to help.
     Type 'q()' to quit R.
    
     > library(testthat)
     >
     > test_check("rlme")
     Loading required package: rlme
     Error in stri_extract_all_regex(string, pattern, simplify = simplify, :
     Incorrectly nested parentheses in regexp pattern. (U_REGEX_MISMATCHED_PAREN)
     Calls: test_check ... rlme -> str_extract_all -> stri_extract_all_regex -> .Call
     Execution halted
Flavors: r-devel-windows-ix86+x86_64, r-release-windows-ix86+x86_64

Version: 0.4
Check: running tests for arch ‘x64’
Result: ERROR
    Running the tests in 'tests/test-all.R' failed.
    Last 13 lines of output:
    
     Type 'demo()' for some demos, 'help()' for on-line help, or
     'help.start()' for an HTML browser interface to help.
     Type 'q()' to quit R.
    
     > library(testthat)
     >
     > test_check("rlme")
     Loading required package: rlme
     Error in stri_extract_all_regex(string, pattern, simplify = simplify, :
     Incorrectly nested parentheses in regexp pattern. (U_REGEX_MISMATCHED_PAREN)
     Calls: test_check ... rlme -> str_extract_all -> stri_extract_all_regex -> .Call
     Execution halted
Flavors: r-devel-windows-ix86+x86_64, r-release-windows-ix86+x86_64

Version: 0.4
Check: tests
Result: ERROR
    Running the tests in ‘tests/test-all.R’ failed.
    Last 13 lines of output:
    
     Type 'demo()' for some demos, 'help()' for on-line help, or
     'help.start()' for an HTML browser interface to help.
     Type 'q()' to quit R.
    
     > library(testthat)
     >
     > test_check("rlme")
     Loading required package: rlme
     GEER method : Error in stri_extract_all_regex(string, pattern, simplify = simplify, :
     Incorrectly nested parentheses in regexp pattern. (U_REGEX_MISMATCHED_PAREN)
     Calls: test_check ... rlme -> str_extract_all -> stri_extract_all_regex -> .Call
     Execution halted
Flavor: r-patched-solaris-sparc

Version: 0.4
Check: package dependencies
Result: ERROR
    Package required but not available: ‘quantreg’
    
    See section ‘The DESCRIPTION file’ in the ‘Writing R Extensions’
    manual.
Flavor: r-release-osx-x86_64-snowleopard