CRAN Package Check Results for Package rmatio

Last updated on 2017-07-22 14:46:54.

Flavor Version Tinstall Tcheck Ttotal Status Flags
r-devel-linux-x86_64-debian-clang 0.11.0 12.40 54.70 67.11 NOTE
r-devel-linux-x86_64-debian-gcc 0.11.0 12.72 52.36 65.09 NOTE
r-devel-linux-x86_64-fedora-clang 0.11.0 131.25 NOTE
r-devel-linux-x86_64-fedora-gcc 0.11.0 130.64 NOTE
r-devel-windows-ix86+x86_64 0.11.0 47.00 132.00 179.00 NOTE
r-patched-linux-x86_64 0.11.0 12.68 54.93 67.61 NOTE
r-patched-solaris-x86 0.11.0 214.10 NOTE
r-release-linux-x86_64 0.11.0 12.47 52.46 64.94 NOTE
r-release-windows-ix86+x86_64 0.11.0 33.00 174.00 207.00 NOTE
r-release-osx-x86_64 0.11.0 NOTE
r-oldrel-windows-ix86+x86_64 0.11.0 45.00 151.00 196.00 NOTE
r-oldrel-osx-x86_64 0.11.0 NOTE

Additional issues

rchk

Check Details

Version: 0.11.0
Check: R code for possible problems
Result: NOTE
    read.mat: no visible global function definition for ‘download.file’
    write.mat,list: no visible global function definition for
     ‘packageVersion’
    Undefined global functions or variables:
     download.file packageVersion
    Consider adding
     importFrom("utils", "download.file", "packageVersion")
    to your NAMESPACE file.
Flavors: r-devel-linux-x86_64-debian-clang, r-devel-linux-x86_64-debian-gcc, r-devel-linux-x86_64-fedora-clang, r-devel-linux-x86_64-fedora-gcc, r-devel-windows-ix86+x86_64, r-patched-linux-x86_64, r-patched-solaris-x86, r-release-linux-x86_64, r-release-windows-ix86+x86_64, r-release-osx-x86_64, r-oldrel-windows-ix86+x86_64, r-oldrel-osx-x86_64

Version: 0.11.0
Check: compiled code
Result: NOTE
    File ‘rmatio/libs/rmatio.so’:
     Found no call to: ‘R_useDynamicSymbols’
    
    It is good practice to register native routines and to disable symbol
    search.
    
    See ‘Writing portable packages’ in the ‘Writing R Extensions’ manual.
Flavors: r-devel-linux-x86_64-debian-clang, r-devel-linux-x86_64-debian-gcc, r-devel-linux-x86_64-fedora-clang, r-devel-linux-x86_64-fedora-gcc, r-patched-linux-x86_64, r-release-linux-x86_64