CRAN Package Check Results for Package rmatio

Last updated on 2015-08-02 11:47:37.

Flavor Version Tinstall Tcheck Ttotal Status Flags
r-devel-linux-x86_64-debian-clang 0.11.0 9.77 49.06 58.83 NOTE
r-devel-linux-x86_64-debian-gcc 0.11.0 12.59 48.55 61.14 NOTE
r-devel-linux-x86_64-fedora-clang 0.11.0 121.03 NOTE
r-devel-linux-x86_64-fedora-gcc 0.11.0 114.08 NOTE
r-devel-osx-x86_64-clang 0.11.0 103.36 OK
r-devel-windows-ix86+x86_64 0.11.0 31.00 132.00 163.00 NOTE
r-patched-linux-x86_64 0.11.0 12.02 49.44 61.46 OK
r-patched-solaris-sparc 0.11.0 840.60 OK
r-patched-solaris-x86 0.11.0 204.60 OK
r-release-linux-x86_64 0.11.0 12.48 48.84 61.32 OK
r-release-osx-x86_64-mavericks 0.11.0 OK
r-release-windows-ix86+x86_64 0.11.0 41.00 128.00 169.00 OK
r-oldrel-windows-ix86+x86_64 0.11.0 43.00 152.00 195.00 OK

Check Details

Version: 0.11.0
Check: R code for possible problems
Result: NOTE
    read.mat: no visible global function definition for ‘download.file’
    write.mat,list: no visible global function definition for
     ‘packageVersion’
    Undefined global functions or variables:
     download.file packageVersion
    Consider adding
     importFrom("utils", "download.file", "packageVersion")
    to your NAMESPACE.
Flavors: r-devel-linux-x86_64-debian-clang, r-devel-linux-x86_64-debian-gcc, r-devel-linux-x86_64-fedora-clang, r-devel-linux-x86_64-fedora-gcc, r-devel-windows-ix86+x86_64