CRAN Package Check Results for Package rmatio

Last updated on 2017-01-19 03:53:09.

Flavor Version Tinstall Tcheck Ttotal Status Flags
r-devel-linux-x86_64-debian-clang 0.11.0 12.19 46.21 58.40 NOTE
r-devel-linux-x86_64-debian-gcc 0.11.0 12.11 45.88 57.98 NOTE
r-devel-linux-x86_64-fedora-clang 0.11.0 127.10 NOTE --no-stop-on-test-error
r-devel-linux-x86_64-fedora-gcc 0.11.0 126.91 NOTE --no-stop-on-test-error
r-devel-macos-x86_64-clang 0.11.0 102.04 NOTE --no-stop-on-test-error
r-devel-windows-ix86+x86_64 0.11.0 41.00 126.00 167.00 NOTE
r-patched-linux-x86_64 0.11.0 11.19 42.14 53.33 NOTE
r-patched-solaris-sparc 0.11.0 736.90 NOTE
r-patched-solaris-x86 0.11.0 179.40 NOTE
r-release-linux-x86_64 0.11.0 11.17 41.76 52.93 NOTE
r-release-osx-x86_64-mavericks 0.11.0 NOTE
r-release-windows-ix86+x86_64 0.11.0 30.00 151.00 181.00 NOTE
r-oldrel-windows-ix86+x86_64 0.11.0 31.00 155.00 186.00 OK

Check Details

Version: 0.11.0
Check: R code for possible problems
Result: NOTE
    read.mat: no visible global function definition for ‘download.file’
    write.mat,list: no visible global function definition for
     ‘packageVersion’
    Undefined global functions or variables:
     download.file packageVersion
    Consider adding
     importFrom("utils", "download.file", "packageVersion")
    to your NAMESPACE file.
Flavors: r-devel-linux-x86_64-debian-clang, r-devel-linux-x86_64-debian-gcc, r-devel-windows-ix86+x86_64, r-patched-linux-x86_64, r-patched-solaris-sparc, r-patched-solaris-x86, r-release-linux-x86_64, r-release-osx-x86_64-mavericks, r-release-windows-ix86+x86_64

Version: 0.11.0
Flags: --no-stop-on-test-error
Check: R code for possible problems
Result: NOTE
    read.mat: no visible global function definition for ‘download.file’
    write.mat,list: no visible global function definition for
     ‘packageVersion’
    Undefined global functions or variables:
     download.file packageVersion
    Consider adding
     importFrom("utils", "download.file", "packageVersion")
    to your NAMESPACE file.
Flavors: r-devel-linux-x86_64-fedora-clang, r-devel-linux-x86_64-fedora-gcc, r-devel-macos-x86_64-clang