CRAN Package Check Results for Package rmatio

Last updated on 2017-05-28 21:47:10.

Flavor Version Tinstall Tcheck Ttotal Status Flags
r-devel-linux-x86_64-debian-clang 0.11.0 14.35 49.57 63.92 NOTE
r-devel-linux-x86_64-debian-gcc 0.11.0 12.83 49.44 62.27 NOTE
r-devel-linux-x86_64-fedora-clang 0.11.0 129.75 NOTE
r-devel-linux-x86_64-fedora-gcc 0.11.0 128.65 NOTE
r-devel-windows-ix86+x86_64 0.11.0 34.00 172.00 206.00 NOTE
r-patched-linux-x86_64 0.11.0 13.13 48.30 61.44 NOTE
r-patched-solaris-sparc 0.11.0 864.60 NOTE
r-patched-solaris-x86 0.11.0 214.40 NOTE
r-release-linux-x86_64 0.11.0 12.86 48.16 61.03 NOTE
r-release-windows-ix86+x86_64 0.11.0 45.00 127.00 172.00 NOTE
r-release-osx-x86_64 0.11.0 NOTE
r-oldrel-windows-ix86+x86_64 0.11.0 46.00 116.00 162.00 NOTE
r-oldrel-osx-x86_64 0.11.0 NOTE

Additional issues

rchk

Check Details

Version: 0.11.0
Check: R code for possible problems
Result: NOTE
    read.mat: no visible global function definition for ‘download.file’
    write.mat,list: no visible global function definition for
     ‘packageVersion’
    Undefined global functions or variables:
     download.file packageVersion
    Consider adding
     importFrom("utils", "download.file", "packageVersion")
    to your NAMESPACE file.
Flavors: r-devel-linux-x86_64-debian-clang, r-devel-linux-x86_64-debian-gcc, r-devel-linux-x86_64-fedora-clang, r-devel-linux-x86_64-fedora-gcc, r-devel-windows-ix86+x86_64, r-patched-linux-x86_64, r-patched-solaris-sparc, r-patched-solaris-x86, r-release-linux-x86_64, r-release-windows-ix86+x86_64, r-release-osx-x86_64, r-oldrel-windows-ix86+x86_64, r-oldrel-osx-x86_64

Version: 0.11.0
Check: compiled code
Result: NOTE
    File ‘rmatio/libs/rmatio.so’:
     Found no call to: ‘R_useDynamicSymbols’
    
    It is good practice to register native routines and to disable symbol
    search.
    
    See ‘Writing portable packages’ in the ‘Writing R Extensions’ manual.
Flavors: r-devel-linux-x86_64-debian-clang, r-devel-linux-x86_64-debian-gcc, r-devel-linux-x86_64-fedora-clang, r-devel-linux-x86_64-fedora-gcc, r-patched-linux-x86_64, r-release-linux-x86_64