CRAN Package Check Results for Package rmatio

Last updated on 2016-02-08 19:48:37.

Flavor Version Tinstall Tcheck Ttotal Status Flags
r-devel-linux-x86_64-debian-gcc 0.11.0 11.57 46.05 57.62 NOTE
r-devel-linux-x86_64-fedora-clang 0.11.0 111.48 NOTE
r-devel-linux-x86_64-fedora-gcc 0.11.0 109.33 NOTE
r-devel-osx-x86_64-clang 0.11.0 123.62 NOTE
r-devel-windows-ix86+x86_64 0.11.0 40.00 125.00 165.00 NOTE
r-patched-linux-x86_64 0.11.0 11.61 49.34 60.96 OK
r-patched-solaris-sparc 0.11.0 792.90 OK
r-patched-solaris-x86 0.11.0 188.50 OK
r-release-linux-x86_64 0.11.0 12.11 49.95 62.06 OK
r-release-osx-x86_64-mavericks 0.11.0 OK
r-release-windows-ix86+x86_64 0.11.0 36.00 118.00 154.00 OK
r-oldrel-windows-ix86+x86_64 0.11.0 45.00 187.00 232.00 OK

Check Details

Version: 0.11.0
Check: R code for possible problems
Result: NOTE
    read.mat: no visible global function definition for ‘download.file’
    write.mat,list: no visible global function definition for
     ‘packageVersion’
    Undefined global functions or variables:
     download.file packageVersion
    Consider adding
     importFrom("utils", "download.file", "packageVersion")
    to your NAMESPACE file.
Flavors: r-devel-linux-x86_64-debian-gcc, r-devel-linux-x86_64-fedora-clang, r-devel-linux-x86_64-fedora-gcc, r-devel-osx-x86_64-clang, r-devel-windows-ix86+x86_64