CRAN Package Check Results for Package rmatio

Last updated on 2015-07-04 03:48:26.

Flavor Version Tinstall Tcheck Ttotal Status Flags
r-devel-linux-x86_64-debian-clang 0.11.0 9.07 48.04 57.10 NOTE
r-devel-linux-x86_64-debian-gcc 0.11.0 12.16 49.14 61.30 NOTE
r-devel-linux-x86_64-fedora-clang 0.11.0 118.17 NOTE
r-devel-linux-x86_64-fedora-gcc 0.11.0 114.76 NOTE
r-devel-osx-x86_64-clang 0.11.0 94.64 OK
r-devel-windows-ix86+x86_64 0.11.0 42.00 121.00 163.00 NOTE
r-patched-linux-x86_64 0.11.0 11.71 47.76 59.47 OK
r-patched-solaris-sparc 0.11.0 827.20 OK
r-patched-solaris-x86 0.11.0 207.60 OK
r-release-linux-x86_64 0.11.0 12.63 47.79 60.42 OK
r-release-osx-x86_64-mavericks 0.11.0 OK
r-release-windows-ix86+x86_64 0.11.0 41.00 124.00 165.00 OK
r-oldrel-windows-ix86+x86_64 0.11.0 29.00 192.00 221.00 OK

Check Details

Version: 0.11.0
Check: R code for possible problems
Result: NOTE
    read.mat: no visible global function definition for ‘download.file’
    write.mat,list: no visible global function definition for
     ‘packageVersion’
    Undefined global functions or variables:
     download.file packageVersion
Flavors: r-devel-linux-x86_64-debian-clang, r-devel-linux-x86_64-debian-gcc, r-devel-linux-x86_64-fedora-clang, r-devel-linux-x86_64-fedora-gcc, r-devel-windows-ix86+x86_64