CRAN Package Check Results for Package rmatio

Last updated on 2017-02-26 05:48:57.

Flavor Version Tinstall Tcheck Ttotal Status Flags
r-devel-linux-x86_64-debian-clang 0.11.0 11.92 47.71 59.62 NOTE
r-devel-linux-x86_64-debian-gcc 0.11.0 12.43 47.32 59.75 NOTE
r-devel-linux-x86_64-fedora-clang 0.11.0 141.29 NOTE --no-stop-on-test-error
r-devel-linux-x86_64-fedora-gcc 0.11.0 128.88 NOTE --no-stop-on-test-error
r-devel-macos-x86_64-clang 0.11.0 107.32 NOTE --no-stop-on-test-error
r-devel-windows-ix86+x86_64 0.11.0 43.00 162.00 205.00 NOTE
r-patched-linux-x86_64 0.11.0 11.41 41.94 53.36 NOTE
r-patched-solaris-sparc 0.11.0 736.90 NOTE
r-patched-solaris-x86 0.11.0 190.40 NOTE
r-release-linux-x86_64 0.11.0 11.01 42.44 53.45 NOTE
r-release-osx-x86_64-mavericks 0.11.0 NOTE
r-release-windows-ix86+x86_64 0.11.0 44.00 216.00 260.00 NOTE
r-oldrel-windows-ix86+x86_64 0.11.0 35.00 120.00 155.00 OK

Check Details

Version: 0.11.0
Check: R code for possible problems
Result: NOTE
    read.mat: no visible global function definition for ‘download.file’
    write.mat,list: no visible global function definition for
     ‘packageVersion’
    Undefined global functions or variables:
     download.file packageVersion
    Consider adding
     importFrom("utils", "download.file", "packageVersion")
    to your NAMESPACE file.
Flavors: r-devel-linux-x86_64-debian-clang, r-devel-linux-x86_64-debian-gcc, r-devel-windows-ix86+x86_64, r-patched-linux-x86_64, r-patched-solaris-sparc, r-patched-solaris-x86, r-release-linux-x86_64, r-release-osx-x86_64-mavericks, r-release-windows-ix86+x86_64

Version: 0.11.0
Check: compiled code
Result: NOTE
    File ‘rmatio/libs/rmatio.so’:
     Found no call to: ‘R_useDynamicSymbols’
    
    It is good practice to register native routines and to disable symbol
    search.
    
    See ‘Writing portable packages’ in the ‘Writing R Extensions’ manual.
Flavors: r-devel-linux-x86_64-debian-clang, r-devel-linux-x86_64-debian-gcc

Version: 0.11.0
Flags: --no-stop-on-test-error
Check: R code for possible problems
Result: NOTE
    read.mat: no visible global function definition for ‘download.file’
    write.mat,list: no visible global function definition for
     ‘packageVersion’
    Undefined global functions or variables:
     download.file packageVersion
    Consider adding
     importFrom("utils", "download.file", "packageVersion")
    to your NAMESPACE file.
Flavors: r-devel-linux-x86_64-fedora-clang, r-devel-linux-x86_64-fedora-gcc, r-devel-macos-x86_64-clang

Version: 0.11.0
Flags: --no-stop-on-test-error
Check: compiled code
Result: NOTE
    File ‘rmatio/libs/rmatio.so’:
     Found no call to: ‘R_useDynamicSymbols’
    
    It is good practice to register native routines and to disable symbol
    search.
    
    See ‘Writing portable packages’ in the ‘Writing R Extensions’ manual.
Flavors: r-devel-linux-x86_64-fedora-clang, r-devel-linux-x86_64-fedora-gcc, r-devel-macos-x86_64-clang