CRAN Package Check Results for Package rmatio

Last updated on 2016-08-28 03:47:22.

Flavor Version Tinstall Tcheck Ttotal Status Flags
r-devel-linux-x86_64-debian-clang 0.11.0 12.15 48.99 61.14 NOTE
r-devel-linux-x86_64-debian-gcc 0.11.0 12.41 48.27 60.68 NOTE
r-devel-linux-x86_64-fedora-clang 0.11.0 116.13 NOTE
r-devel-linux-x86_64-fedora-gcc 0.11.0 109.90 NOTE
r-devel-osx-x86_64-clang 0.11.0 97.91 NOTE
r-devel-windows-ix86+x86_64 0.11.0 42.00 119.00 161.00 NOTE
r-patched-linux-x86_64 0.11.0 11.92 48.10 60.02 NOTE
r-patched-solaris-sparc 0.11.0 742.80 NOTE
r-patched-solaris-x86 0.11.0 182.10 NOTE
r-release-linux-x86_64 0.11.0 11.83 47.75 59.58 NOTE
r-release-osx-x86_64-mavericks 0.11.0 NOTE
r-release-windows-ix86+x86_64 0.11.0 39.00 169.00 208.00 NOTE
r-oldrel-windows-ix86+x86_64 0.11.0 30.00 164.00 194.00 OK

Check Details

Version: 0.11.0
Check: R code for possible problems
Result: NOTE
    read.mat: no visible global function definition for ‘download.file’
    write.mat,list: no visible global function definition for
     ‘packageVersion’
    Undefined global functions or variables:
     download.file packageVersion
    Consider adding
     importFrom("utils", "download.file", "packageVersion")
    to your NAMESPACE file.
Flavors: r-devel-linux-x86_64-debian-clang, r-devel-linux-x86_64-debian-gcc, r-devel-linux-x86_64-fedora-clang, r-devel-linux-x86_64-fedora-gcc, r-devel-osx-x86_64-clang, r-devel-windows-ix86+x86_64, r-patched-linux-x86_64, r-patched-solaris-sparc, r-patched-solaris-x86, r-release-linux-x86_64, r-release-osx-x86_64-mavericks, r-release-windows-ix86+x86_64