CRAN Package Check Results for Package rmatio

Last updated on 2016-05-30 03:47:48.

Flavor Version Tinstall Tcheck Ttotal Status Flags
r-devel-linux-x86_64-debian-gcc 0.11.0 12.48 47.55 60.04 NOTE
r-devel-linux-x86_64-fedora-clang 0.11.0 111.80 NOTE
r-devel-linux-x86_64-fedora-gcc 0.11.0 107.94 NOTE
r-devel-osx-x86_64-clang 0.11.0 135.08 NOTE
r-devel-windows-ix86+x86_64 0.11.0 28.00 130.00 158.00 NOTE
r-patched-linux-x86_64 0.11.0 11.73 46.90 58.63 NOTE
r-patched-solaris-sparc 0.11.0 743.50 NOTE
r-patched-solaris-x86 0.11.0 179.80 NOTE
r-release-linux-x86_64 0.11.0 11.91 46.70 58.60 NOTE
r-release-osx-x86_64-mavericks 0.11.0 NOTE
r-release-windows-ix86+x86_64 0.11.0 45.00 129.00 174.00 NOTE
r-oldrel-windows-ix86+x86_64 0.11.0 32.00 156.00 188.00 OK

Check Details

Version: 0.11.0
Check: R code for possible problems
Result: NOTE
    read.mat: no visible global function definition for ‘download.file’
    write.mat,list: no visible global function definition for
     ‘packageVersion’
    Undefined global functions or variables:
     download.file packageVersion
    Consider adding
     importFrom("utils", "download.file", "packageVersion")
    to your NAMESPACE file.
Flavors: r-devel-linux-x86_64-debian-gcc, r-devel-linux-x86_64-fedora-clang, r-devel-linux-x86_64-fedora-gcc, r-devel-osx-x86_64-clang, r-devel-windows-ix86+x86_64, r-patched-linux-x86_64, r-patched-solaris-sparc, r-patched-solaris-x86, r-release-linux-x86_64, r-release-osx-x86_64-mavericks, r-release-windows-ix86+x86_64