CRAN Package Check Results for Package rmatio

Last updated on 2017-03-30 19:48:07.

Flavor Version Tinstall Tcheck Ttotal Status Flags
r-devel-linux-x86_64-debian-clang 0.11.0 12.28 48.29 60.58 NOTE
r-devel-linux-x86_64-debian-gcc 0.11.0 12.23 46.92 59.14 NOTE
r-devel-linux-x86_64-fedora-clang 0.11.0 134.92 NOTE --no-stop-on-test-error
r-devel-linux-x86_64-fedora-gcc 0.11.0 126.32 NOTE --no-stop-on-test-error
r-devel-macos-x86_64-clang 0.11.0 107.34 NOTE --no-stop-on-test-error
r-devel-windows-ix86+x86_64 0.11.0 36.00 207.00 243.00 NOTE
r-patched-linux-x86_64 0.11.0 11.42 46.66 58.08 NOTE
r-patched-solaris-sparc 0.11.0 864.60 NOTE
r-release-linux-x86_64 0.11.0 11.04 41.53 52.58 NOTE
r-release-osx-x86_64-mavericks 0.11.0 NOTE
r-release-windows-ix86+x86_64 0.11.0 61.00 158.00 219.00 NOTE
r-oldrel-windows-ix86+x86_64 0.11.0 38.00 127.00 165.00 OK

Check Details

Version: 0.11.0
Check: R code for possible problems
Result: NOTE
    read.mat: no visible global function definition for ‘download.file’
    write.mat,list: no visible global function definition for
     ‘packageVersion’
    Undefined global functions or variables:
     download.file packageVersion
    Consider adding
     importFrom("utils", "download.file", "packageVersion")
    to your NAMESPACE file.
Flavors: r-devel-linux-x86_64-debian-clang, r-devel-linux-x86_64-debian-gcc, r-devel-windows-ix86+x86_64, r-patched-linux-x86_64, r-patched-solaris-sparc, r-release-linux-x86_64, r-release-osx-x86_64-mavericks, r-release-windows-ix86+x86_64

Version: 0.11.0
Check: compiled code
Result: NOTE
    File ‘rmatio/libs/rmatio.so’:
     Found no call to: ‘R_useDynamicSymbols’
    
    It is good practice to register native routines and to disable symbol
    search.
    
    See ‘Writing portable packages’ in the ‘Writing R Extensions’ manual.
Flavors: r-devel-linux-x86_64-debian-clang, r-devel-linux-x86_64-debian-gcc, r-patched-linux-x86_64

Version: 0.11.0
Flags: --no-stop-on-test-error
Check: R code for possible problems
Result: NOTE
    read.mat: no visible global function definition for ‘download.file’
    write.mat,list: no visible global function definition for
     ‘packageVersion’
    Undefined global functions or variables:
     download.file packageVersion
    Consider adding
     importFrom("utils", "download.file", "packageVersion")
    to your NAMESPACE file.
Flavors: r-devel-linux-x86_64-fedora-clang, r-devel-linux-x86_64-fedora-gcc, r-devel-macos-x86_64-clang

Version: 0.11.0
Flags: --no-stop-on-test-error
Check: compiled code
Result: NOTE
    File ‘rmatio/libs/rmatio.so’:
     Found no call to: ‘R_useDynamicSymbols’
    
    It is good practice to register native routines and to disable symbol
    search.
    
    See ‘Writing portable packages’ in the ‘Writing R Extensions’ manual.
Flavors: r-devel-linux-x86_64-fedora-clang, r-devel-linux-x86_64-fedora-gcc, r-devel-macos-x86_64-clang