CRAN Package Check Results for Package rmatio

Last updated on 2016-12-08 23:49:46.

Flavor Version Tinstall Tcheck Ttotal Status Flags
r-devel-linux-x86_64-debian-clang 0.11.0 12.34 46.96 59.30 NOTE
r-devel-linux-x86_64-debian-gcc 0.11.0 12.23 47.06 59.30 NOTE
r-devel-linux-x86_64-fedora-clang 0.11.0 130.72 NOTE --no-stop-on-test-error
r-devel-linux-x86_64-fedora-gcc 0.11.0 130.36 NOTE --no-stop-on-test-error
r-devel-macos-x86_64-clang 0.11.0 105.59 NOTE --no-stop-on-test-error
r-devel-windows-ix86+x86_64 0.11.0 29.00 162.00 191.00 NOTE
r-patched-linux-x86_64 0.11.0 11.14 40.73 51.88 NOTE
r-patched-solaris-sparc 0.11.0 742.80 NOTE
r-patched-solaris-x86 0.11.0 180.30 NOTE
r-release-linux-x86_64 0.11.0 11.08 40.92 52.00 NOTE
r-release-osx-x86_64-mavericks 0.11.0 NOTE
r-release-windows-ix86+x86_64 0.11.0 29.00 157.00 186.00 NOTE
r-oldrel-windows-ix86+x86_64 0.11.0 41.00 121.00 162.00 OK

Check Details

Version: 0.11.0
Check: R code for possible problems
Result: NOTE
    read.mat: no visible global function definition for ‘download.file’
    write.mat,list: no visible global function definition for
     ‘packageVersion’
    Undefined global functions or variables:
     download.file packageVersion
    Consider adding
     importFrom("utils", "download.file", "packageVersion")
    to your NAMESPACE file.
Flavors: r-devel-linux-x86_64-debian-clang, r-devel-linux-x86_64-debian-gcc, r-devel-windows-ix86+x86_64, r-patched-linux-x86_64, r-patched-solaris-sparc, r-patched-solaris-x86, r-release-linux-x86_64, r-release-osx-x86_64-mavericks, r-release-windows-ix86+x86_64

Version: 0.11.0
Flags: --no-stop-on-test-error
Check: R code for possible problems
Result: NOTE
    read.mat: no visible global function definition for ‘download.file’
    write.mat,list: no visible global function definition for
     ‘packageVersion’
    Undefined global functions or variables:
     download.file packageVersion
    Consider adding
     importFrom("utils", "download.file", "packageVersion")
    to your NAMESPACE file.
Flavors: r-devel-linux-x86_64-fedora-clang, r-devel-linux-x86_64-fedora-gcc, r-devel-macos-x86_64-clang