CRAN Package Check Results for Package rmatio

Last updated on 2016-09-25 06:53:27.

Flavor Version Tinstall Tcheck Ttotal Status Flags
r-devel-linux-x86_64-debian-clang 0.11.0 11.55 41.19 52.74 NOTE
r-devel-linux-x86_64-debian-gcc 0.11.0 12.14 41.51 53.66 NOTE
r-devel-linux-x86_64-fedora-clang 0.11.0 112.89 NOTE
r-devel-linux-x86_64-fedora-gcc 0.11.0 108.77 NOTE
r-devel-macos-x86_64-clang 0.11.0 91.83 NOTE
r-devel-windows-ix86+x86_64 0.11.0 30.00 154.00 184.00 NOTE
r-patched-linux-x86_64 0.11.0 10.98 41.19 52.18 NOTE
r-patched-solaris-sparc 0.11.0 742.80 NOTE
r-patched-solaris-x86 0.11.0 179.90 NOTE
r-release-linux-x86_64 0.11.0 11.16 42.23 53.39 NOTE
r-release-osx-x86_64-mavericks 0.11.0 NOTE
r-release-windows-ix86+x86_64 0.11.0 32.00 167.00 199.00 NOTE
r-oldrel-windows-ix86+x86_64 0.11.0 36.00 153.00 189.00 OK

Check Details

Version: 0.11.0
Check: R code for possible problems
Result: NOTE
    read.mat: no visible global function definition for ‘download.file’
    write.mat,list: no visible global function definition for
     ‘packageVersion’
    Undefined global functions or variables:
     download.file packageVersion
    Consider adding
     importFrom("utils", "download.file", "packageVersion")
    to your NAMESPACE file.
Flavors: r-devel-linux-x86_64-debian-clang, r-devel-linux-x86_64-debian-gcc, r-devel-linux-x86_64-fedora-clang, r-devel-linux-x86_64-fedora-gcc, r-devel-macos-x86_64-clang, r-devel-windows-ix86+x86_64, r-patched-linux-x86_64, r-patched-solaris-sparc, r-patched-solaris-x86, r-release-linux-x86_64, r-release-osx-x86_64-mavericks, r-release-windows-ix86+x86_64