CRAN Package Check Results for Package rmatio

Last updated on 2016-07-27 10:47:27.

Flavor Version Tinstall Tcheck Ttotal Status Flags
r-devel-linux-x86_64-debian-clang 0.11.0 15.10 54.36 69.45 NOTE
r-devel-linux-x86_64-debian-gcc 0.11.0 15.29 54.64 69.93 NOTE
r-devel-linux-x86_64-fedora-clang 0.11.0 120.61 NOTE
r-devel-linux-x86_64-fedora-gcc 0.11.0 109.53 NOTE
r-devel-osx-x86_64-clang 0.11.0 97.26 NOTE
r-devel-windows-ix86+x86_64 0.11.0 39.00 164.00 203.00 NOTE
r-patched-linux-x86_64 0.11.0 13.95 54.18 68.12 NOTE
r-patched-solaris-sparc 0.11.0 742.80 NOTE
r-patched-solaris-x86 0.11.0 180.20 NOTE
r-release-linux-x86_64 0.11.0 13.86 53.30 67.15 NOTE
r-release-osx-x86_64-mavericks 0.11.0 NOTE
r-release-windows-ix86+x86_64 0.11.0 42.00 159.00 201.00 NOTE
r-oldrel-windows-ix86+x86_64 0.11.0 37.00 171.00 208.00 OK

Check Details

Version: 0.11.0
Check: R code for possible problems
Result: NOTE
    read.mat: no visible global function definition for ‘download.file’
    write.mat,list: no visible global function definition for
     ‘packageVersion’
    Undefined global functions or variables:
     download.file packageVersion
    Consider adding
     importFrom("utils", "download.file", "packageVersion")
    to your NAMESPACE file.
Flavors: r-devel-linux-x86_64-debian-clang, r-devel-linux-x86_64-debian-gcc, r-devel-linux-x86_64-fedora-clang, r-devel-linux-x86_64-fedora-gcc, r-devel-osx-x86_64-clang, r-devel-windows-ix86+x86_64, r-patched-linux-x86_64, r-patched-solaris-sparc, r-patched-solaris-x86, r-release-linux-x86_64, r-release-osx-x86_64-mavericks, r-release-windows-ix86+x86_64