CRAN Package Check Results for Package rmcfs

Last updated on 2020-02-23 15:47:14 CET.

Flavor Version Tinstall Tcheck Ttotal Status Flags
r-devel-linux-x86_64-debian-clang 1.3.1 10.35 175.40 185.75 OK
r-devel-linux-x86_64-debian-gcc 1.3.1 8.07 143.87 151.94 OK
r-devel-linux-x86_64-fedora-clang 1.3.1 225.25 OK
r-devel-linux-x86_64-fedora-gcc 1.3.1 208.94 OK
r-devel-windows-ix86+x86_64 1.3.1 20.00 111.00 131.00 OK
r-devel-windows-ix86+x86_64-gcc8 1.3.1 29.00 112.00 141.00 OK
r-patched-linux-x86_64 1.3.1 OK
r-patched-solaris-x86 1.3.1 294.40 NOTE
r-release-linux-x86_64 1.3.1 8.23 166.54 174.77 OK
r-release-windows-ix86+x86_64 1.3.1 18.00 113.00 131.00 OK
r-release-osx-x86_64 1.3.1 OK
r-oldrel-windows-ix86+x86_64 1.3.1 15.00 111.00 126.00 OK
r-oldrel-osx-x86_64 1.3.1 OK

Check Details

Version: 1.3.1
Check: installed package size
Result: NOTE
     installed size is 5.2Mb
     sub-directories of 1Mb or more:
     java 4.4Mb
Flavor: r-patched-solaris-x86