CRAN Package Check Results for Package rmeta

Last updated on 2014-11-26 19:49:43.

Flavor Version Tinstall Tcheck Ttotal Status Flags
r-devel-linux-x86_64-debian-clang 2.16 0.68 13.08 13.76 NOTE
r-devel-linux-x86_64-debian-gcc 2.16 0.66 12.92 13.59 NOTE
r-devel-linux-x86_64-fedora-clang 2.16 27.75 NOTE
r-devel-linux-x86_64-fedora-gcc 2.16 27.30 NOTE
r-devel-osx-x86_64-clang 2.16 29.70 NOTE
r-devel-windows-ix86+x86_64 2.16 2.00 22.00 24.00 NOTE
r-patched-linux-x86_64 2.16 0.70 13.27 13.96 NOTE
r-patched-solaris-sparc 2.16 155.90 NOTE
r-patched-solaris-x86 2.16 39.30 NOTE
r-release-linux-ix86 2.16 0.98 18.90 19.87 NOTE
r-release-linux-x86_64 2.16 0.69 13.49 14.18 NOTE
r-release-osx-x86_64-mavericks 2.16 NOTE
r-release-windows-ix86+x86_64 2.16 3.00 29.00 32.00 NOTE
r-oldrel-windows-ix86+x86_64 2.16 2.00 33.00 35.00 NOTE

Check Details

Version: 2.16
Check: dependencies in R code
Result: NOTE
    'library' or 'require' call to ‘grid’ which was already attached by Depends.
     Please remove these calls from your code.
    See the information on DESCRIPTION files in the chapter ‘Creating R
    packages’ of the ‘Writing R Extensions’ manual.
Flavors: r-devel-linux-x86_64-debian-clang, r-devel-linux-x86_64-debian-gcc, r-devel-linux-x86_64-fedora-clang, r-devel-linux-x86_64-fedora-gcc, r-devel-osx-x86_64-clang, r-devel-windows-ix86+x86_64, r-patched-linux-x86_64, r-patched-solaris-sparc, r-patched-solaris-x86, r-release-linux-ix86, r-release-linux-x86_64, r-release-osx-x86_64-mavericks, r-release-windows-ix86+x86_64, r-oldrel-windows-ix86+x86_64

Version: 2.16
Check: R code for possible problems
Result: NOTE
    plot.meta.cum: warning in qnorm((1 - conf.level)/2, s = ses[m]):
     partial argument match of ‘s’ to ‘sd’
Flavors: r-devel-linux-x86_64-debian-clang, r-devel-linux-x86_64-debian-gcc, r-devel-linux-x86_64-fedora-clang, r-devel-linux-x86_64-fedora-gcc, r-devel-osx-x86_64-clang, r-devel-windows-ix86+x86_64, r-patched-linux-x86_64, r-patched-solaris-sparc, r-patched-solaris-x86, r-release-linux-ix86, r-release-linux-x86_64, r-release-osx-x86_64-mavericks, r-release-windows-ix86+x86_64, r-oldrel-windows-ix86+x86_64

Version: 2.16
Check: Rd files
Result: NOTE
    prepare_Rd: meta.MH.Rd:55: Dropping empty section \references
Flavors: r-devel-linux-x86_64-debian-clang, r-devel-linux-x86_64-debian-gcc, r-devel-linux-x86_64-fedora-clang, r-devel-linux-x86_64-fedora-gcc, r-devel-osx-x86_64-clang, r-devel-windows-ix86+x86_64, r-patched-linux-x86_64, r-patched-solaris-sparc, r-patched-solaris-x86, r-release-linux-ix86, r-release-linux-x86_64, r-release-osx-x86_64-mavericks, r-release-windows-ix86+x86_64, r-oldrel-windows-ix86+x86_64

Version: 2.16
Check: Rd line widths
Result: NOTE
    Rd file 'forestplot.Rd':
     \examples lines wider than 100 characters:
     c("","OR",format(exp(steroid$logOR),digits=2),NA,format(exp(steroid$logMH),digits=2))
    
    Rd file 'meta.cum.Rd':
     \usage lines wider than 90 characters:
     NULL, subset = NULL, na.action = na.fail, method = c("meta.MH", "meta.DSL"), statistic = "OR")
     cummeta.summaries(effects,stderrs, conf.level = 0.95, names = NULL,weights=NULL, data= NULL, subset = NULL, na.action = get(getOption(" ... [TRUNCATED]
     summary.line = TRUE, summary.conf = FALSE, main="Cumulative meta-analysis", lwd=1, ...)
     \examples lines wider than 100 characters:
     steroid<-cummeta(n.trt,n.ctrl,ev.trt,ev.ctrl,names=name,data=cochrane,statistic="RR",method="meta.MH")
    
    These lines will be truncated in the PDF manual.
Flavors: r-devel-linux-x86_64-debian-clang, r-devel-linux-x86_64-debian-gcc, r-devel-linux-x86_64-fedora-clang, r-devel-linux-x86_64-fedora-gcc, r-patched-linux-x86_64, r-release-linux-x86_64