CRAN Package Check Results for Package rmetasim

Last updated on 2017-10-23 14:48:57.

Flavor Version Tinstall Tcheck Ttotal Status Flags
r-devel-linux-x86_64-debian-clang 3.1.3 15.97 273.80 289.77 OK
r-devel-linux-x86_64-debian-gcc 3.1.3 17.94 306.99 324.93 OK
r-devel-linux-x86_64-fedora-clang 3.1.3 491.99 OK
r-devel-linux-x86_64-fedora-gcc 3.1.3 535.73 OK
r-devel-windows-ix86+x86_64 3.1.3 75.00 594.00 669.00 OK
r-patched-linux-x86_64 3.1.3 16.48 284.95 301.43 OK
r-patched-solaris-x86 3.1.3 1191.90 OK
r-release-linux-x86_64 3.1.3 16.25 297.50 313.75 OK
r-release-windows-ix86+x86_64 3.1.3 71.00 671.00 742.00 OK
r-release-osx-x86_64 3.1.3 OK
r-oldrel-windows-ix86+x86_64 3.1.3 16.00 5.00 21.00 ERROR
r-oldrel-osx-x86_64 3.1.3 ERROR

Check Details

Version: 3.1.3
Check: whether package can be installed
Result: ERROR
    Installation failed.
Flavors: r-oldrel-windows-ix86+x86_64, r-oldrel-osx-x86_64