CRAN Package Check Results for Package rmetasim

Last updated on 2016-09-25 20:47:32.

Flavor Version Tinstall Tcheck Ttotal Status Flags
r-devel-linux-x86_64-debian-clang 3.0.5 2.66 2.37 5.02 ERROR
r-devel-linux-x86_64-debian-gcc 3.0.5 16.07 85.97 102.04 WARN
r-devel-linux-x86_64-fedora-clang 3.0.5 215.71 WARN
r-devel-linux-x86_64-fedora-gcc 3.0.5 202.16 WARN
r-devel-macos-x86_64-clang 3.0.5 156.34 WARN
r-devel-windows-ix86+x86_64 3.0.5 64.00 250.00 314.00 WARN
r-patched-linux-x86_64 3.0.5 15.25 81.78 97.02 WARN
r-patched-solaris-sparc 3.0.5 1417.90 WARN
r-patched-solaris-x86 3.0.5 266.90 WARN
r-release-linux-x86_64 3.0.5 15.42 86.56 101.99 OK
r-release-osx-x86_64-mavericks 3.0.5 OK
r-release-windows-ix86+x86_64 3.0.5 62.00 179.00 241.00 OK
r-oldrel-windows-ix86+x86_64 3.0.5 86.00 376.00 462.00 OK

Memtest notes: clang-ASAN gcc6-ASAN gcc7-ASAN valgrind

Check Details

Version: 3.0.5
Check: whether package can be installed
Result: ERROR
    Installation failed.
Flavor: r-devel-linux-x86_64-debian-clang

Version: 3.0.5
Check: compilation flags in Makevars
Result: WARN
    Non-portable flags in variable 'PKG_CFLAGS':
     -g
    Non-portable flags in variable 'PKG_CXXFLAGS':
     -g
Flavors: r-devel-linux-x86_64-debian-gcc, r-devel-linux-x86_64-fedora-clang, r-devel-linux-x86_64-fedora-gcc, r-devel-macos-x86_64-clang, r-devel-windows-ix86+x86_64, r-patched-linux-x86_64, r-patched-solaris-sparc, r-patched-solaris-x86

Version: 3.0.5
Check: compiled code
Result: NOTE
    File ‘rmetasim/libs/rmetasim.so’:
     Found ‘__1cDstdEcout_’, possibly from ‘std::cout’ (C++)
     Objects: ‘Democlass.o’, ‘Landscape.o’, ‘PackedIndividual.o’,
     ‘rmetasim.o’
    
    Compiled code should not call entry points which might terminate R nor
    write to stdout/stderr instead of to the console, nor the system RNG.
    
    See ‘Writing portable packages’ in the ‘Writing R Extensions’ manual.
Flavors: r-patched-solaris-sparc, r-patched-solaris-x86