CRAN Package Check Results for Package rmetasim

Last updated on 2017-02-26 10:48:20.

Flavor Version Tinstall Tcheck Ttotal Status Flags
r-devel-linux-x86_64-debian-clang 3.0.5 2.78 3.38 6.16 ERROR
r-devel-linux-x86_64-debian-gcc 3.0.5 16.90 95.49 112.39 WARN
r-devel-linux-x86_64-fedora-clang 3.0.5 257.66 WARN --no-stop-on-test-error
r-devel-linux-x86_64-fedora-gcc 3.0.5 229.92 WARN --no-stop-on-test-error
r-devel-macos-x86_64-clang 3.0.5 174.83 WARN --no-stop-on-test-error
r-devel-windows-ix86+x86_64 3.0.5 90.00 376.00 466.00 WARN
r-patched-linux-x86_64 3.0.5 15.39 84.18 99.56 WARN
r-patched-solaris-sparc 3.0.5 1474.00 WARN
r-patched-solaris-x86 3.0.5 256.20 WARN
r-release-linux-x86_64 3.0.5 15.50 84.52 100.02 WARN
r-release-osx-x86_64-mavericks 3.0.5 OK
r-release-windows-ix86+x86_64 3.0.5 92.00 177.00 269.00 WARN
r-oldrel-windows-ix86+x86_64 3.0.5 89.00 258.00 347.00 OK

Memtest notes: clang-ASAN gcc6-ASAN gcc7-ASAN valgrind

Check Details

Version: 3.0.5
Check: whether package can be installed
Result: ERROR
    Installation failed.
Flavor: r-devel-linux-x86_64-debian-clang

Version: 3.0.5
Check: compilation flags in Makevars
Result: WARN
    Non-portable flags in variable 'PKG_CFLAGS':
     -g
    Non-portable flags in variable 'PKG_CXXFLAGS':
     -g
Flavors: r-devel-linux-x86_64-debian-gcc, r-devel-windows-ix86+x86_64, r-patched-linux-x86_64, r-patched-solaris-sparc, r-patched-solaris-x86, r-release-linux-x86_64, r-release-windows-ix86+x86_64

Version: 3.0.5
Check: compiled code
Result: NOTE
    File ‘rmetasim/libs/rmetasim.so’:
     Found no calls to: ‘R_registerRoutines’, ‘R_useDynamicSymbols’
    
    It is good practice to register native routines and to disable symbol
    search.
    
    See ‘Writing portable packages’ in the ‘Writing R Extensions’ manual.
Flavor: r-devel-linux-x86_64-debian-gcc

Version: 3.0.5
Flags: --no-stop-on-test-error
Check: compilation flags in Makevars
Result: WARN
    Non-portable flags in variable 'PKG_CFLAGS':
     -g
    Non-portable flags in variable 'PKG_CXXFLAGS':
     -g
Flavors: r-devel-linux-x86_64-fedora-clang, r-devel-linux-x86_64-fedora-gcc, r-devel-macos-x86_64-clang

Version: 3.0.5
Flags: --no-stop-on-test-error
Check: compiled code
Result: NOTE
    File ‘rmetasim/libs/rmetasim.so’:
     Found no calls to: ‘R_registerRoutines’, ‘R_useDynamicSymbols’
    
    It is good practice to register native routines and to disable symbol
    search.
    
    See ‘Writing portable packages’ in the ‘Writing R Extensions’ manual.
Flavors: r-devel-linux-x86_64-fedora-clang, r-devel-linux-x86_64-fedora-gcc, r-devel-macos-x86_64-clang

Version: 3.0.5
Check: compiled code
Result: NOTE
    File ‘rmetasim/libs/rmetasim.so’:
     Found ‘__1cDstdEcout_’, possibly from ‘std::cout’ (C++)
     Objects: ‘Democlass.o’, ‘Landscape.o’, ‘PackedIndividual.o’,
     ‘rmetasim.o’
    
    Compiled code should not call entry points which might terminate R nor
    write to stdout/stderr instead of to the console, nor the system RNG.
    
    See ‘Writing portable packages’ in the ‘Writing R Extensions’ manual.
Flavors: r-patched-solaris-sparc, r-patched-solaris-x86