CRAN Package Check Results for Package rmetasim

Last updated on 2014-07-23 23:48:31.

Flavor Version Tinstall Tcheck Ttotal Status Flags
r-devel-linux-x86_64-debian-clang 2.0.4 9.29 19.11 28.40 OK
r-devel-linux-x86_64-debian-gcc 2.0.4 12.41 19.46 31.87 OK
r-devel-linux-x86_64-fedora-clang 2.0.4 67.95 OK
r-devel-linux-x86_64-fedora-gcc 2.0.4 61.91 OK
r-devel-osx-x86_64-clang 2.0.4 60.55 OK
r-devel-windows-ix86+x86_64 2.0.4 56.00 47.00 103.00 OK
r-patched-linux-x86_64 2.0.4 12.61 19.78 32.40 OK
r-patched-solaris-sparc 2.0.4 317.90 NOTE
r-patched-solaris-x86 2.0.4 85.10 NOTE
r-release-linux-ix86 2.0.4 18.87 27.44 46.32 OK
r-release-linux-x86_64 2.0.4 12.54 19.56 32.09 OK
r-release-osx-x86_64-mavericks 2.0.4 OK
r-release-osx-x86_64-snowleopard 2.0.4 OK
r-release-windows-ix86+x86_64 2.0.4 57.00 45.00 102.00 OK
r-oldrel-windows-ix86+x86_64 2.0.4 54.00 51.00 105.00 OK

Memtest notes: valgrind

Check Details

Version: 2.0.4
Check: compiled code
Result: NOTE
    File ‘/home/ripley/R/Lib32/rmetasim/libs/rmetasim.so’:
     Found ‘__1cDstdEcout_’, possibly from ‘std::cout’ (C++)
     Objects: ‘Democlass.o’, ‘Landscape.o’, ‘PackedIndividual.o’,
     ‘rmetasim.o’
    
    Compiled code should not call entry points which might terminate R nor
    write to stdout/stderr instead of to the console.
    
    See ‘Writing portable packages’ in the ‘Writing R Extensions’ manual.
Flavors: r-patched-solaris-sparc, r-patched-solaris-x86