CRAN Package Check Results for Package rmetasim

Last updated on 2017-08-23 09:47:35.

Flavor Version Tinstall Tcheck Ttotal Status Flags
r-devel-linux-x86_64-debian-clang 3.0.5 2.69 3.25 5.94 ERROR
r-devel-linux-x86_64-debian-gcc 3.0.5 16.81 95.14 111.96 WARN
r-devel-linux-x86_64-fedora-clang 3.0.5 234.52 WARN
r-devel-linux-x86_64-fedora-gcc 3.0.5 240.46 WARN
r-devel-windows-ix86+x86_64 3.0.5 68.00 296.00 364.00 WARN
r-patched-linux-x86_64 3.0.5 16.71 101.34 118.06 WARN
r-patched-solaris-x86 3.0.5 327.10 WARN
r-release-linux-x86_64 3.0.5 16.65 100.71 117.36 WARN
r-release-windows-ix86+x86_64 3.0.5 71.00 274.00 345.00 WARN
r-release-osx-x86_64 3.0.5 WARN
r-oldrel-windows-ix86+x86_64 3.0.5 100.00 176.00 276.00 WARN
r-oldrel-osx-x86_64 3.0.5 OK

Additional issues

clang-ASAN gcc-ASAN valgrind

Check Details

Version: 3.0.5
Check: whether package can be installed
Result: ERROR
    Installation failed.
Flavor: r-devel-linux-x86_64-debian-clang

Version: 3.0.5
Check: compilation flags in Makevars
Result: WARN
    Non-portable flags in variable 'PKG_CFLAGS':
     -g
    Non-portable flags in variable 'PKG_CXXFLAGS':
     -g
Flavors: r-devel-linux-x86_64-debian-gcc, r-devel-linux-x86_64-fedora-clang, r-devel-linux-x86_64-fedora-gcc, r-devel-windows-ix86+x86_64, r-patched-linux-x86_64, r-patched-solaris-x86, r-release-linux-x86_64, r-release-windows-ix86+x86_64, r-release-osx-x86_64, r-oldrel-windows-ix86+x86_64

Version: 3.0.5
Check: compiled code
Result: NOTE
    File ‘rmetasim/libs/rmetasim.so’:
     Found no calls to: ‘R_registerRoutines’, ‘R_useDynamicSymbols’
    
    It is good practice to register native routines and to disable symbol
    search.
    
    See ‘Writing portable packages’ in the ‘Writing R Extensions’ manual.
Flavors: r-devel-linux-x86_64-debian-gcc, r-devel-linux-x86_64-fedora-clang, r-devel-linux-x86_64-fedora-gcc, r-patched-linux-x86_64, r-release-linux-x86_64

Version: 3.0.5
Check: compiled code
Result: NOTE
    File ‘rmetasim/libs/rmetasim.so’:
     Found ‘__1cDstdEcout_’, possibly from ‘std::cout’ (C++)
     Objects: ‘Democlass.o’, ‘Landscape.o’, ‘PackedIndividual.o’,
     ‘rmetasim.o’
    
    Compiled code should not call entry points which might terminate R nor
    write to stdout/stderr instead of to the console, nor the system RNG.
    
    See ‘Writing portable packages’ in the ‘Writing R Extensions’ manual.
Flavor: r-patched-solaris-x86