CRAN Package Check Results for Package rmetasim

Last updated on 2015-02-26 23:47:54.

Flavor Version Tinstall Tcheck Ttotal Status Flags
r-devel-linux-x86_64-debian-clang 2.0.4 10.00 17.10 27.10 NOTE
r-devel-linux-x86_64-debian-gcc 2.0.4 12.40 16.85 29.25 NOTE
r-devel-linux-x86_64-fedora-clang 2.0.4 64.24 NOTE
r-devel-linux-x86_64-fedora-gcc 2.0.4 53.81 NOTE
r-devel-osx-x86_64-clang 2.0.4 53.09 NOTE
r-devel-windows-ix86+x86_64 2.0.4 76.00 42.00 118.00 NOTE
r-patched-linux-x86_64 2.0.4 12.76 20.40 33.17 NOTE
r-patched-solaris-sparc 2.0.4 333.10 NOTE
r-patched-solaris-x86 2.0.4 88.10 NOTE
r-release-linux-ix86 2.0.4 16.90 26.87 43.76 NOTE
r-release-linux-x86_64 2.0.4 13.00 0.28 13.27 OK
r-release-osx-x86_64-mavericks 2.0.4 OK
r-release-osx-x86_64-snowleopard 2.0.4 OK
r-release-windows-ix86+x86_64 2.0.4 59.00 51.00 110.00 NOTE
r-oldrel-windows-ix86+x86_64 2.0.4 56.00 52.00 108.00 OK

Memtest notes: valgrind

Check Details

Version: 2.0.4
Check: DESCRIPTION meta-information
Result: NOTE
    Malformed Description field: should contain one or more complete sentences.
Flavors: r-devel-linux-x86_64-debian-clang, r-devel-linux-x86_64-debian-gcc, r-devel-linux-x86_64-fedora-clang, r-devel-linux-x86_64-fedora-gcc, r-devel-osx-x86_64-clang, r-devel-windows-ix86+x86_64

Version: 2.0.4
Check: compiled code
Result: NOTE
    File ‘rmetasim/libs/rmetasim.so’:
     Found ‘rand’, possibly from ‘rand’ (C)
     Objects: ‘AlleleObj.o’, ‘Landscape.o’
    
    Compiled code should not call entry points which might terminate R nor
    write to stdout/stderr instead of to the console, nor the system RNG.
    
    See ‘Writing portable packages’ in the ‘Writing R Extensions’ manual.
Flavors: r-devel-linux-x86_64-debian-clang, r-devel-linux-x86_64-debian-gcc, r-devel-linux-x86_64-fedora-gcc, r-patched-linux-x86_64

Version: 2.0.4
Check: compiled code
Result: NOTE
    File 'rmetasim/libs/i386/rmetasim.dll':
     Found 'rand', possibly from 'rand' (C)
     Objects: 'AlleleObj.o', 'Landscape.o'
    File 'rmetasim/libs/x64/rmetasim.dll':
     Found 'rand', possibly from 'rand' (C)
     Objects: 'AlleleObj.o', 'Landscape.o'
    
    Compiled code should not call entry points which might terminate R nor
    write to stdout/stderr instead of to the console, nor the system RNG.
    
    See 'Writing portable packages' in the 'Writing R Extensions' manual.
Flavor: r-devel-windows-ix86+x86_64

Version: 2.0.4
Check: compiled code
Result: NOTE
    File ‘rmetasim/libs/rmetasim.so’:
     Found ‘__1cDstdEcout_’, possibly from ‘std::cout’ (C++)
     Objects: ‘Democlass.o’, ‘Landscape.o’, ‘PackedIndividual.o’,
     ‘rmetasim.o’
     Found ‘rand’, possibly from ‘rand’ (C)
     Objects: ‘AlleleObj.o’, ‘Landscape.o’
    
    Compiled code should not call entry points which might terminate R nor
    write to stdout/stderr instead of to the console, nor the system RNG.
    
    See ‘Writing portable packages’ in the ‘Writing R Extensions’ manual.
Flavors: r-patched-solaris-sparc, r-patched-solaris-x86

Version: 2.0.4
Check: compiled code
Result: NOTE
    File ‘rmetasim/libs/rmetasim.so’:
     Found ‘rand’, possibly from ‘rand’ (C)
     Objects: ‘AlleleObj.o’, ‘Landscape.o’
    
    Compiled code should not call entry points which might terminate R nor
    write to stdout/stderr instead of to the console, nor the C RNG.
    
    See ‘Writing portable packages’ in the ‘Writing R Extensions’ manual.
Flavor: r-release-linux-ix86

Version: 2.0.4
Check: compiled code
Result: NOTE
    File 'rmetasim/libs/i386/rmetasim.dll':
     Found 'rand', possibly from 'rand' (C)
     Objects: 'AlleleObj.o', 'Landscape.o'
    File 'rmetasim/libs/x64/rmetasim.dll':
     Found 'rand', possibly from 'rand' (C)
     Objects: 'AlleleObj.o', 'Landscape.o'
    
    Compiled code should not call entry points which might terminate R nor
    write to stdout/stderr instead of to the console, nor the C RNG.
    
    See 'Writing portable packages' in the 'Writing R Extensions' manual.
Flavor: r-release-windows-ix86+x86_64