CRAN Package Check Results for Package rmetasim

Last updated on 2015-01-28 19:49:29.

Flavor Version Tinstall Tcheck Ttotal Status Flags
r-devel-linux-x86_64-debian-clang 2.0.4 10.02 17.34 27.36 NOTE
r-devel-linux-x86_64-debian-gcc 2.0.4 12.37 16.66 29.04 NOTE
r-devel-linux-x86_64-fedora-clang 2.0.4 73.30 OK
r-devel-linux-x86_64-fedora-gcc 2.0.4 57.89 NOTE
r-devel-osx-x86_64-clang 2.0.4 58.59 OK
r-devel-windows-ix86+x86_64 2.0.4 78.00 42.00 120.00 NOTE
r-patched-linux-x86_64 2.0.4 12.73 19.82 32.55 NOTE
r-patched-solaris-sparc 2.0.4 333.10 NOTE
r-patched-solaris-x86 2.0.4 87.60 NOTE
r-release-linux-ix86 2.0.4 16.79 26.33 43.12 NOTE
r-release-linux-x86_64 2.0.4 12.53 20.14 32.67 NOTE
r-release-osx-x86_64-mavericks 2.0.4 OK
r-release-osx-x86_64-snowleopard 2.0.4 OK
r-release-windows-ix86+x86_64 2.0.4 54.00 47.00 101.00 NOTE
r-oldrel-windows-ix86+x86_64 2.0.4 54.00 51.00 105.00 OK

Memtest notes: valgrind

Check Details

Version: 2.0.4
Check: compiled code
Result: NOTE
    File ‘rmetasim/libs/rmetasim.so’:
     Found ‘rand’, possibly from ‘rand’ (C)
     Objects: ‘AlleleObj.o’, ‘Landscape.o’
    
    Compiled code should not call entry points which might terminate R nor
    write to stdout/stderr instead of to the console, nor the system RNG.
    
    See ‘Writing portable packages’ in the ‘Writing R Extensions’ manual.
Flavors: r-devel-linux-x86_64-debian-clang, r-devel-linux-x86_64-debian-gcc, r-devel-linux-x86_64-fedora-gcc, r-patched-linux-x86_64

Version: 2.0.4
Check: compiled code
Result: NOTE
    File 'rmetasim/libs/i386/rmetasim.dll':
     Found 'rand', possibly from 'rand' (C)
     Objects: 'AlleleObj.o', 'Landscape.o'
    File 'rmetasim/libs/x64/rmetasim.dll':
     Found 'rand', possibly from 'rand' (C)
     Objects: 'AlleleObj.o', 'Landscape.o'
    
    Compiled code should not call entry points which might terminate R nor
    write to stdout/stderr instead of to the console, nor the system RNG.
    
    See 'Writing portable packages' in the 'Writing R Extensions' manual.
Flavor: r-devel-windows-ix86+x86_64

Version: 2.0.4
Check: compiled code
Result: NOTE
    File ‘rmetasim/libs/rmetasim.so’:
     Found ‘__1cDstdEcout_’, possibly from ‘std::cout’ (C++)
     Objects: ‘Democlass.o’, ‘Landscape.o’, ‘PackedIndividual.o’,
     ‘rmetasim.o’
     Found ‘rand’, possibly from ‘rand’ (C)
     Objects: ‘AlleleObj.o’, ‘Landscape.o’
    
    Compiled code should not call entry points which might terminate R nor
    write to stdout/stderr instead of to the console, nor the system RNG.
    
    See ‘Writing portable packages’ in the ‘Writing R Extensions’ manual.
Flavors: r-patched-solaris-sparc, r-patched-solaris-x86

Version: 2.0.4
Check: compiled code
Result: NOTE
    File ‘rmetasim/libs/rmetasim.so’:
     Found ‘rand’, possibly from ‘rand’ (C)
     Objects: ‘AlleleObj.o’, ‘Landscape.o’
    
    Compiled code should not call entry points which might terminate R nor
    write to stdout/stderr instead of to the console, nor the C RNG.
    
    See ‘Writing portable packages’ in the ‘Writing R Extensions’ manual.
Flavors: r-release-linux-ix86, r-release-linux-x86_64

Version: 2.0.4
Check: compiled code
Result: NOTE
    File 'rmetasim/libs/i386/rmetasim.dll':
     Found 'rand', possibly from 'rand' (C)
     Objects: 'AlleleObj.o', 'Landscape.o'
    File 'rmetasim/libs/x64/rmetasim.dll':
     Found 'rand', possibly from 'rand' (C)
     Objects: 'AlleleObj.o', 'Landscape.o'
    
    Compiled code should not call entry points which might terminate R nor
    write to stdout/stderr instead of to the console, nor the C RNG.
    
    See 'Writing portable packages' in the 'Writing R Extensions' manual.
Flavor: r-release-windows-ix86+x86_64