CRAN Package Check Results for Package rmetasim

Last updated on 2014-09-02 03:49:48.

Flavor Version Tinstall Tcheck Ttotal Status Flags
r-devel-linux-x86_64-debian-clang 2.0.4 9.18 19.52 28.70 NOTE
r-devel-linux-x86_64-debian-gcc 2.0.4 12.38 18.71 31.09 NOTE
r-devel-linux-x86_64-fedora-clang 2.0.4 67.61 OK
r-devel-linux-x86_64-fedora-gcc 2.0.4 59.01 NOTE
r-devel-osx-x86_64-clang 2.0.4 58.28 OK
r-devel-windows-ix86+x86_64 2.0.4 57.00 45.00 102.00 NOTE
r-patched-linux-x86_64 2.0.4 13.01 19.79 32.80 OK
r-patched-solaris-sparc 2.0.4 335.40 NOTE
r-patched-solaris-x86 2.0.4 85.60 NOTE
r-release-linux-ix86 2.0.4 17.42 27.50 44.92 OK
r-release-linux-x86_64 2.0.4 12.65 20.67 33.32 OK
r-release-osx-x86_64-mavericks 2.0.4 OK
r-release-osx-x86_64-snowleopard 2.0.4 OK
r-release-windows-ix86+x86_64 2.0.4 55.00 46.00 101.00 OK
r-oldrel-windows-ix86+x86_64 2.0.4 68.00 50.00 118.00 OK

Memtest notes: valgrind

Check Details

Version: 2.0.4
Check: compiled code
Result: NOTE
    File ‘/home/hornik/tmp/R.check/r-devel-clang/Work/build/Packages/rmetasim/libs/rmetasim.so’:
     Found ‘rand’, possibly from ‘rand’ (C)
     Objects: ‘AlleleObj.o’, ‘Landscape.o’
    
    Compiled code should not call entry points which might terminate R nor
    write to stdout/stderr instead of to the console, nor the C RNG.
    
    See ‘Writing portable packages’ in the ‘Writing R Extensions’ manual.
Flavor: r-devel-linux-x86_64-debian-clang

Version: 2.0.4
Check: compiled code
Result: NOTE
    File ‘/home/hornik/tmp/R.check/r-devel-gcc/Work/build/Packages/rmetasim/libs/rmetasim.so’:
     Found ‘rand’, possibly from ‘rand’ (C)
     Objects: ‘AlleleObj.o’, ‘Landscape.o’
    
    Compiled code should not call entry points which might terminate R nor
    write to stdout/stderr instead of to the console, nor the C RNG.
    
    See ‘Writing portable packages’ in the ‘Writing R Extensions’ manual.
Flavor: r-devel-linux-x86_64-debian-gcc

Version: 2.0.4
Check: compiled code
Result: NOTE
    File ‘/data/gannet/ripley/R/packages/tests-devel/rmetasim.Rcheck/rmetasim/libs/rmetasim.so’:
     Found ‘rand’, possibly from ‘rand’ (C)
     Objects: ‘AlleleObj.o’, ‘Landscape.o’
    
    Compiled code should not call entry points which might terminate R nor
    write to stdout/stderr instead of to the console, nor the C RNG.
    
    See ‘Writing portable packages’ in the ‘Writing R Extensions’ manual.
Flavor: r-devel-linux-x86_64-fedora-gcc

Version: 2.0.4
Check: compiled code
Result: NOTE
    File 'd:/Rcompile/CRANpkg/lib/3.2/rmetasim/libs/i386/rmetasim.dll':
     Found 'rand', possibly from 'rand' (C)
     Objects: 'AlleleObj.o', 'Landscape.o'
    File 'd:/Rcompile/CRANpkg/lib/3.2/rmetasim/libs/x64/rmetasim.dll':
     Found 'rand', possibly from 'rand' (C)
     Objects: 'AlleleObj.o', 'Landscape.o'
    
    Compiled code should not call entry points which might terminate R nor
    write to stdout/stderr instead of to the console, nor the C RNG.
    
    See 'Writing portable packages' in the 'Writing R Extensions' manual.
Flavor: r-devel-windows-ix86+x86_64

Version: 2.0.4
Check: compiled code
Result: NOTE
    File ‘/home/ripley/R/Lib32/rmetasim/libs/rmetasim.so’:
     Found ‘__1cDstdEcout_’, possibly from ‘std::cout’ (C++)
     Objects: ‘Democlass.o’, ‘Landscape.o’, ‘PackedIndividual.o’,
     ‘rmetasim.o’
    
    Compiled code should not call entry points which might terminate R nor
    write to stdout/stderr instead of to the console.
    
    See ‘Writing portable packages’ in the ‘Writing R Extensions’ manual.
Flavors: r-patched-solaris-sparc, r-patched-solaris-x86