CRAN Package Check Results for Package rmetasim

Last updated on 2015-07-30 07:47:22.

Flavor Version Tinstall Tcheck Ttotal Status Flags
r-devel-linux-x86_64-debian-clang 2.0.4 10.78 18.24 29.02 NOTE
r-devel-linux-x86_64-debian-gcc 2.0.4 12.98 18.54 31.52 NOTE
r-devel-linux-x86_64-fedora-clang 2.0.4 66.54 NOTE
r-devel-linux-x86_64-fedora-gcc 2.0.4 57.00 NOTE
r-devel-osx-x86_64-clang 2.0.4 49.84 NOTE
r-devel-windows-ix86+x86_64 2.0.4 82.00 52.00 134.00 NOTE
r-patched-linux-x86_64 2.0.4 12.63 18.27 30.90 NOTE
r-patched-solaris-sparc 2.0.4 344.20 NOTE
r-patched-solaris-x86 2.0.4 83.70 NOTE
r-release-linux-x86_64 2.0.4 13.49 18.73 32.22 NOTE
r-release-osx-x86_64-mavericks 2.0.4 NOTE
r-release-windows-ix86+x86_64 2.0.4 71.00 76.00 147.00 NOTE
r-oldrel-windows-ix86+x86_64 2.0.4 57.00 83.00 140.00 NOTE

Check Details

Version: 2.0.4
Check: DESCRIPTION meta-information
Result: NOTE
    Malformed Description field: should contain one or more complete sentences.
Flavors: r-devel-linux-x86_64-debian-clang, r-devel-linux-x86_64-debian-gcc, r-devel-linux-x86_64-fedora-clang, r-devel-linux-x86_64-fedora-gcc, r-devel-osx-x86_64-clang, r-devel-windows-ix86+x86_64, r-patched-linux-x86_64, r-patched-solaris-sparc, r-patched-solaris-x86, r-release-linux-x86_64, r-release-osx-x86_64-mavericks, r-release-windows-ix86+x86_64

Version: 2.0.4
Check: R code for possible problems
Result: NOTE
    geneseq: no visible global function definition for ‘runif’
    landscape.allelecount: no visible global function definition for
     ‘xtabs’
    landscape.allelefreq: no visible global function definition for
     ‘aggregate’
    landscape.allelefreq: no visible global function definition for ‘xtabs’
    landscape.allelefreq.old: no visible global function definition for
     ‘xtabs’
    landscape.demography: no visible global function definition for
     ‘pchisq’
    landscape.mig.matrix: no visible global function definition for ‘dist’
    landscape.relate: no visible global function definition for ‘aggregate’
    parse.arlequin: no visible global function definition for ‘read.table’
    popsizedist.plot.landscape: no visible global function definition for
     ‘plot’
    stgsizedist.plot.landscape: no visible global function definition for
     ‘plot’
    Undefined global functions or variables:
     aggregate dist pchisq plot read.table runif xtabs
    Consider adding
     importFrom("graphics", "plot")
     importFrom("stats", "aggregate", "dist", "pchisq", "runif", "xtabs")
     importFrom("utils", "read.table")
    to your NAMESPACE.
Flavors: r-devel-linux-x86_64-debian-clang, r-devel-linux-x86_64-debian-gcc, r-devel-linux-x86_64-fedora-clang, r-devel-linux-x86_64-fedora-gcc, r-devel-windows-ix86+x86_64

Version: 2.0.4
Check: compiled code
Result: NOTE
    File ‘rmetasim/libs/rmetasim.so’:
     Found ‘rand’, possibly from ‘rand’ (C)
     Objects: ‘AlleleObj.o’, ‘Landscape.o’
    
    Compiled code should not call entry points which might terminate R nor
    write to stdout/stderr instead of to the console, nor the system RNG.
    
    See ‘Writing portable packages’ in the ‘Writing R Extensions’ manual.
Flavors: r-devel-linux-x86_64-debian-clang, r-devel-linux-x86_64-debian-gcc, r-devel-linux-x86_64-fedora-gcc, r-patched-linux-x86_64, r-release-linux-x86_64

Version: 2.0.4
Check: compiled code
Result: NOTE
    File 'rmetasim/libs/i386/rmetasim.dll':
     Found 'rand', possibly from 'rand' (C)
     Objects: 'AlleleObj.o', 'Landscape.o'
    File 'rmetasim/libs/x64/rmetasim.dll':
     Found 'rand', possibly from 'rand' (C)
     Objects: 'AlleleObj.o', 'Landscape.o'
    
    Compiled code should not call entry points which might terminate R nor
    write to stdout/stderr instead of to the console, nor the system RNG.
    
    See 'Writing portable packages' in the 'Writing R Extensions' manual.
Flavors: r-devel-windows-ix86+x86_64, r-release-windows-ix86+x86_64, r-oldrel-windows-ix86+x86_64

Version: 2.0.4
Check: compiled code
Result: NOTE
    File ‘rmetasim/libs/rmetasim.so’:
     Found ‘__1cDstdEcout_’, possibly from ‘std::cout’ (C++)
     Objects: ‘Democlass.o’, ‘Landscape.o’, ‘PackedIndividual.o’,
     ‘rmetasim.o’
     Found ‘rand’, possibly from ‘rand’ (C)
     Objects: ‘AlleleObj.o’, ‘Landscape.o’
    
    Compiled code should not call entry points which might terminate R nor
    write to stdout/stderr instead of to the console, nor the system RNG.
    
    See ‘Writing portable packages’ in the ‘Writing R Extensions’ manual.
Flavors: r-patched-solaris-sparc, r-patched-solaris-x86