CRAN Package Check Results for Package rmetasim

Last updated on 2016-06-28 14:48:38.

Flavor Version Tinstall Tcheck Ttotal Status Flags
r-devel-linux-x86_64-debian-gcc 3.0.5 19.54 101.58 121.12 OK
r-devel-linux-x86_64-fedora-clang 3.0.5 254.49 OK
r-devel-linux-x86_64-fedora-gcc 3.0.5 229.43 OK
r-devel-osx-x86_64-clang 3.0.5 180.18 OK
r-devel-windows-ix86+x86_64 3.0.5 83.00 247.00 330.00 OK
r-patched-linux-x86_64 3.0.5 16.45 89.18 105.63 OK
r-patched-solaris-sparc 3.0.5 1480.40 NOTE
r-patched-solaris-x86 3.0.5 266.10 NOTE
r-release-linux-x86_64 3.0.5 15.85 84.01 99.85 OK
r-release-osx-x86_64-mavericks 3.0.5 OK
r-release-windows-ix86+x86_64 3.0.5 85.00 255.00 340.00 OK
r-oldrel-windows-ix86+x86_64 3.0.5 86.00 191.00 277.00 OK

Memtest notes: clang-ASAN gcc6-ASAN gcc-ASAN valgrind

Check Details

Version: 3.0.5
Check: compiled code
Result: NOTE
    File ‘rmetasim/libs/rmetasim.so’:
     Found ‘__1cDstdEcout_’, possibly from ‘std::cout’ (C++)
     Objects: ‘Democlass.o’, ‘Landscape.o’, ‘PackedIndividual.o’,
     ‘rmetasim.o’
    
    Compiled code should not call entry points which might terminate R nor
    write to stdout/stderr instead of to the console, nor the system RNG.
    
    See ‘Writing portable packages’ in the ‘Writing R Extensions’ manual.
Flavors: r-patched-solaris-sparc, r-patched-solaris-x86