CRAN Package Check Results for Package rmetasim

Last updated on 2014-08-22 08:49:18.

Flavor Version Tinstall Tcheck Ttotal Status Flags
r-devel-linux-x86_64-debian-clang 2.0.4 9.31 19.06 28.37 OK
r-devel-linux-x86_64-debian-gcc 2.0.4 12.52 18.97 31.49 OK
r-devel-linux-x86_64-fedora-clang 2.0.4 67.05 OK
r-devel-linux-x86_64-fedora-gcc 2.0.4 59.33 OK
r-devel-osx-x86_64-clang 2.0.4 59.10 OK
r-devel-windows-ix86+x86_64 2.0.4 57.00 40.00 97.00 OK
r-patched-linux-x86_64 2.0.4 12.60 19.77 32.37 OK
r-patched-solaris-sparc 2.0.4 335.40 NOTE
r-patched-solaris-x86 2.0.4 85.60 NOTE
r-release-linux-ix86 2.0.4 17.64 27.46 45.09 OK
r-release-linux-x86_64 2.0.4 12.83 19.74 32.57 OK
r-release-osx-x86_64-mavericks 2.0.4 OK
r-release-osx-x86_64-snowleopard 2.0.4 OK
r-release-windows-ix86+x86_64 2.0.4 58.00 50.00 108.00 OK
r-oldrel-windows-ix86+x86_64 2.0.4 53.00 56.00 109.00 OK

Memtest notes: valgrind

Check Details

Version: 2.0.4
Check: compiled code
Result: NOTE
    File ‘/home/ripley/R/Lib32/rmetasim/libs/rmetasim.so’:
     Found ‘__1cDstdEcout_’, possibly from ‘std::cout’ (C++)
     Objects: ‘Democlass.o’, ‘Landscape.o’, ‘PackedIndividual.o’,
     ‘rmetasim.o’
    
    Compiled code should not call entry points which might terminate R nor
    write to stdout/stderr instead of to the console.
    
    See ‘Writing portable packages’ in the ‘Writing R Extensions’ manual.
Flavors: r-patched-solaris-sparc, r-patched-solaris-x86