CRAN Package Check Results for Package rmetasim

Last updated on 2016-07-26 18:48:31.

Flavor Version Tinstall Tcheck Ttotal Status Flags
r-devel-linux-x86_64-debian-clang 3.0.5 4.48 2.79 7.27 ERROR
r-devel-linux-x86_64-debian-gcc 3.0.5 23.76 102.83 126.59 OK
r-devel-linux-x86_64-fedora-clang 3.0.5 223.76 OK
r-devel-linux-x86_64-fedora-gcc 3.0.5 203.00 OK
r-devel-osx-x86_64-clang 3.0.5 163.75 OK
r-devel-windows-ix86+x86_64 3.0.5 94.00 194.00 288.00 OK
r-patched-linux-x86_64 3.0.5 20.43 98.43 118.86 OK
r-patched-solaris-sparc 3.0.5 1480.40 NOTE
r-patched-solaris-x86 3.0.5 266.50 NOTE
r-release-linux-x86_64 3.0.5 17.79 97.91 115.70 OK
r-release-osx-x86_64-mavericks 3.0.5 OK
r-release-windows-ix86+x86_64 3.0.5 89.00 194.00 283.00 OK
r-oldrel-windows-ix86+x86_64 3.0.5 85.00 205.00 290.00 OK

Memtest notes: clang-ASAN gcc6-ASAN gcc7-ASAN valgrind

Check Details

Version: 3.0.5
Check: whether package can be installed
Result: ERROR
    Installation failed.
Flavor: r-devel-linux-x86_64-debian-clang

Version: 3.0.5
Check: compiled code
Result: NOTE
    File ‘rmetasim/libs/rmetasim.so’:
     Found ‘__1cDstdEcout_’, possibly from ‘std::cout’ (C++)
     Objects: ‘Democlass.o’, ‘Landscape.o’, ‘PackedIndividual.o’,
     ‘rmetasim.o’
    
    Compiled code should not call entry points which might terminate R nor
    write to stdout/stderr instead of to the console, nor the system RNG.
    
    See ‘Writing portable packages’ in the ‘Writing R Extensions’ manual.
Flavors: r-patched-solaris-sparc, r-patched-solaris-x86