CRAN Package Check Results for Package rmetasim

Last updated on 2015-03-27 03:47:55.

Flavor Version Tinstall Tcheck Ttotal Status Flags
r-devel-linux-x86_64-debian-clang 2.0.4 10.59 16.98 27.57 NOTE
r-devel-linux-x86_64-debian-gcc 2.0.4 12.40 16.50 28.90 NOTE
r-devel-linux-x86_64-fedora-clang 2.0.4 63.90 NOTE
r-devel-linux-x86_64-fedora-gcc 2.0.4 54.54 NOTE
r-devel-osx-x86_64-clang 2.0.4 57.28 NOTE
r-prerel-windows-ix86+x86_64 2.0.4 69.00 43.00 112.00 NOTE
r-prerel-linux-x86_64 2.0.4 12.20 16.34 28.54 NOTE
r-prerel-solaris-sparc 2.0.4 328.30 NOTE
r-prerel-solaris-x86 2.0.4 77.60 NOTE
r-release-linux-x86_64 2.0.4 13.10 20.76 33.86 NOTE
r-release-osx-x86_64-mavericks 2.0.4 OK
r-release-osx-x86_64-snowleopard 2.0.4 OK
r-release-windows-ix86+x86_64 2.0.4 55.00 49.00 104.00 NOTE
r-oldrel-windows-ix86+x86_64 2.0.4 53.00 52.00 105.00 OK

Memtest notes: valgrind

Check Details

Version: 2.0.4
Check: DESCRIPTION meta-information
Result: NOTE
    Malformed Description field: should contain one or more complete sentences.
Flavors: r-devel-linux-x86_64-debian-clang, r-devel-linux-x86_64-debian-gcc, r-devel-linux-x86_64-fedora-clang, r-devel-linux-x86_64-fedora-gcc, r-devel-osx-x86_64-clang, r-prerel-windows-ix86+x86_64, r-prerel-linux-x86_64, r-prerel-solaris-sparc, r-prerel-solaris-x86

Version: 2.0.4
Check: compiled code
Result: NOTE
    File ‘rmetasim/libs/rmetasim.so’:
     Found ‘rand’, possibly from ‘rand’ (C)
     Objects: ‘AlleleObj.o’, ‘Landscape.o’
    
    Compiled code should not call entry points which might terminate R nor
    write to stdout/stderr instead of to the console, nor the system RNG.
    
    See ‘Writing portable packages’ in the ‘Writing R Extensions’ manual.
Flavors: r-devel-linux-x86_64-debian-clang, r-devel-linux-x86_64-debian-gcc, r-devel-linux-x86_64-fedora-gcc, r-prerel-linux-x86_64, r-release-linux-x86_64

Version: 2.0.4
Check: compiled code
Result: NOTE
    File 'rmetasim/libs/i386/rmetasim.dll':
     Found 'rand', possibly from 'rand' (C)
     Objects: 'AlleleObj.o', 'Landscape.o'
    File 'rmetasim/libs/x64/rmetasim.dll':
     Found 'rand', possibly from 'rand' (C)
     Objects: 'AlleleObj.o', 'Landscape.o'
    
    Compiled code should not call entry points which might terminate R nor
    write to stdout/stderr instead of to the console, nor the system RNG.
    
    See 'Writing portable packages' in the 'Writing R Extensions' manual.
Flavors: r-prerel-windows-ix86+x86_64, r-release-windows-ix86+x86_64

Version: 2.0.4
Check: compiled code
Result: NOTE
    File ‘rmetasim/libs/rmetasim.so’:
     Found ‘__1cDstdEcout_’, possibly from ‘std::cout’ (C++)
     Objects: ‘Democlass.o’, ‘Landscape.o’, ‘PackedIndividual.o’,
     ‘rmetasim.o’
     Found ‘rand’, possibly from ‘rand’ (C)
     Objects: ‘AlleleObj.o’, ‘Landscape.o’
    
    Compiled code should not call entry points which might terminate R nor
    write to stdout/stderr instead of to the console, nor the system RNG.
    
    See ‘Writing portable packages’ in the ‘Writing R Extensions’ manual.
Flavors: r-prerel-solaris-sparc, r-prerel-solaris-x86