CRAN Package Check Results for Package rmetasim

Last updated on 2017-03-22 23:53:36.

Flavor Version Tinstall Tcheck Ttotal Status Flags
r-devel-linux-x86_64-debian-clang 3.0.5 2.92 3.15 6.07 ERROR
r-devel-linux-x86_64-debian-gcc 3.0.5 17.04 95.67 112.71 WARN
r-devel-linux-x86_64-fedora-clang 3.0.5 247.34 WARN --no-stop-on-test-error
r-devel-linux-x86_64-fedora-gcc 3.0.5 230.82 WARN --no-stop-on-test-error
r-devel-macos-x86_64-clang 3.0.5 174.47 WARN --no-stop-on-test-error
r-devel-windows-ix86+x86_64 3.0.5 66.00 200.00 266.00 WARN
r-patched-linux-x86_64 3.0.5 16.51 83.34 99.85 WARN
r-patched-solaris-sparc 3.0.5 1530.70 WARN
r-patched-solaris-x86 3.0.5 327.40 WARN
r-release-linux-x86_64 3.0.5 15.48 87.77 103.25 WARN
r-release-osx-x86_64-mavericks 3.0.5 OK
r-release-windows-ix86+x86_64 3.0.5 95.00 215.00 310.00 WARN
r-oldrel-windows-ix86+x86_64 3.0.5 87.00 331.00 418.00 OK

Memtest notes: clang-ASAN gcc-ASAN valgrind

Check Details

Version: 3.0.5
Check: whether package can be installed
Result: ERROR
    Installation failed.
Flavor: r-devel-linux-x86_64-debian-clang

Version: 3.0.5
Check: compilation flags in Makevars
Result: WARN
    Non-portable flags in variable 'PKG_CFLAGS':
     -g
    Non-portable flags in variable 'PKG_CXXFLAGS':
     -g
Flavors: r-devel-linux-x86_64-debian-gcc, r-devel-windows-ix86+x86_64, r-patched-linux-x86_64, r-patched-solaris-sparc, r-patched-solaris-x86, r-release-linux-x86_64, r-release-windows-ix86+x86_64

Version: 3.0.5
Check: compiled code
Result: NOTE
    File ‘rmetasim/libs/rmetasim.so’:
     Found no calls to: ‘R_registerRoutines’, ‘R_useDynamicSymbols’
    
    It is good practice to register native routines and to disable symbol
    search.
    
    See ‘Writing portable packages’ in the ‘Writing R Extensions’ manual.
Flavor: r-devel-linux-x86_64-debian-gcc

Version: 3.0.5
Flags: --no-stop-on-test-error
Check: compilation flags in Makevars
Result: WARN
    Non-portable flags in variable 'PKG_CFLAGS':
     -g
    Non-portable flags in variable 'PKG_CXXFLAGS':
     -g
Flavors: r-devel-linux-x86_64-fedora-clang, r-devel-linux-x86_64-fedora-gcc, r-devel-macos-x86_64-clang

Version: 3.0.5
Flags: --no-stop-on-test-error
Check: compiled code
Result: NOTE
    File ‘rmetasim/libs/rmetasim.so’:
     Found no calls to: ‘R_registerRoutines’, ‘R_useDynamicSymbols’
    
    It is good practice to register native routines and to disable symbol
    search.
    
    See ‘Writing portable packages’ in the ‘Writing R Extensions’ manual.
Flavors: r-devel-linux-x86_64-fedora-clang, r-devel-linux-x86_64-fedora-gcc, r-devel-macos-x86_64-clang

Version: 3.0.5
Check: compiled code
Result: NOTE
    File ‘rmetasim/libs/rmetasim.so’:
     Found ‘__1cDstdEcout_’, possibly from ‘std::cout’ (C++)
     Objects: ‘Democlass.o’, ‘Landscape.o’, ‘PackedIndividual.o’,
     ‘rmetasim.o’
    
    Compiled code should not call entry points which might terminate R nor
    write to stdout/stderr instead of to the console, nor the system RNG.
    
    See ‘Writing portable packages’ in the ‘Writing R Extensions’ manual.
Flavors: r-patched-solaris-sparc, r-patched-solaris-x86