CRAN Package Check Results for Package rmetasim

Last updated on 2016-05-06 06:47:14.

Flavor Version Tinstall Tcheck Ttotal Status Flags
r-devel-linux-x86_64-debian-gcc 3.0.5 15.65 109.14 124.79 OK
r-devel-linux-x86_64-fedora-clang 3.0.5 243.29 OK
r-devel-linux-x86_64-fedora-gcc 3.0.5 229.54 OK
r-devel-osx-x86_64-clang 3.0.5 249.26 OK
r-devel-windows-ix86+x86_64 3.0.5 64.00 178.00 242.00 OK
r-patched-linux-x86_64 3.0.5 15.86 84.72 100.58 OK
r-patched-solaris-sparc 3.0.5 1366.10 NOTE
r-patched-solaris-x86 3.0.5 266.60 NOTE
r-release-linux-x86_64 3.0.5 15.74 84.56 100.31 OK
r-release-osx-x86_64-mavericks 3.0.5 OK
r-release-windows-ix86+x86_64 3.0.5 64.00 178.00 242.00 OK
r-oldrel-windows-ix86+x86_64 3.0.5 80.00 181.00 261.00 OK

Memtest notes: clang-ASAN gcc6-ASAN gcc-ASAN valgrind

Check Details

Version: 3.0.5
Check: compiled code
Result: NOTE
    File ‘rmetasim/libs/rmetasim.so’:
     Found ‘__1cDstdEcout_’, possibly from ‘std::cout’ (C++)
     Objects: ‘Democlass.o’, ‘Landscape.o’, ‘PackedIndividual.o’,
     ‘rmetasim.o’
    
    Compiled code should not call entry points which might terminate R nor
    write to stdout/stderr instead of to the console, nor the system RNG.
    
    See ‘Writing portable packages’ in the ‘Writing R Extensions’ manual.
Flavors: r-patched-solaris-sparc, r-patched-solaris-x86