CRAN Package Check Results for Package rmetasim

Last updated on 2015-09-02 23:47:08.

Flavor Version Tinstall Tcheck Ttotal Status Flags
r-devel-linux-x86_64-debian-clang 2.0.4 10.74 18.08 28.83 NOTE
r-devel-linux-x86_64-debian-gcc 2.0.4 12.77 17.48 30.25 NOTE
r-devel-linux-x86_64-fedora-clang 2.0.4 66.79 NOTE
r-devel-linux-x86_64-fedora-gcc 2.0.4 55.36 NOTE
r-devel-osx-x86_64-clang 2.0.4 44.77 NOTE
r-devel-windows-ix86+x86_64 2.0.4 79.00 71.00 150.00 NOTE
r-patched-linux-x86_64 2.0.4 13.63 18.53 32.16 NOTE
r-patched-solaris-sparc 2.0.4 344.20 NOTE
r-patched-solaris-x86 2.0.4 83.60 NOTE
r-release-linux-x86_64 2.0.4 13.17 18.43 31.60 NOTE
r-release-osx-x86_64-mavericks 2.0.4 NOTE
r-release-windows-ix86+x86_64 2.0.4 73.00 48.00 121.00 NOTE
r-oldrel-windows-ix86+x86_64 2.0.4 75.00 85.00 160.00 NOTE

Check Details

Version: 2.0.4
Check: DESCRIPTION meta-information
Result: NOTE
    Malformed Description field: should contain one or more complete sentences.
Flavors: r-devel-linux-x86_64-debian-clang, r-devel-linux-x86_64-debian-gcc, r-devel-linux-x86_64-fedora-clang, r-devel-linux-x86_64-fedora-gcc, r-devel-osx-x86_64-clang, r-devel-windows-ix86+x86_64, r-patched-linux-x86_64, r-patched-solaris-sparc, r-patched-solaris-x86, r-release-linux-x86_64, r-release-osx-x86_64-mavericks, r-release-windows-ix86+x86_64

Version: 2.0.4
Check: R code for possible problems
Result: NOTE
    geneseq: no visible global function definition for ‘runif’
    landscape.allelecount: no visible global function definition for
     ‘xtabs’
    landscape.allelefreq: no visible global function definition for
     ‘aggregate’
    landscape.allelefreq: no visible global function definition for ‘xtabs’
    landscape.allelefreq.old: no visible global function definition for
     ‘xtabs’
    landscape.demography: no visible global function definition for
     ‘pchisq’
    landscape.mig.matrix: no visible global function definition for ‘dist’
    landscape.relate: no visible global function definition for ‘aggregate’
    parse.arlequin: no visible global function definition for ‘read.table’
    popsizedist.plot.landscape: no visible global function definition for
     ‘plot’
    stgsizedist.plot.landscape: no visible global function definition for
     ‘plot’
    Undefined global functions or variables:
     aggregate dist pchisq plot read.table runif xtabs
    Consider adding
     importFrom("graphics", "plot")
     importFrom("stats", "aggregate", "dist", "pchisq", "runif", "xtabs")
     importFrom("utils", "read.table")
    to your NAMESPACE.
Flavors: r-devel-linux-x86_64-debian-clang, r-devel-linux-x86_64-debian-gcc, r-devel-linux-x86_64-fedora-clang, r-devel-linux-x86_64-fedora-gcc, r-devel-windows-ix86+x86_64

Version: 2.0.4
Check: compiled code
Result: NOTE
    File ‘rmetasim/libs/rmetasim.so’:
     Found ‘rand’, possibly from ‘rand’ (C)
     Objects: ‘AlleleObj.o’, ‘Landscape.o’
    
    Compiled code should not call entry points which might terminate R nor
    write to stdout/stderr instead of to the console, nor the system RNG.
    
    See ‘Writing portable packages’ in the ‘Writing R Extensions’ manual.
Flavors: r-devel-linux-x86_64-debian-clang, r-devel-linux-x86_64-debian-gcc, r-devel-linux-x86_64-fedora-gcc, r-patched-linux-x86_64, r-release-linux-x86_64

Version: 2.0.4
Check: compiled code
Result: NOTE
    File 'rmetasim/libs/i386/rmetasim.dll':
     Found 'rand', possibly from 'rand' (C)
     Objects: 'AlleleObj.o', 'Landscape.o'
    File 'rmetasim/libs/x64/rmetasim.dll':
     Found 'rand', possibly from 'rand' (C)
     Objects: 'AlleleObj.o', 'Landscape.o'
    
    Compiled code should not call entry points which might terminate R nor
    write to stdout/stderr instead of to the console, nor the system RNG.
    
    See 'Writing portable packages' in the 'Writing R Extensions' manual.
Flavors: r-devel-windows-ix86+x86_64, r-release-windows-ix86+x86_64, r-oldrel-windows-ix86+x86_64

Version: 2.0.4
Check: compiled code
Result: NOTE
    File ‘rmetasim/libs/rmetasim.so’:
     Found ‘__1cDstdEcout_’, possibly from ‘std::cout’ (C++)
     Objects: ‘Democlass.o’, ‘Landscape.o’, ‘PackedIndividual.o’,
     ‘rmetasim.o’
     Found ‘rand’, possibly from ‘rand’ (C)
     Objects: ‘AlleleObj.o’, ‘Landscape.o’
    
    Compiled code should not call entry points which might terminate R nor
    write to stdout/stderr instead of to the console, nor the system RNG.
    
    See ‘Writing portable packages’ in the ‘Writing R Extensions’ manual.
Flavors: r-patched-solaris-sparc, r-patched-solaris-x86