CRAN Package Check Results for Package rmetasim

Last updated on 2015-04-26 09:46:35.

Flavor Version Tinstall Tcheck Ttotal Status Flags
r-devel-linux-x86_64-debian-clang 2.0.4 10.81 18.71 29.52 NOTE
r-devel-linux-x86_64-debian-gcc 2.0.4 12.85 18.58 31.43 NOTE
r-devel-linux-x86_64-fedora-clang 2.0.4 66.86 NOTE
r-devel-linux-x86_64-fedora-gcc 2.0.4 57.75 NOTE
r-devel-osx-x86_64-clang 2.0.4 57.73 NOTE
r-devel-windows-ix86+x86_64 2.0.4 58.00 47.00 105.00 NOTE
r-patched-linux-x86_64 2.0.4 12.88 18.40 31.27 NOTE
r-patched-solaris-sparc 2.0.4 328.30 NOTE
r-patched-solaris-x86 2.0.4 83.30 NOTE
r-release-linux-x86_64 2.0.4 12.46 18.52 30.98 NOTE
r-release-osx-x86_64-mavericks 2.0.4 NOTE
r-release-osx-x86_64-snowleopard 2.0.4 NOTE
r-release-windows-ix86+x86_64 2.0.4 55.00 49.00 104.00 NOTE
r-oldrel-windows-ix86+x86_64 2.0.4 48.00 53.00 101.00 NOTE

Memtest notes: valgrind

Check Details

Version: 2.0.4
Check: DESCRIPTION meta-information
Result: NOTE
    Malformed Description field: should contain one or more complete sentences.
Flavors: r-devel-linux-x86_64-fedora-gcc, r-devel-windows-ix86+x86_64, r-release-windows-ix86+x86_64

Version: 2.0.4
Check: compiled code
Result: NOTE
    File ‘rmetasim/libs/rmetasim.so’:
     Found ‘rand’, possibly from ‘rand’ (C)
     Objects: ‘AlleleObj.o’, ‘Landscape.o’
    
    Compiled code should not call entry points which might terminate R nor
    write to stdout/stderr instead of to the console, nor the system RNG.
    
    See ‘Writing portable packages’ in the ‘Writing R Extensions’ manual.
Flavor: r-devel-linux-x86_64-fedora-gcc

Version: 2.0.4
Check: compiled code
Result: NOTE
    File 'rmetasim/libs/i386/rmetasim.dll':
     Found 'rand', possibly from 'rand' (C)
     Objects: 'AlleleObj.o', 'Landscape.o'
    File 'rmetasim/libs/x64/rmetasim.dll':
     Found 'rand', possibly from 'rand' (C)
     Objects: 'AlleleObj.o', 'Landscape.o'
    
    Compiled code should not call entry points which might terminate R nor
    write to stdout/stderr instead of to the console, nor the system RNG.
    
    See 'Writing portable packages' in the 'Writing R Extensions' manual.
Flavors: r-devel-windows-ix86+x86_64, r-release-windows-ix86+x86_64, r-oldrel-windows-ix86+x86_64