CRAN Package Check Results for Package rmetasim

Last updated on 2017-04-24 20:47:38.

Flavor Version Tinstall Tcheck Ttotal Status Flags
r-devel-linux-x86_64-debian-clang 3.0.5 3.00 3.00 6.00 ERROR
r-devel-linux-x86_64-debian-gcc 3.0.5 17.30 94.58 111.88 WARN
r-devel-linux-x86_64-fedora-clang 3.0.5 256.73 WARN --no-stop-on-test-error
r-devel-linux-x86_64-fedora-gcc 3.0.5 229.47 WARN --no-stop-on-test-error
r-devel-windows-ix86+x86_64 3.0.5 WARN
r-patched-linux-x86_64 3.0.5 16.41 93.17 109.58 WARN
r-patched-solaris-sparc 3.0.5 1530.70 WARN
r-patched-solaris-x86 3.0.5 318.10 WARN
r-release-linux-x86_64 3.0.5 15.51 94.12 109.62 WARN
r-release-windows-ix86+x86_64 3.0.5 71.00 211.00 282.00 WARN
r-release-osx-x86_64 3.0.5 WARN
r-oldrel-windows-ix86+x86_64 3.0.5 70.00 171.00 241.00 WARN
r-oldrel-osx-x86_64 3.0.5 OK

Memtest notes: clang-ASAN gcc-ASAN valgrind

Check Details

Version: 3.0.5
Check: whether package can be installed
Result: ERROR
    Installation failed.
Flavor: r-devel-linux-x86_64-debian-clang

Version: 3.0.5
Check: compilation flags in Makevars
Result: WARN
    Non-portable flags in variable 'PKG_CFLAGS':
     -g
    Non-portable flags in variable 'PKG_CXXFLAGS':
     -g
Flavors: r-devel-linux-x86_64-debian-gcc, r-devel-windows-ix86+x86_64, r-patched-linux-x86_64, r-patched-solaris-sparc, r-patched-solaris-x86, r-release-linux-x86_64, r-release-windows-ix86+x86_64, r-release-osx-x86_64, r-oldrel-windows-ix86+x86_64

Version: 3.0.5
Check: compiled code
Result: NOTE
    File ‘rmetasim/libs/rmetasim.so’:
     Found no calls to: ‘R_registerRoutines’, ‘R_useDynamicSymbols’
    
    It is good practice to register native routines and to disable symbol
    search.
    
    See ‘Writing portable packages’ in the ‘Writing R Extensions’ manual.
Flavors: r-devel-linux-x86_64-debian-gcc, r-patched-linux-x86_64, r-release-linux-x86_64

Version: 3.0.5
Flags: --no-stop-on-test-error
Check: compilation flags in Makevars
Result: WARN
    Non-portable flags in variable 'PKG_CFLAGS':
     -g
    Non-portable flags in variable 'PKG_CXXFLAGS':
     -g
Flavors: r-devel-linux-x86_64-fedora-clang, r-devel-linux-x86_64-fedora-gcc

Version: 3.0.5
Flags: --no-stop-on-test-error
Check: compiled code
Result: NOTE
    File ‘rmetasim/libs/rmetasim.so’:
     Found no calls to: ‘R_registerRoutines’, ‘R_useDynamicSymbols’
    
    It is good practice to register native routines and to disable symbol
    search.
    
    See ‘Writing portable packages’ in the ‘Writing R Extensions’ manual.
Flavors: r-devel-linux-x86_64-fedora-clang, r-devel-linux-x86_64-fedora-gcc

Version: 3.0.5
Check: compiled code
Result: NOTE
    File ‘rmetasim/libs/rmetasim.so’:
     Found ‘__1cDstdEcout_’, possibly from ‘std::cout’ (C++)
     Objects: ‘Democlass.o’, ‘Landscape.o’, ‘PackedIndividual.o’,
     ‘rmetasim.o’
    
    Compiled code should not call entry points which might terminate R nor
    write to stdout/stderr instead of to the console, nor the system RNG.
    
    See ‘Writing portable packages’ in the ‘Writing R Extensions’ manual.
Flavors: r-patched-solaris-sparc, r-patched-solaris-x86