CRAN Package Check Results for Package rmgarch

Last updated on 2014-07-31 15:47:09.

Flavor Version Tinstall Tcheck Ttotal Status Flags
r-devel-linux-x86_64-debian-clang 1.2-8 36.86 132.81 169.67 NOTE
r-devel-linux-x86_64-debian-gcc 1.2-8 41.84 130.06 171.89 NOTE
r-devel-linux-x86_64-fedora-clang 1.2-8 384.55 NOTE
r-devel-linux-x86_64-fedora-gcc 1.2-8 371.90 NOTE
r-devel-osx-x86_64-clang 1.2-8 265.58 OK
r-devel-windows-ix86+x86_64 1.2-8 107.00 213.00 320.00 OK
r-patched-linux-x86_64 1.2-8 42.24 130.41 172.65 NOTE
r-patched-solaris-sparc 1.2-8 2015.10 NOTE
r-patched-solaris-x86 1.2-8 422.40 NOTE
r-release-linux-ix86 1.2-8 51.82 157.10 208.92 NOTE
r-release-linux-x86_64 1.2-8 42.99 132.74 175.73 NOTE
r-release-osx-x86_64-mavericks 1.2-8 NOTE
r-release-osx-x86_64-snowleopard 1.2-8 OK
r-release-windows-ix86+x86_64 1.2-8 139.00 302.00 441.00 OK
r-oldrel-windows-ix86+x86_64 1.2-8 103.00 303.00 406.00 OK

Check Details

Version: 1.2-8
Check: installed package size
Result: NOTE
     installed size is 6.2Mb
     sub-directories of 1Mb or more:
     libs 4.4Mb
Flavors: r-devel-linux-x86_64-debian-clang, r-devel-linux-x86_64-debian-gcc, r-devel-linux-x86_64-fedora-clang, r-devel-linux-x86_64-fedora-gcc, r-patched-linux-x86_64, r-patched-solaris-sparc, r-patched-solaris-x86, r-release-linux-ix86, r-release-linux-x86_64, r-release-osx-x86_64-mavericks

Version: 1.2-8
Check: re-building of vignette outputs
Result: NOTE
    Error in re-building vignettes:
     ...
    Error in texi2dvi(file = file, pdf = TRUE, clean = clean, quiet = quiet, :
     Running 'texi2dvi' on 'The_rmgarch_models.tex' failed.
    LaTeX errors:
    ! LaTeX Error: File `appendix.sty' not found.
    
    Type X to quit or <RETURN> to proceed,
    or enter new name. (Default extension: sty)
    
    _test/rmgarch/vignettes/The_rmgarch_models.tex:9: ==> Fatal error occurred, no
     output PDF file produced!
    Calls: buildVignettes -> texi2pdf -> texi2dvi
    Execution halted
Flavor: r-release-osx-x86_64-mavericks