CRAN Package Check Results for Package rmgarch

Last updated on 2016-02-11 06:50:56.

Flavor Version Tinstall Tcheck Ttotal Status Flags
r-devel-linux-x86_64-debian-gcc 1.3-0 40.48 121.25 161.73 NOTE
r-devel-linux-x86_64-fedora-clang 1.3-0 322.11 NOTE
r-devel-linux-x86_64-fedora-gcc 1.3-0 300.90 NOTE
r-devel-osx-x86_64-clang 1.3-0 290.60 OK
r-devel-windows-ix86+x86_64 1.3-0 155.00 284.00 439.00 OK
r-patched-linux-x86_64 1.3-0 40.92 126.59 167.50 NOTE
r-patched-solaris-sparc 1.3-0 1843.40 OK
r-patched-solaris-x86 1.3-0 342.50 OK
r-release-linux-x86_64 1.3-0 40.63 124.70 165.34 NOTE
r-release-osx-x86_64-mavericks 1.3-0 NOTE
r-release-windows-ix86+x86_64 1.3-0 158.00 220.00 378.00 OK
r-oldrel-windows-ix86+x86_64 1.3-0 165.00 301.00 466.00 OK

Check Details

Version: 1.3-0
Check: installed package size
Result: NOTE
     installed size is 7.0Mb
     sub-directories of 1Mb or more:
     libs 5.3Mb
Flavors: r-devel-linux-x86_64-debian-gcc, r-devel-linux-x86_64-fedora-clang, r-devel-linux-x86_64-fedora-gcc, r-patched-linux-x86_64, r-release-linux-x86_64, r-release-osx-x86_64-mavericks