CRAN Package Check Results for Package rmgarch

Last updated on 2015-04-01 06:47:03.

Flavor Version Tinstall Tcheck Ttotal Status Flags
r-devel-linux-x86_64-debian-clang 1.2-8 39.15 114.98 154.13 NOTE
r-devel-linux-x86_64-debian-gcc 1.2-8 41.64 113.22 154.86 NOTE
r-devel-linux-x86_64-fedora-clang 1.2-8 308.80 NOTE
r-devel-linux-x86_64-fedora-gcc 1.2-8 294.64 NOTE
r-devel-osx-x86_64-clang 1.2-8 248.83 OK
r-prerel-windows-ix86+x86_64 1.2-8 115.00 182.00 297.00 OK
r-prerel-linux-x86_64 1.2-8 40.48 111.51 152.00 NOTE
r-prerel-solaris-sparc 1.2-8 1784.20 NOTE
r-prerel-solaris-x86 1.2-8 340.90 NOTE
r-release-linux-x86_64 1.2-8 48.56 135.64 184.20 NOTE
r-release-osx-x86_64-mavericks 1.2-8 NOTE
r-release-osx-x86_64-snowleopard 1.2-8 OK
r-release-windows-ix86+x86_64 1.2-8 116.00 224.00 340.00 OK
r-oldrel-windows-ix86+x86_64 1.2-8 107.00 225.00 332.00 OK

Check Details

Version: 1.2-8
Check: installed package size
Result: NOTE
     installed size is 6.4Mb
     sub-directories of 1Mb or more:
     libs 4.7Mb
Flavors: r-devel-linux-x86_64-debian-clang, r-devel-linux-x86_64-debian-gcc, r-devel-linux-x86_64-fedora-clang, r-devel-linux-x86_64-fedora-gcc, r-prerel-linux-x86_64, r-prerel-solaris-sparc, r-prerel-solaris-x86, r-release-linux-x86_64, r-release-osx-x86_64-mavericks