CRAN Package Check Results for Package rmgarch

Last updated on 2015-05-06 05:48:01.

Flavor Version Tinstall Tcheck Ttotal Status Flags
r-devel-linux-x86_64-debian-clang 1.2-8 49.28 115.13 164.41 NOTE
r-devel-linux-x86_64-debian-gcc 1.2-8 41.14 112.83 153.97 NOTE
r-devel-linux-x86_64-fedora-clang 1.2-8 312.62 NOTE
r-devel-linux-x86_64-fedora-gcc 1.2-8 285.08 NOTE
r-devel-osx-x86_64-clang 1.2-8 240.97 OK
r-devel-windows-ix86+x86_64 1.2-8 120.00 191.00 311.00 OK
r-patched-linux-x86_64 1.2-8 42.82 114.01 156.83 NOTE
r-patched-solaris-sparc 1.2-8 1784.20 NOTE
r-patched-solaris-x86 1.2-8 347.70 NOTE
r-release-linux-x86_64 1.2-8 43.03 114.26 157.29 NOTE
r-release-osx-x86_64-mavericks 1.2-8 NOTE
r-release-osx-x86_64-snowleopard 1.2-8 ERROR
r-release-windows-ix86+x86_64 1.2-8 142.00 249.00 391.00 OK
r-oldrel-windows-ix86+x86_64 1.2-8 113.00 263.00 376.00 OK

Check Details

Version: 1.2-8
Check: installed package size
Result: NOTE
     installed size is 6.5Mb
     sub-directories of 1Mb or more:
     libs 4.8Mb
Flavors: r-devel-linux-x86_64-debian-clang, r-devel-linux-x86_64-debian-gcc, r-devel-linux-x86_64-fedora-clang, r-devel-linux-x86_64-fedora-gcc, r-patched-linux-x86_64, r-patched-solaris-sparc, r-patched-solaris-x86, r-release-linux-x86_64, r-release-osx-x86_64-mavericks

Version: 1.2-8
Check: package dependencies
Result: ERROR
    Packages required but not available: ‘rugarch’ ‘zoo’ ‘xts’
    
    See section ‘The DESCRIPTION file’ in the ‘Writing R Extensions’
    manual.
Flavor: r-release-osx-x86_64-snowleopard