CRAN Package Check Results for Package rmgarch

Last updated on 2014-09-02 22:47:48.

Flavor Version Tinstall Tcheck Ttotal Status Flags
r-devel-linux-x86_64-debian-clang 1.2-8 35.94 126.80 162.74 NOTE
r-devel-linux-x86_64-debian-gcc 1.2-8 42.20 124.66 166.86 NOTE
r-devel-linux-x86_64-fedora-clang 1.2-8 382.15 NOTE
r-devel-linux-x86_64-fedora-gcc 1.2-8 356.61 NOTE
r-devel-osx-x86_64-clang 1.2-8 255.00 OK
r-devel-windows-ix86+x86_64 1.2-8 110.00 206.00 316.00 OK
r-patched-linux-x86_64 1.2-8 46.02 132.30 178.33 NOTE
r-patched-solaris-sparc 1.2-8 2015.10 NOTE
r-patched-solaris-x86 1.2-8 421.40 NOTE
r-release-linux-ix86 1.2-8 53.52 159.06 212.58 NOTE
r-release-linux-x86_64 1.2-8 43.14 133.70 176.84 NOTE
r-release-osx-x86_64-mavericks 1.2-8 NOTE
r-release-osx-x86_64-snowleopard 1.2-8 OK
r-release-windows-ix86+x86_64 1.2-8 98.00 224.00 322.00 OK
r-oldrel-windows-ix86+x86_64 1.2-8 104.00 207.00 311.00 OK

Check Details

Version: 1.2-8
Check: installed package size
Result: NOTE
     installed size is 6.3Mb
     sub-directories of 1Mb or more:
     libs 4.6Mb
Flavors: r-devel-linux-x86_64-debian-clang, r-devel-linux-x86_64-debian-gcc, r-devel-linux-x86_64-fedora-clang, r-devel-linux-x86_64-fedora-gcc, r-patched-linux-x86_64, r-patched-solaris-sparc, r-patched-solaris-x86, r-release-linux-ix86, r-release-linux-x86_64, r-release-osx-x86_64-mavericks

Version: 1.2-8
Check: re-building of vignette outputs
Result: NOTE
    Error in re-building vignettes:
     ...
    Error in texi2dvi(file = file, pdf = TRUE, clean = clean, quiet = quiet, :
     Running 'texi2dvi' on 'The_rmgarch_models.tex' failed.
    LaTeX errors:
    ! LaTeX Error: File `appendix.sty' not found.
    
    Type X to quit or <RETURN> to proceed,
    or enter new name. (Default extension: sty)
    
    _test/rmgarch/vignettes/The_rmgarch_models.tex:9: ==> Fatal error occurred, no
     output PDF file produced!
    Calls: buildVignettes -> texi2pdf -> texi2dvi
    Execution halted
Flavor: r-release-osx-x86_64-mavericks