CRAN Package Check Results for Package rmgarch

Last updated on 2014-12-22 19:48:31.

Flavor Version Tinstall Tcheck Ttotal Status Flags
r-devel-linux-x86_64-debian-clang 1.2-8 40.32 130.00 170.32 NOTE
r-devel-linux-x86_64-debian-gcc 1.2-8 41.40 127.34 168.74 NOTE
r-devel-linux-x86_64-fedora-clang 1.2-8 367.55 NOTE
r-devel-linux-x86_64-fedora-gcc 1.2-8 349.52 NOTE
r-devel-osx-x86_64-clang 1.2-8 282.96 OK
r-devel-windows-ix86+x86_64 1.2-8 105.00 201.00 306.00 OK
r-patched-linux-x86_64 1.2-8 42.13 135.46 177.58 NOTE
r-patched-solaris-sparc 1.2-8 1992.10 NOTE
r-patched-solaris-x86 1.2-8 418.60 NOTE
r-release-linux-ix86 1.2-8 49.81 153.24 203.05 NOTE
r-release-linux-x86_64 1.2-8 42.30 134.02 176.33 NOTE
r-release-osx-x86_64-mavericks 1.2-8 NOTE
r-release-osx-x86_64-snowleopard 1.2-8 OK
r-release-windows-ix86+x86_64 1.2-8 106.00 228.00 334.00 OK
r-oldrel-windows-ix86+x86_64 1.2-8 107.00 222.00 329.00 OK

Check Details

Version: 1.2-8
Check: installed package size
Result: NOTE
     installed size is 7.0Mb
     sub-directories of 1Mb or more:
     libs 5.3Mb
Flavors: r-devel-linux-x86_64-debian-clang, r-devel-linux-x86_64-debian-gcc, r-devel-linux-x86_64-fedora-clang, r-devel-linux-x86_64-fedora-gcc, r-patched-linux-x86_64, r-patched-solaris-sparc, r-patched-solaris-x86, r-release-linux-ix86, r-release-linux-x86_64, r-release-osx-x86_64-mavericks

Version: 1.2-8
Check: re-building of vignette outputs
Result: NOTE
    Error in re-building vignettes:
     ...
    Error in texi2dvi(file = file, pdf = TRUE, clean = clean, quiet = quiet, :
     Running 'texi2dvi' on 'The_rmgarch_models.tex' failed.
    LaTeX errors:
    ! LaTeX Error: File `appendix.sty' not found.
    
    Type X to quit or <RETURN> to proceed,
    or enter new name. (Default extension: sty)
    
    _test/rmgarch/vignettes/The_rmgarch_models.tex:9: ==> Fatal error occurred, no
     output PDF file produced!
    Calls: buildVignettes -> texi2pdf -> texi2dvi
    Execution halted
Flavor: r-release-osx-x86_64-mavericks