CRAN Package Check Results for Package rmgarch

Last updated on 2019-11-13 20:51:09 CET.

Flavor Version Tinstall Tcheck Ttotal Status Flags
r-devel-linux-x86_64-debian-clang 1.3-7 141.19 219.45 360.64 OK
r-devel-linux-x86_64-debian-gcc 1.3-7 105.75 165.31 271.06 OK
r-devel-linux-x86_64-fedora-clang 1.3-7 478.14 NOTE
r-devel-linux-x86_64-fedora-gcc 1.3-7 476.35 OK
r-devel-windows-ix86+x86_64 1.3-7 284.00 232.00 516.00 NOTE
r-patched-linux-x86_64 1.3-7 113.28 213.14 326.42 OK
r-patched-solaris-x86 1.3-7 484.40 OK
r-release-linux-x86_64 1.3-7 114.00 215.44 329.44 OK
r-release-windows-ix86+x86_64 1.3-7 281.00 259.00 540.00 NOTE
r-release-osx-x86_64 1.3-7 NOTE
r-oldrel-windows-ix86+x86_64 1.3-7 207.00 327.00 534.00 NOTE
r-oldrel-osx-x86_64 1.3-7 NOTE

Check Details

Version: 1.3-7
Check: installed package size
Result: NOTE
     installed size is 9.4Mb
     sub-directories of 1Mb or more:
     R 2.0Mb
     libs 6.3Mb
Flavors: r-devel-linux-x86_64-fedora-clang, r-devel-windows-ix86+x86_64, r-release-windows-ix86+x86_64, r-release-osx-x86_64, r-oldrel-windows-ix86+x86_64, r-oldrel-osx-x86_64