CRAN Package Check Results for Package rmgarch

Last updated on 2015-01-30 09:54:31.

Flavor Version Tinstall Tcheck Ttotal Status Flags
r-devel-linux-x86_64-debian-clang 1.2-8 37.00 118.68 155.68 NOTE
r-devel-linux-x86_64-debian-gcc 1.2-8 41.39 115.32 156.70 NOTE
r-devel-linux-x86_64-fedora-clang 1.2-8 354.02 NOTE
r-devel-linux-x86_64-fedora-gcc 1.2-8 339.51 NOTE
r-devel-osx-x86_64-clang 1.2-8 278.52 OK
r-devel-windows-ix86+x86_64 1.2-8 136.00 177.00 313.00 OK
r-patched-linux-x86_64 1.2-8 42.09 134.87 176.96 NOTE
r-patched-solaris-sparc 1.2-8 2098.30 NOTE
r-patched-solaris-x86 1.2-8 408.30 NOTE
r-release-linux-ix86 1.2-8 49.91 154.34 204.25 NOTE
r-release-linux-x86_64 1.2-8 43.65 134.85 178.50 NOTE
r-release-osx-x86_64-mavericks 1.2-8 NOTE
r-release-osx-x86_64-snowleopard 1.2-8 OK
r-release-windows-ix86+x86_64 1.2-8 117.00 236.00 353.00 OK
r-oldrel-windows-ix86+x86_64 1.2-8 96.00 216.00 312.00 OK

Check Details

Version: 1.2-8
Check: installed package size
Result: NOTE
     installed size is 7.0Mb
     sub-directories of 1Mb or more:
     libs 5.3Mb
Flavors: r-devel-linux-x86_64-debian-clang, r-devel-linux-x86_64-debian-gcc, r-devel-linux-x86_64-fedora-clang, r-devel-linux-x86_64-fedora-gcc, r-patched-linux-x86_64, r-patched-solaris-sparc, r-patched-solaris-x86, r-release-linux-ix86, r-release-linux-x86_64, r-release-osx-x86_64-mavericks