CRAN Package Check Results for Package rmgarch

Last updated on 2020-02-18 04:47:39 CET.

Flavor Version Tinstall Tcheck Ttotal Status Flags
r-devel-linux-x86_64-debian-clang 1.3-7 142.98 244.83 387.81 OK
r-devel-linux-x86_64-debian-gcc 1.3-7 111.74 183.94 295.68 OK
r-devel-linux-x86_64-fedora-clang 1.3-7 495.06 NOTE
r-devel-linux-x86_64-fedora-gcc 1.3-7 473.33 OK
r-devel-windows-ix86+x86_64 1.3-7 228.00 252.00 480.00 NOTE
r-devel-windows-ix86+x86_64-gcc8 1.3-7 330.00 270.00 600.00 NOTE
r-patched-linux-x86_64 1.3-7 124.58 209.09 333.67 OK
r-patched-solaris-x86 1.3-7 464.30 OK
r-release-linux-x86_64 1.3-7 119.96 216.78 336.74 OK
r-release-windows-ix86+x86_64 1.3-7 218.00 240.00 458.00 NOTE
r-release-osx-x86_64 1.3-7 NOTE
r-oldrel-windows-ix86+x86_64 1.3-7 190.00 242.00 432.00 NOTE
r-oldrel-osx-x86_64 1.3-7 NOTE

Check Details

Version: 1.3-7
Check: installed package size
Result: NOTE
     installed size is 9.5Mb
     sub-directories of 1Mb or more:
     R 2.1Mb
     libs 6.4Mb
Flavors: r-devel-linux-x86_64-fedora-clang, r-devel-windows-ix86+x86_64, r-devel-windows-ix86+x86_64-gcc8, r-release-windows-ix86+x86_64, r-release-osx-x86_64, r-oldrel-windows-ix86+x86_64, r-oldrel-osx-x86_64