CRAN Package Check Results for Package rmgarch

Last updated on 2014-11-26 03:48:05.

Flavor Version Tinstall Tcheck Ttotal Status Flags
r-devel-linux-x86_64-debian-clang 1.2-8 37.86 131.72 169.59 NOTE
r-devel-linux-x86_64-debian-gcc 1.2-8 42.01 130.63 172.64 NOTE
r-devel-linux-x86_64-fedora-clang 1.2-8 370.71 NOTE
r-devel-linux-x86_64-fedora-gcc 1.2-8 353.60 NOTE
r-devel-osx-x86_64-clang 1.2-8 289.76 OK
r-devel-windows-ix86+x86_64 1.2-8 92.00 200.00 292.00 OK
r-patched-linux-x86_64 1.2-8 42.38 140.22 182.60 NOTE
r-patched-solaris-sparc 1.2-8 2026.50 NOTE
r-patched-solaris-x86 1.2-8 418.10 NOTE
r-release-linux-ix86 1.2-8 49.76 153.53 203.29 NOTE
r-release-linux-x86_64 1.2-8 43.42 134.48 177.91 NOTE
r-release-osx-x86_64-mavericks 1.2-8 NOTE
r-release-osx-x86_64-snowleopard 1.2-8 OK
r-release-windows-ix86+x86_64 1.2-8 112.00 230.00 342.00 OK
r-oldrel-windows-ix86+x86_64 1.2-8 112.00 217.00 329.00 OK

Check Details

Version: 1.2-8
Check: installed package size
Result: NOTE
     installed size is 7.0Mb
     sub-directories of 1Mb or more:
     libs 5.3Mb
Flavors: r-devel-linux-x86_64-debian-clang, r-devel-linux-x86_64-debian-gcc, r-devel-linux-x86_64-fedora-clang, r-devel-linux-x86_64-fedora-gcc, r-patched-linux-x86_64, r-patched-solaris-sparc, r-patched-solaris-x86, r-release-linux-ix86, r-release-linux-x86_64, r-release-osx-x86_64-mavericks

Version: 1.2-8
Check: re-building of vignette outputs
Result: NOTE
    Error in re-building vignettes:
     ...
    Error in texi2dvi(file = file, pdf = TRUE, clean = clean, quiet = quiet, :
     Running 'texi2dvi' on 'The_rmgarch_models.tex' failed.
    LaTeX errors:
    ! LaTeX Error: File `appendix.sty' not found.
    
    Type X to quit or <RETURN> to proceed,
    or enter new name. (Default extension: sty)
    
    _test/rmgarch/vignettes/The_rmgarch_models.tex:9: ==> Fatal error occurred, no
     output PDF file produced!
    Calls: buildVignettes -> texi2pdf -> texi2dvi
    Execution halted
Flavor: r-release-osx-x86_64-mavericks