CRAN Package Check Results for Package rmgarch

Last updated on 2014-04-23 20:47:20.

Flavor Version Tinstall Tcheck Ttotal Status Flags
r-devel-linux-x86_64-debian-clang 1.2-6 36.77 139.35 176.12 NOTE
r-devel-linux-x86_64-debian-gcc 1.2-6 43.19 144.01 187.20 NOTE
r-devel-linux-x86_64-fedora-clang 1.2-6 383.04 NOTE
r-devel-linux-x86_64-fedora-gcc 1.2-6 363.56 NOTE
r-devel-osx-x86_64-clang 1.2-6 295.52 NOTE
r-devel-osx-x86_64-gcc 1.2-6 ERROR
r-devel-windows-ix86+x86_64 1.2-6 83.00 234.00 317.00 NOTE
r-patched-linux-x86_64 1.2-6 43.42 139.79 183.20 NOTE
r-patched-solaris-sparc 1.2-6 1971.90 NOTE
r-patched-solaris-x86 1.2-6 411.90 NOTE
r-release-linux-ix86 1.2-6 64.00 206.00 270.00 NOTE
r-release-linux-x86_64 1.2-6 43.14 143.54 186.69 NOTE
r-release-osx-x86_64-mavericks 1.2-6 ERROR
r-release-osx-x86_64-snowleopard 1.2-6 NOTE
r-release-windows-ix86+x86_64 1.2-6 102.00 216.00 318.00 NOTE
r-oldrel-windows-ix86+x86_64 1.2-6 110.00 219.00 329.00 NOTE

Check Details

Version: 1.2-6
Check: installed package size
Result: NOTE
     installed size is 6.1Mb
     sub-directories of 1Mb or more:
     libs 4.4Mb
Flavors: r-devel-linux-x86_64-debian-clang, r-devel-linux-x86_64-debian-gcc, r-devel-linux-x86_64-fedora-clang, r-devel-linux-x86_64-fedora-gcc, r-patched-linux-x86_64, r-patched-solaris-sparc, r-patched-solaris-x86, r-release-linux-ix86, r-release-linux-x86_64, r-release-osx-x86_64-snowleopard

Version: 1.2-6
Check: dependencies in R code
Result: NOTE
    'library' or 'require' call to ‘rugarch’ which was already attached by Depends.
     Please remove these calls from your code.
    See the information on DESCRIPTION files in the chapter ‘Creating R
    packages’ of the ‘Writing R Extensions’ manual.
Flavors: r-devel-linux-x86_64-debian-clang, r-devel-linux-x86_64-debian-gcc, r-devel-linux-x86_64-fedora-clang, r-devel-linux-x86_64-fedora-gcc, r-devel-osx-x86_64-clang, r-devel-windows-ix86+x86_64, r-patched-linux-x86_64, r-patched-solaris-sparc, r-patched-solaris-x86, r-release-linux-ix86, r-release-linux-x86_64, r-release-osx-x86_64-snowleopard, r-release-windows-ix86+x86_64, r-oldrel-windows-ix86+x86_64

Version: 1.2-6
Check: package dependencies
Result: ERROR
    Packages required but not available: ‘rugarch’ ‘zoo’ ‘xts’
    
    See the information on DESCRIPTION files in the chapter ‘Creating R
    packages’ of the ‘Writing R Extensions’ manual.
Flavor: r-devel-osx-x86_64-gcc

Version: 1.2-6
Check: package dependencies
Result: ERROR
    Package required but not available: ‘fftw’
    
    See the information on DESCRIPTION files in the chapter ‘Creating R
    packages’ of the ‘Writing R Extensions’ manual.
Flavor: r-release-osx-x86_64-mavericks