CRAN Package Check Results for Package rmgarch

Last updated on 2020-09-25 06:50:08 CEST.

Flavor Version Tinstall Tcheck Ttotal Status Flags
r-devel-linux-x86_64-debian-clang 1.3-7 152.61 263.39 416.00 OK
r-devel-linux-x86_64-debian-gcc 1.3-7 119.59 193.37 312.96 OK
r-devel-linux-x86_64-fedora-clang 1.3-7 601.82 NOTE
r-devel-linux-x86_64-fedora-gcc 1.3-7 514.85 OK
r-devel-windows-ix86+x86_64 1.3-7 316.00 326.00 642.00 NOTE
r-patched-linux-x86_64 1.3-7 124.95 245.91 370.86 OK
r-patched-solaris-x86 1.3-7 537.30 OK
r-release-linux-x86_64 1.3-7 122.41 248.11 370.52 OK
r-release-macos-x86_64 1.3-7 NOTE
r-release-windows-ix86+x86_64 1.3-7 291.00 349.00 640.00 NOTE
r-oldrel-macos-x86_64 1.3-7 NOTE
r-oldrel-windows-ix86+x86_64 1.3-7 282.00 309.00 591.00 NOTE

Check Details

Version: 1.3-7
Check: installed package size
Result: NOTE
     installed size is 10.2Mb
     sub-directories of 1Mb or more:
     R 2.1Mb
     libs 7.1Mb
Flavors: r-devel-linux-x86_64-fedora-clang, r-devel-windows-ix86+x86_64, r-release-macos-x86_64, r-release-windows-ix86+x86_64, r-oldrel-macos-x86_64, r-oldrel-windows-ix86+x86_64