CRAN Package Check Results for Package rmgarch

Last updated on 2014-10-25 23:46:51.

Flavor Version Tinstall Tcheck Ttotal Status Flags
r-devel-linux-x86_64-debian-clang 1.2-8 38.30 127.46 165.77 NOTE
r-devel-linux-x86_64-debian-gcc 1.2-8 43.80 128.86 172.66 NOTE
r-devel-linux-x86_64-fedora-clang 1.2-8 374.93 NOTE
r-devel-linux-x86_64-fedora-gcc 1.2-8 352.94 NOTE
r-devel-osx-x86_64-clang 1.2-8 290.23 OK
r-devel-windows-ix86+x86_64 1.2-8 106.00 191.00 297.00 OK
r-patched-linux-x86_64 1.2-8 42.61 134.84 177.45 NOTE
r-patched-solaris-sparc 1.2-8 2015.10 NOTE
r-patched-solaris-x86 1.2-8 418.80 NOTE
r-release-linux-ix86 1.2-8 53.08 161.34 214.43 NOTE
r-release-linux-x86_64 1.2-8 46.15 134.46 180.61 NOTE
r-release-osx-x86_64-mavericks 1.2-8 NOTE
r-release-osx-x86_64-snowleopard 1.2-8 OK
r-release-windows-ix86+x86_64 1.2-8 110.00 232.00 342.00 OK
r-oldrel-windows-ix86+x86_64 1.2-8 106.00 226.00 332.00 OK

Check Details

Version: 1.2-8
Check: installed package size
Result: NOTE
     installed size is 7.2Mb
     sub-directories of 1Mb or more:
     libs 5.5Mb
Flavors: r-devel-linux-x86_64-debian-clang, r-devel-linux-x86_64-debian-gcc, r-devel-linux-x86_64-fedora-clang, r-devel-linux-x86_64-fedora-gcc, r-patched-linux-x86_64, r-patched-solaris-sparc, r-patched-solaris-x86, r-release-linux-ix86, r-release-linux-x86_64, r-release-osx-x86_64-mavericks

Version: 1.2-8
Check: re-building of vignette outputs
Result: NOTE
    Error in re-building vignettes:
     ...
    Error in texi2dvi(file = file, pdf = TRUE, clean = clean, quiet = quiet, :
     Running 'texi2dvi' on 'The_rmgarch_models.tex' failed.
    LaTeX errors:
    ! LaTeX Error: File `appendix.sty' not found.
    
    Type X to quit or <RETURN> to proceed,
    or enter new name. (Default extension: sty)
    
    _test/rmgarch/vignettes/The_rmgarch_models.tex:9: ==> Fatal error occurred, no
     output PDF file produced!
    Calls: buildVignettes -> texi2pdf -> texi2dvi
    Execution halted
Flavor: r-release-osx-x86_64-mavericks