CRAN Package Check Results for Package rmgarch

Last updated on 2015-09-04 11:47:50.

Flavor Version Tinstall Tcheck Ttotal Status Flags
r-devel-linux-x86_64-debian-clang 1.2-9 40.57 116.30 156.86 NOTE
r-devel-linux-x86_64-debian-gcc 1.2-9 41.98 117.76 159.74 NOTE
r-devel-linux-x86_64-fedora-clang 1.2-9 314.86 NOTE
r-devel-linux-x86_64-fedora-gcc 1.2-9 258.88 NOTE
r-devel-osx-x86_64-clang 1.2-9 187.72 OK
r-devel-windows-ix86+x86_64 1.2-9 121.00 195.00 316.00 OK
r-patched-linux-x86_64 1.2-9 43.18 118.87 162.06 NOTE
r-patched-solaris-sparc 1.2-9 1853.60 OK
r-patched-solaris-x86 1.2-9 345.30 OK
r-release-linux-x86_64 1.2-9 42.88 120.54 163.42 NOTE
r-release-osx-x86_64-mavericks 1.2-9 NOTE
r-release-windows-ix86+x86_64 1.2-9 159.00 298.00 457.00 OK
r-oldrel-windows-ix86+x86_64 1.2-9 110.00 245.00 355.00 OK

Check Details

Version: 1.2-9
Check: installed package size
Result: NOTE
     installed size is 6.5Mb
     sub-directories of 1Mb or more:
     libs 4.8Mb
Flavors: r-devel-linux-x86_64-debian-clang, r-devel-linux-x86_64-debian-gcc, r-devel-linux-x86_64-fedora-clang, r-devel-linux-x86_64-fedora-gcc, r-patched-linux-x86_64, r-release-linux-x86_64, r-release-osx-x86_64-mavericks