CRAN Package Check Results for Package rmgarch

Last updated on 2015-07-01 21:46:49.

Flavor Version Tinstall Tcheck Ttotal Status Flags
r-devel-linux-x86_64-debian-clang 1.2-8 38.90 111.38 150.28 NOTE
r-devel-linux-x86_64-debian-gcc 1.2-8 43.20 110.89 154.10 NOTE
r-devel-linux-x86_64-fedora-clang 1.2-8 304.05 NOTE
r-devel-linux-x86_64-fedora-gcc 1.2-8 286.24 NOTE
r-devel-osx-x86_64-clang 1.2-8 201.34 OK
r-devel-windows-ix86+x86_64 1.2-8 109.00 189.00 298.00 NOTE
r-patched-linux-x86_64 1.2-8 42.28 115.58 157.85 NOTE
r-patched-solaris-sparc 1.2-8 1795.90 NOTE
r-patched-solaris-x86 1.2-8 349.90 NOTE
r-release-linux-x86_64 1.2-8 41.34 111.27 152.61 NOTE
r-release-osx-x86_64-mavericks 1.2-8 NOTE
r-release-windows-ix86+x86_64 1.2-8 117.00 207.00 324.00 OK
r-oldrel-windows-ix86+x86_64 1.2-8 110.00 240.00 350.00 OK

Check Details

Version: 1.2-8
Check: installed package size
Result: NOTE
     installed size is 6.5Mb
     sub-directories of 1Mb or more:
     libs 4.8Mb
Flavors: r-devel-linux-x86_64-debian-clang, r-devel-linux-x86_64-debian-gcc, r-devel-linux-x86_64-fedora-clang, r-devel-linux-x86_64-fedora-gcc, r-patched-linux-x86_64, r-patched-solaris-sparc, r-patched-solaris-x86, r-release-linux-x86_64, r-release-osx-x86_64-mavericks

Version: 1.2-8
Check: R code for possible problems
Result: NOTE
    .Pconstruct: no visible global function definition for ‘cov2cor’
    .Spearman: no visible global function definition for ‘cor’
    .cgarchfilter.dynamic: no visible global function definition for ‘tail’
    .cgarchfilter.static: no visible global function definition for ‘tail’
    .cgarchfit.dynamic: no visible global function definition for ‘tail’
    .cgarchfit.static: no visible global function definition for ‘tail’
    .cgarchmakefitmodel1: no visible global function definition for ‘cov’
    .cgarchmakefitmodel1: no visible global function definition for ‘pnorm’
    .cgarchmakefitmodel2: no visible global function definition for ‘cov’
    .cgarchmakefitmodel2: no visible global function definition for ‘pnorm’
    .cgarchsim1: no visible global function definition for ‘runif’
    .cgarchsim1: no visible global function definition for ‘tail’
    .cgarchsim1 : <anonymous>: no visible global function definition for
     ‘tail’
    .cgarchsim2: no visible global function definition for ‘runif’
    .cgarchsim2: no visible global function definition for ‘tail’
    .cgarchsim2 : <anonymous>: no visible global function definition for
     ‘tail’
    .cokurt.pairs: no visible global function definition for ‘combn’
    .colorgradient: no visible global function definition for ‘hsv’
    .copuladccsimf: no visible global function definition for ‘rnorm’
    .copulalbfgssolver: no visible global function definition for ‘optim’
    .copulanlminbsolver: no visible global function definition for ‘nlminb’
    .dccfilter: no visible global function definition for ‘cov’
    .dccfit: no visible global function definition for ‘cov’
    .dccforecastm: no visible global function definition for ‘cov’
    .dcclbfgssolver: no visible global function definition for ‘optim’
    .dccmakefitmodel: no visible global function definition for ‘cov’
    .dccmakefitmodel: no visible global function definition for ‘pnorm’
    .dccnlminbsolver: no visible global function definition for ‘nlminb’
    .dccsim.fit: no visible global function definition for ‘runif’
    .dccsim.fit: no visible global function definition for ‘tail’
    .dccsim.fit: no visible global function definition for ‘cor’
    .dccsim.fit: no visible global function definition for ‘rnorm’
    .dccsim.fit : <anonymous>: no visible global function definition for
     ‘tail’
    .dccsim.spec: no visible global function definition for ‘runif’
    .dccsim.spec: no visible global function definition for ‘tail’
    .dccsim.spec: no visible global function definition for ‘rnorm’
    .dccsim.spec : <anonymous>: no visible global function definition for
     ‘tail’
    .dccsimf: no visible global function definition for ‘rnorm’
    .dcintmoments: no visible global function definition for ‘integrate’
    .dfft.mn : <anonymous>: no visible global function definition for
     ‘dnorm’
    .dfun: no visible global function definition for ‘integrate’
    .dmvnorm: no visible global function definition for ‘mahalanobis’
    .dmvt: no visible global function definition for ‘mahalanobis’
    .extractmdata: no visible global function definition for ‘median’
    .fdccfilter: no visible global function definition for ‘cov’
    .fdccforecastm: no visible global function definition for ‘cov’
    .fdccsim.fit: no visible global function definition for ‘runif’
    .fdccsim.fit: no visible global function definition for ‘tail’
    .fdccsim.fit: no visible global function definition for ‘cor’
    .fdccsim.fit: no visible global function definition for ‘rnorm’
    .fdccsim.fit : <anonymous>: no visible global function definition for
     ‘tail’
    .fdccsim.spec: no visible global function definition for ‘runif’
    .fdccsim.spec: no visible global function definition for ‘tail’
    .fdccsim.spec: no visible global function definition for ‘rnorm’
    .fdccsim.spec : <anonymous>: no visible global function definition for
     ‘tail’
    .fdccsimf: no visible global function definition for ‘rnorm’
    .fdccspec: no visible global function definition for ‘na.omit’
    .fpdefl: no visible global function definition for ‘rnorm’
    .fpica: no visible global function definition for ‘runif’
    .fpsymm: no visible global function definition for ‘rnorm’
    .gausscopulafn : <anonymous>: no visible global function definition for
     ‘qnorm’
    .getSamples: no visible global function definition for ‘runif’
    .gogarchfitroll: no visible global function definition for ‘tail’
    .gogarchsigroll: no visible global function definition for ‘tail’
    .gogarchsim: no visible global function definition for ‘runif’
    .gogarchsim: no visible global function definition for ‘tail’
    .gogarchsim : <anonymous>: no visible global function definition for
     ‘tail’
    .gportmoments.garchroll: no visible global function definition for
     ‘tail’
    .intpol: no visible global function definition for ‘approx’
    .ivech2: no visible global function definition for ‘cov2cor’
    .makeDNew: no visible binding for global variable ‘approxfun’
    .makeDNew: no visible global function definition for ‘integrate’
    .makePNew: no visible binding for global variable ‘approxfun’
    .makePd: no visible global function definition for ‘stepfun’
    .makeQc: no visible global function definition for ‘approxfun’
    .multdccfitPlot: no visible global function definition for ‘menu’
    .multdccforecastPlot: no visible global function definition for ‘menu’
    .multdccrollPlot: no visible global function definition for ‘menu’
    .newsimpact.dcc.cor: no visible global function definition for ‘persp’
    .newsimpact.dcc.cor: no visible global function definition for
     ‘terrain.colors’
    .newsimpact.dcc.cor: no visible global function definition for
     ‘contour’
    .newsimpact.dcc.cov: no visible global function definition for ‘persp’
    .newsimpact.dcc.cov: no visible global function definition for
     ‘terrain.colors’
    .newsimpact.dcc.cov: no visible global function definition for
     ‘contour’
    .newsimpact.fdcc.cor: no visible global function definition for ‘persp’
    .newsimpact.fdcc.cor: no visible global function definition for
     ‘terrain.colors’
    .newsimpact.fdcc.cor: no visible global function definition for
     ‘contour’
    .newsimpact.fdcc.cov: no visible global function definition for ‘persp’
    .newsimpact.fdcc.cov: no visible global function definition for
     ‘terrain.colors’
    .newsimpact.fdcc.cov: no visible global function definition for
     ‘contour’
    .newsimpact.gogarch.cor: no visible global function definition for
     ‘cov2cor’
    .newsimpact.gogarch.cor: no visible global function definition for
     ‘persp’
    .newsimpact.gogarch.cor: no visible global function definition for
     ‘terrain.colors’
    .newsimpact.gogarch.cor: no visible global function definition for
     ‘contour’
    .newsimpact.gogarch.cov: no visible global function definition for
     ‘persp’
    .newsimpact.gogarch.cov: no visible global function definition for
     ‘terrain.colors’
    .newsimpact.gogarch.cov: no visible global function definition for
     ‘contour’
    .nmoments.fft: no visible global function definition for ‘integrate’
    .pempirical: no visible global function definition for ‘ecdf’
    .pempirical.filter: no visible global function definition for ‘ecdf’
    .pfft.mn : <anonymous>: no visible global function definition for
     ‘pnorm’
    .plot.dccfit.1: no visible global function definition for ‘dev.next’
    .plot.dccfit.1: no visible global function definition for ‘dev.cur’
    .plot.dccfit.1: no visible global function definition for ‘dev.new’
    .plot.dccfit.1: no visible global function definition for ‘par’
    .plot.dccfit.1: no visible global function definition for ‘colors’
    .plot.dccfit.1: no visible global function definition for ‘mtext’
    .plot.dccfit.1: no visible global function definition for ‘title’
    .plot.dccfit.1: no visible global function definition for ‘grid’
    .plot.dccfit.2: no visible global function definition for ‘dev.next’
    .plot.dccfit.2: no visible global function definition for ‘dev.cur’
    .plot.dccfit.2: no visible global function definition for ‘dev.new’
    .plot.dccfit.2: no visible global function definition for ‘par’
    .plot.dccfit.2: no visible global function definition for ‘colors’
    .plot.dccfit.2: no visible global function definition for ‘mtext’
    .plot.dccfit.2: no visible global function definition for ‘title’
    .plot.dccfit.2: no visible global function definition for ‘grid’
    .plot.dccfit.3: no visible global function definition for ‘dev.next’
    .plot.dccfit.3: no visible global function definition for ‘dev.cur’
    .plot.dccfit.3: no visible global function definition for ‘dev.new’
    .plot.dccfit.3: no visible global function definition for ‘par’
    .plot.dccfit.3: no visible global function definition for ‘colors’
    .plot.dccfit.3: no visible global function definition for ‘mtext’
    .plot.dccfit.3: no visible global function definition for ‘title’
    .plot.dccfit.3: no visible global function definition for ‘grid’
    .plot.dccfit.4: no visible global function definition for ‘dev.next’
    .plot.dccfit.4: no visible global function definition for ‘dev.cur’
    .plot.dccfit.4: no visible global function definition for ‘dev.new’
    .plot.dccfit.4: no visible global function definition for ‘par’
    .plot.dccfit.4: no visible global function definition for ‘colors’
    .plot.dccfit.4: no visible global function definition for ‘mtext’
    .plot.dccfit.4: no visible global function definition for ‘title’
    .plot.dccfit.4: no visible global function definition for ‘grid’
    .plot.dccfit.5: no visible global function definition for ‘mtext’
    .plot.dccfit.5: no visible global function definition for ‘abline’
    .plot.dccfit.5: no visible global function definition for ‘grid’
    .plot.dccforecast.1: no visible global function definition for
     ‘dev.next’
    .plot.dccforecast.1: no visible global function definition for
     ‘dev.cur’
    .plot.dccforecast.1: no visible global function definition for
     ‘dev.new’
    .plot.dccforecast.1: no visible global function definition for ‘par’
    .plot.dccforecast.1: no visible global function definition for ‘colors’
    .plot.dccforecast.1: no visible global function definition for ‘abline’
    .plot.dccforecast.1: no visible global function definition for ‘mtext’
    .plot.dccforecast.1: no visible global function definition for ‘legend’
    .plot.dccforecast.1: no visible global function definition for ‘grid’
    .plot.dccforecast.1: no visible global function definition for ‘title’
    .plot.dccforecast.2: no visible global function definition for
     ‘dev.next’
    .plot.dccforecast.2: no visible global function definition for
     ‘dev.cur’
    .plot.dccforecast.2: no visible global function definition for
     ‘dev.new’
    .plot.dccforecast.2: no visible global function definition for ‘par’
    .plot.dccforecast.2: no visible global function definition for ‘colors’
    .plot.dccforecast.2: no visible global function definition for ‘abline’
    .plot.dccforecast.2: no visible global function definition for ‘mtext’
    .plot.dccforecast.2: no visible global function definition for ‘legend’
    .plot.dccforecast.2: no visible global function definition for ‘grid’
    .plot.dccforecast.2: no visible global function definition for ‘title’
    .plot.dccforecast.3: no visible global function definition for
     ‘dev.next’
    .plot.dccforecast.3: no visible global function definition for
     ‘dev.cur’
    .plot.dccforecast.3: no visible global function definition for
     ‘dev.new’
    .plot.dccforecast.3: no visible global function definition for ‘par’
    .plot.dccforecast.3: no visible global function definition for ‘colors’
    .plot.dccforecast.3: no visible global function definition for ‘abline’
    .plot.dccforecast.3: no visible global function definition for ‘mtext’
    .plot.dccforecast.3: no visible global function definition for ‘legend’
    .plot.dccforecast.3: no visible global function definition for ‘grid’
    .plot.dccforecast.3: no visible global function definition for ‘title’
    .plot.dccforecast.4 : <anonymous>: no visible global function
     definition for ‘cov2cor’
    .plot.dccforecast.4: no visible global function definition for
     ‘dev.next’
    .plot.dccforecast.4: no visible global function definition for
     ‘dev.cur’
    .plot.dccforecast.4: no visible global function definition for
     ‘dev.new’
    .plot.dccforecast.4: no visible global function definition for ‘par’
    .plot.dccforecast.4: no visible global function definition for ‘colors’
    .plot.dccforecast.4: no visible global function definition for ‘abline’
    .plot.dccforecast.4: no visible global function definition for ‘mtext’
    .plot.dccforecast.4: no visible global function definition for ‘legend’
    .plot.dccforecast.4: no visible global function definition for ‘grid’
    .plot.dccforecast.4: no visible global function definition for ‘title’
    .plot.dccforecast.5: no visible global function definition for ‘tail’
    .plot.dccforecast.5: no visible global function definition for ‘colors’
    .plot.dccforecast.5: no visible global function definition for ‘mtext’
    .plot.dccforecast.5: no visible global function definition for ‘abline’
    .plot.dccforecast.5: no visible global function definition for ‘legend’
    .plot.dccforecast.5: no visible global function definition for ‘grid’
    .plot.dccroll.1: no visible global function definition for ‘dev.next’
    .plot.dccroll.1: no visible global function definition for ‘dev.cur’
    .plot.dccroll.1: no visible global function definition for ‘dev.new’
    .plot.dccroll.1: no visible global function definition for ‘par’
    .plot.dccroll.1: no visible global function definition for ‘colors’
    .plot.dccroll.1: no visible global function definition for ‘abline’
    .plot.dccroll.1: no visible global function definition for ‘mtext’
    .plot.dccroll.1: no visible global function definition for ‘legend’
    .plot.dccroll.1: no visible global function definition for ‘grid’
    .plot.dccroll.1: no visible global function definition for ‘title’
    .plot.dccroll.2: no visible global function definition for ‘dev.next’
    .plot.dccroll.2: no visible global function definition for ‘dev.cur’
    .plot.dccroll.2: no visible global function definition for ‘dev.new’
    .plot.dccroll.2: no visible global function definition for ‘par’
    .plot.dccroll.2: no visible global function definition for ‘colors’
    .plot.dccroll.2: no visible global function definition for ‘abline’
    .plot.dccroll.2: no visible global function definition for ‘mtext’
    .plot.dccroll.2: no visible global function definition for ‘legend’
    .plot.dccroll.2: no visible global function definition for ‘grid’
    .plot.dccroll.2: no visible global function definition for ‘title’
    .plot.dccroll.3: no visible global function definition for ‘dev.next’
    .plot.dccroll.3: no visible global function definition for ‘dev.cur’
    .plot.dccroll.3: no visible global function definition for ‘dev.new’
    .plot.dccroll.3: no visible global function definition for ‘par’
    .plot.dccroll.3: no visible global function definition for ‘colors’
    .plot.dccroll.3: no visible global function definition for ‘mtext’
    .plot.dccroll.3: no visible global function definition for ‘grid’
    .plot.dccroll.3: no visible global function definition for ‘title’
    .plot.dccroll.4: no visible global function definition for ‘dev.next’
    .plot.dccroll.4: no visible global function definition for ‘dev.cur’
    .plot.dccroll.4: no visible global function definition for ‘dev.new’
    .plot.dccroll.4: no visible global function definition for ‘par’
    .plot.dccroll.4: no visible global function definition for ‘colors’
    .plot.dccroll.4: no visible global function definition for ‘mtext’
    .plot.dccroll.4: no visible global function definition for ‘grid’
    .plot.dccroll.4: no visible global function definition for ‘title’
    .plot.dccroll.5: no visible global function definition for ‘colors’
    .plot.dccroll.5: no visible global function definition for ‘mtext’
    .plot.dccroll.5: no visible global function definition for ‘abline’
    .plot.dccroll.5: no visible global function definition for ‘legend’
    .plot.dccroll.5: no visible global function definition for ‘grid’
    .primefun: no visible global function definition for ‘approxfun’
    .qfft.mn : <anonymous>: no visible global function definition for
     ‘qnorm’
    .radicalOptThetaC: no visible global function definition for ‘rnorm’
    .rcokurtroll: no visible global function definition for ‘tail’
    .rcopula: no visible global function definition for ‘pnorm’
    .rcor.cgarchsim: no visible global function definition for ‘cov2cor’
    .rcorroll: no visible global function definition for ‘tail’
    .rcoskewroll: no visible global function definition for ‘tail’
    .rcovroll: no visible global function definition for ‘tail’
    .rmvnorm: no visible global function definition for ‘rnorm’
    .rmvt: no visible global function definition for ‘rchisq’
    .rtvcopula: no visible global function definition for ‘pnorm’
    .simlayout: no visible global function definition for ‘layout’
    .tvgausscopulafn : <anonymous>: no visible global function definition
     for ‘qnorm’
    .tvgausscopulafn: no visible global function definition for ‘cov’
    .tvgausscopulafn: no visible global function definition for ‘cov2cor’
    .tvtcopulafn: no visible global function definition for ‘cov’
    .tvtcopulafn: no visible global function definition for ‘cov2cor’
    .varcovres: no visible global function definition for ‘cov’
    .varxselect: no visible global function definition for ‘embed’
    .varxselect: no visible global function definition for ‘resid’
    .varxselect: no visible global function definition for ‘lm’
    .wintpl: no visible global function definition for ‘approx’
    DCCtest: no visible global function definition for ‘pchisq’
    MardiaTest: no visible global function definition for ‘cov’
    MardiaTest: no visible global function definition for ‘pchisq’
    MardiaTest: no visible global function definition for ‘pnorm’
    MardiaTest: no visible global function definition for ‘qchisq’
    MardiaTest: no visible global function definition for ‘qnorm’
    bs.cov: no visible global function definition for ‘cov’
    cfinv: no visible global function definition for ‘fft’
    check_ICA: no visible global function definition for ‘head’
    copula.adcccon: no visible global function definition for ‘qnorm’
    copula.adcccon: no visible global function definition for ‘cov’
    copula.normalLLH1: no visible global function definition for ‘qnorm’
    copula.normalLLH1: no visible global function definition for ‘cor’
    copula.normalLLH2: no visible global function definition for ‘qnorm’
    copula.normalLLH2: no visible global function definition for ‘cor’
    copula.normalLLH3: no visible global function definition for ‘qnorm’
    copula.normalLLH3: no visible global function definition for ‘cor’
    copula.tvnormalLLH1: no visible global function definition for ‘qnorm’
    copula.tvnormalLLH1: no visible global function definition for ‘cov’
    copula.tvnormalLLH2: no visible global function definition for ‘qnorm’
    copula.tvnormalLLH2: no visible global function definition for ‘cov’
    copula.tvnormalLLH3: no visible global function definition for ‘qnorm’
    copula.tvnormalLLH3: no visible global function definition for ‘cov’
    copula.tvstudentLLH1: no visible global function definition for ‘cov’
    copula.tvstudentLLH2: no visible global function definition for ‘cov’
    copula.tvstudentLLH3: no visible global function definition for ‘cov’
    cordist: no visible global function definition for ‘par’
    cordist: no visible global function definition for ‘colorRampPalette’
    dcopula.gauss : <anonymous>: no visible global function definition for
     ‘qnorm’
    dcopula.gauss: no visible global function definition for ‘dnorm’
    ewma.cov: no visible global function definition for ‘cov.wt’
    heatmap3: no visible global function definition for ‘heat.colors’
    heatmap3: no visible global function definition for ‘dev.hold’
    heatmap3: no visible global function definition for ‘dev.flush’
    heatmap3: no visible global function definition for ‘par’
    heatmap3: no visible global function definition for ‘image’
    heatmap3: no visible global function definition for ‘axis’
    heatmap3: no visible global function definition for ‘mtext’
    laplace.dccLLH2: no visible global function definition for ‘cov’
    laplacefilter.dccLLH2: no visible global function definition for ‘cov’
    mlts: no visible global function definition for ‘runif’
    mlts: no visible global function definition for ‘pchisq’
    mlts: no visible global function definition for ‘qchisq’
    mlts.parallel: no visible global function definition for ‘runif’
    mlts.parallel : .fn: no visible global function definition for ‘runif’
    mlts.parallel: no visible global function definition for ‘pchisq’
    mlts.parallel: no visible global function definition for ‘qchisq’
    mom.dcc: no visible global function definition for ‘tail’
    mom.gogarch: no visible global function definition for ‘tail’
    mvmean.arsim: no visible global function definition for ‘tail’
    mvmean.arsim : <anonymous>: no visible global function definition for
     ‘tail’
    mvmean.varsim: no visible global function definition for ‘tail’
    normal.dccLLH2: no visible global function definition for ‘cov’
    normal.fdccLLH2: no visible global function definition for ‘cov’
    normalfilter.dccLLH2: no visible global function definition for ‘cov’
    normalfilter.fdccLLH2: no visible global function definition for ‘cov’
    radical: no visible global function definition for ‘runif’
    rcopula.gauss: no visible global function definition for ‘pnorm’
    robustvar: no visible global function definition for ‘tail’
    robustvar: no visible global function definition for ‘pchisq’
    robustvar: no visible global function definition for ‘qchisq’
    scenario.cgarch: no visible global function definition for ‘tail’
    scenario.cgarch: no visible global function definition for ‘runif’
    scenario.cgarch : <anonymous>: no visible global function definition
     for ‘tail’
    scenario.dcc: no visible global function definition for ‘tail’
    scenario.dcc: no visible global function definition for ‘runif’
    scenario.dcc : <anonymous>: no visible global function definition for
     ‘tail’
    scenario.gogarch: no visible global function definition for ‘tail’
    scenario.gogarch: no visible global function definition for ‘runif’
    scenario.var: no visible global function definition for ‘tail’
    scenario.var: no visible global function definition for ‘runif’
    student.dccLLH2: no visible global function definition for ‘cov’
    studentfilter.dccLLH2: no visible global function definition for ‘cov’
    varxfilter: no visible global function definition for ‘embed’
    varxfilter: no visible global function definition for ‘tail’
    varxfit: no visible global function definition for ‘embed’
    varxfit: no visible global function definition for ‘tail’
    varxfit: no visible global function definition for ‘pnorm’
    varxforecast: no visible global function definition for ‘tail’
    varxsim: no visible global function definition for ‘tail’
    varxsimXX: no visible global function definition for ‘tail’
    xfun3: no visible global function definition for ‘median’
    xfun4: no visible global function definition for ‘median’
    gogarchsim,goGARCHfit: no visible global function definition for
     ‘runif’
    gogarchsim,goGARCHfit: no visible global function definition for ‘tail’
    gogarchsim,goGARCHfit : <anonymous>: no visible global function
     definition for ‘tail’
Flavors: r-devel-linux-x86_64-debian-clang, r-devel-linux-x86_64-debian-gcc, r-devel-linux-x86_64-fedora-clang, r-devel-linux-x86_64-fedora-gcc, r-devel-windows-ix86+x86_64