CRAN Package Check Results for Package rmgarch

Last updated on 2015-03-03 18:46:58.

Flavor Version Tinstall Tcheck Ttotal Status Flags
r-devel-linux-x86_64-debian-clang 1.2-8 35.76 113.97 149.73 NOTE
r-devel-linux-x86_64-debian-gcc 1.2-8 40.20 112.32 152.52 NOTE
r-devel-linux-x86_64-fedora-clang 1.2-8 308.53 NOTE
r-devel-linux-x86_64-fedora-gcc 1.2-8 285.80 NOTE
r-devel-osx-x86_64-clang 1.2-8 248.27 OK
r-devel-windows-ix86+x86_64 1.2-8 160.00 255.00 415.00 OK
r-patched-linux-x86_64 1.2-8 43.42 137.56 180.99 NOTE
r-patched-solaris-sparc 1.2-8 2096.60 NOTE
r-patched-solaris-x86 1.2-8 428.10 NOTE
r-release-linux-ix86 1.2-8 54.83 166.40 221.23 NOTE
r-release-linux-x86_64 1.2-8 43.46 138.77 182.23 NOTE
r-release-osx-x86_64-mavericks 1.2-8 NOTE
r-release-osx-x86_64-snowleopard 1.2-8 OK
r-release-windows-ix86+x86_64 1.2-8 119.00 323.00 442.00 OK
r-oldrel-windows-ix86+x86_64 1.2-8 109.00 232.00 341.00 OK

Check Details

Version: 1.2-8
Check: installed package size
Result: NOTE
     installed size is 7.0Mb
     sub-directories of 1Mb or more:
     libs 5.3Mb
Flavors: r-devel-linux-x86_64-debian-clang, r-devel-linux-x86_64-debian-gcc, r-devel-linux-x86_64-fedora-clang, r-devel-linux-x86_64-fedora-gcc, r-patched-linux-x86_64, r-patched-solaris-sparc, r-patched-solaris-x86, r-release-linux-ix86, r-release-linux-x86_64, r-release-osx-x86_64-mavericks