CRAN Package Check Results for Package rminer

Last updated on 2021-10-22 03:55:36 CEST.

Flavor Version Tinstall Tcheck Ttotal Status Flags
r-devel-linux-x86_64-debian-clang 1.4.6 33.98 194.01 227.99 OK
r-devel-linux-x86_64-debian-gcc 1.4.6 25.95 143.64 169.59 OK
r-devel-linux-x86_64-fedora-clang 1.4.6 284.01 OK
r-devel-linux-x86_64-fedora-gcc 1.4.6 270.70 OK
r-devel-windows-x86_64 1.4.6 50.00 180.00 230.00 OK
r-devel-windows-x86_64-gcc10-UCRT 1.4.6 ERROR
r-patched-linux-x86_64 1.4.6 38.07 184.85 222.92 OK
r-patched-solaris-x86 1.4.6 377.00 OK
r-release-linux-x86_64 1.4.6 29.39 183.78 213.17 OK
r-release-macos-arm64 1.4.6 OK
r-release-macos-x86_64 1.4.6 OK
r-release-windows-ix86+x86_64 1.4.6 64.00 224.00 288.00 OK
r-oldrel-macos-x86_64 1.4.6 OK
r-oldrel-windows-ix86+x86_64 1.4.6 66.00 219.00 285.00 OK

Check Details

Version: 1.4.6
Check: package dependencies
Result: ERROR
    Package required but not available: 'kknn'
    
    See section 'The DESCRIPTION file' in the 'Writing R Extensions'
    manual.
Flavor: r-devel-windows-x86_64-gcc10-UCRT