CRAN Package Check Results for Package rminer

Last updated on 2019-05-27 09:50:32 CEST.

Flavor Version Tinstall Tcheck Ttotal Status Flags
r-devel-linux-x86_64-debian-clang 1.4.2 26.16 150.61 176.77 OK
r-devel-linux-x86_64-debian-gcc 1.4.2 21.87 115.50 137.37 OK
r-devel-linux-x86_64-fedora-clang 1.4.2 209.84 OK
r-devel-linux-x86_64-fedora-gcc 1.4.2 200.68 OK
r-devel-windows-ix86+x86_64 1.4.2 44.00 234.00 278.00 OK
r-patched-linux-x86_64 1.4.2 OK
r-patched-solaris-x86 1.4.2 3.60 ERROR
r-release-linux-x86_64 1.4.2 26.56 146.00 172.56 OK
r-release-windows-ix86+x86_64 1.4.2 67.00 156.00 223.00 OK
r-release-osx-x86_64 1.4.2 OK
r-oldrel-windows-ix86+x86_64 1.4.2 43.00 214.00 257.00 OK
r-oldrel-osx-x86_64 1.4.2 OK

Check Details

Version: 1.4.2
Check: package dependencies
Result: ERROR
    Package required but not available: ‘xgboost’
    
    See section ‘The DESCRIPTION file’ in the ‘Writing R Extensions’
    manual.
Flavor: r-patched-solaris-x86