Last updated on 2019-02-18 07:49:54 CET.
Flavor | Version | Tinstall | Tcheck | Ttotal | Status | Flags |
---|---|---|---|---|---|---|
r-devel-linux-x86_64-debian-clang | 1.4.2 | 21.16 | 148.38 | 169.54 | OK | |
r-devel-linux-x86_64-debian-gcc | 1.4.2 | 17.13 | 114.55 | 131.68 | OK | |
r-devel-linux-x86_64-fedora-clang | 1.4.2 | 210.12 | OK | |||
r-devel-linux-x86_64-fedora-gcc | 1.4.2 | 194.67 | OK | |||
r-devel-windows-ix86+x86_64 | 1.4.2 | 42.00 | 150.00 | 192.00 | OK | |
r-patched-linux-x86_64 | 1.4.2 | 18.55 | 135.65 | 154.20 | OK | |
r-patched-solaris-x86 | 1.4.2 | 3.40 | ERROR | |||
r-release-linux-x86_64 | 1.4.2 | OK | ||||
r-release-windows-ix86+x86_64 | 1.4.2 | 35.00 | 207.00 | 242.00 | OK | |
r-release-osx-x86_64 | 1.4.2 | OK | ||||
r-oldrel-windows-ix86+x86_64 | 1.4.2 | 19.00 | 219.00 | 238.00 | OK | |
r-oldrel-osx-x86_64 | 1.4.2 | OK |
Version: 1.4.2
Check: package dependencies
Result: ERROR
Package required but not available: ‘xgboost’
See section ‘The DESCRIPTION file’ in the ‘Writing R Extensions’
manual.
Flavor: r-patched-solaris-x86