CRAN Package Check Results for Package rminizinc

Last updated on 2021-02-26 14:47:06 CET.

Flavor Version Tinstall Tcheck Ttotal Status Flags
r-devel-linux-x86_64-debian-clang 0.0.5 78.27 62.17 140.44 OK
r-devel-linux-x86_64-debian-gcc 0.0.5 49.83 47.77 97.60 OK
r-devel-linux-x86_64-fedora-clang 0.0.5 188.11 NOTE
r-devel-linux-x86_64-fedora-gcc 0.0.5 164.04 OK
r-devel-windows-ix86+x86_64 0.0.5 120.00 90.00 210.00 NOTE
r-patched-linux-x86_64 0.0.5 58.47 58.76 117.23 OK
r-patched-solaris-x86 0.0.5 166.40 OK
r-release-linux-x86_64 0.0.5 58.36 58.77 117.13 OK
r-release-macos-x86_64 0.0.5 NOTE
r-release-windows-ix86+x86_64 0.0.5 113.00 82.00 195.00 NOTE
r-oldrel-macos-x86_64 0.0.5 NOTE
r-oldrel-windows-ix86+x86_64 0.0.5 2.00 10.00 12.00 ERROR

Check Details

Version: 0.0.5
Check: installed package size
Result: NOTE
     installed size is 5.8Mb
     sub-directories of 1Mb or more:
     minizinc 3.3Mb
Flavors: r-devel-linux-x86_64-fedora-clang, r-devel-windows-ix86+x86_64, r-release-macos-x86_64, r-release-windows-ix86+x86_64, r-oldrel-macos-x86_64

Version: 0.0.5
Check: whether package can be installed
Result: ERROR
    Installation failed.
Flavor: r-oldrel-windows-ix86+x86_64