CRAN Package Check Results for Package rmmseg4j

Last updated on 2014-07-26 11:52:26.

Flavor Version Tinstall Tcheck Ttotal Status Flags
r-devel-linux-x86_64-debian-clang 0.2-0 1.61 19.81 21.42 NOTE
r-devel-linux-x86_64-debian-gcc 0.2-0 1.56 19.16 20.72 NOTE
r-devel-linux-x86_64-fedora-clang 0.2-0 45.46 NOTE
r-devel-linux-x86_64-fedora-gcc 0.2-0 41.74 NOTE
r-devel-osx-x86_64-clang 0.2-0 41.71 NOTE
r-devel-windows-ix86+x86_64 0.2-0 5.00 35.00 40.00 NOTE
r-patched-linux-x86_64 0.2-0 1.60 19.48 21.08 NOTE
r-patched-solaris-sparc 0.2-0 262.30 NOTE
r-patched-solaris-x86 0.2-0 62.00 NOTE
r-release-linux-ix86 0.2-0 2.15 25.58 27.74 NOTE
r-release-linux-x86_64 0.2-0 1.66 19.93 21.59 NOTE
r-release-osx-x86_64-mavericks 0.2-0 NOTE
r-release-osx-x86_64-snowleopard 0.2-0 WARN
r-release-windows-ix86+x86_64 0.2-0 7.00 44.00 51.00 NOTE
r-oldrel-windows-ix86+x86_64 0.2-0 5.00 46.00 51.00 NOTE

Check Details

Version: 0.2-0
Check: dependencies in R code
Result: NOTE
    Package in Depends field not imported from: ‘rJava’
     These packages need to be imported from (in the NAMESPACE file)
     for when this namespace is loaded but not attached.
    ':::' call which should be '::': ‘rJava:::.jpackage’
     See the note in ?`:::` about the use of this operator.
    See the information on DESCRIPTION files in the chapter ‘Creating R
    packages’ of the ‘Writing R Extensions’ manual.
Flavors: r-devel-linux-x86_64-debian-clang, r-devel-linux-x86_64-debian-gcc, r-devel-linux-x86_64-fedora-clang, r-devel-linux-x86_64-fedora-gcc, r-devel-osx-x86_64-clang, r-devel-windows-ix86+x86_64, r-patched-linux-x86_64, r-patched-solaris-sparc, r-patched-solaris-x86, r-release-linux-ix86, r-release-linux-x86_64, r-release-osx-x86_64-mavericks, r-release-windows-ix86+x86_64, r-oldrel-windows-ix86+x86_64

Version: 0.2-0
Check: dependencies in R code
Result: NOTE
    ':::' call which should be '::': 'rJava:::.jpackage'
     See the note in ?`:::` about the use of this operator.
    See the information on DESCRIPTION files in the chapter 'Creating R
    packages' of the 'Writing R Extensions' manual.
Flavor: r-release-osx-x86_64-snowleopard

Version: 0.2-0
Check: examples
Result: WARNING
    checking a package with encoding 'UTF-8' in an ASCII locale
    
     OK
Flavor: r-release-osx-x86_64-snowleopard