CRAN Package Check Results for Package rmmseg4j

Last updated on 2014-04-24 11:48:54.

Flavor Version Tinstall Tcheck Ttotal Status Flags
r-devel-linux-x86_64-debian-clang 0.2-0 1.85 20.80 22.64 NOTE
r-devel-linux-x86_64-debian-gcc 0.2-0 1.83 21.18 23.00 NOTE
r-devel-linux-x86_64-fedora-clang 0.2-0 46.57 NOTE
r-devel-linux-x86_64-fedora-gcc 0.2-0 43.67 NOTE
r-devel-osx-x86_64-clang 0.2-0 43.00 NOTE
r-devel-osx-x86_64-gcc 0.2-0 NOTE
r-devel-windows-ix86+x86_64 0.2-0 5.00 33.00 38.00 NOTE
r-patched-linux-x86_64 0.2-0 1.72 20.48 22.20 NOTE
r-patched-solaris-sparc 0.2-0 262.30 NOTE
r-patched-solaris-x86 0.2-0 61.90 NOTE
r-release-linux-ix86 0.2-0 3.00 36.00 39.00 NOTE
r-release-linux-x86_64 0.2-0 1.70 20.53 22.24 NOTE
r-release-osx-x86_64-mavericks 0.2-0 WARN
r-release-osx-x86_64-snowleopard 0.2-0 WARN
r-release-windows-ix86+x86_64 0.2-0 8.00 43.00 51.00 NOTE
r-oldrel-windows-ix86+x86_64 0.2-0 5.00 46.00 51.00 NOTE

Check Details

Version: 0.2-0
Check: dependencies in R code
Result: NOTE
    Package in Depends field not imported from: ‘rJava’
     These packages need to be imported from (in the NAMESPACE file)
     for when this namespace is loaded but not attached.
    ':::' call which should be '::': ‘rJava:::.jpackage’
     See the note in ?`:::` about the use of this operator.
    See the information on DESCRIPTION files in the chapter ‘Creating R
    packages’ of the ‘Writing R Extensions’ manual.
Flavors: r-devel-linux-x86_64-debian-clang, r-devel-linux-x86_64-debian-gcc, r-devel-linux-x86_64-fedora-clang, r-devel-linux-x86_64-fedora-gcc, r-devel-osx-x86_64-clang, r-devel-osx-x86_64-gcc, r-devel-windows-ix86+x86_64, r-patched-linux-x86_64, r-patched-solaris-sparc, r-patched-solaris-x86, r-release-linux-ix86, r-release-linux-x86_64, r-release-osx-x86_64-mavericks, r-release-windows-ix86+x86_64, r-oldrel-windows-ix86+x86_64

Version: 0.2-0
Check: PDF version of manual
Result: WARNING
    LaTeX errors when creating PDF version.
    This typically indicates Rd problems.
    LaTeX errors found:
    ! LaTeX Error: File `upquote.sty' not found.
    
    Type X to quit or <RETURN> to proceed,
    or enter new name. (Default extension: sty)
    
    b3678c/Rd2.tex:8: ==> Fatal error occurred, no output PDF file produced!
Flavor: r-release-osx-x86_64-mavericks

Version: 0.2-0
Check: dependencies in R code
Result: NOTE
    ':::' call which should be '::': 'rJava:::.jpackage'
     See the note in ?`:::` about the use of this operator.
    See the information on DESCRIPTION files in the chapter 'Creating R
    packages' of the 'Writing R Extensions' manual.
Flavor: r-release-osx-x86_64-snowleopard

Version: 0.2-0
Check: examples
Result: WARNING
    checking a package with encoding 'UTF-8' in an ASCII locale
    
     OK
Flavor: r-release-osx-x86_64-snowleopard