CRAN Package Check Results for Package rmmseg4j

Last updated on 2014-08-21 15:47:52.

Flavor Version Tinstall Tcheck Ttotal Status Flags
r-devel-linux-x86_64-debian-clang 0.2-0 1.67 19.66 21.33 NOTE
r-devel-linux-x86_64-debian-gcc 0.2-0 1.55 19.45 21.00 NOTE
r-devel-linux-x86_64-fedora-clang 0.2-0 44.79 NOTE
r-devel-linux-x86_64-fedora-gcc 0.2-0 41.36 NOTE
r-devel-osx-x86_64-clang 0.2-0 41.65 NOTE
r-devel-windows-ix86+x86_64 0.2-0 5.00 32.00 37.00 NOTE
r-patched-linux-x86_64 0.2-0 1.60 19.59 21.20 NOTE
r-patched-solaris-sparc 0.2-0 266.70 NOTE
r-patched-solaris-x86 0.2-0 63.20 NOTE
r-release-linux-ix86 0.2-0 2.02 25.70 27.72 NOTE
r-release-linux-x86_64 0.2-0 1.84 19.98 21.81 NOTE
r-release-osx-x86_64-mavericks 0.2-0 NOTE
r-release-osx-x86_64-snowleopard 0.2-0 WARN
r-release-windows-ix86+x86_64 0.2-0 7.00 44.00 51.00 NOTE
r-oldrel-windows-ix86+x86_64 0.2-0 5.00 46.00 51.00 NOTE

Check Details

Version: 0.2-0
Check: dependencies in R code
Result: NOTE
    Package in Depends field not imported from: ‘rJava’
     These packages need to be imported from (in the NAMESPACE file)
     for when this namespace is loaded but not attached.
    ':::' call which should be '::': ‘rJava:::.jpackage’
     See the note in ?`:::` about the use of this operator.
    See the information on DESCRIPTION files in the chapter ‘Creating R
    packages’ of the ‘Writing R Extensions’ manual.
Flavors: r-devel-linux-x86_64-debian-clang, r-devel-linux-x86_64-debian-gcc, r-devel-linux-x86_64-fedora-clang, r-devel-linux-x86_64-fedora-gcc, r-devel-osx-x86_64-clang, r-devel-windows-ix86+x86_64, r-patched-linux-x86_64, r-patched-solaris-sparc, r-patched-solaris-x86, r-release-linux-ix86, r-release-linux-x86_64, r-release-osx-x86_64-mavericks, r-release-windows-ix86+x86_64, r-oldrel-windows-ix86+x86_64

Version: 0.2-0
Check: R code for possible problems
Result: NOTE
    mmseg4j: no visible global function definition for ‘.jnew’
Flavors: r-devel-linux-x86_64-fedora-clang, r-devel-linux-x86_64-fedora-gcc, r-devel-osx-x86_64-clang

Version: 0.2-0
Check: dependencies in R code
Result: NOTE
    ':::' call which should be '::': 'rJava:::.jpackage'
     See the note in ?`:::` about the use of this operator.
    See the information on DESCRIPTION files in the chapter 'Creating R
    packages' of the 'Writing R Extensions' manual.
Flavor: r-release-osx-x86_64-snowleopard

Version: 0.2-0
Check: examples
Result: WARN
    checking a package with encoding 'UTF-8' in an ASCII locale
    
     OK
Flavor: r-release-osx-x86_64-snowleopard