CRAN Package Check Results for Package rmmseg4j

Last updated on 2014-09-01 14:46:38.

Flavor Version Tinstall Tcheck Ttotal Status Flags
r-patched-linux-x86_64 0.2-0 1.62 19.55 21.17 NOTE
r-release-linux-ix86 0.2-0 2.06 25.84 27.90 NOTE
r-release-osx-x86_64-snowleopard 0.2-0 WARN

Check Details

Version: 0.2-0
Check: dependencies in R code
Result: NOTE
    Package in Depends field not imported from: ‘rJava’
     These packages need to be imported from (in the NAMESPACE file)
     for when this namespace is loaded but not attached.
    ':::' call which should be '::': ‘rJava:::.jpackage’
     See the note in ?`:::` about the use of this operator.
    See the information on DESCRIPTION files in the chapter ‘Creating R
    packages’ of the ‘Writing R Extensions’ manual.
Flavors: r-patched-linux-x86_64, r-release-linux-ix86

Version: 0.2-0
Check: dependencies in R code
Result: NOTE
    ':::' call which should be '::': 'rJava:::.jpackage'
     See the note in ?`:::` about the use of this operator.
    See the information on DESCRIPTION files in the chapter 'Creating R
    packages' of the 'Writing R Extensions' manual.
Flavor: r-release-osx-x86_64-snowleopard

Version: 0.2-0
Check: examples
Result: WARN
    checking a package with encoding 'UTF-8' in an ASCII locale
    
     OK
Flavor: r-release-osx-x86_64-snowleopard