CRAN Package Check Results for Package rmongodb

Last updated on 2014-10-23 00:48:08.

Flavor Version Tinstall Tcheck Ttotal Status Flags
r-devel-linux-x86_64-debian-clang 1.6.5 5.09 49.54 54.64 NOTE
r-devel-linux-x86_64-debian-gcc 1.6.5 5.97 48.42 54.39 NOTE
r-devel-linux-x86_64-fedora-clang 1.6.5 105.76 NOTE
r-devel-linux-x86_64-fedora-gcc 1.6.5 100.12 NOTE
r-devel-osx-x86_64-clang 1.6.5 111.30 NOTE
r-devel-windows-ix86+x86_64 1.6.5 29.00 105.00 134.00 NOTE
r-patched-linux-x86_64 1.6.5 6.25 50.40 56.65 NOTE
r-release-linux-ix86 1.6.5 8.08 53.38 61.46 OK
r-release-linux-x86_64 1.6.5 6.20 50.30 56.51 OK
r-release-osx-x86_64-mavericks 1.6.5 OK
r-release-osx-x86_64-snowleopard 1.6.5 OK
r-release-windows-ix86+x86_64 1.6.5 24.00 119.00 143.00 OK
r-oldrel-windows-ix86+x86_64 1.6.5 26.00 115.00 141.00 OK

Memtest notes: valgrind valgrind

Check Details

Version: 1.6.5
Check: compiled code
Result: NOTE
    File ‘rmongodb/libs/rmongodb.so’:
     Found ‘rand’, possibly from ‘rand’ (C)
     Objects: ‘libmongo/bson.o’, ‘libmongo/mongo.o’
     Found ‘srand’, possibly from ‘srand’ (C)
     Object: ‘libmongo/bson.o’
    
    Compiled code should not call entry points which might terminate R nor
    write to stdout/stderr instead of to the console, nor the C RNG.
    
    See ‘Writing portable packages’ in the ‘Writing R Extensions’ manual.
Flavors: r-devel-linux-x86_64-debian-clang, r-devel-linux-x86_64-debian-gcc, r-devel-linux-x86_64-fedora-clang, r-devel-linux-x86_64-fedora-gcc, r-patched-linux-x86_64

Version: 1.6.5
Check: compiled code
Result: NOTE
    File ‘rmongodb/libs/rmongodb.so’:
     Found ‘_rand’, possibly from ‘rand’ (C)
     Objects: ‘libmongo/bson.o’, ‘libmongo/mongo.o’
     Found ‘_srand’, possibly from ‘srand’ (C)
     Object: ‘libmongo/bson.o’
    
    Compiled code should not call entry points which might terminate R nor
    write to stdout/stderr instead of to the console, nor the C RNG.
    
    See ‘Writing portable packages’ in the ‘Writing R Extensions’ manual.
Flavor: r-devel-osx-x86_64-clang

Version: 1.6.5
Check: compiled code
Result: NOTE
    File 'rmongodb/libs/i386/rmongodb.dll':
     Found 'rand', possibly from 'rand' (C)
     Objects: 'libmongo/bson.o', 'libmongo/mongo.o'
     Found 'srand', possibly from 'srand' (C)
     Object: 'libmongo/bson.o'
    File 'rmongodb/libs/x64/rmongodb.dll':
     Found 'rand', possibly from 'rand' (C)
     Objects: 'libmongo/bson.o', 'libmongo/mongo.o'
     Found 'srand', possibly from 'srand' (C)
     Object: 'libmongo/bson.o'
    
    Compiled code should not call entry points which might terminate R nor
    write to stdout/stderr instead of to the console, nor the C RNG.
    
    See 'Writing portable packages' in the 'Writing R Extensions' manual.
Flavor: r-devel-windows-ix86+x86_64