CRAN Package Check Results for Package rmongodb

Last updated on 2014-04-23 12:48:26.

Flavor Version Tinstall Tcheck Ttotal Status Flags
r-devel-linux-x86_64-debian-clang 1.6.5 5.18 49.41 54.58 OK
r-devel-linux-x86_64-debian-gcc 1.6.5 6.01 48.50 54.51 OK
r-devel-linux-x86_64-fedora-clang 1.6.5 104.26 OK
r-devel-linux-x86_64-fedora-gcc 1.6.5 101.47 OK
r-devel-osx-x86_64-clang 1.6.5 103.98 OK
r-devel-osx-x86_64-gcc 1.6.5 ERROR
r-devel-windows-ix86+x86_64 1.6.5 26.00 100.00 126.00 OK
r-patched-linux-x86_64 1.6.5 6.22 48.66 54.88 OK
r-release-linux-ix86 1.6.5 10.00 120.00 130.00 OK
r-release-linux-x86_64 1.6.5 6.50 49.32 55.82 OK
r-release-osx-x86_64-mavericks 1.6.5 WARN
r-release-osx-x86_64-snowleopard 1.6.5 OK
r-release-windows-ix86+x86_64 1.6.5 26.00 101.00 127.00 OK
r-oldrel-windows-ix86+x86_64 1.6.5 26.00 107.00 133.00 OK

Memtest notes: valgrind valgrind

Check Details

Version: 1.6.5
Check: package dependencies
Result: NOTE
    Package suggested but not available for checking: ‘knitr’
Flavor: r-devel-osx-x86_64-gcc

Version: 1.6.5
Check: running R code from vignettes
Result: ERROR
    Errors in running code in vignettes:
    when running code in ‘rmongodb_cheat_sheet.Rnw’
     ...
    Error in loadVignetteBuilder(pkgdir) : vignette builder 'knitr' not found
    Calls: <Anonymous> -> loadVignetteBuilder
    Execution halted
    
    ... incomplete output. Crash?
Flavor: r-devel-osx-x86_64-gcc

Version: 1.6.5
Check: PDF version of manual
Result: WARNING
    LaTeX errors when creating PDF version.
    This typically indicates Rd problems.
    LaTeX errors found:
    ! LaTeX Error: File `upquote.sty' not found.
    
    Type X to quit or <RETURN> to proceed,
    or enter new name. (Default extension: sty)
    
    a73a354/Rd2.tex:8: ==> Fatal error occurred, no output PDF file produced!
Flavor: r-release-osx-x86_64-mavericks