CRAN Package Check Results for Package rmongodb

Last updated on 2014-11-22 20:47:03.

Flavor Version Tinstall Tcheck Ttotal Status Flags
r-devel-linux-x86_64-debian-clang 1.8.0 5.22 49.81 55.03 NOTE
r-devel-linux-x86_64-debian-gcc 1.8.0 6.14 50.67 56.81 NOTE
r-devel-linux-x86_64-fedora-clang 1.8.0 109.48 NOTE
r-devel-linux-x86_64-fedora-gcc 1.8.0 104.82 NOTE
r-devel-osx-x86_64-clang 1.8.0 110.85 NOTE
r-devel-windows-ix86+x86_64 1.8.0 29.00 159.00 188.00 NOTE
r-patched-linux-x86_64 1.8.0 6.11 51.14 57.25 NOTE
r-release-linux-ix86 1.8.0 8.67 62.73 71.40 NOTE
r-release-linux-x86_64 1.8.0 6.52 50.90 57.41 NOTE
r-release-osx-x86_64-mavericks 1.8.0 NOTE
r-release-osx-x86_64-snowleopard 1.8.0 NOTE
r-release-windows-ix86+x86_64 1.8.0 40.00 105.00 145.00 NOTE
r-oldrel-windows-ix86+x86_64 1.8.0 30.00 130.00 160.00 OK

Memtest notes: valgrind valgrind

Check Details

Version: 1.8.0
Check: compiled code
Result: NOTE
    File ‘rmongodb/libs/rmongodb.so’:
     Found ‘rand’, possibly from ‘rand’ (C)
     Objects: ‘libmongo/bson.o’, ‘libmongo/mongo.o’
     Found ‘srand’, possibly from ‘srand’ (C)
     Object: ‘libmongo/bson.o’
    
    Compiled code should not call entry points which might terminate R nor
    write to stdout/stderr instead of to the console, nor the C RNG.
    
    See ‘Writing portable packages’ in the ‘Writing R Extensions’ manual.
Flavors: r-devel-linux-x86_64-debian-clang, r-devel-linux-x86_64-debian-gcc, r-devel-linux-x86_64-fedora-clang, r-devel-linux-x86_64-fedora-gcc, r-patched-linux-x86_64, r-release-linux-ix86, r-release-linux-x86_64

Version: 1.8.0
Check: compiled code
Result: NOTE
    File ‘rmongodb/libs/rmongodb.so’:
     Found ‘_rand’, possibly from ‘rand’ (C)
     Objects: ‘libmongo/bson.o’, ‘libmongo/mongo.o’
     Found ‘_srand’, possibly from ‘srand’ (C)
     Object: ‘libmongo/bson.o’
    
    Compiled code should not call entry points which might terminate R nor
    write to stdout/stderr instead of to the console, nor the C RNG.
    
    See ‘Writing portable packages’ in the ‘Writing R Extensions’ manual.
Flavors: r-devel-osx-x86_64-clang, r-release-osx-x86_64-mavericks, r-release-osx-x86_64-snowleopard

Version: 1.8.0
Check: compiled code
Result: NOTE
    File 'rmongodb/libs/i386/rmongodb.dll':
     Found 'rand', possibly from 'rand' (C)
     Objects: 'libmongo/bson.o', 'libmongo/mongo.o'
     Found 'srand', possibly from 'srand' (C)
     Object: 'libmongo/bson.o'
    File 'rmongodb/libs/x64/rmongodb.dll':
     Found 'rand', possibly from 'rand' (C)
     Objects: 'libmongo/bson.o', 'libmongo/mongo.o'
     Found 'srand', possibly from 'srand' (C)
     Object: 'libmongo/bson.o'
    
    Compiled code should not call entry points which might terminate R nor
    write to stdout/stderr instead of to the console, nor the C RNG.
    
    See 'Writing portable packages' in the 'Writing R Extensions' manual.
Flavors: r-devel-windows-ix86+x86_64, r-release-windows-ix86+x86_64