CRAN Package Check Results for Package rmongodb

Last updated on 2014-09-01 19:46:34.

Flavor Version Tinstall Tcheck Ttotal Status Flags
r-devel-linux-x86_64-debian-clang 1.6.5 4.73 45.80 50.52 NOTE
r-devel-linux-x86_64-debian-gcc 1.6.5 6.04 44.93 50.97 NOTE
r-devel-linux-x86_64-fedora-clang 1.6.5 105.12 NOTE
r-devel-linux-x86_64-fedora-gcc 1.6.5 101.78 NOTE
r-devel-osx-x86_64-clang 1.6.5 105.38 NOTE
r-devel-windows-ix86+x86_64 1.6.5 29.00 106.00 135.00 NOTE
r-patched-linux-x86_64 1.6.5 6.11 46.53 52.64 OK
r-release-linux-ix86 1.6.5 8.04 64.81 72.85 OK
r-release-linux-x86_64 1.6.5 6.28 47.12 53.40 OK
r-release-osx-x86_64-mavericks 1.6.5 OK
r-release-osx-x86_64-snowleopard 1.6.5 OK
r-release-windows-ix86+x86_64 1.6.5 27.00 112.00 139.00 OK
r-oldrel-windows-ix86+x86_64 1.6.5 39.00 108.00 147.00 OK

Memtest notes: valgrind valgrind

Check Details

Version: 1.6.5
Check: compiled code
Result: NOTE
    File ‘/home/hornik/tmp/R.check/r-devel-clang/Work/build/Packages/rmongodb/libs/rmongodb.so’:
     Found ‘rand’, possibly from ‘rand’ (C)
     Objects: ‘libmongo/bson.o’, ‘libmongo/mongo.o’
     Found ‘srand’, possibly from ‘srand’ (C)
     Object: ‘libmongo/bson.o’
    
    Compiled code should not call entry points which might terminate R nor
    write to stdout/stderr instead of to the console, nor the C RNG.
    
    See ‘Writing portable packages’ in the ‘Writing R Extensions’ manual.
Flavor: r-devel-linux-x86_64-debian-clang

Version: 1.6.5
Check: compiled code
Result: NOTE
    File ‘/home/hornik/tmp/R.check/r-devel-gcc/Work/build/Packages/rmongodb/libs/rmongodb.so’:
     Found ‘rand’, possibly from ‘rand’ (C)
     Objects: ‘libmongo/bson.o’, ‘libmongo/mongo.o’
     Found ‘srand’, possibly from ‘srand’ (C)
     Object: ‘libmongo/bson.o’
    
    Compiled code should not call entry points which might terminate R nor
    write to stdout/stderr instead of to the console, nor the C RNG.
    
    See ‘Writing portable packages’ in the ‘Writing R Extensions’ manual.
Flavor: r-devel-linux-x86_64-debian-gcc

Version: 1.6.5
Check: compiled code
Result: NOTE
    File ‘/data/gannet/ripley/R/packages/tests-clang/rmongodb.Rcheck/rmongodb/libs/rmongodb.so’:
     Found ‘rand’, possibly from ‘rand’ (C)
     Objects: ‘libmongo/bson.o’, ‘libmongo/mongo.o’
     Found ‘srand’, possibly from ‘srand’ (C)
     Object: ‘libmongo/bson.o’
    
    Compiled code should not call entry points which might terminate R nor
    write to stdout/stderr instead of to the console, nor the C RNG.
    
    See ‘Writing portable packages’ in the ‘Writing R Extensions’ manual.
Flavor: r-devel-linux-x86_64-fedora-clang

Version: 1.6.5
Check: compiled code
Result: NOTE
    File ‘/data/gannet/ripley/R/packages/tests-devel/rmongodb.Rcheck/rmongodb/libs/rmongodb.so’:
     Found ‘rand’, possibly from ‘rand’ (C)
     Objects: ‘libmongo/bson.o’, ‘libmongo/mongo.o’
     Found ‘srand’, possibly from ‘srand’ (C)
     Object: ‘libmongo/bson.o’
    
    Compiled code should not call entry points which might terminate R nor
    write to stdout/stderr instead of to the console, nor the C RNG.
    
    See ‘Writing portable packages’ in the ‘Writing R Extensions’ manual.
Flavor: r-devel-linux-x86_64-fedora-gcc

Version: 1.6.5
Check: compiled code
Result: NOTE
    File ‘/Users/ripley/R/packages/tests-devel/rmongodb.Rcheck/rmongodb/libs/rmongodb.so’:
     Found ‘_rand’, possibly from ‘rand’ (C)
     Objects: ‘libmongo/bson.o’, ‘libmongo/mongo.o’
     Found ‘_srand’, possibly from ‘srand’ (C)
     Object: ‘libmongo/bson.o’
    
    Compiled code should not call entry points which might terminate R nor
    write to stdout/stderr instead of to the console, nor the C RNG.
    
    See ‘Writing portable packages’ in the ‘Writing R Extensions’ manual.
Flavor: r-devel-osx-x86_64-clang

Version: 1.6.5
Check: compiled code
Result: NOTE
    File 'd:/Rcompile/CRANpkg/lib/3.2/rmongodb/libs/i386/rmongodb.dll':
     Found 'rand', possibly from 'rand' (C)
     Objects: 'libmongo/bson.o', 'libmongo/mongo.o'
     Found 'srand', possibly from 'srand' (C)
     Object: 'libmongo/bson.o'
    File 'd:/Rcompile/CRANpkg/lib/3.2/rmongodb/libs/x64/rmongodb.dll':
     Found 'rand', possibly from 'rand' (C)
     Objects: 'libmongo/bson.o', 'libmongo/mongo.o'
     Found 'srand', possibly from 'srand' (C)
     Object: 'libmongo/bson.o'
    
    Compiled code should not call entry points which might terminate R nor
    write to stdout/stderr instead of to the console, nor the C RNG.
    
    See 'Writing portable packages' in the 'Writing R Extensions' manual.
Flavor: r-devel-windows-ix86+x86_64