CRAN Package Check Results for Package rmongodb

Last updated on 2015-02-27 04:46:57.

Flavor Version Tinstall Tcheck Ttotal Status Flags
r-devel-linux-x86_64-debian-clang 1.8.0 4.74 44.96 49.69 NOTE
r-devel-linux-x86_64-debian-gcc 1.8.0 5.63 43.78 49.40 NOTE
r-devel-linux-x86_64-fedora-clang 1.8.0 95.19 NOTE
r-devel-linux-x86_64-fedora-gcc 1.8.0 90.79 NOTE
r-devel-osx-x86_64-clang 1.8.0 103.24 NOTE
r-devel-windows-ix86+x86_64 1.8.0 45.00 110.00 155.00 NOTE
r-patched-linux-x86_64 1.8.0 6.49 50.04 56.53 NOTE
r-release-linux-ix86 1.8.0 8.13 71.76 79.89 NOTE
r-release-linux-x86_64 1.8.0 6.27 0.28 6.55 OK
r-release-osx-x86_64-mavericks 1.8.0 NOTE
r-release-osx-x86_64-snowleopard 1.8.0 NOTE
r-release-windows-ix86+x86_64 1.8.0 32.00 118.00 150.00 NOTE
r-oldrel-windows-ix86+x86_64 1.8.0 35.00 186.00 221.00 OK

Memtest notes: valgrind valgrind

Check Details

Version: 1.8.0
Check: S3 generic/method consistency
Result: NOTE
    Found the following apparent S3 methods exported but not registered:
     as.character.mongo.oid print.mongo.bson print.mongo.oid
    See section ‘Registering S3 methods’ in the ‘Writing R Extensions’
    manual.
Flavors: r-devel-linux-x86_64-debian-clang, r-devel-linux-x86_64-debian-gcc, r-devel-linux-x86_64-fedora-clang, r-devel-linux-x86_64-fedora-gcc, r-devel-osx-x86_64-clang

Version: 1.8.0
Check: for GNU extensions in Makefiles
Result: NOTE
    GNU make is a SystemRequirements.
Flavors: r-devel-linux-x86_64-debian-clang, r-devel-linux-x86_64-debian-gcc, r-devel-linux-x86_64-fedora-clang, r-devel-linux-x86_64-fedora-gcc, r-devel-osx-x86_64-clang, r-devel-windows-ix86+x86_64, r-patched-linux-x86_64, r-release-osx-x86_64-mavericks

Version: 1.8.0
Check: compiled code
Result: NOTE
    File ‘rmongodb/libs/rmongodb.so’:
     Found ‘rand’, possibly from ‘rand’ (C)
     Objects: ‘libmongo/bson.o’, ‘libmongo/mongo.o’
     Found ‘srand’, possibly from ‘srand’ (C)
     Object: ‘libmongo/bson.o’
    
    Compiled code should not call entry points which might terminate R nor
    write to stdout/stderr instead of to the console, nor the system RNG.
    
    See ‘Writing portable packages’ in the ‘Writing R Extensions’ manual.
Flavors: r-devel-linux-x86_64-debian-clang, r-devel-linux-x86_64-debian-gcc, r-devel-linux-x86_64-fedora-clang, r-devel-linux-x86_64-fedora-gcc, r-patched-linux-x86_64

Version: 1.8.0
Check: compiled code
Result: NOTE
    File ‘rmongodb/libs/rmongodb.so’:
     Found ‘_rand’, possibly from ‘rand’ (C)
     Objects: ‘libmongo/bson.o’, ‘libmongo/mongo.o’
     Found ‘_srand’, possibly from ‘srand’ (C)
     Object: ‘libmongo/bson.o’
    
    Compiled code should not call entry points which might terminate R nor
    write to stdout/stderr instead of to the console, nor the system RNG.
    
    See ‘Writing portable packages’ in the ‘Writing R Extensions’ manual.
Flavors: r-devel-osx-x86_64-clang, r-release-osx-x86_64-mavericks

Version: 1.8.0
Check: compiled code
Result: NOTE
    File 'rmongodb/libs/i386/rmongodb.dll':
     Found 'rand', possibly from 'rand' (C)
     Objects: 'libmongo/bson.o', 'libmongo/mongo.o'
     Found 'srand', possibly from 'srand' (C)
     Object: 'libmongo/bson.o'
    File 'rmongodb/libs/x64/rmongodb.dll':
     Found 'rand', possibly from 'rand' (C)
     Objects: 'libmongo/bson.o', 'libmongo/mongo.o'
     Found 'srand', possibly from 'srand' (C)
     Object: 'libmongo/bson.o'
    
    Compiled code should not call entry points which might terminate R nor
    write to stdout/stderr instead of to the console, nor the system RNG.
    
    See 'Writing portable packages' in the 'Writing R Extensions' manual.
Flavor: r-devel-windows-ix86+x86_64

Version: 1.8.0
Check: compiled code
Result: NOTE
    File ‘rmongodb/libs/rmongodb.so’:
     Found ‘rand’, possibly from ‘rand’ (C)
     Objects: ‘libmongo/bson.o’, ‘libmongo/mongo.o’
     Found ‘srand’, possibly from ‘srand’ (C)
     Object: ‘libmongo/bson.o’
    
    Compiled code should not call entry points which might terminate R nor
    write to stdout/stderr instead of to the console, nor the C RNG.
    
    See ‘Writing portable packages’ in the ‘Writing R Extensions’ manual.
Flavor: r-release-linux-ix86

Version: 1.8.0
Check: compiled code
Result: NOTE
    File ‘rmongodb/libs/rmongodb.so’:
     Found ‘_rand’, possibly from ‘rand’ (C)
     Objects: ‘libmongo/bson.o’, ‘libmongo/mongo.o’
     Found ‘_srand’, possibly from ‘srand’ (C)
     Object: ‘libmongo/bson.o’
    
    Compiled code should not call entry points which might terminate R nor
    write to stdout/stderr instead of to the console, nor the C RNG.
    
    See ‘Writing portable packages’ in the ‘Writing R Extensions’ manual.
Flavor: r-release-osx-x86_64-snowleopard

Version: 1.8.0
Check: compiled code
Result: NOTE
    File 'rmongodb/libs/i386/rmongodb.dll':
     Found 'rand', possibly from 'rand' (C)
     Objects: 'libmongo/bson.o', 'libmongo/mongo.o'
     Found 'srand', possibly from 'srand' (C)
     Object: 'libmongo/bson.o'
    File 'rmongodb/libs/x64/rmongodb.dll':
     Found 'rand', possibly from 'rand' (C)
     Objects: 'libmongo/bson.o', 'libmongo/mongo.o'
     Found 'srand', possibly from 'srand' (C)
     Object: 'libmongo/bson.o'
    
    Compiled code should not call entry points which might terminate R nor
    write to stdout/stderr instead of to the console, nor the C RNG.
    
    See 'Writing portable packages' in the 'Writing R Extensions' manual.
Flavor: r-release-windows-ix86+x86_64