CRAN Package Check Results for Package rms

Last updated on 2016-08-29 06:47:22.

Flavor Version Tinstall Tcheck Ttotal Status Flags
r-devel-linux-x86_64-debian-clang 4.5-0 7.14 134.40 141.54 WARN
r-devel-linux-x86_64-debian-gcc 4.5-0 7.33 128.41 135.74 WARN
r-devel-linux-x86_64-fedora-clang 4.5-0 258.05 WARN
r-devel-linux-x86_64-fedora-gcc 4.5-0 242.75 WARN
r-devel-osx-x86_64-clang 4.5-0 207.60 WARN
r-devel-windows-ix86+x86_64 4.5-0 26.00 322.00 348.00 OK
r-patched-linux-x86_64 4.5-0 7.25 128.18 135.43 OK
r-patched-solaris-sparc 4.5-0 1504.70 OK
r-patched-solaris-x86 4.5-0 297.30 OK
r-release-linux-x86_64 4.5-0 7.47 127.45 134.92 OK
r-release-osx-x86_64-mavericks 4.5-0 NOTE
r-release-windows-ix86+x86_64 4.5-0 31.00 422.00 453.00 OK
r-oldrel-windows-ix86+x86_64 4.5-0 33.00 457.00 490.00 OK

Check Details

Version: 4.5-0
Check: whether package can be installed
Result: WARN
    Found the following significant warnings:
     Warning: GNU Extension: Nonstandard type declaration REAL*8 at (1)
Flavors: r-devel-linux-x86_64-debian-clang, r-devel-linux-x86_64-debian-gcc, r-devel-linux-x86_64-fedora-clang, r-devel-linux-x86_64-fedora-gcc, r-devel-osx-x86_64-clang

Version: 4.5-0
Check: dependencies in R code
Result: NOTE
    Invalid MIT-MAGIC-COOKIE-1 key
Flavor: r-release-osx-x86_64-mavericks