CRAN Package Check Results for Package rms

Last updated on 2014-09-01 14:46:38.

Flavor Version Tinstall Tcheck Ttotal Status Flags
r-devel-linux-x86_64-debian-clang 4.2-0 4.39 94.10 98.48 NOTE
r-devel-linux-x86_64-debian-gcc 4.2-0 4.28 91.19 95.47 NOTE
r-devel-linux-x86_64-fedora-clang 4.2-0 204.74 NOTE
r-devel-linux-x86_64-fedora-gcc 4.2-0 194.54 NOTE
r-devel-osx-x86_64-clang 4.2-0 158.93 NOTE
r-devel-windows-ix86+x86_64 4.2-0 14.00 166.00 180.00 NOTE
r-patched-linux-x86_64 4.2-0 4.48 102.83 107.30 NOTE
r-patched-solaris-sparc 4.2-0 1176.60 NOTE
r-patched-solaris-x86 4.2-0 252.80 NOTE
r-release-linux-ix86 4.2-0 5.53 126.25 131.78 NOTE
r-release-linux-x86_64 4.2-0 4.35 102.66 107.02 NOTE
r-release-osx-x86_64-mavericks 4.2-0 NOTE
r-release-osx-x86_64-snowleopard 4.2-0 NOTE
r-release-windows-ix86+x86_64 4.2-0 12.00 175.00 187.00 NOTE
r-oldrel-windows-ix86+x86_64 4.2-0 17.00 179.00 196.00 NOTE

Check Details

Version: 4.2-0
Check: R code for possible problems
Result: NOTE
    Gls: no visible global function definition for ‘glsControl’
    Gls: no visible global function definition for ‘getGroupsFormula’
    Gls: no visible global function definition for ‘glsStruct’
    Gls: no visible global function definition for ‘varFunc’
    Gls: no visible global function definition for ‘asOneFormula’
    Gls: no visible global function definition for ‘getGroups’
    Gls: no visible global function definition for ‘Initialize’
    Gls: no visible global function definition for ‘coef<-’
    Gls: no visible global function definition for ‘glsEstimate’
    Gls: no visible global function definition for ‘needUpdate’
    Gls: no visible global function definition for ‘varWeights’
    Gls: no visible global function definition for ‘glsApVar’
    Mean.cph: multiple local function definitions for ‘f’ with different
     formal arguments
    Rq: no visible global function definition for ‘rq.wfit’
    Rq: no visible global function definition for ‘rq.fit’
    Rq: no visible global function definition for ‘summary.rq’
    RqFit : <anonymous>: no visible global function definition for
     ‘rq.wfit’
    RqFit : <anonymous>: no visible global function definition for ‘rq.fit’
    bj.fit: no visible global function definition for ‘survfitKM’
    bjplot: no visible global function definition for ‘survfitKM’
    bootBCa: no visible global function definition for ‘boot.ci’
    bplot: no visible binding for global variable ‘levelplot’
    bplot : pan: no visible global function definition for ‘llines’
    calibrate.cph : distance: no visible global function definition for
     ‘Surv’
    calibrate.psm: no visible binding for global variable
     ‘survreg.distributions’
    calibrate.psm : distance: no visible global function definition for
     ‘Surv’
    contrast.rms: no visible global function definition for ‘glht’
    coxphFit: no visible binding for global variable ‘agreg.fit’
    coxphFit: no visible binding for global variable ‘agexact.fit’
    cph: no visible global function definition for ‘untangle.specials’
    cph: no visible binding for global variable ‘agreg.fit’
    cph: no visible binding for global variable ‘agexact.fit’
    dxy.cens: no visible global function definition for ‘is.Surv’
    dxy.cens: no visible global function definition for ‘Surv’
    dxy.cens: no visible global function definition for
     ‘survConcordance.fit’
    groupkm: no visible global function definition for ‘survfitKM’
    ie.setup: no visible global function definition for ‘Surv’
    lrm: no visible global function definition for ‘untangle.specials’
    pantext : z: no visible global function definition for ‘ltext’
    pantext: multiple local function definitions for ‘z’ with different
     formal arguments
    plot.Predict : tanova: no visible global function definition for
     ‘current.panel.limits’
    plot.Predict : tanova: no visible global function definition for
     ‘ltext’
    plot.Predict : pan: no visible global function definition for
     ‘panel.number’
    plot.Predict : pan: no visible global function definition for
     ‘trellis.par.get’
    plot.Predict : pan: no visible global function definition for
     ‘panel.points’
    plot.Predict : pan: no visible global function definition for ‘llines’
    plot.Predict: multiple local function definitions for ‘pan’ with
     different formal arguments
    plot.Predict: multiple local function definitions for ‘tanova’ with
     different formal arguments
    plot.val.surv: no visible global function definition for ‘survfitKM’
    plot.val.surv: no visible global function definition for ‘Surv’
    predab.resample: no visible global function definition for ‘is.Surv’
    predictrms: no visible global function definition for ‘glht’
    print.psm: no visible binding for global variable
     ‘survreg.distributions’
    psm: no visible global function definition for ‘survreg.control’
    psm: no visible global function definition for ‘untangle.specials’
    psm: no visible binding for global variable ‘survreg.distributions’
    psm: no visible global function definition for ‘attrassign’
    psm: no visible global function definition for ‘survpenal.fit’
    residuals.bj: no visible global function definition for ‘Surv’
    residuals.psm: no visible global function definition for ‘Surv’
    setPb: no visible global function definition for ‘tkProgressBar’
    setPb : upb: no visible global function definition for
     ‘setTkProgressBar’
    setPb: multiple local function definitions for ‘upb’ with different
     formal arguments
    summary.rms: no visible global function definition for ‘glht’
    survest.psm: no visible binding for global variable
     ‘survreg.distributions’
    survfit.cph: no visible binding for global variable ‘is.Surv’
    survfit.cph: no visible global function definition for
     ‘survfitcoxph.fit’
    survreg.fit2: no visible binding for global variable
     ‘survreg.distributions’
    survreg.fit2: no visible global function definition for
     ‘survreg.control’
    val.surv: no visible binding for global variable
     ‘survreg.distributions’
    val.surv: no visible global function definition for ‘hare’
    val.surv: no visible global function definition for ‘phare’
    validate.rpart : FUN: no visible global function definition for ‘prune’
    validate.rpart: no visible global function definition for ‘rpart’
Flavors: r-devel-linux-x86_64-debian-clang, r-devel-linux-x86_64-debian-gcc, r-devel-linux-x86_64-fedora-clang, r-devel-linux-x86_64-fedora-gcc, r-devel-osx-x86_64-clang, r-devel-windows-ix86+x86_64

Version: 4.2-0
Check: R code for possible problems
Result: NOTE
    Mean.cph: multiple local function definitions for ‘f’ with different
     formal arguments
    pantext: multiple local function definitions for ‘z’ with different
     formal arguments
    plot.Predict: multiple local function definitions for ‘pan’ with
     different formal arguments
    plot.Predict: multiple local function definitions for ‘tanova’ with
     different formal arguments
    setPb: multiple local function definitions for ‘upb’ with different
     formal arguments
Flavors: r-patched-linux-x86_64, r-patched-solaris-sparc, r-patched-solaris-x86, r-release-linux-ix86, r-release-linux-x86_64, r-release-osx-x86_64-mavericks, r-release-windows-ix86+x86_64, r-oldrel-windows-ix86+x86_64

Version: 4.2-0
Check: package dependencies
Result: NOTE
    Package suggested but not available for checking: ‘multcomp’
Flavor: r-release-osx-x86_64-snowleopard

Version: 4.2-0
Check: R code for possible problems
Result: NOTE
    Mean.cph: multiple local function definitions for ‘f’ with different
     formal arguments
    contrast.rms: no visible global function definition for ‘glht’
    pantext: multiple local function definitions for ‘z’ with different
     formal arguments
    plot.Predict: multiple local function definitions for ‘pan’ with
     different formal arguments
    plot.Predict: multiple local function definitions for ‘tanova’ with
     different formal arguments
    predictrms: no visible global function definition for ‘glht’
    setPb: multiple local function definitions for ‘upb’ with different
     formal arguments
    summary.rms: no visible global function definition for ‘glht’
Flavor: r-release-osx-x86_64-snowleopard