CRAN Package Check Results for Package rms

Last updated on 2016-06-28 14:48:38.

Flavor Version Tinstall Tcheck Ttotal Status Flags
r-devel-linux-x86_64-debian-gcc 4.5-0 6.54 125.71 132.25 OK
r-devel-linux-x86_64-fedora-clang 4.5-0 264.39 OK
r-devel-linux-x86_64-fedora-gcc 4.5-0 236.26 OK
r-devel-osx-x86_64-clang 4.5-0 194.24 OK
r-devel-windows-ix86+x86_64 4.5-0 27.00 330.00 357.00 OK
r-patched-linux-x86_64 4.5-0 7.23 126.54 133.77 OK
r-patched-solaris-sparc 4.5-0 1504.70 OK
r-patched-solaris-x86 4.5-0 299.40 OK
r-release-linux-x86_64 4.5-0 6.64 126.37 133.01 OK
r-release-osx-x86_64-mavericks 4.5-0 NOTE
r-release-windows-ix86+x86_64 4.5-0 24.00 325.00 349.00 OK
r-oldrel-windows-ix86+x86_64 4.5-0 34.00 246.00 280.00 OK

Check Details

Version: 4.5-0
Check: dependencies in R code
Result: NOTE
    Invalid MIT-MAGIC-COOKIE-1 key
Flavor: r-release-osx-x86_64-mavericks