CRAN Package Check Results for Package rms

Last updated on 2015-08-30 15:46:59.

Flavor Version Tinstall Tcheck Ttotal Status Flags
r-devel-linux-x86_64-debian-clang 4.3-1 6.76 117.16 123.92 NOTE
r-devel-linux-x86_64-debian-gcc 4.3-1 6.56 116.46 123.01 NOTE
r-devel-linux-x86_64-fedora-clang 4.3-1 249.54 NOTE
r-devel-linux-x86_64-fedora-gcc 4.3-1 232.66 NOTE
r-devel-osx-x86_64-clang 4.3-1 166.94 NOTE
r-devel-windows-ix86+x86_64 4.3-1 37.00 249.00 286.00 NOTE
r-patched-linux-x86_64 4.3-1 6.94 118.66 125.60 NOTE
r-patched-solaris-sparc 4.3-1 1260.10 NOTE
r-patched-solaris-x86 4.3-1 244.80 NOTE
r-release-linux-x86_64 4.3-1 6.96 120.70 127.67 NOTE
r-release-osx-x86_64-mavericks 4.3-1 NOTE
r-release-windows-ix86+x86_64 4.3-1 29.00 263.00 292.00 NOTE
r-oldrel-windows-ix86+x86_64 4.3-1 45.00 326.00 371.00 NOTE

Check Details

Version: 4.3-1
Check: R code for possible problems
Result: NOTE
    AIC.rms: no visible global function definition for ‘AIC’
    AIC.rms: no visible global function definition for ‘logLik’
    ExProb.orm : f : <anonymous>: no visible global function definition for
     ‘approx’
    Function.rms: no visible global function definition for ‘terms’
    Glm: no visible binding for global variable ‘gaussian’
    Glm: no visible global function definition for ‘glm.control’
    Glm: no visible global function definition for ‘terms’
    Glm: no visible global function definition for ‘is.empty.model’
    Glm: no visible global function definition for ‘model.weights’
    Glm: no visible global function definition for ‘model.offset’
    Glm: no visible global function definition for ‘glm.fit’
    Gls: no visible binding for global variable ‘na.omit’
    Gls: no visible global function definition for ‘existsFunction’
    Gls: no visible global function definition for ‘formula’
    Gls: no visible global function definition for ‘asOneSidedFormula’
    Gls: no visible global function definition for ‘model.frame’
    Gls : <anonymous>: no visible global function definition for
     ‘contrasts’
    Gls: no visible global function definition for ‘terms’
    Gls: no visible global function definition for ‘as.formula’
    Gls: no visible global function definition for ‘coef’
    Gls: no visible global function definition for ‘nlminb’
    Gls : <anonymous>: no visible global function definition for ‘logLik’
    Gls: no visible global function definition for ‘optim’
    Gls: no visible global function definition for ‘update’
    Gls: no visible global function definition for ‘fitted’
    Gls: no visible global function definition for ‘var’
    Mean.cph : f: no visible global function definition for ‘approx’
    Mean.cph: multiple local function definitions for ‘f’ with different
     formal arguments
    Mean.lrm: no visible binding for global variable ‘plogis’
    Quantile.cph : f: no visible global function definition for ‘approx’
    Quantile.orm : f: no visible global function definition for ‘approx’
    Rq: no visible global function definition for ‘model.weights’
    Rq: no visible global function definition for ‘.getXlevels’
    Survival.cph : f: no visible global function definition for ‘approx’
    anova.rms: no visible global function definition for ‘vcov’
    anova.rms: no visible global function definition for ‘pf’
    anova.rms: no visible global function definition for ‘pchisq’
    anova.rms: no visible global function definition for ‘formula’
    axisf : ax: no visible global function definition for ‘axis’
    bj: no visible global function definition for ‘model.extract’
    bj: no visible global function definition for ‘make.link’
    bjplot: no visible global function definition for ‘resid’
    bjplot: no visible global function definition for ‘runif’
    bjplot: no visible global function definition for ‘approx’
    bjplot: no visible global function definition for ‘plot’
    bjplot: no visible global function definition for ‘points’
    bjplot: no visible global function definition for ‘segments’
    bootBCa: no visible binding for global variable ‘quantile’
    bootcov : <anonymous>: no visible global function definition for
     ‘glm.fit’
    bootcov : <anonymous>: no visible global function definition for
     ‘approx’
    bootcov: no visible global function definition for ‘naresid’
    bootcov: no visible global function definition for ‘runif’
    bootcov: no visible global function definition for ‘pt’
    bootplot: no visible global function definition for ‘quantile’
    bootplot: no visible global function definition for ‘abline’
    bootplot: no visible global function definition for ‘title’
    bootplot: no visible global function definition for ‘qqnorm’
    bootplot: no visible global function definition for ‘qqline’
    bplot: no visible global function definition for ‘as.formula’
    bplot: no visible global function definition for ‘terms’
    bplot: no visible global function definition for ‘approx’
    bplot : pan: no visible global function definition for ‘gray’
    calibrate.cph: no visible global function definition for ‘quantile’
    calibrate.default: no visible global function definition for ‘formula’
    calibrate.default: no visible global function definition for ‘plogis’
    calibrate.default : cal.error: no visible global function definition
     for ‘plogis’
    calibrate.default : cal.error: no visible global function definition
     for ‘lowess’
    calibrate.default : cal.error: no visible global function definition
     for ‘approx’
    calibrate.psm: no visible global function definition for ‘quantile’
    calibrate.psm: no visible binding for global variable ‘family’
    confplot: no visible binding for global variable ‘quantile’
    confplot: no visible global function definition for ‘quantile’
    confplot: no visible global function definition for ‘lines’
    confplot: no visible global function definition for ‘plot’
    contrast.rms: no visible global function definition for ‘qt’
    contrast.rms: no visible global function definition for ‘qnorm’
    contrast.rms: no visible global function definition for ‘predict’
    contrast.rms: no visible global function definition for ‘coef’
    contrast.rms: no visible global function definition for ‘vcov’
    contrast.rms: no visible global function definition for ‘pt’
    contrast.rms: no visible global function definition for ‘pnorm’
    contrast.rms: no visible global function definition for ‘confint’
    cph: no visible global function definition for ‘terms’
    cph: no visible global function definition for ‘model.extract’
    cph: no visible global function definition for ‘model.offset’
    cph: no visible global function definition for ‘getS3method’
    cph: no visible global function definition for ‘pchisq’
    datadist: no visible global function definition for ‘quantile’
    datadist: no visible global function definition for ‘median’
    des.args: no visible global function definition for ‘formula’
    fastbw: no visible global function definition for ‘vcov’
    fastbw: no visible global function definition for ‘pchisq’
    gIndex: no visible global function definition for ‘predict’
    gIndex: no visible global function definition for ‘formula’
    gendata: no visible global function definition for ‘de’
    ggplot.Predict : footnote: no visible global function definition for
     ‘grey’
    ggplot.Predict : dogroup: no visible global function definition for
     ‘reshape’
    ggplot.Predict: multiple local function definitions for ‘tanova’ with
     different formal arguments
    groupkm: no visible global function definition for ‘qnorm’
    groupkm: no visible global function definition for ‘plot’
    groupkm: no visible global function definition for ‘lines’
    groupkm: no visible global function definition for ‘title’
    hazard.ratio.plot: no visible global function definition for ‘quantile’
    hazard.ratio.plot: no visible global function definition for ‘qnorm’
    hazard.ratio.plot: no visible global function definition for ‘par’
    hazard.ratio.plot: no visible global function definition for ‘plot’
    hazard.ratio.plot: no visible global function definition for ‘points’
    hazard.ratio.plot: no visible global function definition for ‘lines’
    hazard.ratio.plot: no visible global function definition for ‘supsmu’
    hazard.ratio.plot: no visible global function definition for ‘title’
    hazard.ratio.plot: no visible global function definition for ‘locator’
    hazard.ratio.plot: no visible global function definition for ‘legend’
    histdensity: no visible global function definition for ‘hist’
    histdensity: no visible global function definition for ‘lines’
    histdensity: no visible global function definition for ‘density’
    ie.setup: no visible global function definition for ‘runif’
    latex.Rq: no visible global function definition for ‘formula’
    latexrms: no visible global function definition for ‘terms’
    legend.nomabbrev: no visible global function definition for ‘legend’
    lines.residuals.psm.censored.normalized: no visible global function
     definition for ‘lines’
    logLik.Gls: no visible global function definition for ‘getS3method’
    logLik.ols: no visible global function definition for ‘getS3method’
    lrm: no visible global function definition for ‘terms’
    lrm: no visible global function definition for ‘model.extract’
    lrm: no visible global function definition for ‘model.offset’
    lrm: no visible global function definition for ‘existsFunction’
    lrm: no visible global function definition for ‘getFunction’
    lrm: no visible global function definition for ‘pchisq’
    lrm.fit: no visible global function definition for ‘pchisq’
    lrm.fit: no visible global function definition for ‘plogis’
    lrm.fit.strat: no visible global function definition for ‘pchisq’
    lrtest: no visible global function definition for ‘coef’
    lrtest: no visible global function definition for ‘pchisq’
    lrtest: no visible global function definition for ‘formula’
    matrx: no visible global function definition for ‘median’
    nomogram: no visible binding for global variable ‘median’
    nomogram: no visible global function definition for ‘approx’
    npsurv: no visible global function definition for ‘model.extract’
    ols: no visible global function definition for ‘terms’
    ols: no visible global function definition for ‘model.offset’
    ols: no visible global function definition for ‘model.extract’
    ols: no visible global function definition for ‘lm.wfit’
    ols: no visible global function definition for ‘lm.fit’
    oos.loglik.Glm: no visible global function definition for ‘deviance’
    oos.loglik.Glm: no visible global function definition for ‘glm.fit’
    oos.loglik.lrm: no visible global function definition for ‘plogis’
    orm: no visible global function definition for ‘terms’
    orm: no visible global function definition for ‘model.extract’
    orm: no visible global function definition for ‘model.offset’
    orm: no visible global function definition for ‘existsFunction’
    orm: no visible global function definition for ‘getFunction’
    orm: no visible global function definition for ‘pchisq’
    orm.fit: no visible binding for global variable ‘pnorm’
    orm.fit: no visible binding for global variable ‘qnorm’
    orm.fit : <anonymous>: no visible global function definition for
     ‘dnorm’
    orm.fit: no visible binding for global variable ‘pcauchy’
    orm.fit: no visible binding for global variable ‘qcauchy’
    orm.fit : <anonymous>: no visible global function definition for
     ‘dcauchy’
    orm.fit: no visible global function definition for ‘quantile’
    orm.fit: no visible global function definition for ‘pchisq’
    orm.fit: no visible global function definition for ‘cor’
    ormfit: no visible global function definition for ‘new’
    pantext: no visible global function definition for ‘capture.output’
    pantext: multiple local function definitions for ‘z’ with different
     formal arguments
    pentrace: no visible global function definition for ‘nlminb’
    perimeter: no visible global function definition for ‘lowess’
    plot.ExProb: no visible global function definition for ‘par’
    plot.ExProb: no visible global function definition for ‘plot’
    plot.ExProb: no visible global function definition for ‘segments’
    plot.ExProb: no visible global function definition for ‘points’
    plot.Predict: no visible global function definition for ‘gray’
    plot.Predict: no visible global function definition for ‘par’
    plot.Predict : pan: no visible global function definition for ‘approx’
    plot.Predict: no visible global function definition for ‘as.formula’
    plot.Predict: multiple local function definitions for ‘pan’ with
     different formal arguments
    plot.Predict: multiple local function definitions for ‘tanova’ with
     different formal arguments
    plot.calibrate: no visible global function definition for ‘lines’
    plot.calibrate: no visible global function definition for ‘plot’
    plot.calibrate: no visible global function definition for ‘title’
    plot.calibrate: no visible global function definition for ‘quantile’
    plot.calibrate: no visible global function definition for ‘abline’
    plot.calibrate: no visible global function definition for ‘gray’
    plot.calibrate: no visible global function definition for ‘points’
    plot.calibrate.default: no visible global function definition for
     ‘plot’
    plot.calibrate.default: no visible global function definition for
     ‘approx’
    plot.calibrate.default: no visible global function definition for
     ‘quantile’
    plot.calibrate.default: no visible global function definition for
     ‘title’
    plot.calibrate.default: no visible global function definition for
     ‘lines’
    plot.calibrate.default: no visible global function definition for
     ‘abline’
    plot.lrm.partial: no visible global function definition for ‘resid’
    plot.lrm.partial: no visible global function definition for ‘lowess’
    plot.lrm.partial: no visible global function definition for ‘plot’
    plot.lrm.partial: no visible global function definition for ‘lines’
    plot.nomogram: no visible global function definition for ‘par’
    plot.nomogram: no visible global function definition for ‘qnorm’
    plot.nomogram : bar: no visible global function definition for
     ‘segments’
    plot.nomogram : newpage: no visible global function definition for
     ‘plot’
    plot.nomogram : newpage: no visible global function definition for
     ‘par’
    plot.nomogram : newpage: no visible global function definition for
     ‘text’
    plot.nomogram : newpage: no visible global function definition for
     ‘segments’
    plot.nomogram: no visible global function definition for ‘text’
    plot.nomogram: no visible global function definition for ‘lines’
    plot.nomogram: no visible global function definition for ‘axis’
    plot.pentrace: no visible global function definition for ‘lines’
    plot.pentrace: no visible global function definition for ‘plot’
    plot.pentrace: no visible global function definition for ‘title’
    plot.pentrace: no visible global function definition for ‘points’
    plot.sensuc: no visible global function definition for ‘par’
    plot.sensuc: no visible global function definition for ‘qnorm’
    plot.sensuc: no visible global function definition for ‘plot’
    plot.sensuc: no visible global function definition for ‘text’
    plot.sensuc: no visible global function definition for ‘points’
    plot.sensuc: no visible global function definition for ‘title’
    plot.summary.rms: no visible global function definition for ‘rgb’
    plot.summary.rms : confbar : <anonymous>: no visible global function
     definition for ‘qnorm’
    plot.summary.rms : confbar: no visible global function definition for
     ‘points’
    plot.summary.rms : confbar: no visible global function definition for
     ‘segments’
    plot.summary.rms: no visible global function definition for ‘qnorm’
    plot.summary.rms: no visible global function definition for ‘plot.new’
    plot.summary.rms: no visible global function definition for ‘par’
    plot.summary.rms: no visible global function definition for ‘strwidth’
    plot.summary.rms: no visible global function definition for ‘plot’
    plot.summary.rms: no visible global function definition for ‘title’
    plot.summary.rms: no visible global function definition for ‘lines’
    plot.summary.rms: no visible global function definition for ‘axis’
    plot.summary.rms: no visible global function definition for ‘mtext’
    plot.summary.rms: no visible global function definition for ‘text’
    plot.val.prob : <anonymous>: no visible global function definition for
     ‘qchisq’
    plot.val.prob: no visible global function definition for ‘par’
    plot.val.prob: no visible global function definition for ‘abline’
    plot.val.prob: no visible global function definition for ‘approx’
    plot.val.prob: no visible global function definition for ‘text’
    plot.val.surv: no visible global function definition for ‘naresid’
    plot.val.surv: no visible global function definition for ‘plot’
    plot.val.surv: no visible global function definition for ‘abline’
    plot.val.survh: no visible global function definition for ‘lines’
    plot.val.survh: no visible global function definition for ‘plot’
    plot.val.survh: no visible global function definition for ‘abline’
    plot.validate.rpart: no visible binding for global variable ‘locator’
    plot.validate.rpart: no visible global function definition for ‘plot’
    plot.validate.rpart: no visible global function definition for ‘lines’
    plot.validate.rpart: no visible global function definition for ‘title’
    plot.validate.rpart: no visible global function definition for ‘legend’
    plot.validate.rpart: no visible global function definition for ‘par’
    plot.xmean.ordinaly: no visible global function definition for ‘terms’
    plot.xmean.ordinaly : dopl: no visible global function definition for
     ‘plogis’
    plot.xmean.ordinaly : dopl: no visible global function definition for
     ‘plot’
    plot.xmean.ordinaly : dopl: no visible global function definition for
     ‘lines’
    plot.xmean.ordinaly : dopl: no visible global function definition for
     ‘points’
    plot.xmean.ordinaly : dopl: no visible global function definition for
     ‘title’
    prModFit: no visible global function definition for ‘pt’
    prModFit: no visible global function definition for ‘pchisq’
    predab.resample: no visible global function definition for ‘naresid’
    predict.lrm: no visible binding for global variable ‘plogis’
    predictrms: no visible global function definition for ‘delete.response’
    predictrms: no visible global function definition for ‘terms’
    predictrms: no visible global function definition for ‘formula’
    predictrms: no visible global function definition for ‘model.offset’
    predictrms: no visible global function definition for ‘model.frame’
    predictrms: no visible global function definition for ‘qt’
    predictrms: no visible global function definition for ‘qnorm’
    predictrms : Adjto: no visible global function definition for
     ‘model.frame’
    predictrms: no visible global function definition for ‘vcov’
    predictrms: no visible global function definition for ‘confint’
    print.Glm: no visible global function definition for ‘coef’
    print.Glm: no visible global function definition for ‘pchisq’
    print.Glm: no visible global function definition for ‘vcov’
    print.Gls: no visible global function definition for ‘getS3method’
    print.Gls: no visible global function definition for ‘coef’
    print.Gls: no visible binding for global variable ‘quantile’
    print.calibrate: no visible global function definition for ‘quantile’
    print.calibrate.default: no visible global function definition for
     ‘approx’
    print.calibrate.default: no visible global function definition for
     ‘quantile’
    print.contrast.rms: no visible global function definition for ‘pf’
    print.contrast.rms: no visible global function definition for ‘pchisq’
    print.cph: no visible global function definition for ‘qnorm’
    print.fastbw: no visible global function definition for ‘coef’
    print.fastbw: no visible global function definition for ‘pchisq’
    print.lrm: no visible global function definition for ‘pchisq’
    print.ols: no visible global function definition for ‘pchisq’
    print.ols: no visible binding for global variable ‘quantile’
    print.ols: no visible global function definition for ‘quantile’
    print.orm: no visible global function definition for ‘vcov’
    print.psm: no visible global function definition for ‘getS3method’
    print.val.survh: no visible global function definition for ‘quantile’
    psm: no visible global function definition for ‘terms’
    psm: no visible global function definition for ‘model.extract’
    psm: no visible global function definition for ‘model.offset’
    psm: no visible global function definition for ‘pchisq’
    residuals.bj: no visible global function definition for ‘naresid’
    residuals.cph: no visible global function definition for ‘getS3method’
    residuals.lrm: no visible binding for global variable ‘plogis’
    residuals.lrm: no visible global function definition for ‘lm.wfit’
    residuals.lrm: no visible global function definition for ‘pnorm’
    residuals.lrm: no visible global function definition for ‘naresid’
    residuals.lrm : plotit: no visible global function definition for
     ‘plot’
    residuals.lrm : plotit: no visible global function definition for
     ‘abline’
    residuals.lrm : plotit: no visible global function definition for
     ‘points’
    residuals.lrm: no visible global function definition for ‘formula’
    residuals.lrm: no visible global function definition for ‘boxplot’
    residuals.lrm: no visible global function definition for ‘quantile’
    residuals.lrm: no visible global function definition for ‘title’
    residuals.lrm: no visible global function definition for ‘plot’
    residuals.lrm: no visible global function definition for ‘lines’
    residuals.lrm: no visible global function definition for ‘lowess’
    residuals.lrm: no visible global function definition for ‘supsmu’
    residuals.lrm: no visible global function definition for ‘par’
    residuals.lrm: no visible global function definition for ‘text’
    residuals.lrm: no visible global function definition for ‘approx’
    residuals.lrm: no visible global function definition for ‘lm’
    residuals.lrm: no visible global function definition for ‘lm.influence’
    residuals.lrm: no visible global function definition for ‘coef’
    residuals.lrm: no visible global function definition for ‘vcov’
    residuals.ols: no visible global function definition for ‘naresid’
    residuals.ols: no visible global function definition for ‘coef’
    residuals.psm: no visible global function definition for ‘getS3method’
    residuals.psm: no visible global function definition for ‘naresid’
    robcov: no visible global function definition for ‘vcov’
    robcov: no visible global function definition for ‘residuals’
    sensuc : bern : sort.random: no visible global function definition for
     ‘runif’
    sensuc : f: no visible global function definition for ‘plogis’
    sensuc: no visible global function definition for ‘uniroot’
    sensuc: no visible global function definition for ‘plogis’
    setPb: multiple local function definitions for ‘upb’ with different
     formal arguments
    specs.rms: no visible global function definition for ‘terms’
    specs.rms: no visible global function definition for ‘formula’
    summary.rms: no visible global function definition for ‘vcov’
    summary.rms: no visible global function definition for ‘qt’
    summary.rms: no visible global function definition for ‘qnorm’
    summary.rms: no visible global function definition for ‘confint’
    summary.rms: no visible global function definition for ‘formula’
    survdiffplot: no visible global function definition for ‘par’
    survdiffplot: no visible global function definition for ‘gray’
    survdiffplot: no visible global function definition for ‘qnorm’
    survdiffplot: no visible global function definition for ‘plot’
    survdiffplot: no visible global function definition for ‘axis’
    survdiffplot: no visible global function definition for ‘abline’
    survdiffplot: no visible global function definition for ‘lines’
    survdiffplot: no visible global function definition for ‘title’
    survdiffplot: no visible global function definition for ‘text’
    survest.cph: no visible global function definition for ‘predict’
    survest.cph: no visible global function definition for ‘naresid’
    survest.cph: no visible global function definition for ‘qnorm’
    survest.cph: no visible global function definition for ‘approx’
    survest.cph : <anonymous>: no visible global function definition for
     ‘naresid’
    survest.psm: no visible global function definition for ‘vcov’
    survest.psm: no visible global function definition for ‘predict’
    survest.psm: no visible global function definition for ‘qnorm’
    survfit.cph: no visible global function definition for ‘qnorm’
    survplot.npsurv: no visible global function definition for ‘par’
    survplot.npsurv: no visible global function definition for ‘gray’
    survplot.npsurv: no visible global function definition for ‘approx’
    survplot.npsurv: no visible global function definition for ‘plot’
    survplot.npsurv: no visible global function definition for ‘symbols’
    survplot.npsurv: no visible global function definition for ‘abline’
    survplot.npsurv: no visible global function definition for ‘lines’
    survplot.npsurv: no visible global function definition for ‘text’
    survplot.residuals.psm.censored.normalized: no visible global function
     definition for ‘par’
    survplot.residuals.psm.censored.normalized: no visible global function
     definition for ‘title’
    survplot.residuals.psm.censored.normalized: no visible global function
     definition for ‘lines’
    survplot.rms: no visible global function definition for ‘par’
    survplot.rms: no visible global function definition for ‘gray’
    survplot.rms: no visible global function definition for ‘qnorm’
    survplot.rms: no visible global function definition for ‘plot’
    survplot.rms: no visible global function definition for ‘symbols’
    survplot.rms: no visible global function definition for ‘abline’
    survplot.rms: no visible global function definition for ‘lines’
    survplot.rms: no visible global function definition for ‘text’
    survplot.rms: no visible global function definition for ‘title’
    univarLR: no visible global function definition for ‘update’
    univarLR: no visible global function definition for ‘as.formula’
    val.prob: no visible global function definition for ‘plogis’
    val.prob: no visible global function definition for ‘qlogis’
    val.prob : Spi: no visible global function definition for ‘pnorm’
    val.prob: no visible global function definition for ‘pchisq’
    val.prob: no visible global function definition for ‘lowess’
    val.prob: no visible global function definition for ‘approx’
    val.prob: no visible global function definition for ‘plot’
    val.prob: no visible global function definition for ‘abline’
    val.prob: no visible global function definition for ‘lines’
    val.prob: no visible global function definition for ‘points’
    val.prob: no visible global function definition for ‘legend’
    val.prob: no visible global function definition for ‘text’
    val.prob: no visible global function definition for ‘segments’
    val.probg: no visible global function definition for ‘approx’
    val.probg: no visible global function definition for ‘qlogis’
    val.surv: no visible global function definition for ‘naresid’
    val.surv: no visible global function definition for ‘predict’
    validate.Rq : discrim: no visible global function definition for
     ‘median’
    validate.Rq : discrim: no visible global function definition for ‘cor’
    validate.lrm : discrim: no visible global function definition for
     ‘plogis’
    validate.lrm: no visible global function definition for ‘plogis’
    validate.ols : discrim: no visible global function definition for ‘var’
    validate.ols : discrim: no visible global function definition for
     ‘lsfit’
    validate.ols : discrim: no visible global function definition for
     ‘pnorm’
    validate.rpart: no visible global function definition for ‘model.frame’
    validate.rpart: no visible global function definition for
     ‘model.extract’
    validate.rpart: no visible global function definition for ‘predict’
    vcov.Glm: no visible global function definition for ‘getS3method’
    vcov.orm: no visible global function definition for ‘coef’
    vif: no visible global function definition for ‘vcov’
    which.influence: no visible global function definition for ‘resid’
    Undefined global functions or variables:
     .getXlevels AIC abline approx as.formula asOneSidedFormula axis
     boxplot capture.output coef confint contrasts cor dcauchy de
     delete.response density deviance dnorm existsFunction family fitted
     formula gaussian getFunction getS3method glm.control glm.fit gray
     grey hist is.empty.model legend lines lm lm.fit lm.influence lm.wfit
     locator logLik lowess lsfit make.link median model.extract
     model.frame model.offset model.weights mtext na.omit naresid new
     nlminb optim par pcauchy pchisq pf plogis plot plot.new pnorm points
     predict pt qcauchy qchisq qlogis qnorm qqline qqnorm qt quantile
     reshape resid residuals rgb runif segments strwidth supsmu symbols
     terms text title uniroot update var vcov
    Consider adding
     importFrom("grDevices", "gray", "grey", "rgb")
     importFrom("graphics", "abline", "axis", "boxplot", "hist", "legend",
     "lines", "locator", "mtext", "par", "plot", "plot.new",
     "points", "segments", "strwidth", "symbols", "text",
     "title")
     importFrom("methods", "existsFunction", "getFunction", "new")
     importFrom("stats", ".getXlevels", "AIC", "approx", "as.formula",
     "asOneSidedFormula", "coef", "confint", "contrasts", "cor",
     "dcauchy", "delete.response", "density", "deviance",
     "dnorm", "family", "fitted", "formula", "gaussian",
     "glm.control", "glm.fit", "is.empty.model", "lm", "lm.fit",
     "lm.influence", "lm.wfit", "logLik", "lowess", "lsfit",
     "make.link", "median", "model.extract", "model.frame",
     "model.offset", "model.weights", "na.omit", "naresid",
     "nlminb", "optim", "pcauchy", "pchisq", "pf", "plogis",
     "pnorm", "predict", "pt", "qcauchy", "qchisq", "qlogis",
     "qnorm", "qqline", "qqnorm", "qt", "quantile", "reshape",
     "resid", "residuals", "runif", "supsmu", "terms", "uniroot",
     "update", "var", "vcov")
     importFrom("utils", "capture.output", "de", "getS3method")
    to your NAMESPACE (and ensure that your DESCRIPTION Imports field
    contains 'methods').
Flavors: r-devel-linux-x86_64-debian-clang, r-devel-linux-x86_64-debian-gcc, r-devel-linux-x86_64-fedora-clang, r-devel-linux-x86_64-fedora-gcc, r-devel-windows-ix86+x86_64

Version: 4.3-1
Check: R code for possible problems
Result: NOTE
    Mean.cph: multiple local function definitions for ‘f’ with different
     formal arguments
    ggplot.Predict: multiple local function definitions for ‘tanova’ with
     different formal arguments
    pantext: multiple local function definitions for ‘z’ with different
     formal arguments
    plot.Predict: multiple local function definitions for ‘pan’ with
     different formal arguments
    plot.Predict: multiple local function definitions for ‘tanova’ with
     different formal arguments
    setPb: multiple local function definitions for ‘upb’ with different
     formal arguments
Flavors: r-devel-osx-x86_64-clang, r-patched-linux-x86_64, r-patched-solaris-sparc, r-patched-solaris-x86, r-release-linux-x86_64, r-release-osx-x86_64-mavericks, r-release-windows-ix86+x86_64, r-oldrel-windows-ix86+x86_64