CRAN Package Check Results for Package rms

Last updated on 2016-07-26 21:49:57.

Flavor Version Tinstall Tcheck Ttotal Status Flags
r-devel-linux-x86_64-debian-clang 4.5-0 8.87 152.80 161.67 OK
r-devel-linux-x86_64-debian-gcc 4.5-0 7.83 144.10 151.92 OK
r-devel-linux-x86_64-fedora-clang 4.5-0 260.11 OK
r-devel-linux-x86_64-fedora-gcc 4.5-0 240.42 OK
r-devel-osx-x86_64-clang 4.5-0 206.06 OK
r-devel-windows-ix86+x86_64 4.5-0 25.00 324.00 349.00 OK
r-patched-linux-x86_64 4.5-0 9.29 144.51 153.80 OK
r-patched-solaris-sparc 4.5-0 1504.70 OK
r-patched-solaris-x86 4.5-0 289.10 OK
r-release-linux-x86_64 4.5-0 9.21 142.72 151.93 OK
r-release-osx-x86_64-mavericks 4.5-0 NOTE
r-release-windows-ix86+x86_64 4.5-0 27.00 321.00 348.00 OK
r-oldrel-windows-ix86+x86_64 4.5-0 31.00 336.00 367.00 OK

Check Details

Version: 4.5-0
Check: dependencies in R code
Result: NOTE
    Invalid MIT-MAGIC-COOKIE-1 key
Flavor: r-release-osx-x86_64-mavericks