CRAN Package Check Results for Package rms

Last updated on 2015-03-05 19:48:04.

Flavor Version Tinstall Tcheck Ttotal Status Flags
r-devel-linux-x86_64-debian-clang 4.3-0 5.33 112.83 118.16 NOTE
r-devel-linux-x86_64-debian-gcc 4.3-0 5.36 110.84 116.20 NOTE
r-devel-linux-x86_64-fedora-clang 4.3-0 214.54 NOTE
r-devel-linux-x86_64-fedora-gcc 4.3-0 201.22 NOTE
r-devel-osx-x86_64-clang 4.3-0 216.31 NOTE
r-devel-windows-ix86+x86_64 4.3-0 18.00 183.00 201.00 NOTE
r-patched-linux-x86_64 4.3-0 7.51 134.70 142.21 NOTE
r-patched-solaris-sparc 4.3-0 1448.60 NOTE
r-patched-solaris-x86 4.3-0 294.60 NOTE
r-release-linux-ix86 4.3-0 8.00 150.68 158.68 NOTE
r-release-linux-x86_64 4.3-0 7.63 138.35 145.98 NOTE
r-release-osx-x86_64-mavericks 4.3-0 NOTE
r-release-osx-x86_64-snowleopard 4.3-0 NOTE
r-release-windows-ix86+x86_64 4.3-0 22.00 242.00 264.00 NOTE
r-oldrel-windows-ix86+x86_64 4.3-0 24.00 252.00 276.00 WARN

Check Details

Version: 4.3-0
Check: package dependencies
Result: NOTE
    Depends: includes the non-default packages:
     ‘Hmisc’ ‘survival’ ‘lattice’ ‘ggplot2’ ‘gridExtra’ ‘SparseM’
    Adding so many packages to the search path is excessive and importing
    selectively is preferable.
Flavors: r-devel-linux-x86_64-debian-clang, r-devel-linux-x86_64-debian-gcc, r-devel-linux-x86_64-fedora-clang, r-devel-linux-x86_64-fedora-gcc, r-devel-osx-x86_64-clang, r-devel-windows-ix86+x86_64, r-patched-linux-x86_64, r-patched-solaris-sparc, r-patched-solaris-x86, r-release-linux-ix86, r-release-linux-x86_64, r-release-osx-x86_64-mavericks, r-release-osx-x86_64-snowleopard, r-release-windows-ix86+x86_64

Version: 4.3-0
Check: dependencies in R code
Result: NOTE
    Unexported object imported by a ':::' call: ‘ggplot2:::limits’
     See the note in ?`:::` about the use of this operator.
Flavors: r-devel-linux-x86_64-debian-clang, r-devel-linux-x86_64-debian-gcc, r-devel-linux-x86_64-fedora-clang, r-devel-linux-x86_64-fedora-gcc, r-devel-osx-x86_64-clang, r-devel-windows-ix86+x86_64, r-patched-linux-x86_64, r-patched-solaris-sparc, r-patched-solaris-x86

Version: 4.3-0
Check: R code for possible problems
Result: NOTE
    Mean.cph: multiple local function definitions for ‘f’ with different
     formal arguments
    ggplot.Predict: multiple local function definitions for ‘tanova’ with
     different formal arguments
    pantext: multiple local function definitions for ‘z’ with different
     formal arguments
    plot.Predict: multiple local function definitions for ‘pan’ with
     different formal arguments
    plot.Predict: multiple local function definitions for ‘tanova’ with
     different formal arguments
    setPb: multiple local function definitions for ‘upb’ with different
     formal arguments
Flavors: r-devel-linux-x86_64-debian-clang, r-devel-linux-x86_64-debian-gcc, r-devel-linux-x86_64-fedora-clang, r-devel-linux-x86_64-fedora-gcc, r-devel-osx-x86_64-clang, r-devel-windows-ix86+x86_64, r-patched-linux-x86_64, r-patched-solaris-sparc, r-patched-solaris-x86, r-release-linux-ix86, r-release-linux-x86_64, r-release-osx-x86_64-mavericks, r-release-osx-x86_64-snowleopard, r-release-windows-ix86+x86_64, r-oldrel-windows-ix86+x86_64

Version: 4.3-0
Check: dependencies in R code
Result: NOTE
    Unexported object imported by a ':::' call: ‘ggplot2:::limits’
     See the note in ?`:::` about the use of this operator.
    See the information on DESCRIPTION files in the chapter ‘Creating R
    packages’ of the ‘Writing R Extensions’ manual.
Flavors: r-release-linux-ix86, r-release-linux-x86_64, r-release-osx-x86_64-mavericks, r-release-osx-x86_64-snowleopard, r-release-windows-ix86+x86_64, r-oldrel-windows-ix86+x86_64

Version: 4.3-0
Check: Rd cross-references
Result: WARN
    Unknown package 'treatSens' in Rd xrefs
Flavor: r-oldrel-windows-ix86+x86_64