CRAN Package Check Results for Package rms

Last updated on 2016-05-29 08:46:46.

Flavor Version Tinstall Tcheck Ttotal Status Flags
r-devel-linux-x86_64-debian-gcc 4.5-0 6.67 129.55 136.22 OK
r-devel-linux-x86_64-fedora-clang 4.5-0 254.42 OK
r-devel-linux-x86_64-fedora-gcc 4.5-0 239.26 OK
r-devel-osx-x86_64-clang 4.5-0 277.15 OK
r-devel-windows-ix86+x86_64 4.5-0 18.00 261.00 279.00 OK
r-patched-linux-x86_64 4.5-0 7.02 128.56 135.58 OK
r-patched-solaris-sparc 4.5-0 1508.40 OK
r-patched-solaris-x86 4.5-0 294.50 OK
r-release-linux-x86_64 4.5-0 6.72 125.71 132.44 OK
r-release-osx-x86_64-mavericks 4.5-0 NOTE
r-release-windows-ix86+x86_64 4.5-0 27.00 269.00 296.00 OK
r-oldrel-windows-ix86+x86_64 4.5-0 22.00 286.00 308.00 OK

Check Details

Version: 4.5-0
Check: dependencies in R code
Result: NOTE
    Invalid MIT-MAGIC-COOKIE-1 key
Flavor: r-release-osx-x86_64-mavericks