CRAN Package Check Results for Package rms

Last updated on 2014-11-24 00:47:53.

Flavor Version Tinstall Tcheck Ttotal Status Flags
r-devel-linux-x86_64-debian-clang 4.2-1 5.08 104.05 109.13 NOTE
r-devel-linux-x86_64-debian-gcc 4.2-1 4.62 102.12 106.74 NOTE
r-devel-linux-x86_64-fedora-clang 4.2-1 217.63 NOTE
r-devel-linux-x86_64-fedora-gcc 4.2-1 205.90 NOTE
r-devel-osx-x86_64-clang 4.2-1 183.23 NOTE
r-devel-windows-ix86+x86_64 4.2-1 17.00 175.00 192.00 NOTE
r-patched-linux-x86_64 4.2-1 4.99 107.15 112.14 NOTE
r-patched-solaris-sparc 4.2-1 1211.90 NOTE
r-patched-solaris-x86 4.2-1 251.40 NOTE
r-release-linux-ix86 4.2-1 5.98 122.74 128.71 NOTE
r-release-linux-x86_64 4.2-1 5.31 108.38 113.69 NOTE
r-release-osx-x86_64-mavericks 4.2-1 NOTE
r-release-osx-x86_64-snowleopard 4.2-1 NOTE
r-release-windows-ix86+x86_64 4.2-1 19.00 198.00 217.00 NOTE
r-oldrel-windows-ix86+x86_64 4.2-1 18.00 197.00 215.00 NOTE

Check Details

Version: 4.2-1
Check: R code for possible problems
Result: NOTE
    Mean.cph: multiple local function definitions for ‘f’ with different
     formal arguments
    pantext: multiple local function definitions for ‘z’ with different
     formal arguments
    plot.Predict: multiple local function definitions for ‘pan’ with
     different formal arguments
    plot.Predict: multiple local function definitions for ‘tanova’ with
     different formal arguments
    setPb: multiple local function definitions for ‘upb’ with different
     formal arguments
Flavors: r-devel-linux-x86_64-debian-clang, r-devel-linux-x86_64-debian-gcc, r-devel-linux-x86_64-fedora-clang, r-devel-linux-x86_64-fedora-gcc, r-devel-osx-x86_64-clang, r-devel-windows-ix86+x86_64, r-patched-linux-x86_64, r-patched-solaris-sparc, r-patched-solaris-x86, r-release-linux-ix86, r-release-linux-x86_64, r-release-osx-x86_64-mavericks, r-release-osx-x86_64-snowleopard, r-release-windows-ix86+x86_64, r-oldrel-windows-ix86+x86_64