CRAN Package Check Results for Package rms

Last updated on 2014-04-24 23:48:11.

Flavor Version Tinstall Tcheck Ttotal Status Flags
r-devel-linux-x86_64-debian-clang 4.2-0 4.68 109.34 114.02 NOTE
r-devel-linux-x86_64-debian-gcc 4.2-0 4.50 110.57 115.07 NOTE
r-devel-linux-x86_64-fedora-clang 4.2-0 218.47 NOTE
r-devel-linux-x86_64-fedora-gcc 4.2-0 207.16 NOTE
r-devel-osx-x86_64-clang 4.2-0 183.35 NOTE
r-devel-osx-x86_64-gcc 4.2-0 ERROR
r-devel-windows-ix86+x86_64 4.2-0 15.00 169.00 184.00 NOTE
r-patched-linux-x86_64 4.2-0 4.68 110.15 114.83 NOTE
r-patched-solaris-sparc 4.2-0 1089.80 NOTE
r-patched-solaris-x86 4.2-0 253.50 NOTE
r-release-linux-ix86 4.2-0 7.00 169.00 176.00 NOTE
r-release-linux-x86_64 4.2-0 4.73 107.90 112.63 NOTE
r-release-osx-x86_64-mavericks 4.2-0 NOTE
r-release-osx-x86_64-snowleopard 4.2-0 NOTE
r-release-windows-ix86+x86_64 4.2-0 14.00 176.00 190.00 NOTE
r-oldrel-windows-ix86+x86_64 4.2-0 14.00 195.00 209.00 NOTE

Check Details

Version: 4.2-0
Check: R code for possible problems
Result: NOTE
    Mean.cph: multiple local function definitions for ‘f’ with different
     formal arguments
    pantext: multiple local function definitions for ‘z’ with different
     formal arguments
    plot.Predict: multiple local function definitions for ‘pan’ with
     different formal arguments
    plot.Predict: multiple local function definitions for ‘tanova’ with
     different formal arguments
    setPb: multiple local function definitions for ‘upb’ with different
     formal arguments
Flavors: r-devel-linux-x86_64-debian-clang, r-devel-linux-x86_64-debian-gcc, r-devel-linux-x86_64-fedora-clang, r-devel-linux-x86_64-fedora-gcc, r-devel-osx-x86_64-clang, r-devel-windows-ix86+x86_64, r-patched-linux-x86_64, r-patched-solaris-sparc, r-patched-solaris-x86, r-release-linux-ix86, r-release-linux-x86_64, r-release-windows-ix86+x86_64, r-oldrel-windows-ix86+x86_64

Version: 4.2-0
Check: package dependencies
Result: ERROR
    Package required but not available: ‘Hmisc’
    
    Packages suggested but not available for checking: ‘quantreg’ ‘multcomp’
    
    See the information on DESCRIPTION files in the chapter ‘Creating R
    packages’ of the ‘Writing R Extensions’ manual.
Flavor: r-devel-osx-x86_64-gcc

Version: 4.2-0
Check: package dependencies
Result: NOTE
    Package suggested but not available for checking: ‘multcomp’
Flavors: r-release-osx-x86_64-mavericks, r-release-osx-x86_64-snowleopard

Version: 4.2-0
Check: R code for possible problems
Result: NOTE
    Mean.cph: multiple local function definitions for ‘f’ with different
     formal arguments
    contrast.rms: no visible global function definition for ‘glht’
    pantext: multiple local function definitions for ‘z’ with different
     formal arguments
    plot.Predict: multiple local function definitions for ‘pan’ with
     different formal arguments
    plot.Predict: multiple local function definitions for ‘tanova’ with
     different formal arguments
    predictrms: no visible global function definition for ‘glht’
    setPb: multiple local function definitions for ‘upb’ with different
     formal arguments
    summary.rms: no visible global function definition for ‘glht’
Flavors: r-release-osx-x86_64-mavericks, r-release-osx-x86_64-snowleopard