CRAN Package Check Results for Package rms

Last updated on 2015-01-28 17:55:28.

Flavor Version Tinstall Tcheck Ttotal Status Flags
r-devel-linux-x86_64-debian-clang 4.2-1 4.58 94.08 98.67 NOTE
r-devel-linux-x86_64-debian-gcc 4.2-1 4.47 92.58 97.05 NOTE
r-devel-linux-x86_64-fedora-clang 4.2-1 213.37 NOTE
r-devel-linux-x86_64-fedora-gcc 4.2-1 196.66 NOTE
r-devel-osx-x86_64-clang 4.2-1 185.72 NOTE
r-devel-windows-ix86+x86_64 4.2-1 16.00 167.00 183.00 NOTE
r-patched-linux-x86_64 4.2-1 4.91 111.28 116.20 NOTE
r-patched-solaris-sparc 4.2-1 1204.00 NOTE
r-patched-solaris-x86 4.2-1 254.10 NOTE
r-release-linux-ix86 4.2-1 6.18 123.94 130.12 NOTE
r-release-linux-x86_64 4.2-1 5.15 107.11 112.26 NOTE
r-release-osx-x86_64-mavericks 4.2-1 NOTE
r-release-osx-x86_64-snowleopard 4.2-1 NOTE
r-release-windows-ix86+x86_64 4.2-1 19.00 205.00 224.00 NOTE
r-oldrel-windows-ix86+x86_64 4.2-1 18.00 202.00 220.00 NOTE

Check Details

Version: 4.2-1
Check: dependencies in R code
Result: NOTE
    'library' or 'require' calls in package code:
     ‘boot’ ‘tcltk’
     Please use :: or requireNamespace() instead.
     See section 'Suggested packages' in the 'Writing R Extensions' manual.
Flavors: r-devel-linux-x86_64-debian-clang, r-devel-linux-x86_64-debian-gcc, r-devel-linux-x86_64-fedora-clang, r-devel-linux-x86_64-fedora-gcc, r-devel-osx-x86_64-clang, r-devel-windows-ix86+x86_64

Version: 4.2-1
Check: S3 generic/method consistency
Result: NOTE
    Found the following apparent S3 methods exported but not registered:
     plot.xmean.ordinaly
    See section ‘Registering S3 methods’ in the ‘Writing R Extensions’
    manual.
Flavors: r-devel-linux-x86_64-debian-clang, r-devel-linux-x86_64-debian-gcc, r-devel-linux-x86_64-fedora-clang, r-devel-linux-x86_64-fedora-gcc, r-devel-osx-x86_64-clang

Version: 4.2-1
Check: R code for possible problems
Result: NOTE
    Mean.cph: multiple local function definitions for ‘f’ with different
     formal arguments
    pantext: multiple local function definitions for ‘z’ with different
     formal arguments
    plot.Predict: multiple local function definitions for ‘pan’ with
     different formal arguments
    plot.Predict: multiple local function definitions for ‘tanova’ with
     different formal arguments
    setPb: multiple local function definitions for ‘upb’ with different
     formal arguments
Flavors: r-devel-linux-x86_64-debian-clang, r-devel-linux-x86_64-debian-gcc, r-devel-linux-x86_64-fedora-clang, r-devel-linux-x86_64-fedora-gcc, r-devel-osx-x86_64-clang, r-devel-windows-ix86+x86_64, r-patched-linux-x86_64, r-patched-solaris-sparc, r-patched-solaris-x86, r-release-linux-ix86, r-release-linux-x86_64, r-release-osx-x86_64-mavericks, r-release-osx-x86_64-snowleopard, r-release-windows-ix86+x86_64, r-oldrel-windows-ix86+x86_64