CRAN Package Check Results for Package rms

Last updated on 2017-03-23 03:48:13.

Flavor Version Tinstall Tcheck Ttotal Status Flags
r-devel-linux-x86_64-debian-clang 5.1-0 7.47 152.05 159.53 NOTE
r-devel-linux-x86_64-debian-gcc 5.1-0 7.49 147.02 154.51 NOTE
r-devel-linux-x86_64-fedora-clang 5.1-0 313.72 NOTE --no-stop-on-test-error
r-devel-linux-x86_64-fedora-gcc 5.1-0 300.30 NOTE --no-stop-on-test-error
r-devel-macos-x86_64-clang 5.1-0 237.44 NOTE --no-stop-on-test-error
r-devel-windows-ix86+x86_64 5.1-0 26.00 309.00 335.00 OK
r-patched-linux-x86_64 5.1-0 7.48 133.14 140.62 OK
r-patched-solaris-sparc 5.1-0 1834.60 NOTE
r-patched-solaris-x86 5.1-0 364.40 NOTE
r-release-linux-x86_64 5.1-0 6.95 135.58 142.53 OK
r-release-osx-x86_64-mavericks 5.1-0 OK
r-release-windows-ix86+x86_64 5.1-0 32.00 351.00 383.00 OK
r-oldrel-windows-ix86+x86_64 5.1-0 40.00 439.00 479.00 OK

Check Details

Version: 5.1-0
Check: compiled code
Result: NOTE
    File ‘rms/libs/rms.so’:
     Found no calls to: ‘R_registerRoutines’, ‘R_useDynamicSymbols’
    
    It is good practice to register native routines and to disable symbol
    search.
    
    See ‘Writing portable packages’ in the ‘Writing R Extensions’ manual.
Flavors: r-devel-linux-x86_64-debian-clang, r-devel-linux-x86_64-debian-gcc

Version: 5.1-0
Flags: --no-stop-on-test-error
Check: compiled code
Result: NOTE
    File ‘rms/libs/rms.so’:
     Found no calls to: ‘R_registerRoutines’, ‘R_useDynamicSymbols’
    
    It is good practice to register native routines and to disable symbol
    search.
    
    See ‘Writing portable packages’ in the ‘Writing R Extensions’ manual.
Flavors: r-devel-linux-x86_64-fedora-clang, r-devel-linux-x86_64-fedora-gcc, r-devel-macos-x86_64-clang

Version: 5.1-0
Check: Rd cross-references
Result: NOTE
    Package unavailable to check Rd xrefs: ‘treatSens’
Flavors: r-patched-solaris-sparc, r-patched-solaris-x86