CRAN Package Check Results for Package rms

Last updated on 2015-05-24 10:47:09.

Flavor Version Tinstall Tcheck Ttotal Status Flags
r-devel-linux-x86_64-debian-clang 4.3-1 5.54 104.39 109.93 NOTE
r-devel-linux-x86_64-debian-gcc 4.3-1 4.75 101.38 106.13 NOTE
r-devel-linux-x86_64-fedora-clang 4.3-1 209.07 NOTE
r-devel-linux-x86_64-fedora-gcc 4.3-1 196.81 NOTE
r-devel-osx-x86_64-clang 4.3-1 180.40 NOTE
r-devel-windows-ix86+x86_64 4.3-1 18.00 198.00 216.00 NOTE
r-patched-linux-x86_64 4.3-1 4.74 100.90 105.64 NOTE
r-patched-solaris-sparc 4.3-1 1233.70 NOTE
r-patched-solaris-x86 4.3-1 246.10 NOTE
r-release-linux-x86_64 4.3-1 5.37 104.91 110.28 NOTE
r-release-osx-x86_64-mavericks 4.3-1 NOTE
r-release-osx-x86_64-snowleopard 4.3-1 NOTE
r-release-windows-ix86+x86_64 4.3-1 18.00 194.00 212.00 NOTE
r-oldrel-windows-ix86+x86_64 4.3-1 28.00 247.00 275.00 NOTE

Check Details

Version: 4.3-1
Check: R code for possible problems
Result: NOTE
    Mean.cph: multiple local function definitions for ‘f’ with different
     formal arguments
    ggplot.Predict: multiple local function definitions for ‘tanova’ with
     different formal arguments
    pantext: multiple local function definitions for ‘z’ with different
     formal arguments
    plot.Predict: multiple local function definitions for ‘pan’ with
     different formal arguments
    plot.Predict: multiple local function definitions for ‘tanova’ with
     different formal arguments
    setPb: multiple local function definitions for ‘upb’ with different
     formal arguments
Flavors: r-devel-linux-x86_64-debian-clang, r-devel-linux-x86_64-debian-gcc, r-devel-linux-x86_64-fedora-clang, r-devel-linux-x86_64-fedora-gcc, r-devel-osx-x86_64-clang, r-devel-windows-ix86+x86_64, r-patched-linux-x86_64, r-patched-solaris-sparc, r-patched-solaris-x86, r-release-linux-x86_64, r-release-osx-x86_64-mavericks, r-release-osx-x86_64-snowleopard, r-release-windows-ix86+x86_64, r-oldrel-windows-ix86+x86_64