CRAN Package Check Results for Package rms

Last updated on 2014-12-20 16:49:08.

Flavor Version Tinstall Tcheck Ttotal Status Flags
r-devel-linux-x86_64-debian-clang 4.2-1 4.88 104.38 109.25 NOTE
r-devel-linux-x86_64-debian-gcc 4.2-1 4.47 102.05 106.52 NOTE
r-devel-linux-x86_64-fedora-clang 4.2-1 218.41 NOTE
r-devel-linux-x86_64-fedora-gcc 4.2-1 200.81 NOTE
r-devel-osx-x86_64-clang 4.2-1 186.78 NOTE
r-devel-windows-ix86+x86_64 4.2-1 20.00 172.00 192.00 NOTE
r-patched-linux-x86_64 4.2-1 5.13 110.33 115.46 NOTE
r-patched-solaris-sparc 4.2-1 1211.90 NOTE
r-patched-solaris-x86 4.2-1 250.70 NOTE
r-release-linux-ix86 4.2-1 6.01 122.62 128.63 NOTE
r-release-linux-x86_64 4.2-1 5.14 107.81 112.95 NOTE
r-release-osx-x86_64-mavericks 4.2-1 NOTE
r-release-osx-x86_64-snowleopard 4.2-1 NOTE
r-release-windows-ix86+x86_64 4.2-1 20.00 213.00 233.00 NOTE
r-oldrel-windows-ix86+x86_64 4.2-1 20.00 198.00 218.00 NOTE

Check Details

Version: 4.2-1
Check: R code for possible problems
Result: NOTE
    Mean.cph: multiple local function definitions for ‘f’ with different
     formal arguments
    pantext: multiple local function definitions for ‘z’ with different
     formal arguments
    plot.Predict: multiple local function definitions for ‘pan’ with
     different formal arguments
    plot.Predict: multiple local function definitions for ‘tanova’ with
     different formal arguments
    setPb: multiple local function definitions for ‘upb’ with different
     formal arguments
Flavors: r-devel-linux-x86_64-debian-clang, r-devel-linux-x86_64-debian-gcc, r-devel-linux-x86_64-fedora-clang, r-devel-linux-x86_64-fedora-gcc, r-devel-osx-x86_64-clang, r-devel-windows-ix86+x86_64, r-patched-linux-x86_64, r-patched-solaris-sparc, r-patched-solaris-x86, r-release-linux-ix86, r-release-linux-x86_64, r-release-osx-x86_64-mavericks, r-release-osx-x86_64-snowleopard, r-release-windows-ix86+x86_64, r-oldrel-windows-ix86+x86_64