CRAN Package Check Results for Package rms

Last updated on 2016-04-30 19:52:23.

Flavor Version Tinstall Tcheck Ttotal Status Flags
r-devel-linux-x86_64-debian-gcc 4.5-0 6.85 122.47 129.32 OK
r-devel-linux-x86_64-fedora-clang 4.5-0 243.58 OK
r-devel-linux-x86_64-fedora-gcc 4.5-0 230.04 OK
r-devel-osx-x86_64-clang 4.5-0 266.95 OK
r-devel-windows-ix86+x86_64 4.5-0 19.00 259.00 278.00 OK
r-patched-linux-x86_64 4.5-0 6.52 122.71 129.23 OK
r-patched-solaris-sparc 4.5-0 1401.70 OK
r-patched-solaris-x86 4.5-0 288.80 OK
r-release-linux-x86_64 4.5-0 7.34 126.09 133.43 OK
r-release-osx-x86_64-mavericks 4.5-0 NOTE
r-release-windows-ix86+x86_64 4.5-0 29.00 314.00 343.00 OK
r-oldrel-windows-ix86+x86_64 4.5-0 49.00 436.00 485.00 OK

Check Details

Version: 4.5-0
Check: dependencies in R code
Result: NOTE
    Invalid MIT-MAGIC-COOKIE-1 key
Flavor: r-release-osx-x86_64-mavericks