CRAN Package Check Results for Package rms

Last updated on 2015-04-25 22:46:56.

Flavor Version Tinstall Tcheck Ttotal Status Flags
r-devel-linux-x86_64-debian-clang 4.3-0 5.26 101.05 106.32 NOTE
r-devel-linux-x86_64-debian-gcc 4.3-0 4.81 100.60 105.41 NOTE
r-devel-linux-x86_64-fedora-clang 4.3-0 208.81 NOTE
r-devel-linux-x86_64-fedora-gcc 4.3-0 193.46 NOTE
r-devel-osx-x86_64-clang 4.3-0 171.93 NOTE
r-devel-windows-ix86+x86_64 4.3-0 19.00 192.00 211.00 NOTE
r-patched-linux-x86_64 4.3-0 4.86 100.34 105.20 NOTE
r-patched-solaris-sparc 4.3-0 1227.50 NOTE
r-patched-solaris-x86 4.3-0 241.90 NOTE
r-release-linux-x86_64 4.3-0 4.85 101.58 106.43 NOTE
r-release-osx-x86_64-mavericks 4.3-0 ERROR
r-release-osx-x86_64-snowleopard 4.3-0 ERROR
r-release-windows-ix86+x86_64 4.3-0 19.00 209.00 228.00 NOTE
r-oldrel-windows-ix86+x86_64 4.3-0 20.00 231.00 251.00 NOTE

Check Details

Version: 4.3-0
Check: package dependencies
Result: NOTE
    Depends: includes the non-default packages:
     'Hmisc' 'survival' 'lattice' 'ggplot2' 'gridExtra' 'SparseM'
    Adding so many packages to the search path is excessive and importing
    selectively is preferable.
Flavors: r-devel-windows-ix86+x86_64, r-release-windows-ix86+x86_64, r-oldrel-windows-ix86+x86_64

Version: 4.3-0
Check: dependencies in R code
Result: NOTE
    Unexported object imported by a ':::' call: 'ggplot2:::limits'
     See the note in ?`:::` about the use of this operator.
Flavors: r-devel-windows-ix86+x86_64, r-release-windows-ix86+x86_64, r-oldrel-windows-ix86+x86_64

Version: 4.3-0
Check: R code for possible problems
Result: NOTE
    Mean.cph: multiple local function definitions for 'f' with different
     formal arguments
    ggplot.Predict: multiple local function definitions for 'tanova' with
     different formal arguments
    pantext: multiple local function definitions for 'z' with different
     formal arguments
    plot.Predict: multiple local function definitions for 'pan' with
     different formal arguments
    plot.Predict: multiple local function definitions for 'tanova' with
     different formal arguments
    setPb: multiple local function definitions for 'upb' with different
     formal arguments
Flavors: r-devel-windows-ix86+x86_64, r-release-windows-ix86+x86_64, r-oldrel-windows-ix86+x86_64