CRAN Package Check Results for Package rms

Last updated on 2017-02-25 23:48:04.

Flavor Version Tinstall Tcheck Ttotal Status Flags
r-devel-linux-x86_64-debian-clang 5.1-0 7.37 152.57 159.95 NOTE
r-devel-linux-x86_64-debian-gcc 5.1-0 7.69 149.42 157.11 NOTE
r-devel-linux-x86_64-fedora-clang 5.1-0 321.52 NOTE --no-stop-on-test-error
r-devel-linux-x86_64-fedora-gcc 5.1-0 301.52 NOTE --no-stop-on-test-error
r-devel-macos-x86_64-clang 5.1-0 239.33 NOTE --no-stop-on-test-error
r-devel-windows-ix86+x86_64 5.1-0 34.00 556.00 590.00 OK
r-patched-linux-x86_64 5.1-0 7.10 133.99 141.09 OK
r-patched-solaris-sparc 5.1-0 1508.80 OK
r-patched-solaris-x86 5.1-0 309.70 OK
r-release-linux-x86_64 5.1-0 6.78 136.10 142.88 OK
r-release-osx-x86_64-mavericks 5.1-0 OK
r-release-windows-ix86+x86_64 5.1-0 36.00 260.00 296.00 OK
r-oldrel-windows-ix86+x86_64 5.1-0 38.00 373.00 411.00 OK

Check Details

Version: 5.1-0
Check: compiled code
Result: NOTE
    File ‘rms/libs/rms.so’:
     Found no calls to: ‘R_registerRoutines’, ‘R_useDynamicSymbols’
    
    It is good practice to register native routines and to disable symbol
    search.
    
    See ‘Writing portable packages’ in the ‘Writing R Extensions’ manual.
Flavors: r-devel-linux-x86_64-debian-clang, r-devel-linux-x86_64-debian-gcc

Version: 5.1-0
Flags: --no-stop-on-test-error
Check: compiled code
Result: NOTE
    File ‘rms/libs/rms.so’:
     Found no calls to: ‘R_registerRoutines’, ‘R_useDynamicSymbols’
    
    It is good practice to register native routines and to disable symbol
    search.
    
    See ‘Writing portable packages’ in the ‘Writing R Extensions’ manual.
Flavors: r-devel-linux-x86_64-fedora-clang, r-devel-linux-x86_64-fedora-gcc, r-devel-macos-x86_64-clang