CRAN Package Check Results for Package rms

Last updated on 2016-12-08 08:47:46.

Flavor Version Tinstall Tcheck Ttotal Status Flags
r-devel-linux-x86_64-debian-clang 5.0-0 7.11 155.87 162.98 WARN
r-devel-linux-x86_64-debian-gcc 5.0-0 6.99 158.81 165.80 WARN
r-devel-linux-x86_64-fedora-clang 5.0-0 322.20 WARN --no-stop-on-test-error
r-devel-linux-x86_64-fedora-gcc 5.0-0 318.83 WARN --no-stop-on-test-error
r-devel-macos-x86_64-clang 5.0-0 249.01 WARN --no-stop-on-test-error
r-devel-windows-ix86+x86_64 5.0-0 26.00 299.00 325.00 WARN
r-patched-linux-x86_64 5.0-0 7.24 131.50 138.74 OK
r-patched-solaris-sparc 5.0-0 1633.90 OK
r-patched-solaris-x86 5.0-0 312.90 OK
r-release-linux-x86_64 5.0-0 7.10 131.54 138.64 OK
r-release-osx-x86_64-mavericks 5.0-0 OK
r-release-windows-ix86+x86_64 5.0-0 21.00 247.00 268.00 OK
r-oldrel-windows-ix86+x86_64 5.0-0 40.00 358.00 398.00 OK

Check Details

Version: 5.0-0
Check: whether package can be installed
Result: WARN
    Found the following significant warnings:
     Warning: GNU Extension: Nonstandard type declaration REAL*8 at (1)
Flavors: r-devel-linux-x86_64-debian-clang, r-devel-linux-x86_64-debian-gcc, r-devel-windows-ix86+x86_64

Version: 5.0-0
Flags: --no-stop-on-test-error
Check: whether package can be installed
Result: WARN
    Found the following significant warnings:
     Warning: GNU Extension: Nonstandard type declaration REAL*8 at (1)
Flavors: r-devel-linux-x86_64-fedora-clang, r-devel-linux-x86_64-fedora-gcc, r-devel-macos-x86_64-clang