CRAN Package Check Results for Package rms

Last updated on 2017-04-27 15:50:38.

Flavor Version Tinstall Tcheck Ttotal Status Flags
r-devel-linux-x86_64-debian-clang 5.1-0 7.07 152.45 159.52 NOTE
r-devel-linux-x86_64-debian-gcc 5.1-0 7.72 148.55 156.27 NOTE
r-devel-linux-x86_64-fedora-clang 5.1-0 331.32 NOTE --no-stop-on-test-error
r-devel-linux-x86_64-fedora-gcc 5.1-0 304.88 NOTE --no-stop-on-test-error
r-devel-windows-ix86+x86_64 5.1-0 26.00 310.00 336.00 OK
r-patched-linux-x86_64 5.1-0 7.42 156.25 163.67 NOTE
r-patched-solaris-sparc 5.1-0 1834.60 NOTE
r-patched-solaris-x86 5.1-0 354.40 NOTE
r-release-linux-x86_64 5.1-0 7.37 148.46 155.83 NOTE
r-release-windows-ix86+x86_64 5.1-0 22.00 296.00 318.00 OK
r-release-osx-x86_64 5.1-0 OK
r-oldrel-windows-ix86+x86_64 5.1-0 34.00 337.00 371.00 OK
r-oldrel-osx-x86_64 5.1-0 OK

Check Details

Version: 5.1-0
Check: compiled code
Result: NOTE
    File ‘rms/libs/rms.so’:
     Found no calls to: ‘R_registerRoutines’, ‘R_useDynamicSymbols’
    
    It is good practice to register native routines and to disable symbol
    search.
    
    See ‘Writing portable packages’ in the ‘Writing R Extensions’ manual.
Flavors: r-devel-linux-x86_64-debian-clang, r-devel-linux-x86_64-debian-gcc, r-patched-linux-x86_64, r-release-linux-x86_64

Version: 5.1-0
Flags: --no-stop-on-test-error
Check: Rd cross-references
Result: NOTE
    Package unavailable to check Rd xrefs: ‘treatSens’
Flavors: r-devel-linux-x86_64-fedora-clang, r-devel-linux-x86_64-fedora-gcc

Version: 5.1-0
Flags: --no-stop-on-test-error
Check: compiled code
Result: NOTE
    File ‘rms/libs/rms.so’:
     Found no calls to: ‘R_registerRoutines’, ‘R_useDynamicSymbols’
    
    It is good practice to register native routines and to disable symbol
    search.
    
    See ‘Writing portable packages’ in the ‘Writing R Extensions’ manual.
Flavors: r-devel-linux-x86_64-fedora-clang, r-devel-linux-x86_64-fedora-gcc

Version: 5.1-0
Check: Rd cross-references
Result: NOTE
    Package unavailable to check Rd xrefs: ‘treatSens’
Flavors: r-patched-solaris-sparc, r-patched-solaris-x86