CRAN Package Check Results for Package rms

Last updated on 2014-07-26 08:50:56.

Flavor Version Tinstall Tcheck Ttotal Status Flags
r-devel-linux-x86_64-debian-clang 4.2-0 4.65 103.10 107.75 NOTE
r-devel-linux-x86_64-debian-gcc 4.2-0 4.35 102.64 106.99 NOTE
r-devel-linux-x86_64-fedora-clang 4.2-0 219.37 NOTE
r-devel-linux-x86_64-fedora-gcc 4.2-0 204.66 NOTE
r-devel-osx-x86_64-clang 4.2-0 180.75 NOTE
r-devel-windows-ix86+x86_64 4.2-0 14.00 172.00 186.00 NOTE
r-patched-linux-x86_64 4.2-0 4.24 100.85 105.10 NOTE
r-patched-solaris-sparc 4.2-0 1089.80 NOTE
r-patched-solaris-x86 4.2-0 251.60 NOTE
r-release-linux-ix86 4.2-0 5.55 126.04 131.60 NOTE
r-release-linux-x86_64 4.2-0 4.41 105.08 109.49 NOTE
r-release-osx-x86_64-mavericks 4.2-0 NOTE
r-release-osx-x86_64-snowleopard 4.2-0 NOTE
r-release-windows-ix86+x86_64 4.2-0 15.00 175.00 190.00 NOTE
r-oldrel-windows-ix86+x86_64 4.2-0 14.00 177.00 191.00 NOTE

Check Details

Version: 4.2-0
Check: R code for possible problems
Result: NOTE
    Mean.cph: multiple local function definitions for ‘f’ with different
     formal arguments
    pantext: multiple local function definitions for ‘z’ with different
     formal arguments
    plot.Predict: multiple local function definitions for ‘pan’ with
     different formal arguments
    plot.Predict: multiple local function definitions for ‘tanova’ with
     different formal arguments
    setPb: multiple local function definitions for ‘upb’ with different
     formal arguments
Flavors: r-devel-linux-x86_64-debian-clang, r-devel-linux-x86_64-debian-gcc, r-devel-linux-x86_64-fedora-clang, r-devel-linux-x86_64-fedora-gcc, r-devel-osx-x86_64-clang, r-devel-windows-ix86+x86_64, r-patched-linux-x86_64, r-patched-solaris-sparc, r-patched-solaris-x86, r-release-linux-ix86, r-release-linux-x86_64, r-release-osx-x86_64-mavericks, r-release-windows-ix86+x86_64, r-oldrel-windows-ix86+x86_64

Version: 4.2-0
Check: package dependencies
Result: NOTE
    Package suggested but not available for checking: ‘multcomp’
Flavor: r-release-osx-x86_64-snowleopard

Version: 4.2-0
Check: R code for possible problems
Result: NOTE
    Mean.cph: multiple local function definitions for ‘f’ with different
     formal arguments
    contrast.rms: no visible global function definition for ‘glht’
    pantext: multiple local function definitions for ‘z’ with different
     formal arguments
    plot.Predict: multiple local function definitions for ‘pan’ with
     different formal arguments
    plot.Predict: multiple local function definitions for ‘tanova’ with
     different formal arguments
    predictrms: no visible global function definition for ‘glht’
    setPb: multiple local function definitions for ‘upb’ with different
     formal arguments
    summary.rms: no visible global function definition for ‘glht’
Flavor: r-release-osx-x86_64-snowleopard