CRAN Package Check Results for Package rms

Last updated on 2017-12-14 15:48:47 CET.

Flavor Version Tinstall Tcheck Ttotal Status Flags
r-devel-linux-x86_64-debian-clang 5.1-1 8.80 144.31 153.11 FAIL
r-devel-linux-x86_64-debian-gcc 5.1-1 8.74 125.75 134.49 FAIL
r-devel-linux-x86_64-fedora-clang 5.1-1 289.54 OK
r-devel-linux-x86_64-fedora-gcc 5.1-1 292.10 OK
r-devel-windows-ix86+x86_64 5.1-1 41.00 417.00 458.00 OK
r-patched-linux-x86_64 5.1-1 10.36 272.49 282.85 OK
r-patched-solaris-x86 5.1-1 397.40 OK
r-release-linux-x86_64 5.1-1 10.06 271.60 281.66 OK
r-release-windows-ix86+x86_64 5.1-1 24.00 305.00 329.00 OK
r-release-osx-x86_64 5.1-1 OK
r-oldrel-windows-ix86+x86_64 5.1-1 26.00 361.00 387.00 OK
r-oldrel-osx-x86_64 5.1-1 OK

Check Details

Version: 5.1-1
Check: pragmas in C/C++ headers and code
Result: FAIL
    
Flavors: r-devel-linux-x86_64-debian-clang, r-devel-linux-x86_64-debian-gcc