CRAN Package Check Results for Package rneos

Last updated on 2015-04-28 17:47:04.

Flavor Version Tinstall Tcheck Ttotal Status Flags
r-devel-linux-x86_64-debian-clang 0.2-8 1.48 19.25 20.73 OK
r-devel-linux-x86_64-debian-gcc 0.2-8 1.47 19.08 20.55 OK
r-devel-linux-x86_64-fedora-clang 0.2-8 41.17 OK
r-devel-linux-x86_64-fedora-gcc 0.2-8 39.20 OK
r-devel-osx-x86_64-clang 0.2-8 41.24 OK
r-devel-windows-ix86+x86_64 0.2-8 5.00 34.00 39.00 OK
r-patched-linux-x86_64 0.2-8 1.45 18.78 20.23 OK
r-patched-solaris-sparc 0.2-8 260.70 OK
r-patched-solaris-x86 0.2-8 56.80 OK
r-release-linux-x86_64 0.2-8 1.47 18.82 20.29 OK
r-release-osx-x86_64-mavericks 0.2-8 OK
r-release-osx-x86_64-snowleopard 0.2-8 ERROR
r-release-windows-ix86+x86_64 0.2-8 5.00 32.00 37.00 OK
r-oldrel-windows-ix86+x86_64 0.2-8 6.00 40.00 46.00 OK

Check Details

Version: 0.2-8
Check: package dependencies
Result: ERROR
    Package required but not available: ‘XML’
    
    Package suggested but not available for checking: ‘XMLRPC’
    
    See section ‘The DESCRIPTION file’ in the ‘Writing R Extensions’
    manual.
Flavor: r-release-osx-x86_64-snowleopard