CRAN Package Check Results for Package rneos

Last updated on 2018-05-21 23:51:09 CEST.

Flavor Version Tinstall Tcheck Ttotal Status Flags
r-devel-linux-x86_64-debian-clang 0.3-2 3.19 33.07 36.26 OK
r-devel-linux-x86_64-debian-gcc 0.3-2 2.43 27.86 30.29 OK
r-devel-linux-x86_64-fedora-clang 0.3-2 45.66 OK
r-devel-linux-x86_64-fedora-gcc 0.3-2 44.60 OK
r-devel-windows-ix86+x86_64 0.3-2 7.00 65.00 72.00 NOTE
r-patched-linux-x86_64 0.3-2 2.68 32.18 34.86 OK
r-patched-solaris-x86 0.3-2 64.70 OK
r-release-linux-x86_64 0.3-2 1.94 31.29 33.23 OK
r-release-windows-ix86+x86_64 0.3-2 7.00 47.00 54.00 NOTE
r-release-osx-x86_64 0.3-2 NOTE
r-oldrel-windows-ix86+x86_64 0.3-2 8.00 62.00 70.00 OK
r-oldrel-osx-x86_64 0.3-2 NOTE

Check Details

Version: 0.3-2
Check: package dependencies
Result: NOTE
    Package suggested but not available for checking: 'XMLRPC'
Flavors: r-devel-windows-ix86+x86_64, r-release-windows-ix86+x86_64, r-release-osx-x86_64, r-oldrel-osx-x86_64