CRAN Package Check Results for Package rneos

Last updated on 2017-12-18 10:47:33 CET.

Flavor Version Tinstall Tcheck Ttotal Status Flags
r-devel-linux-x86_64-debian-clang 0.3-2 2.06 28.39 30.45 OK
r-devel-linux-x86_64-debian-gcc 0.3-2 1.71 25.06 26.77 OK
r-devel-linux-x86_64-fedora-clang 0.3-2 38.78 OK
r-devel-linux-x86_64-fedora-gcc 0.3-2 38.05 OK
r-devel-windows-ix86+x86_64 0.3-2 4.00 39.00 43.00 OK
r-patched-linux-x86_64 0.3-2 2.09 31.97 34.06 OK
r-patched-solaris-x86 0.3-2 54.70 OK
r-release-linux-x86_64 0.3-2 1.94 31.64 33.58 OK
r-release-windows-ix86+x86_64 0.3-2 5.00 49.00 54.00 OK
r-release-osx-x86_64 0.3-2 NOTE
r-oldrel-windows-ix86+x86_64 0.3-2 9.00 52.00 61.00 OK
r-oldrel-osx-x86_64 0.3-2 OK

Check Details

Version: 0.3-2
Check: package dependencies
Result: NOTE
    Package suggested but not available for checking: ‘XMLRPC’
Flavor: r-release-osx-x86_64