CRAN Package Check Results for Package rneos

Last updated on 2017-08-24 00:53:40.

Flavor Version Tinstall Tcheck Ttotal Status Flags
r-devel-linux-x86_64-debian-clang 0.3-2 1.67 21.61 23.28 OK
r-devel-linux-x86_64-debian-gcc 0.3-2 1.51 21.57 23.08 OK
r-devel-linux-x86_64-fedora-clang 0.3-2 39.96 OK
r-devel-linux-x86_64-fedora-gcc 0.3-2 45.48 OK
r-devel-windows-ix86+x86_64 0.3-2 5.00 42.00 47.00 OK
r-patched-linux-x86_64 0.3-2 1.62 21.76 23.38 OK
r-patched-solaris-x86 0.3-2 55.20 OK
r-release-linux-x86_64 0.3-2 1.54 21.88 23.42 OK
r-release-windows-ix86+x86_64 0.3-2 5.00 49.00 54.00 OK
r-release-osx-x86_64 0.3-2 NOTE
r-oldrel-windows-ix86+x86_64 0.3-2 9.00 52.00 61.00 OK
r-oldrel-osx-x86_64 0.3-2 OK

Check Details

Version: 0.3-2
Check: package dependencies
Result: NOTE
    Package suggested but not available for checking: ‘XMLRPC’
Flavor: r-release-osx-x86_64