CRAN Package Check Results for Package rneos

Last updated on 2015-03-28 11:49:25.

Flavor Version Tinstall Tcheck Ttotal Status Flags
r-devel-linux-x86_64-debian-clang 0.2-8 1.58 19.34 20.93 OK
r-devel-linux-x86_64-debian-gcc 0.2-8 1.39 18.87 20.26 OK
r-devel-linux-x86_64-fedora-clang 0.2-8 41.88 OK
r-devel-linux-x86_64-fedora-gcc 0.2-8 40.19 OK
r-devel-osx-x86_64-clang 0.2-8 45.42 OK
r-prerel-windows-ix86+x86_64 0.2-8 5.00 34.00 39.00 OK
r-prerel-linux-x86_64 0.2-8 1.37 19.74 21.10 OK
r-prerel-solaris-sparc 0.2-8 260.70 OK
r-prerel-solaris-x86 0.2-8 55.90 OK
r-release-linux-x86_64 0.2-8 1.90 23.29 25.19 OK
r-release-osx-x86_64-mavericks 0.2-8 OK
r-release-osx-x86_64-snowleopard 0.2-8 NOTE
r-release-windows-ix86+x86_64 0.2-8 6.00 40.00 46.00 OK
r-oldrel-windows-ix86+x86_64 0.2-8 6.00 33.00 39.00 OK

Check Details

Version: 0.2-8
Check: package dependencies
Result: NOTE
    Package suggested but not available for checking: ‘XMLRPC’
Flavor: r-release-osx-x86_64-snowleopard