CRAN Package Check Results for Package rneos

Last updated on 2014-04-24 17:49:52.

Flavor Version Tinstall Tcheck Ttotal Status Flags
r-devel-linux-x86_64-debian-clang 0.2-7 2.00 25.84 27.84 NOTE
r-devel-linux-x86_64-debian-gcc 0.2-7 1.96 25.29 27.26 NOTE
r-devel-linux-x86_64-fedora-clang 0.2-7 57.45 NOTE
r-devel-linux-x86_64-fedora-gcc 0.2-7 54.79 NOTE
r-devel-osx-x86_64-clang 0.2-7 54.77 NOTE
r-devel-osx-x86_64-gcc 0.2-7 ERROR
r-devel-windows-ix86+x86_64 0.2-7 6.00 38.00 44.00 NOTE
r-patched-linux-x86_64 0.2-7 1.98 24.76 26.74 NOTE
r-patched-solaris-sparc 0.2-7 342.30 NOTE
r-patched-solaris-x86 0.2-7 74.00 NOTE
r-release-linux-ix86 0.2-7 4.00 44.00 48.00 NOTE
r-release-linux-x86_64 0.2-7 2.14 25.70 27.84 NOTE
r-release-osx-x86_64-mavericks 0.2-7 ERROR
r-release-osx-x86_64-snowleopard 0.2-7 ERROR
r-release-windows-ix86+x86_64 0.2-7 10.00 53.00 63.00 NOTE
r-oldrel-windows-ix86+x86_64 0.2-7 6.00 58.00 64.00 NOTE

Check Details

Version: 0.2-7
Check: dependencies in R code
Result: NOTE
    Packages in Depends field not imported from:
     ‘XMLRPC’ ‘methods’
     These packages need to be imported from (in the NAMESPACE file)
     for when this namespace is loaded but not attached.
    See the information on DESCRIPTION files in the chapter ‘Creating R
    packages’ of the ‘Writing R Extensions’ manual.
Flavors: r-devel-linux-x86_64-debian-clang, r-devel-linux-x86_64-debian-gcc, r-devel-linux-x86_64-fedora-clang, r-devel-linux-x86_64-fedora-gcc, r-devel-osx-x86_64-clang, r-devel-windows-ix86+x86_64, r-patched-linux-x86_64, r-patched-solaris-sparc, r-patched-solaris-x86, r-release-linux-ix86, r-release-linux-x86_64, r-release-windows-ix86+x86_64, r-oldrel-windows-ix86+x86_64

Version: 0.2-7
Check: package dependencies
Result: ERROR
    Packages required but not available: ‘XMLRPC’ ‘XML’
    
    See the information on DESCRIPTION files in the chapter ‘Creating R
    packages’ of the ‘Writing R Extensions’ manual.
Flavor: r-devel-osx-x86_64-gcc

Version: 0.2-7
Check: package dependencies
Result: ERROR
    Package required but not available: ‘XMLRPC’
    
    See the information on DESCRIPTION files in the chapter ‘Creating R
    packages’ of the ‘Writing R Extensions’ manual.
Flavors: r-release-osx-x86_64-mavericks, r-release-osx-x86_64-snowleopard