CRAN Package Check Results for Package rneos

Last updated on 2017-05-24 05:50:23.

Flavor Version Tinstall Tcheck Ttotal Status Flags
r-devel-linux-x86_64-debian-clang 0.3-2 1.41 22.69 24.10 OK
r-devel-linux-x86_64-debian-gcc 0.3-2 1.46 20.56 22.02 OK
r-devel-linux-x86_64-fedora-clang 0.3-2 40.11 OK --no-stop-on-test-error
r-devel-linux-x86_64-fedora-gcc 0.3-2 38.39 OK --no-stop-on-test-error
r-devel-windows-ix86+x86_64 0.3-2 7.00 44.00 51.00 OK
r-patched-linux-x86_64 0.3-2 1.56 20.67 22.23 OK
r-patched-solaris-sparc 0.3-2 236.00 OK
r-patched-solaris-x86 0.3-2 54.70 OK
r-release-linux-x86_64 0.3-2 1.70 20.80 22.50 OK
r-release-windows-ix86+x86_64 0.3-2 8.00 64.00 72.00 OK
r-release-osx-x86_64 0.3-2 NOTE
r-oldrel-windows-ix86+x86_64 0.3-2 8.00 55.00 63.00 OK
r-oldrel-osx-x86_64 0.3-2 OK

Check Details

Version: 0.3-2
Check: package dependencies
Result: NOTE
    Package suggested but not available for checking: ‘XMLRPC’
Flavor: r-release-osx-x86_64