CRAN Package Check Results for Package rneos

Last updated on 2017-10-22 20:47:30.

Flavor Version Tinstall Tcheck Ttotal Status Flags
r-devel-linux-x86_64-debian-clang 0.3-2 1.42 22.07 23.49 OK
r-devel-linux-x86_64-debian-gcc 0.3-2 2.00 22.48 24.48 OK
r-devel-linux-x86_64-fedora-clang 0.3-2 41.60 OK
r-devel-linux-x86_64-fedora-gcc 0.3-2 41.96 OK
r-devel-windows-ix86+x86_64 0.3-2 6.00 60.00 66.00 OK
r-patched-linux-x86_64 0.3-2 1.43 21.09 22.53 OK
r-patched-solaris-x86 0.3-2 58.00 OK
r-release-linux-x86_64 0.3-2 1.42 20.56 21.99 OK
r-release-windows-ix86+x86_64 0.3-2 5.00 49.00 54.00 OK
r-release-osx-x86_64 0.3-2 NOTE
r-oldrel-windows-ix86+x86_64 0.3-2 9.00 52.00 61.00 OK
r-oldrel-osx-x86_64 0.3-2 OK

Check Details

Version: 0.3-2
Check: package dependencies
Result: NOTE
    Package suggested but not available for checking: ‘XMLRPC’
Flavor: r-release-osx-x86_64