CRAN Package Check Results for Package rneos

Last updated on 2017-06-29 17:50:30.

Flavor Version Tinstall Tcheck Ttotal Status Flags
r-devel-linux-x86_64-debian-clang 0.3-2 1.55 22.67 24.22 OK
r-devel-linux-x86_64-debian-gcc 0.3-2 1.46 21.74 23.19 OK
r-devel-linux-x86_64-fedora-clang 0.3-2 40.58 OK
r-devel-linux-x86_64-fedora-gcc 0.3-2 38.86 OK
r-devel-windows-ix86+x86_64 0.3-2 8.00 41.00 49.00 OK
r-patched-linux-x86_64 0.3-2 1.45 21.06 22.50 OK
r-patched-solaris-sparc 0.3-2 236.00 OK
r-patched-solaris-x86 0.3-2 54.40 OK
r-release-linux-x86_64 0.3-2 1.72 20.52 22.24 OK
r-release-windows-ix86+x86_64 0.3-2 6.00 45.00 51.00 OK
r-release-osx-x86_64 0.3-2 NOTE
r-oldrel-windows-ix86+x86_64 0.3-2 9.00 52.00 61.00 OK
r-oldrel-osx-x86_64 0.3-2 OK

Check Details

Version: 0.3-2
Check: package dependencies
Result: NOTE
    Package suggested but not available for checking: ‘XMLRPC’
Flavor: r-release-osx-x86_64