CRAN Package Check Results for Package rnetcarto

Last updated on 2020-10-01 22:49:34 CEST.

Flavor Version Tinstall Tcheck Ttotal Status Flags
r-devel-linux-x86_64-debian-clang 0.2.4 4.34 27.89 32.23 OK
r-devel-linux-x86_64-debian-gcc 0.2.4 3.38 21.64 25.02 OK
r-devel-linux-x86_64-fedora-clang 0.2.4 48.39 NOTE
r-devel-linux-x86_64-fedora-gcc 0.2.4 39.05 NOTE
r-devel-windows-ix86+x86_64 0.2.4 12.00 41.00 53.00 OK
r-patched-linux-x86_64 0.2.4 4.07 26.49 30.56 OK
r-patched-solaris-x86 0.2.4 54.50 OK
r-release-linux-x86_64 0.2.4 4.33 27.33 31.66 OK
r-release-macos-x86_64 0.2.4 OK
r-release-windows-ix86+x86_64 0.2.4 18.00 56.00 74.00 OK
r-oldrel-macos-x86_64 0.2.4 OK
r-oldrel-windows-ix86+x86_64 0.2.4 10.00 50.00 60.00 OK

Check Details

Version: 0.2.4
Check: compiled code
Result: NOTE
    File ‘rnetcarto/libs/rnetcarto.so’:
     Found no calls to: ‘R_registerRoutines’, ‘R_useDynamicSymbols’
    
    It is good practice to register native routines and to disable symbol
    search.
    
    See ‘Writing portable packages’ in the ‘Writing R Extensions’ manual.
Flavors: r-devel-linux-x86_64-fedora-clang, r-devel-linux-x86_64-fedora-gcc