CRAN Package Check Results for Package rngSetSeed

Last updated on 2022-01-17 04:48:48 CET.

Flavor Version Tinstall Tcheck Ttotal Status Flags
r-devel-linux-x86_64-debian-clang 0.3-2 2.72 39.83 42.55 OK
r-devel-linux-x86_64-debian-gcc 0.3-2 1.95 29.40 31.35 OK
r-devel-linux-x86_64-fedora-clang 0.3-2 52.21 NOTE
r-devel-linux-x86_64-fedora-gcc 0.3-2 42.02 NOTE
r-devel-windows-x86_64-new-UL 0.3-2 28.00 55.00 83.00 OK
r-devel-windows-x86_64-new-TK 0.3-2 OK
r-patched-linux-x86_64 0.3-2 2.44 38.98 41.42 OK
r-release-linux-x86_64 0.3-2 OK
r-release-macos-arm64 0.3-2 OK
r-release-macos-x86_64 0.3-2 OK
r-release-windows-ix86+x86_64 0.3-2 9.00 52.00 61.00 OK
r-oldrel-macos-x86_64 0.3-2 OK
r-oldrel-windows-ix86+x86_64 0.3-2 8.00 48.00 56.00 OK

Check Details

Version: 0.3-2
Check: compiled code
Result: NOTE
    File ‘rngSetSeed/libs/rngSetSeed.so’:
     Found no calls to: ‘R_registerRoutines’, ‘R_useDynamicSymbols’
    
    It is good practice to register native routines and to disable symbol
    search.
    
    See ‘Writing portable packages’ in the ‘Writing R Extensions’ manual.
Flavors: r-devel-linux-x86_64-fedora-clang, r-devel-linux-x86_64-fedora-gcc