CRAN Package Check Results for Package rngWELL

Last updated on 2017-04-24 20:47:38.

Flavor Version Tinstall Tcheck Ttotal Status Flags
r-devel-linux-x86_64-debian-clang 0.10-4 4.66 10.75 15.40 NOTE
r-devel-linux-x86_64-debian-gcc 0.10-4 4.34 10.17 14.52 NOTE
r-devel-linux-x86_64-fedora-clang 0.10-4 24.58 NOTE --no-stop-on-test-error
r-devel-linux-x86_64-fedora-gcc 0.10-4 22.51 NOTE --no-stop-on-test-error
r-devel-windows-ix86+x86_64 0.10-4 OK
r-patched-linux-x86_64 0.10-4 4.26 10.09 14.36 NOTE
r-patched-solaris-sparc 0.10-4 136.40 OK
r-patched-solaris-x86 0.10-4 31.90 OK
r-release-linux-x86_64 0.10-4 4.23 10.26 14.49 NOTE
r-release-windows-ix86+x86_64 0.10-4 30.00 28.00 58.00 OK
r-release-osx-x86_64 0.10-4 OK
r-oldrel-windows-ix86+x86_64 0.10-4 19.00 25.00 44.00 OK
r-oldrel-osx-x86_64 0.10-4 OK

Check Details

Version: 0.10-4
Check: compiled code
Result: NOTE
    File ‘rngWELL/libs/rngWELL.so’:
     Found no call to: ‘R_useDynamicSymbols’
    
    It is good practice to register native routines and to disable symbol
    search.
    
    See ‘Writing portable packages’ in the ‘Writing R Extensions’ manual.
Flavors: r-devel-linux-x86_64-debian-clang, r-devel-linux-x86_64-debian-gcc, r-patched-linux-x86_64, r-release-linux-x86_64

Version: 0.10-4
Flags: --no-stop-on-test-error
Check: compiled code
Result: NOTE
    File ‘rngWELL/libs/rngWELL.so’:
     Found no call to: ‘R_useDynamicSymbols’
    
    It is good practice to register native routines and to disable symbol
    search.
    
    See ‘Writing portable packages’ in the ‘Writing R Extensions’ manual.
Flavors: r-devel-linux-x86_64-fedora-clang, r-devel-linux-x86_64-fedora-gcc