CRAN Package Check Results for Package rngWELL

Last updated on 2017-03-22 23:53:37.

Flavor Version Tinstall Tcheck Ttotal Status Flags
r-devel-linux-x86_64-debian-clang 0.10-4 4.65 10.71 15.36 NOTE
r-devel-linux-x86_64-debian-gcc 0.10-4 4.36 10.14 14.50 NOTE
r-devel-linux-x86_64-fedora-clang 0.10-4 23.34 NOTE --no-stop-on-test-error
r-devel-linux-x86_64-fedora-gcc 0.10-4 22.65 NOTE --no-stop-on-test-error
r-devel-macos-x86_64-clang 0.10-4 22.78 NOTE --no-stop-on-test-error
r-devel-windows-ix86+x86_64 0.10-4 30.00 27.00 57.00 OK
r-patched-linux-x86_64 0.10-4 4.54 8.09 12.63 OK
r-patched-solaris-sparc 0.10-4 136.40 OK
r-patched-solaris-x86 0.10-4 32.50 OK
r-release-linux-x86_64 0.10-4 4.44 8.35 12.79 OK
r-release-osx-x86_64-mavericks 0.10-4 OK
r-release-windows-ix86+x86_64 0.10-4 19.00 25.00 44.00 OK
r-oldrel-windows-ix86+x86_64 0.10-4 26.00 28.00 54.00 OK

Check Details

Version: 0.10-4
Check: compiled code
Result: NOTE
    File ‘rngWELL/libs/rngWELL.so’:
     Found no call to: ‘R_useDynamicSymbols’
    
    It is good practice to register native routines and to disable symbol
    search.
    
    See ‘Writing portable packages’ in the ‘Writing R Extensions’ manual.
Flavors: r-devel-linux-x86_64-debian-clang, r-devel-linux-x86_64-debian-gcc

Version: 0.10-4
Flags: --no-stop-on-test-error
Check: compiled code
Result: NOTE
    File ‘rngWELL/libs/rngWELL.so’:
     Found no call to: ‘R_useDynamicSymbols’
    
    It is good practice to register native routines and to disable symbol
    search.
    
    See ‘Writing portable packages’ in the ‘Writing R Extensions’ manual.
Flavors: r-devel-linux-x86_64-fedora-clang, r-devel-linux-x86_64-fedora-gcc, r-devel-macos-x86_64-clang