CRAN Package Check Results for Package rngWELL

Last updated on 2014-04-24 03:47:53.

Flavor Version Tinstall Tcheck Ttotal Status Flags
r-devel-linux-x86_64-debian-clang 0.10-2 3.20 9.36 12.55 OK
r-devel-linux-x86_64-debian-gcc 0.10-2 3.82 9.14 12.96 OK
r-devel-linux-x86_64-fedora-clang 0.10-2 22.18 NOTE
r-devel-linux-x86_64-fedora-gcc 0.10-2 22.17 NOTE
r-devel-osx-x86_64-clang 0.10-2 30.04 OK
r-devel-osx-x86_64-gcc 0.10-2 OK
r-devel-windows-ix86+x86_64 0.10-2 24.00 19.00 43.00 OK
r-patched-linux-x86_64 0.10-2 3.84 8.94 12.78 OK
r-patched-solaris-sparc 0.10-2 129.90 OK
r-patched-solaris-x86 0.10-2 33.50 OK
r-release-linux-ix86 0.10-2 8.00 21.00 29.00 OK
r-release-linux-x86_64 0.10-2 3.80 8.88 12.68 OK
r-release-osx-x86_64-mavericks 0.10-2 OK
r-release-windows-ix86+x86_64 0.10-2 46.00 24.00 70.00 OK
r-oldrel-windows-ix86+x86_64 0.10-2 24.00 28.00 52.00 OK

Check Details

Version: 0.10-2
Check: top-level files
Result: NOTE
    Non-standard file/directory found at top level:
     ‘ax_ext.m4’
Flavors: r-devel-linux-x86_64-fedora-clang, r-devel-linux-x86_64-fedora-gcc