CRAN Package Check Results for Package rngWELL

Last updated on 2017-02-26 05:48:57.

Flavor Version Tinstall Tcheck Ttotal Status Flags
r-devel-linux-x86_64-debian-clang 0.10-4 4.19 10.38 14.57 NOTE
r-devel-linux-x86_64-debian-gcc 0.10-4 4.73 10.33 15.05 NOTE
r-devel-linux-x86_64-fedora-clang 0.10-4 24.63 NOTE --no-stop-on-test-error
r-devel-linux-x86_64-fedora-gcc 0.10-4 22.53 NOTE --no-stop-on-test-error
r-devel-macos-x86_64-clang 0.10-4 23.24 NOTE --no-stop-on-test-error
r-devel-windows-ix86+x86_64 0.10-4 20.00 34.00 54.00 OK
r-patched-linux-x86_64 0.10-4 3.98 8.25 12.23 OK
r-patched-solaris-sparc 0.10-4 120.80 OK
r-patched-solaris-x86 0.10-4 28.80 OK
r-release-linux-x86_64 0.10-4 4.06 8.47 12.53 OK
r-release-osx-x86_64-mavericks 0.10-4 OK
r-release-windows-ix86+x86_64 0.10-4 19.00 25.00 44.00 OK
r-oldrel-windows-ix86+x86_64 0.10-4 26.00 28.00 54.00 OK

Check Details

Version: 0.10-4
Check: compiled code
Result: NOTE
    File ‘rngWELL/libs/rngWELL.so’:
     Found no call to: ‘R_useDynamicSymbols’
    
    It is good practice to register native routines and to disable symbol
    search.
    
    See ‘Writing portable packages’ in the ‘Writing R Extensions’ manual.
Flavors: r-devel-linux-x86_64-debian-clang, r-devel-linux-x86_64-debian-gcc

Version: 0.10-4
Flags: --no-stop-on-test-error
Check: compiled code
Result: NOTE
    File ‘rngWELL/libs/rngWELL.so’:
     Found no call to: ‘R_useDynamicSymbols’
    
    It is good practice to register native routines and to disable symbol
    search.
    
    See ‘Writing portable packages’ in the ‘Writing R Extensions’ manual.
Flavors: r-devel-linux-x86_64-fedora-clang, r-devel-linux-x86_64-fedora-gcc, r-devel-macos-x86_64-clang