CRAN Package Check Results for Package rngWELL

Last updated on 2015-03-31 03:48:40.

Flavor Version Tinstall Tcheck Ttotal Status Flags
r-devel-linux-x86_64-debian-clang 0.10-3 3.44 8.41 11.85 NOTE
r-devel-linux-x86_64-debian-gcc 0.10-3 4.00 8.46 12.46 NOTE
r-devel-linux-x86_64-fedora-clang 0.10-3 22.30 NOTE
r-devel-linux-x86_64-fedora-gcc 0.10-3 22.01 NOTE
r-devel-osx-x86_64-clang 0.10-3 33.31 NOTE
r-prerel-windows-ix86+x86_64 0.10-3 33.00 20.00 53.00 NOTE
r-prerel-linux-x86_64 0.10-3 3.98 8.58 12.56 NOTE
r-prerel-solaris-sparc 0.10-3 160.80 NOTE
r-prerel-solaris-x86 0.10-3 31.40 NOTE
r-release-linux-x86_64 0.10-3 4.05 9.72 13.76 OK
r-release-osx-x86_64-mavericks 0.10-3 OK
r-release-osx-x86_64-snowleopard 0.10-3 OK
r-release-windows-ix86+x86_64 0.10-3 38.00 21.00 59.00 OK
r-oldrel-windows-ix86+x86_64 0.10-3 21.00 22.00 43.00 OK

Check Details

Version: 0.10-3
Check: DESCRIPTION meta-information
Result: NOTE
    Malformed Title field: should not end in a period.
Flavors: r-devel-linux-x86_64-debian-clang, r-devel-linux-x86_64-debian-gcc, r-devel-linux-x86_64-fedora-clang, r-devel-linux-x86_64-fedora-gcc, r-devel-osx-x86_64-clang, r-prerel-windows-ix86+x86_64, r-prerel-linux-x86_64, r-prerel-solaris-sparc, r-prerel-solaris-x86