CRAN Package Check Results for Package rngWELL

Last updated on 2015-02-28 19:51:17.

Flavor Version Tinstall Tcheck Ttotal Status Flags
r-devel-linux-x86_64-debian-clang 0.10-3 3.28 8.54 11.82 NOTE
r-devel-linux-x86_64-debian-gcc 0.10-3 3.90 8.21 12.12 NOTE
r-devel-linux-x86_64-fedora-clang 0.10-3 22.04 NOTE
r-devel-linux-x86_64-fedora-gcc 0.10-3 21.83 NOTE
r-devel-osx-x86_64-clang 0.10-3 28.10 NOTE
r-devel-windows-ix86+x86_64 0.10-3 38.00 20.00 58.00 NOTE
r-patched-linux-x86_64 0.10-3 3.95 9.80 13.75 OK
r-patched-solaris-sparc 0.10-3 140.50 OK
r-patched-solaris-x86 0.10-3 36.40 OK
r-release-linux-ix86 0.10-3 6.16 14.86 21.02 OK
r-release-linux-x86_64 0.10-3 4.07 9.30 13.37 OK
r-release-osx-x86_64-mavericks 0.10-3 OK
r-release-osx-x86_64-snowleopard 0.10-3 OK
r-release-windows-ix86+x86_64 0.10-3 26.00 25.00 51.00 OK
r-oldrel-windows-ix86+x86_64 0.10-3 21.00 22.00 43.00 OK

Check Details

Version: 0.10-3
Check: DESCRIPTION meta-information
Result: NOTE
    Malformed Title field: should not end in a period.
Flavors: r-devel-linux-x86_64-debian-clang, r-devel-linux-x86_64-debian-gcc, r-devel-linux-x86_64-fedora-clang, r-devel-linux-x86_64-fedora-gcc, r-devel-osx-x86_64-clang, r-devel-windows-ix86+x86_64