CRAN Package Check Results for Package rngWELL

Last updated on 2014-07-22 15:51:57.

Flavor Version Tinstall Tcheck Ttotal Status Flags
r-devel-linux-x86_64-debian-clang 0.10-2 3.06 8.43 11.49 OK
r-devel-linux-x86_64-debian-gcc 0.10-2 3.86 8.14 12.01 OK
r-devel-linux-x86_64-fedora-clang 0.10-2 22.17 NOTE
r-devel-linux-x86_64-fedora-gcc 0.10-2 21.86 NOTE
r-devel-osx-x86_64-clang 0.10-2 28.93 OK
r-devel-windows-ix86+x86_64 0.10-2 24.00 20.00 44.00 OK
r-patched-linux-x86_64 0.10-2 3.83 8.25 12.08 OK
r-patched-solaris-sparc 0.10-2 129.90 OK
r-patched-solaris-x86 0.10-2 32.70 OK
r-release-linux-ix86 0.10-2 6.13 14.26 20.39 OK
r-release-linux-x86_64 0.10-2 3.88 8.48 12.36 OK
r-release-osx-x86_64-mavericks 0.10-2 OK
r-release-windows-ix86+x86_64 0.10-2 33.00 26.00 59.00 OK
r-oldrel-windows-ix86+x86_64 0.10-2 24.00 28.00 52.00 OK

Check Details

Version: 0.10-2
Check: top-level files
Result: NOTE
    Non-standard file/directory found at top level:
     ‘ax_ext.m4’
Flavors: r-devel-linux-x86_64-fedora-clang, r-devel-linux-x86_64-fedora-gcc