CRAN Package Check Results for Package rngtools

Last updated on 2014-07-28 11:49:05.

Flavor Version Tinstall Tcheck Ttotal Status Flags
r-devel-linux-x86_64-debian-clang 1.2.4 0.88 17.16 18.03 OK
r-devel-linux-x86_64-debian-gcc 1.2.4 0.92 16.97 17.88 OK
r-devel-linux-x86_64-fedora-clang 1.2.4 39.08 OK
r-devel-linux-x86_64-fedora-gcc 1.2.4 35.35 OK
r-devel-osx-x86_64-clang 1.2.4 40.38 OK
r-devel-windows-ix86+x86_64 1.2.4 3.00 31.00 34.00 OK
r-patched-linux-x86_64 1.2.4 0.91 17.69 18.60 OK
r-patched-solaris-sparc 1.2.4 250.60 OK
r-patched-solaris-x86 1.2.4 53.00 OK
r-release-linux-ix86 1.2.4 1.30 25.64 26.93 OK
r-release-linux-x86_64 1.2.4 0.98 18.10 19.09 OK
r-release-osx-x86_64-mavericks 1.2.4 NOTE
r-release-osx-x86_64-snowleopard 1.2.4 OK
r-release-windows-ix86+x86_64 1.2.4 5.00 32.00 37.00 OK
r-oldrel-windows-ix86+x86_64 1.2.4 4.00 33.00 37.00 OK

Check Details

Version: 1.2.4
Check: re-building of vignette outputs
Result: NOTE
    Error in re-building vignettes:
     ...
    Warning: running command 'kpsewhich framed.sty' had status 1
    Warning in test_latex_pkg("framed", system.file("misc", "framed.sty", package = "knitr")) :
     unable to find LaTeX package 'framed'; will use a copy from knitr
    Error in texi2dvi(file = file, pdf = TRUE, clean = clean, quiet = quiet, :
     Running 'texi2dvi' on 'rngtools-unitTests.tex' failed.
    LaTeX errors:
    ! LaTeX Error: File `vmargin.sty' not found.
    
    Type X to quit or <RETURN> to proceed,
    or enter new name. (Default extension: sty)
    
    n_test/rngtools/vignettes/rngtools-unitTests.tex:57: ==> Fatal error occurred,
     no output PDF file produced!
    Calls: buildVignettes -> texi2pdf -> texi2dvi
    Execution halted
Flavor: r-release-osx-x86_64-mavericks