CRAN Package Check Results for Package rngtools

Last updated on 2014-09-03 05:47:52.

Flavor Version Tinstall Tcheck Ttotal Status Flags
r-devel-linux-x86_64-debian-clang 1.2.4 1.09 16.56 17.65 NOTE
r-devel-linux-x86_64-debian-gcc 1.2.4 0.85 16.44 17.30 NOTE
r-devel-linux-x86_64-fedora-clang 1.2.4 37.57 NOTE
r-devel-linux-x86_64-fedora-gcc 1.2.4 35.68 NOTE
r-devel-osx-x86_64-clang 1.2.4 39.10 NOTE
r-devel-windows-ix86+x86_64 1.2.4 4.00 33.00 37.00 NOTE
r-patched-linux-x86_64 1.2.4 0.90 17.40 18.30 OK
r-patched-solaris-sparc 1.2.4 225.50 OK
r-patched-solaris-x86 1.2.4 53.80 OK
r-release-linux-ix86 1.2.4 1.32 25.98 27.30 OK
r-release-linux-x86_64 1.2.4 0.92 17.90 18.82 OK
r-release-osx-x86_64-mavericks 1.2.4 NOTE
r-release-osx-x86_64-snowleopard 1.2.4 OK
r-release-windows-ix86+x86_64 1.2.4 4.00 33.00 37.00 OK
r-oldrel-windows-ix86+x86_64 1.2.4 4.00 33.00 37.00 OK

Check Details

Version: 1.2.4
Check: R code for possible problems
Result: NOTE
    RNGseq : <anonymous>: no visible global function definition for
     ‘nextRNGStream’
    RNGseq: no visible global function definition for ‘nextRNGStream’
    RNGseq_seed: no visible global function definition for ‘nextRNGStream’
    checkRNG: no visible global function definition for ‘checkTrue’
Flavors: r-devel-linux-x86_64-debian-clang, r-devel-linux-x86_64-debian-gcc, r-devel-linux-x86_64-fedora-clang, r-devel-linux-x86_64-fedora-gcc, r-devel-osx-x86_64-clang, r-devel-windows-ix86+x86_64

Version: 1.2.4
Check: re-building of vignette outputs
Result: NOTE
    Error in re-building vignettes:
     ...
    Warning: running command 'kpsewhich framed.sty' had status 1
    Warning in test_latex_pkg("framed", system.file("misc", "framed.sty", package = "knitr")) :
     unable to find LaTeX package 'framed'; will use a copy from knitr
    Error in texi2dvi(file = file, pdf = TRUE, clean = clean, quiet = quiet, :
     Running 'texi2dvi' on 'rngtools-unitTests.tex' failed.
    LaTeX errors:
    ! LaTeX Error: File `vmargin.sty' not found.
    
    Type X to quit or <RETURN> to proceed,
    or enter new name. (Default extension: sty)
    
    n_test/rngtools/vignettes/rngtools-unitTests.tex:57: ==> Fatal error occurred,
     no output PDF file produced!
    Calls: buildVignettes -> texi2pdf -> texi2dvi
    Execution halted
Flavor: r-release-osx-x86_64-mavericks