CRAN Package Check Results for Package rngtools

Last updated on 2015-02-01 16:47:08.

Flavor Version Tinstall Tcheck Ttotal Status Flags
r-devel-linux-x86_64-debian-clang 1.2.4 0.83 14.63 15.46 NOTE
r-devel-linux-x86_64-debian-gcc 1.2.4 0.76 14.28 15.04 NOTE
r-devel-linux-x86_64-fedora-clang 1.2.4 33.49 NOTE
r-devel-linux-x86_64-fedora-gcc 1.2.4 29.88 NOTE
r-devel-osx-x86_64-clang 1.2.4 42.90 NOTE
r-devel-windows-ix86+x86_64 1.2.4 5.00 29.00 34.00 NOTE
r-patched-linux-x86_64 1.2.4 0.95 18.04 18.99 NOTE
r-patched-solaris-sparc 1.2.4 214.10 NOTE
r-patched-solaris-x86 1.2.4 53.00 NOTE
r-release-linux-ix86 1.2.4 1.30 25.95 27.25 NOTE
r-release-linux-x86_64 1.2.4 0.97 17.92 18.89 NOTE
r-release-osx-x86_64-mavericks 1.2.4 NOTE
r-release-osx-x86_64-snowleopard 1.2.4 OK
r-release-windows-ix86+x86_64 1.2.4 5.00 39.00 44.00 NOTE
r-oldrel-windows-ix86+x86_64 1.2.4 5.00 40.00 45.00 OK

Check Details

Version: 1.2.4
Check: dependencies in R code
Result: NOTE
    'library' or 'require' call to ‘parallel’ in package code.
     Please use :: or requireNamespace() instead.
     See section 'Suggested packages' in the 'Writing R Extensions' manual.
Flavors: r-devel-linux-x86_64-debian-clang, r-devel-linux-x86_64-debian-gcc, r-devel-linux-x86_64-fedora-clang, r-devel-linux-x86_64-fedora-gcc, r-devel-osx-x86_64-clang, r-devel-windows-ix86+x86_64

Version: 1.2.4
Check: R code for possible problems
Result: NOTE
    RNGseq : <anonymous>: no visible global function definition for
     ‘nextRNGStream’
    RNGseq: no visible global function definition for ‘nextRNGStream’
    RNGseq_seed: no visible global function definition for ‘nextRNGStream’
    checkRNG: no visible global function definition for ‘checkTrue’
Flavors: r-devel-linux-x86_64-debian-clang, r-devel-linux-x86_64-debian-gcc, r-devel-linux-x86_64-fedora-clang, r-devel-linux-x86_64-fedora-gcc, r-devel-osx-x86_64-clang, r-devel-windows-ix86+x86_64, r-patched-linux-x86_64, r-patched-solaris-sparc, r-patched-solaris-x86, r-release-linux-ix86, r-release-linux-x86_64, r-release-osx-x86_64-mavericks, r-release-windows-ix86+x86_64