CRAN Package Check Results for Package rngtools

Last updated on 2015-05-30 19:47:31.

Flavor Version Tinstall Tcheck Ttotal Status Flags
r-devel-linux-x86_64-debian-clang 1.2.4 0.75 14.97 15.72 NOTE
r-devel-linux-x86_64-debian-gcc 1.2.4 0.75 14.86 15.60 NOTE
r-devel-linux-x86_64-fedora-clang 1.2.4 31.00 NOTE
r-devel-linux-x86_64-fedora-gcc 1.2.4 28.61 NOTE
r-devel-osx-x86_64-clang 1.2.4 35.16 NOTE
r-devel-windows-ix86+x86_64 1.2.4 3.00 29.00 32.00 NOTE
r-patched-linux-x86_64 1.2.4 0.77 15.02 15.79 NOTE
r-patched-solaris-sparc 1.2.4 210.20 NOTE
r-patched-solaris-x86 1.2.4 45.40 NOTE
r-release-linux-x86_64 1.2.4 0.77 15.64 16.40 NOTE
r-release-osx-x86_64-mavericks 1.2.4 NOTE
r-release-osx-x86_64-snowleopard 1.2.4 ERROR
r-release-windows-ix86+x86_64 1.2.4 3.00 29.00 32.00 NOTE
r-oldrel-windows-ix86+x86_64 1.2.4 6.00 40.00 46.00 NOTE

Check Details

Version: 1.2.4
Check: dependencies in R code
Result: NOTE
    'library' or 'require' call to ‘parallel’ in package code.
     Please use :: or requireNamespace() instead.
     See section 'Suggested packages' in the 'Writing R Extensions' manual.
Flavors: r-devel-linux-x86_64-debian-clang, r-devel-linux-x86_64-debian-gcc, r-devel-linux-x86_64-fedora-clang, r-devel-linux-x86_64-fedora-gcc, r-devel-osx-x86_64-clang, r-devel-windows-ix86+x86_64, r-patched-linux-x86_64, r-patched-solaris-sparc, r-patched-solaris-x86, r-release-linux-x86_64, r-release-osx-x86_64-mavericks, r-release-windows-ix86+x86_64, r-oldrel-windows-ix86+x86_64

Version: 1.2.4
Check: R code for possible problems
Result: NOTE
    RNGseq : <anonymous>: no visible global function definition for
     ‘nextRNGStream’
    RNGseq: no visible global function definition for ‘nextRNGStream’
    RNGseq_seed: no visible global function definition for ‘nextRNGStream’
    checkRNG: no visible global function definition for ‘checkTrue’
Flavors: r-devel-linux-x86_64-debian-clang, r-devel-linux-x86_64-debian-gcc, r-devel-linux-x86_64-fedora-clang, r-devel-linux-x86_64-fedora-gcc, r-devel-osx-x86_64-clang, r-devel-windows-ix86+x86_64, r-patched-linux-x86_64, r-patched-solaris-sparc, r-patched-solaris-x86, r-release-linux-x86_64, r-release-osx-x86_64-mavericks, r-release-windows-ix86+x86_64, r-oldrel-windows-ix86+x86_64

Version: 1.2.4
Check: package dependencies
Result: ERROR
    Package required but not available: ‘pkgmaker’
    
    Package suggested but not available for checking: ‘knitr’
    
    VignetteBuilder package required for checking but not installed: ‘knitr’
    
    Files named as vignettes but with no recognized vignette engine:
     ‘inst/doc/rngtools-unitTests.Rnw’
    (Is a VignetteBuilder field missing?)
    
    See section ‘The DESCRIPTION file’ in the ‘Writing R Extensions’
    manual.
Flavor: r-release-osx-x86_64-snowleopard