CRAN Package Check Results for Package rngtools

Last updated on 2015-03-05 08:49:21.

Flavor Version Tinstall Tcheck Ttotal Status Flags
r-devel-linux-x86_64-debian-clang 1.2.4 0.76 14.91 15.66 NOTE
r-devel-linux-x86_64-debian-gcc 1.2.4 0.75 14.86 15.61 NOTE
r-devel-linux-x86_64-fedora-clang 1.2.4 30.26 NOTE
r-devel-linux-x86_64-fedora-gcc 1.2.4 29.10 NOTE
r-devel-osx-x86_64-clang 1.2.4 37.69 NOTE
r-devel-windows-ix86+x86_64 1.2.4 4.00 27.00 31.00 NOTE
r-patched-linux-x86_64 1.2.4 1.02 18.32 19.34 NOTE
r-patched-solaris-sparc 1.2.4 238.20 NOTE
r-patched-solaris-x86 1.2.4 53.00 NOTE
r-release-linux-ix86 1.2.4 1.32 25.71 27.04 NOTE
r-release-linux-x86_64 1.2.4 1.30 18.16 19.46 NOTE
r-release-osx-x86_64-mavericks 1.2.4 NOTE
r-release-osx-x86_64-snowleopard 1.2.4 OK
r-release-windows-ix86+x86_64 1.2.4 5.00 34.00 39.00 NOTE
r-oldrel-windows-ix86+x86_64 1.2.4 5.00 37.00 42.00 OK

Check Details

Version: 1.2.4
Check: dependencies in R code
Result: NOTE
    'library' or 'require' call to ‘parallel’ in package code.
     Please use :: or requireNamespace() instead.
     See section 'Suggested packages' in the 'Writing R Extensions' manual.
Flavors: r-devel-linux-x86_64-debian-clang, r-devel-linux-x86_64-debian-gcc, r-devel-linux-x86_64-fedora-clang, r-devel-linux-x86_64-fedora-gcc, r-devel-osx-x86_64-clang, r-devel-windows-ix86+x86_64, r-patched-linux-x86_64, r-patched-solaris-sparc, r-patched-solaris-x86

Version: 1.2.4
Check: R code for possible problems
Result: NOTE
    RNGseq : <anonymous>: no visible global function definition for
     ‘nextRNGStream’
    RNGseq: no visible global function definition for ‘nextRNGStream’
    RNGseq_seed: no visible global function definition for ‘nextRNGStream’
    checkRNG: no visible global function definition for ‘checkTrue’
Flavors: r-devel-linux-x86_64-debian-clang, r-devel-linux-x86_64-debian-gcc, r-devel-linux-x86_64-fedora-clang, r-devel-linux-x86_64-fedora-gcc, r-devel-osx-x86_64-clang, r-devel-windows-ix86+x86_64, r-patched-linux-x86_64, r-patched-solaris-sparc, r-patched-solaris-x86, r-release-linux-ix86, r-release-linux-x86_64, r-release-osx-x86_64-mavericks, r-release-windows-ix86+x86_64