CRAN Package Check Results for Package rngtools

Last updated on 2016-08-31 08:49:35.

Flavor Version Tinstall Tcheck Ttotal Status Flags
r-devel-linux-x86_64-debian-clang 1.2.4 0.73 15.54 16.27 NOTE
r-devel-linux-x86_64-debian-gcc 1.2.4 0.77 14.97 15.75 NOTE
r-devel-linux-x86_64-fedora-clang 1.2.4 27.93 NOTE
r-devel-linux-x86_64-fedora-gcc 1.2.4 26.89 NOTE
r-devel-osx-x86_64-clang 1.2.4 24.63 NOTE
r-devel-windows-ix86+x86_64 1.2.4 4.00 56.00 60.00 NOTE
r-patched-linux-x86_64 1.2.4 0.70 15.36 16.06 NOTE
r-patched-solaris-sparc 1.2.4 165.40 NOTE
r-patched-solaris-x86 1.2.4 38.90 NOTE
r-release-linux-x86_64 1.2.4 0.78 15.40 16.17 NOTE
r-release-osx-x86_64-mavericks 1.2.4 NOTE
r-release-windows-ix86+x86_64 1.2.4 4.00 61.00 65.00 NOTE
r-oldrel-windows-ix86+x86_64 1.2.4 7.00 59.00 66.00 NOTE

Check Details

Version: 1.2.4
Check: dependencies in R code
Result: NOTE
    'library' or 'require' call to ‘parallel’ in package code.
     Please use :: or requireNamespace() instead.
     See section 'Suggested packages' in the 'Writing R Extensions' manual.
Flavors: r-devel-linux-x86_64-debian-clang, r-devel-linux-x86_64-debian-gcc, r-devel-linux-x86_64-fedora-clang, r-devel-linux-x86_64-fedora-gcc, r-devel-osx-x86_64-clang, r-devel-windows-ix86+x86_64, r-patched-linux-x86_64, r-patched-solaris-sparc, r-patched-solaris-x86, r-release-linux-x86_64, r-release-osx-x86_64-mavericks, r-release-windows-ix86+x86_64, r-oldrel-windows-ix86+x86_64

Version: 1.2.4
Check: R code for possible problems
Result: NOTE
    .collapse: no visible global function definition for ‘head’
    RNGinfo: no visible global function definition for ‘setNames’
    RNGlibs: no visible global function definition for ‘tail’
    RNGseq : <anonymous>: no visible global function definition for
     ‘nextRNGStream’
    RNGseq: no visible global function definition for ‘nextRNGStream’
    RNGseq_seed: no visible global function definition for ‘runif’
    RNGseq_seed: no visible global function definition for ‘nextRNGStream’
    checkRNG: no visible global function definition for ‘checkTrue’
    nextRNG: no visible global function definition for ‘runif’
    .setRNG,numeric: no visible global function definition for ‘runif’
    Undefined global functions or variables:
     checkTrue head nextRNGStream runif setNames tail
    Consider adding
     importFrom("stats", "runif", "setNames")
     importFrom("utils", "head", "tail")
    to your NAMESPACE file.
Flavors: r-devel-linux-x86_64-debian-clang, r-devel-linux-x86_64-debian-gcc, r-devel-linux-x86_64-fedora-clang, r-devel-linux-x86_64-fedora-gcc, r-devel-osx-x86_64-clang, r-devel-windows-ix86+x86_64, r-patched-linux-x86_64, r-patched-solaris-sparc, r-patched-solaris-x86, r-release-linux-x86_64, r-release-osx-x86_64-mavericks, r-release-windows-ix86+x86_64

Version: 1.2.4
Check: R code for possible problems
Result: NOTE
    RNGseq : <anonymous>: no visible global function definition for
     'nextRNGStream'
    RNGseq: no visible global function definition for 'nextRNGStream'
    RNGseq_seed: no visible global function definition for 'nextRNGStream'
    checkRNG: no visible global function definition for 'checkTrue'
Flavor: r-oldrel-windows-ix86+x86_64