CRAN Package Check Results for Package rngtools

Last updated on 2015-04-26 23:46:59.

Flavor Version Tinstall Tcheck Ttotal Status Flags
r-devel-linux-x86_64-debian-clang 1.2.4 0.72 14.49 15.22 NOTE
r-devel-linux-x86_64-debian-gcc 1.2.4 0.74 14.53 15.26 NOTE
r-devel-linux-x86_64-fedora-clang 1.2.4 29.40 NOTE
r-devel-linux-x86_64-fedora-gcc 1.2.4 28.29 NOTE
r-devel-osx-x86_64-clang 1.2.4 34.29 NOTE
r-devel-windows-ix86+x86_64 1.2.4 3.00 29.00 32.00 NOTE
r-patched-linux-x86_64 1.2.4 0.80 14.42 15.22 NOTE
r-patched-solaris-sparc 1.2.4 191.30 NOTE
r-patched-solaris-x86 1.2.4 42.60 NOTE
r-release-linux-x86_64 1.2.4 0.74 14.51 15.25 NOTE
r-release-osx-x86_64-mavericks 1.2.4 NOTE
r-release-osx-x86_64-snowleopard 1.2.4 ERROR
r-release-windows-ix86+x86_64 1.2.4 3.00 30.00 33.00 NOTE
r-oldrel-windows-ix86+x86_64 1.2.4 4.00 34.00 38.00 NOTE

Check Details

Version: 1.2.4
Check: dependencies in R code
Result: NOTE
    'library' or 'require' call to ‘parallel’ in package code.
     Please use :: or requireNamespace() instead.
     See section 'Suggested packages' in the 'Writing R Extensions' manual.
Flavors: r-devel-linux-x86_64-debian-clang, r-devel-linux-x86_64-fedora-clang, r-devel-linux-x86_64-fedora-gcc, r-devel-osx-x86_64-clang, r-devel-windows-ix86+x86_64, r-patched-solaris-sparc, r-patched-solaris-x86, r-release-osx-x86_64-mavericks, r-release-windows-ix86+x86_64, r-oldrel-windows-ix86+x86_64

Version: 1.2.4
Check: R code for possible problems
Result: NOTE
    RNGseq : <anonymous>: no visible global function definition for
     ‘nextRNGStream’
    RNGseq: no visible global function definition for ‘nextRNGStream’
    RNGseq_seed: no visible global function definition for ‘nextRNGStream’
    checkRNG: no visible global function definition for ‘checkTrue’
Flavors: r-devel-linux-x86_64-debian-clang, r-devel-linux-x86_64-fedora-clang, r-devel-linux-x86_64-fedora-gcc, r-devel-osx-x86_64-clang, r-devel-windows-ix86+x86_64, r-patched-solaris-sparc, r-patched-solaris-x86, r-release-osx-x86_64-mavericks, r-release-windows-ix86+x86_64, r-oldrel-windows-ix86+x86_64

Version: 1.2.4
Check: package dependencies
Result: ERROR
    Package required but not available: ‘pkgmaker’
    
    Package suggested but not available for checking: ‘knitr’
    
    VignetteBuilder package required for checking but not installed: ‘knitr’
    
    Files named as vignettes but with no recognized vignette engine:
     ‘inst/doc/rngtools-unitTests.Rnw’
    (Is a VignetteBuilder field missing?)
    
    See section ‘The DESCRIPTION file’ in the ‘Writing R Extensions’
    manual.
Flavor: r-release-osx-x86_64-snowleopard