CRAN Package Check Results for Package rngtools

Last updated on 2014-04-18 17:48:09.

Flavor Version Tinstall Tcheck Ttotal Status Flags
r-devel-linux-x86_64-debian-clang 1.2.4 1.09 18.05 19.14 OK
r-devel-linux-x86_64-debian-gcc OK
r-devel-linux-x86_64-fedora-clang 1.2.4 38.31 OK
r-devel-linux-x86_64-fedora-gcc 1.2.4 35.70 OK
r-devel-macosx-x86_64-clang 1.2.4 43.68 OK
r-devel-macosx-x86_64-gcc 1.2.4 ERROR
r-devel-windows-ix86+x86_64 1.2.4 3.00 29.00 32.00 OK
r-patched-linux-x86_64 1.2.4 0.98 18.78 19.76 OK
r-patched-solaris-sparc 1.2.4 250.60 OK
r-patched-solaris-x86 1.2.4 53.00 OK
r-release-linux-ix86 1.2.4 2.00 36.00 38.00 OK
r-release-linux-x86_64 1.2.4 0.96 17.83 18.78 OK
r-release-macosx-x86_64 1.2.4 OK
r-release-windows-ix86+x86_64 1.2.4 4.00 32.00 36.00 OK
r-oldrel-windows-ix86+x86_64 1.2.4 4.00 31.00 35.00 OK

Check Details

Version: 1.2.4
Check: package dependencies
Result: ERROR
    Package required but not available: ‘pkgmaker’
    
    Package suggested but not available for checking: ‘knitr’
    
    Files named as vignettes but with no recognized vignette engine:
     ‘inst/doc/rngtools-unitTests.Rnw’
    (Is a VignetteBuilder field missing?)
    
    See the information on DESCRIPTION files in the chapter ‘Creating R
    packages’ of the ‘Writing R Extensions’ manual.
Flavor: r-devel-macosx-x86_64-gcc