CRAN Package Check Results for Package rngtools

Last updated on 2016-04-28 21:47:42.

Flavor Version Tinstall Tcheck Ttotal Status Flags
r-devel-linux-x86_64-debian-gcc 1.2.4 0.75 15.71 16.47 NOTE
r-devel-linux-x86_64-fedora-clang 1.2.4 27.21 NOTE
r-devel-linux-x86_64-fedora-gcc 1.2.4 25.94 NOTE
r-devel-osx-x86_64-clang 1.2.4 32.09 NOTE
r-devel-windows-ix86+x86_64 1.2.4 5.00 67.00 72.00 NOTE
r-patched-linux-x86_64 1.2.4 0.72 14.91 15.63 NOTE
r-patched-solaris-sparc 1.2.4 165.00 NOTE
r-patched-solaris-x86 1.2.4 39.70 NOTE
r-release-linux-x86_64 1.2.4 0.85 16.73 17.58 NOTE
r-release-osx-x86_64-mavericks 1.2.4 NOTE
r-release-windows-ix86+x86_64 1.2.4 3.00 40.00 43.00 NOTE
r-oldrel-windows-ix86+x86_64 1.2.4 8.00 57.00 65.00 NOTE

Check Details

Version: 1.2.4
Check: dependencies in R code
Result: NOTE
    'library' or 'require' call to ‘parallel’ in package code.
     Please use :: or requireNamespace() instead.
     See section 'Suggested packages' in the 'Writing R Extensions' manual.
Flavors: r-devel-linux-x86_64-debian-gcc, r-devel-linux-x86_64-fedora-clang, r-devel-linux-x86_64-fedora-gcc, r-devel-osx-x86_64-clang, r-devel-windows-ix86+x86_64, r-patched-linux-x86_64, r-patched-solaris-sparc, r-patched-solaris-x86, r-release-linux-x86_64, r-release-osx-x86_64-mavericks, r-release-windows-ix86+x86_64, r-oldrel-windows-ix86+x86_64

Version: 1.2.4
Check: R code for possible problems
Result: NOTE
    .collapse: no visible global function definition for ‘head’
    RNGinfo: no visible global function definition for ‘setNames’
    RNGlibs: no visible global function definition for ‘tail’
    RNGseq : <anonymous>: no visible global function definition for
     ‘nextRNGStream’
    RNGseq: no visible global function definition for ‘nextRNGStream’
    RNGseq_seed: no visible global function definition for ‘runif’
    RNGseq_seed: no visible global function definition for ‘nextRNGStream’
    checkRNG: no visible global function definition for ‘checkTrue’
    nextRNG: no visible global function definition for ‘runif’
    .setRNG,numeric: no visible global function definition for ‘runif’
    Undefined global functions or variables:
     checkTrue head nextRNGStream runif setNames tail
    Consider adding
     importFrom("stats", "runif", "setNames")
     importFrom("utils", "head", "tail")
    to your NAMESPACE file.
Flavors: r-devel-linux-x86_64-debian-gcc, r-devel-linux-x86_64-fedora-clang, r-devel-linux-x86_64-fedora-gcc, r-devel-osx-x86_64-clang, r-devel-windows-ix86+x86_64, r-patched-linux-x86_64, r-patched-solaris-sparc, r-patched-solaris-x86

Version: 1.2.4
Check: R code for possible problems
Result: NOTE
    RNGseq : <anonymous>: no visible global function definition for
     ‘nextRNGStream’
    RNGseq: no visible global function definition for ‘nextRNGStream’
    RNGseq_seed: no visible global function definition for ‘nextRNGStream’
    checkRNG: no visible global function definition for ‘checkTrue’
Flavors: r-release-linux-x86_64, r-release-osx-x86_64-mavericks, r-release-windows-ix86+x86_64, r-oldrel-windows-ix86+x86_64