CRAN Package Check Results for Package rngwell19937

Last updated on 2014-04-24 09:49:09.

Flavor Version Tinstall Tcheck Ttotal Status Flags
r-devel-linux-x86_64-debian-clang 0.5-4 0.89 9.46 10.35 OK
r-devel-linux-x86_64-debian-gcc 0.5-4 0.94 9.22 10.16 OK
r-devel-linux-x86_64-fedora-clang 0.5-4 19.09 NOTE
r-devel-linux-x86_64-fedora-gcc 0.5-4 18.49 NOTE
r-devel-osx-x86_64-clang 0.5-4 22.34 OK
r-devel-osx-x86_64-gcc 0.5-4 OK
r-devel-windows-ix86+x86_64 0.5-4 6.00 19.00 25.00 OK
r-patched-linux-x86_64 0.5-4 0.93 9.08 10.01 OK
r-patched-solaris-sparc 0.5-4 112.50 OK
r-patched-solaris-x86 0.5-4 29.20 OK
r-release-linux-ix86 0.5-4 2.00 21.00 23.00 OK
r-release-linux-x86_64 0.5-4 0.92 9.06 9.99 OK
r-release-osx-x86_64-mavericks 0.5-4 WARN
r-release-windows-ix86+x86_64 0.5-4 12.00 25.00 37.00 OK
r-oldrel-windows-ix86+x86_64 0.5-4 7.00 28.00 35.00 OK

Check Details

Version: 0.5-4
Check: top-level files
Result: NOTE
    Non-standard file/directory found at top level:
     ‘original_files’
Flavors: r-devel-linux-x86_64-fedora-clang, r-devel-linux-x86_64-fedora-gcc

Version: 0.5-4
Check: PDF version of manual
Result: WARNING
    LaTeX errors when creating PDF version.
    This typically indicates Rd problems.
    LaTeX errors found:
    ! LaTeX Error: File `upquote.sty' not found.
    
    Type X to quit or <RETURN> to proceed,
    or enter new name. (Default extension: sty)
    
    eab2beb/Rd2.tex:8: ==> Fatal error occurred, no output PDF file produced!
Flavor: r-release-osx-x86_64-mavericks