CRAN Package Check Results for Package rngwell19937

Last updated on 2017-05-28 02:47:16.

Flavor Version Tinstall Tcheck Ttotal Status Flags
r-devel-linux-x86_64-debian-clang 0.6-0 1.18 11.45 12.63 NOTE
r-devel-linux-x86_64-debian-gcc 0.6-0 1.25 11.45 12.69 NOTE
r-devel-linux-x86_64-fedora-clang 0.6-0 19.41 NOTE
r-devel-linux-x86_64-fedora-gcc 0.6-0 18.14 NOTE
r-devel-windows-ix86+x86_64 0.6-0 14.00 26.00 40.00 NOTE
r-patched-linux-x86_64 0.6-0 1.20 10.99 12.19 NOTE
r-patched-solaris-sparc 0.6-0 115.70 NOTE
r-patched-solaris-x86 0.6-0 27.80 NOTE
r-release-linux-x86_64 0.6-0 1.11 11.14 12.25 NOTE
r-release-windows-ix86+x86_64 0.6-0 7.00 28.00 35.00 NOTE
r-release-osx-x86_64 0.6-0 NOTE
r-oldrel-windows-ix86+x86_64 0.6-0 5.00 27.00 32.00 NOTE
r-oldrel-osx-x86_64 0.6-0 NOTE

Check Details

Version: 0.6-0
Check: R code for possible problems
Result: NOTE
    well19937.validate: no visible global function definition for ‘runif’
    Undefined global functions or variables:
     runif
    Consider adding
     importFrom("stats", "runif")
    to your NAMESPACE file.
Flavors: r-devel-linux-x86_64-debian-clang, r-devel-linux-x86_64-debian-gcc, r-devel-linux-x86_64-fedora-clang, r-devel-linux-x86_64-fedora-gcc, r-devel-windows-ix86+x86_64, r-patched-linux-x86_64, r-patched-solaris-sparc, r-patched-solaris-x86, r-release-linux-x86_64, r-release-windows-ix86+x86_64, r-release-osx-x86_64, r-oldrel-windows-ix86+x86_64, r-oldrel-osx-x86_64

Version: 0.6-0
Check: compiled code
Result: NOTE
    File ‘rngwell19937/libs/rngwell19937.so’:
     Found no calls to: ‘R_registerRoutines’, ‘R_useDynamicSymbols’
    
    It is good practice to register native routines and to disable symbol
    search.
    
    See ‘Writing portable packages’ in the ‘Writing R Extensions’ manual.
Flavors: r-devel-linux-x86_64-debian-clang, r-devel-linux-x86_64-debian-gcc, r-devel-linux-x86_64-fedora-clang, r-devel-linux-x86_64-fedora-gcc, r-patched-linux-x86_64, r-release-linux-x86_64