CRAN Package Check Results for Package rngwell19937

Last updated on 2015-07-30 11:48:52.

Flavor Version Tinstall Tcheck Ttotal Status Flags
r-devel-linux-x86_64-debian-clang 0.6-0 0.86 8.56 9.42 NOTE
r-devel-linux-x86_64-debian-gcc 0.6-0 0.90 8.44 9.34 NOTE
r-devel-linux-x86_64-fedora-clang 0.6-0 17.76 NOTE
r-devel-linux-x86_64-fedora-gcc 0.6-0 16.67 NOTE
r-devel-osx-x86_64-clang 0.6-0 16.59 OK
r-devel-windows-ix86+x86_64 0.6-0 7.00 20.00 27.00 NOTE
r-patched-linux-x86_64 0.6-0 0.94 8.50 9.44 OK
r-patched-solaris-sparc 0.6-0 121.20 OK
r-patched-solaris-x86 0.6-0 28.40 OK
r-release-linux-x86_64 0.6-0 0.94 9.33 10.27 OK
r-release-osx-x86_64-mavericks 0.6-0 OK
r-release-windows-ix86+x86_64 0.6-0 7.00 21.00 28.00 OK
r-oldrel-windows-ix86+x86_64 0.6-0 10.00 22.00 32.00 OK

Check Details

Version: 0.6-0
Check: R code for possible problems
Result: NOTE
    well19937.validate: no visible global function definition for ‘runif’
    Undefined global functions or variables:
     runif
    Consider adding
     importFrom("stats", "runif")
    to your NAMESPACE.
Flavors: r-devel-linux-x86_64-debian-clang, r-devel-linux-x86_64-debian-gcc, r-devel-linux-x86_64-fedora-clang, r-devel-linux-x86_64-fedora-gcc, r-devel-windows-ix86+x86_64