CRAN Package Check Results for Package rngwell19937

Last updated on 2017-02-20 13:51:14.

Flavor Version Tinstall Tcheck Ttotal Status Flags
r-devel-linux-x86_64-debian-clang 0.6-0 1.13 10.68 11.81 NOTE
r-devel-linux-x86_64-debian-gcc 0.6-0 1.01 10.79 11.80 NOTE
r-devel-linux-x86_64-fedora-clang 0.6-0 18.89 NOTE --no-stop-on-test-error
r-devel-linux-x86_64-fedora-gcc 0.6-0 18.01 NOTE --no-stop-on-test-error
r-devel-macos-x86_64-clang 0.6-0 17.60 NOTE --no-stop-on-test-error
r-devel-windows-ix86+x86_64 0.6-0 6.00 33.00 39.00 NOTE
r-patched-linux-x86_64 0.6-0 0.98 9.27 10.25 NOTE
r-patched-solaris-sparc 0.6-0 106.00 NOTE
r-patched-solaris-x86 0.6-0 23.50 NOTE
r-release-linux-x86_64 0.6-0 0.90 8.90 9.81 NOTE
r-release-osx-x86_64-mavericks 0.6-0 NOTE
r-release-windows-ix86+x86_64 0.6-0 5.00 27.00 32.00 NOTE
r-oldrel-windows-ix86+x86_64 0.6-0 7.00 25.00 32.00 OK

Check Details

Version: 0.6-0
Check: R code for possible problems
Result: NOTE
    well19937.validate: no visible global function definition for ‘runif’
    Undefined global functions or variables:
     runif
    Consider adding
     importFrom("stats", "runif")
    to your NAMESPACE file.
Flavors: r-devel-linux-x86_64-debian-clang, r-devel-linux-x86_64-debian-gcc, r-devel-windows-ix86+x86_64, r-patched-linux-x86_64, r-patched-solaris-sparc, r-patched-solaris-x86, r-release-linux-x86_64, r-release-osx-x86_64-mavericks, r-release-windows-ix86+x86_64

Version: 0.6-0
Check: compiled code
Result: NOTE
    File ‘rngwell19937/libs/rngwell19937.so’:
     Found no calls to: ‘R_registerRoutines’, ‘R_useDynamicSymbols’
    
    It is good practice to register native routines and to disable symbol
    search.
    
    See ‘Writing portable packages’ in the ‘Writing R Extensions’ manual.
Flavors: r-devel-linux-x86_64-debian-clang, r-devel-linux-x86_64-debian-gcc

Version: 0.6-0
Flags: --no-stop-on-test-error
Check: R code for possible problems
Result: NOTE
    well19937.validate: no visible global function definition for ‘runif’
    Undefined global functions or variables:
     runif
    Consider adding
     importFrom("stats", "runif")
    to your NAMESPACE file.
Flavors: r-devel-linux-x86_64-fedora-clang, r-devel-linux-x86_64-fedora-gcc, r-devel-macos-x86_64-clang

Version: 0.6-0
Flags: --no-stop-on-test-error
Check: compiled code
Result: NOTE
    File ‘rngwell19937/libs/rngwell19937.so’:
     Found no calls to: ‘R_registerRoutines’, ‘R_useDynamicSymbols’
    
    It is good practice to register native routines and to disable symbol
    search.
    
    See ‘Writing portable packages’ in the ‘Writing R Extensions’ manual.
Flavors: r-devel-linux-x86_64-fedora-clang, r-devel-linux-x86_64-fedora-gcc, r-devel-macos-x86_64-clang