CRAN Package Check Results for Package rngwell19937

Last updated on 2014-07-25 10:52:05.

Flavor Version Tinstall Tcheck Ttotal Status Flags
r-devel-linux-x86_64-debian-clang 0.5-4 0.82 8.74 9.57 OK
r-devel-linux-x86_64-debian-gcc 0.5-4 0.89 8.75 9.64 OK
r-devel-linux-x86_64-fedora-clang 0.5-4 19.90 NOTE
r-devel-linux-x86_64-fedora-gcc 0.5-4 18.75 NOTE
r-devel-osx-x86_64-clang 0.5-4 21.58 OK
r-devel-windows-ix86+x86_64 0.5-4 6.00 20.00 26.00 OK
r-patched-linux-x86_64 0.5-4 0.88 8.51 9.38 OK
r-patched-solaris-sparc 0.5-4 112.50 OK
r-patched-solaris-x86 0.5-4 28.90 OK
r-release-linux-ix86 0.5-4 1.49 14.68 16.17 OK
r-release-linux-x86_64 0.5-4 0.91 8.90 9.82 OK
r-release-osx-x86_64-mavericks 0.5-4 OK
r-release-windows-ix86+x86_64 0.5-4 8.00 26.00 34.00 OK
r-oldrel-windows-ix86+x86_64 0.5-4 7.00 28.00 35.00 OK

Check Details

Version: 0.5-4
Check: top-level files
Result: NOTE
    Non-standard file/directory found at top level:
     ‘original_files’
Flavors: r-devel-linux-x86_64-fedora-clang, r-devel-linux-x86_64-fedora-gcc