CRAN Package Check Results for Package rngwell19937

Last updated on 2014-08-27 22:47:22.

Flavor Version Tinstall Tcheck Ttotal Status Flags
r-devel-linux-x86_64-debian-clang 0.5-4 0.81 8.73 9.54 OK
r-devel-linux-x86_64-debian-gcc 0.5-4 0.88 8.79 9.68 OK
r-devel-linux-x86_64-fedora-clang 0.5-4 18.51 NOTE
r-devel-linux-x86_64-fedora-gcc 0.5-4 17.30 NOTE
r-devel-osx-x86_64-clang 0.5-4 21.79 OK
r-devel-windows-ix86+x86_64 0.5-4 6.00 19.00 25.00 OK
r-patched-linux-x86_64 0.5-4 0.92 9.11 10.03 OK
r-patched-solaris-sparc 0.5-4 119.20 OK
r-patched-solaris-x86 0.5-4 29.90 OK
r-release-linux-ix86 0.5-4 1.43 14.49 15.92 OK
r-release-linux-x86_64 0.5-4 0.92 9.05 9.97 OK
r-release-osx-x86_64-mavericks 0.5-4 OK
r-release-windows-ix86+x86_64 0.5-4 8.00 26.00 34.00 OK
r-oldrel-windows-ix86+x86_64 0.5-4 7.00 28.00 35.00 OK

Check Details

Version: 0.5-4
Check: top-level files
Result: NOTE
    Non-standard file/directory found at top level:
     ‘original_files’
Flavors: r-devel-linux-x86_64-fedora-clang, r-devel-linux-x86_64-fedora-gcc