CRAN Package Check Results for Package rngwell19937

Last updated on 2014-10-02 17:48:21.

Flavor Version Tinstall Tcheck Ttotal Status Flags
r-devel-linux-x86_64-debian-clang 0.5-4 0.90 9.30 10.21 NOTE
r-devel-linux-x86_64-debian-gcc 0.5-4 0.97 9.02 10.00 NOTE
r-devel-linux-x86_64-fedora-clang 0.5-4 19.78 NOTE
r-devel-linux-x86_64-fedora-gcc 0.5-4 18.42 NOTE
r-devel-osx-x86_64-clang 0.5-4 21.99 OK
r-devel-windows-ix86+x86_64 0.5-4 6.00 21.00 27.00 OK
r-patched-linux-x86_64 0.5-4 1.04 9.34 10.39 NOTE
r-patched-solaris-sparc 0.5-4 119.20 OK
r-patched-solaris-x86 0.5-4 31.00 OK
r-release-linux-ix86 0.5-4 1.44 14.57 16.00 OK
r-release-linux-x86_64 0.5-4 0.92 9.31 10.24 NOTE
r-release-osx-x86_64-mavericks 0.5-4 OK
r-release-windows-ix86+x86_64 0.5-4 8.00 26.00 34.00 OK
r-oldrel-windows-ix86+x86_64 0.5-4 7.00 28.00 35.00 OK

Check Details

Version: 0.5-4
Check: top-level files
Result: NOTE
    Non-standard file/directory found at top level:
     ‘original_files’
Flavors: r-devel-linux-x86_64-debian-clang, r-devel-linux-x86_64-debian-gcc, r-devel-linux-x86_64-fedora-clang, r-devel-linux-x86_64-fedora-gcc, r-patched-linux-x86_64, r-release-linux-x86_64