CRAN Package Check Results for Package rngwell19937

Last updated on 2016-04-29 19:49:59.

Flavor Version Tinstall Tcheck Ttotal Status Flags
r-devel-linux-x86_64-debian-gcc 0.6-0 0.89 9.09 9.98 NOTE
r-devel-linux-x86_64-fedora-clang 0.6-0 15.87 NOTE
r-devel-linux-x86_64-fedora-gcc 0.6-0 14.68 NOTE
r-devel-osx-x86_64-clang 0.6-0 19.42 NOTE
r-devel-windows-ix86+x86_64 0.6-0 6.00 26.00 32.00 NOTE
r-patched-linux-x86_64 0.6-0 0.92 9.04 9.97 NOTE
r-patched-solaris-sparc 0.6-0 105.60 NOTE
r-patched-solaris-x86 0.6-0 24.90 NOTE
r-release-linux-x86_64 0.6-0 0.92 9.30 10.21 OK
r-release-osx-x86_64-mavericks 0.6-0 OK
r-release-windows-ix86+x86_64 0.6-0 7.00 35.00 42.00 OK
r-oldrel-windows-ix86+x86_64 0.6-0 10.00 22.00 32.00 OK

Check Details

Version: 0.6-0
Check: R code for possible problems
Result: NOTE
    well19937.validate: no visible global function definition for ‘runif’
    Undefined global functions or variables:
     runif
    Consider adding
     importFrom("stats", "runif")
    to your NAMESPACE file.
Flavors: r-devel-linux-x86_64-debian-gcc, r-devel-linux-x86_64-fedora-clang, r-devel-linux-x86_64-fedora-gcc, r-devel-osx-x86_64-clang, r-devel-windows-ix86+x86_64, r-patched-linux-x86_64, r-patched-solaris-sparc, r-patched-solaris-x86