CRAN Package Check Results for Package rngwell19937

Last updated on 2014-09-22 23:49:25.

Flavor Version Tinstall Tcheck Ttotal Status Flags
r-devel-linux-x86_64-debian-clang 0.5-4 0.86 8.91 9.77 NOTE
r-devel-linux-x86_64-debian-gcc 0.5-4 0.85 9.63 10.48 NOTE
r-devel-linux-x86_64-fedora-clang 0.5-4 19.28 NOTE
r-devel-linux-x86_64-fedora-gcc 0.5-4 17.66 NOTE
r-devel-osx-x86_64-clang 0.5-4 23.51 OK
r-devel-windows-ix86+x86_64 0.5-4 6.00 21.00 27.00 OK
r-patched-linux-x86_64 0.5-4 0.90 9.10 10.00 NOTE
r-patched-solaris-sparc 0.5-4 119.20 OK
r-patched-solaris-x86 0.5-4 29.90 OK
r-release-linux-ix86 0.5-4 1.43 14.63 16.06 OK
r-release-linux-x86_64 0.5-4 0.92 9.86 10.78 NOTE
r-release-osx-x86_64-mavericks 0.5-4 OK
r-release-windows-ix86+x86_64 0.5-4 8.00 26.00 34.00 OK
r-oldrel-windows-ix86+x86_64 0.5-4 7.00 28.00 35.00 OK

Check Details

Version: 0.5-4
Check: top-level files
Result: NOTE
    Non-standard file/directory found at top level:
     ‘original_files’
Flavors: r-devel-linux-x86_64-debian-clang, r-devel-linux-x86_64-debian-gcc, r-devel-linux-x86_64-fedora-clang, r-devel-linux-x86_64-fedora-gcc, r-patched-linux-x86_64, r-release-linux-x86_64