CRAN Package Check Results for Package rngwell19937

Last updated on 2017-01-20 23:50:47.

Flavor Version Tinstall Tcheck Ttotal Status Flags
r-devel-linux-x86_64-debian-clang 0.6-0 1.06 10.45 11.50 NOTE
r-devel-linux-x86_64-debian-gcc 0.6-0 1.06 10.31 11.37 NOTE
r-devel-linux-x86_64-fedora-clang 0.6-0 19.08 NOTE --no-stop-on-test-error
r-devel-linux-x86_64-fedora-gcc 0.6-0 18.05 NOTE --no-stop-on-test-error
r-devel-macos-x86_64-clang 0.6-0 17.02 NOTE --no-stop-on-test-error
r-devel-windows-ix86+x86_64 0.6-0 11.00 51.00 62.00 NOTE
r-patched-linux-x86_64 0.6-0 0.95 8.84 9.79 NOTE
r-patched-solaris-sparc 0.6-0 106.00 NOTE
r-patched-solaris-x86 0.6-0 23.10 NOTE
r-release-linux-x86_64 0.6-0 0.97 9.00 9.97 NOTE
r-release-osx-x86_64-mavericks 0.6-0 NOTE
r-release-windows-ix86+x86_64 0.6-0 5.00 27.00 32.00 NOTE
r-oldrel-windows-ix86+x86_64 0.6-0 7.00 25.00 32.00 OK

Check Details

Version: 0.6-0
Check: R code for possible problems
Result: NOTE
    well19937.validate: no visible global function definition for ‘runif’
    Undefined global functions or variables:
     runif
    Consider adding
     importFrom("stats", "runif")
    to your NAMESPACE file.
Flavors: r-devel-linux-x86_64-debian-clang, r-devel-linux-x86_64-debian-gcc, r-devel-windows-ix86+x86_64, r-patched-linux-x86_64, r-patched-solaris-sparc, r-patched-solaris-x86, r-release-linux-x86_64, r-release-osx-x86_64-mavericks, r-release-windows-ix86+x86_64

Version: 0.6-0
Flags: --no-stop-on-test-error
Check: R code for possible problems
Result: NOTE
    well19937.validate: no visible global function definition for ‘runif’
    Undefined global functions or variables:
     runif
    Consider adding
     importFrom("stats", "runif")
    to your NAMESPACE file.
Flavors: r-devel-linux-x86_64-fedora-clang, r-devel-linux-x86_64-fedora-gcc, r-devel-macos-x86_64-clang