CRAN Package Check Results for Package rngwell19937

Last updated on 2015-09-03 03:48:41.

Flavor Version Tinstall Tcheck Ttotal Status Flags
r-devel-linux-x86_64-debian-clang 0.6-0 0.84 8.30 9.14 NOTE
r-devel-linux-x86_64-debian-gcc 0.6-0 0.91 8.34 9.24 NOTE
r-devel-linux-x86_64-fedora-clang 0.6-0 16.86 NOTE
r-devel-linux-x86_64-fedora-gcc 0.6-0 15.83 NOTE
r-devel-osx-x86_64-clang 0.6-0 15.22 OK
r-devel-windows-ix86+x86_64 0.6-0 6.00 22.00 28.00 NOTE
r-patched-linux-x86_64 0.6-0 0.95 8.88 9.83 OK
r-patched-solaris-sparc 0.6-0 121.20 OK
r-patched-solaris-x86 0.6-0 28.00 OK
r-release-linux-x86_64 0.6-0 0.94 8.73 9.67 OK
r-release-osx-x86_64-mavericks 0.6-0 OK
r-release-windows-ix86+x86_64 0.6-0 10.00 20.00 30.00 OK
r-oldrel-windows-ix86+x86_64 0.6-0 10.00 22.00 32.00 OK

Check Details

Version: 0.6-0
Check: R code for possible problems
Result: NOTE
    well19937.validate: no visible global function definition for ‘runif’
    Undefined global functions or variables:
     runif
    Consider adding
     importFrom("stats", "runif")
    to your NAMESPACE.
Flavors: r-devel-linux-x86_64-debian-clang, r-devel-linux-x86_64-debian-gcc, r-devel-linux-x86_64-fedora-clang, r-devel-linux-x86_64-fedora-gcc, r-devel-windows-ix86+x86_64