CRAN Package Check Results for Package rngwell19937

Last updated on 2016-07-29 21:46:57.

Flavor Version Tinstall Tcheck Ttotal Status Flags
r-devel-linux-x86_64-debian-clang 0.6-0 0.94 9.33 10.27 NOTE
r-devel-linux-x86_64-debian-gcc 0.6-0 0.90 9.03 9.92 NOTE
r-devel-linux-x86_64-fedora-clang 0.6-0 16.21 NOTE
r-devel-linux-x86_64-fedora-gcc 0.6-0 14.88 NOTE
r-devel-osx-x86_64-clang 0.6-0 14.83 NOTE
r-devel-windows-ix86+x86_64 0.6-0 5.00 26.00 31.00 NOTE
r-patched-linux-x86_64 0.6-0 1.06 9.89 10.94 NOTE
r-patched-solaris-sparc 0.6-0 103.80 NOTE
r-patched-solaris-x86 0.6-0 23.50 NOTE
r-release-linux-x86_64 0.6-0 1.20 10.88 12.08 NOTE
r-release-osx-x86_64-mavericks 0.6-0 NOTE
r-release-windows-ix86+x86_64 0.6-0 6.00 36.00 42.00 NOTE
r-oldrel-windows-ix86+x86_64 0.6-0 7.00 35.00 42.00 OK

Check Details

Version: 0.6-0
Check: R code for possible problems
Result: NOTE
    well19937.validate: no visible global function definition for ‘runif’
    Undefined global functions or variables:
     runif
    Consider adding
     importFrom("stats", "runif")
    to your NAMESPACE file.
Flavors: r-devel-linux-x86_64-debian-clang, r-devel-linux-x86_64-debian-gcc, r-devel-linux-x86_64-fedora-clang, r-devel-linux-x86_64-fedora-gcc, r-devel-osx-x86_64-clang, r-devel-windows-ix86+x86_64, r-patched-linux-x86_64, r-patched-solaris-sparc, r-patched-solaris-x86, r-release-linux-x86_64, r-release-osx-x86_64-mavericks, r-release-windows-ix86+x86_64