CRAN Package Check Results for Package rnoaa

Last updated on 2019-03-21 06:48:36 CET.

Flavor Version Tinstall Tcheck Ttotal Status Flags
r-devel-linux-x86_64-debian-clang 0.8.4 9.68 88.54 98.22 WARN
r-devel-linux-x86_64-debian-gcc 0.8.4 8.05 67.86 75.91 OK
r-devel-linux-x86_64-fedora-clang 0.8.4 117.75 OK
r-devel-linux-x86_64-fedora-gcc 0.8.4 111.78 OK
r-devel-windows-ix86+x86_64 0.8.4 32.00 116.00 148.00 OK
r-patched-linux-x86_64 0.8.4 9.25 78.58 87.83 OK
r-patched-solaris-x86 0.8.4 155.90 OK
r-release-linux-x86_64 0.8.4 7.75 78.44 86.19 OK
r-release-windows-ix86+x86_64 0.8.4 15.00 88.00 103.00 OK
r-release-osx-x86_64 0.8.4 OK
r-oldrel-windows-ix86+x86_64 0.8.4 22.00 150.00 172.00 OK
r-oldrel-osx-x86_64 0.8.4 OK

Check Details

Version: 0.8.4
Check: whether package can be installed
Result: WARN
    Found the following significant warnings:
     Warning: unable to re-encode 'bsw.R' line 6
Flavor: r-devel-linux-x86_64-debian-clang