CRAN Package Check Results for Package rnrfa

Last updated on 2022-05-29 12:55:25 CEST.

Flavor Version Tinstall Tcheck Ttotal Status Flags
r-devel-linux-x86_64-debian-clang 2.0.4 9.89 123.31 133.20 NOTE
r-devel-linux-x86_64-debian-gcc 2.0.4 7.84 92.98 100.82 NOTE
r-devel-linux-x86_64-fedora-clang 2.0.4 163.26 NOTE
r-devel-linux-x86_64-fedora-gcc 2.0.4 141.13 NOTE
r-devel-windows-x86_64 2.0.4 18.00 161.00 179.00 NOTE
r-patched-linux-x86_64 2.0.4 7.89 121.22 129.11 NOTE
r-release-linux-x86_64 2.0.4 9.98 116.23 126.21 NOTE
r-release-macos-arm64 2.0.4 71.00 NOTE
r-release-macos-x86_64 2.0.4 102.00 NOTE
r-release-windows-x86_64 2.0.4 24.00 168.00 192.00 NOTE
r-oldrel-macos-arm64 2.0.4 59.00 NOTE
r-oldrel-macos-x86_64 2.0.4 1803.00 NOTE
r-oldrel-windows-ix86+x86_64 2.0.4 22.00 155.00 177.00 NOTE

Check Details

Version: 2.0.4
Check: LazyData
Result: NOTE
     'LazyData' is specified without a 'data' directory
Flavors: r-devel-linux-x86_64-debian-clang, r-devel-linux-x86_64-debian-gcc, r-devel-linux-x86_64-fedora-clang, r-devel-linux-x86_64-fedora-gcc, r-devel-windows-x86_64, r-patched-linux-x86_64, r-release-linux-x86_64, r-release-macos-arm64, r-release-macos-x86_64, r-release-windows-x86_64, r-oldrel-macos-arm64, r-oldrel-macos-x86_64, r-oldrel-windows-ix86+x86_64