CRAN Package Check Results for Package robCompositions

Last updated on 2017-08-22 02:48:00.

Flavor Version Tinstall Tcheck Ttotal Status Flags
r-devel-linux-x86_64-debian-clang 2.0.6 8.07 124.28 132.35 OK
r-devel-linux-x86_64-debian-gcc 2.0.6 8.48 118.37 126.85 OK
r-devel-linux-x86_64-fedora-clang 2.0.6 161.56 NOTE
r-devel-linux-x86_64-fedora-gcc 2.0.6 168.70 NOTE
r-devel-windows-ix86+x86_64 2.0.6 36.00 150.00 186.00 OK --no-examples --no-tests --no-vignettes
r-patched-linux-x86_64 2.0.6 8.23 121.82 130.05 OK
r-patched-solaris-x86 2.0.6 304.30 NOTE
r-release-linux-x86_64 2.0.6 8.57 119.88 128.46 OK
r-release-windows-ix86+x86_64 2.0.6 27.00 228.00 255.00 OK --no-examples --no-tests --no-vignettes
r-release-osx-x86_64 2.0.6 WARN
r-oldrel-windows-ix86+x86_64 2.0.6 25.00 155.00 180.00 OK --no-examples --no-tests --no-vignettes
r-oldrel-osx-x86_64 2.0.6 NOTE

Check Details

Version: 2.0.6
Check: data for non-ASCII characters
Result: NOTE
     Note: found 5701 marked UTF-8 strings
Flavors: r-devel-linux-x86_64-fedora-clang, r-devel-linux-x86_64-fedora-gcc, r-patched-solaris-x86, r-release-osx-x86_64, r-oldrel-osx-x86_64

Version: 2.0.6
Check: re-building of vignette outputs
Result: WARN
    Error in re-building vignettes:
     ...
    Warning: running command 'kpsewhich framed.sty' had status 1
    Warning in test_latex_pkg("framed", system.file("misc", "framed.sty", package = "knitr")) :
     unable to find LaTeX package 'framed'; will use a copy from knitr
    Warning in warn_if_args_exist(list(...)) :
     Extra arguments: 'colour', 'alpha', 'shape' are being ignored. If these are meant to be aesthetics, submit them using the 'mapping' variable within ggpairs with ggplot2::aes or ggplot2::aes_string.
    `stat_bin()` using `bins = 30`. Pick better value with `binwidth`.
    `stat_bin()` using `bins = 30`. Pick better value with `binwidth`.
    `stat_bin()` using `bins = 30`. Pick better value with `binwidth`.
    Error in texi2dvi(file = file, pdf = TRUE, clean = clean, quiet = quiet, :
     Running 'texi2dvi' on 'robCompositions-overview.tex' failed.
    LaTeX errors:
    ! LaTeX Error: File `subfigure.sty' not found.
    
    Type X to quit or <RETURN> to proceed,
    or enter new name. (Default extension: sty)
    
    ! Emergency stop.
    <read *>
    
    l.5 ^^M
    
    ! ==> Fatal error occurred, no output PDF file produced!
    Calls: buildVignettes -> texi2pdf -> texi2dvi
    Execution halted
Flavor: r-release-osx-x86_64