CRAN Package Check Results for Package robCompositions

Last updated on 2019-05-22 18:51:57 CEST.

Flavor Version Tinstall Tcheck Ttotal Status Flags
r-devel-linux-x86_64-debian-clang 2.1.0 23.55 216.08 239.63 OK
r-devel-linux-x86_64-debian-gcc 2.1.0 21.98 165.80 187.78 OK
r-devel-linux-x86_64-fedora-clang 2.1.0 291.16 NOTE
r-devel-linux-x86_64-fedora-gcc 2.1.0 280.40 NOTE
r-devel-windows-ix86+x86_64 2.1.0 54.00 272.00 326.00 OK --no-examples --no-tests --no-vignettes
r-patched-linux-x86_64 2.1.0 27.16 209.76 236.92 OK
r-patched-solaris-x86 2.1.0 382.90 NOTE
r-release-linux-x86_64 2.1.0 27.31 209.05 236.36 OK
r-release-windows-ix86+x86_64 2.1.0 85.00 192.00 277.00 OK --no-examples --no-tests --no-vignettes
r-release-osx-x86_64 2.1.0 NOTE
r-oldrel-windows-ix86+x86_64 2.1.0 37.00 178.00 215.00 OK --no-examples --no-tests --no-vignettes
r-oldrel-osx-x86_64 2.1.0 NOTE

Additional issues

LTO

Check Details

Version: 2.1.0
Check: data for non-ASCII characters
Result: NOTE
     Note: found 5701 marked UTF-8 strings
Flavors: r-devel-linux-x86_64-fedora-clang, r-devel-linux-x86_64-fedora-gcc, r-patched-solaris-x86, r-release-osx-x86_64, r-oldrel-osx-x86_64