CRAN Package Check Results for Package robCompositions

Last updated on 2017-02-25 07:49:28.

Flavor Version Tinstall Tcheck Ttotal Status Flags
r-devel-linux-x86_64-debian-clang 2.0.3 7.73 118.38 126.11 NOTE
r-devel-linux-x86_64-debian-gcc 2.0.3 7.86 115.56 123.41 NOTE
r-devel-linux-x86_64-fedora-clang 2.0.3 269.64 NOTE --no-stop-on-test-error
r-devel-linux-x86_64-fedora-gcc 2.0.3 251.69 NOTE --no-stop-on-test-error
r-devel-macos-x86_64-clang 2.0.3 197.91 NOTE --no-stop-on-test-error
r-devel-windows-ix86+x86_64 2.0.3 38.00 190.00 228.00 OK --no-examples --no-tests --no-vignettes
r-patched-linux-x86_64 2.0.3 7.60 105.89 113.50 OK
r-patched-solaris-sparc 2.0.3 1254.60 NOTE
r-patched-solaris-x86 2.0.3 281.30 NOTE
r-release-linux-x86_64 2.0.3 7.94 106.34 114.28 OK
r-release-osx-x86_64-mavericks 2.0.3 NOTE
r-release-windows-ix86+x86_64 2.0.3 35.00 306.00 341.00 OK --no-examples --no-tests --no-vignettes
r-oldrel-windows-ix86+x86_64 2.0.3 39.00 289.00 328.00 NOTE --no-examples --no-tests --no-vignettes

Check Details

Version: 2.0.3
Check: compiled code
Result: NOTE
    File ‘robCompositions/libs/robCompositions.so’:
     Found no calls to: ‘R_registerRoutines’, ‘R_useDynamicSymbols’
    
    It is good practice to register native routines and to disable symbol
    search.
    
    See ‘Writing portable packages’ in the ‘Writing R Extensions’ manual.
Flavors: r-devel-linux-x86_64-debian-clang, r-devel-linux-x86_64-debian-gcc

Version: 2.0.3
Flags: --no-stop-on-test-error
Check: data for non-ASCII characters
Result: NOTE
     Note: found 6077 marked UTF-8 strings
Flavors: r-devel-linux-x86_64-fedora-clang, r-devel-linux-x86_64-fedora-gcc, r-devel-macos-x86_64-clang

Version: 2.0.3
Flags: --no-stop-on-test-error
Check: compiled code
Result: NOTE
    File ‘robCompositions/libs/robCompositions.so’:
     Found no calls to: ‘R_registerRoutines’, ‘R_useDynamicSymbols’
    
    It is good practice to register native routines and to disable symbol
    search.
    
    See ‘Writing portable packages’ in the ‘Writing R Extensions’ manual.
Flavors: r-devel-linux-x86_64-fedora-clang, r-devel-linux-x86_64-fedora-gcc, r-devel-macos-x86_64-clang

Version: 2.0.3
Check: Rd cross-references
Result: NOTE
    Package unavailable to check Rd xrefs: ‘StatDA’
Flavors: r-patched-solaris-sparc, r-patched-solaris-x86

Version: 2.0.3
Check: data for non-ASCII characters
Result: NOTE
     Note: found 6077 marked UTF-8 strings
Flavors: r-patched-solaris-sparc, r-patched-solaris-x86, r-release-osx-x86_64-mavericks

Version: 2.0.3
Flags: --no-examples --no-tests --no-vignettes
Check: data for non-ASCII characters
Result: NOTE
     Note: found 6077 marked UTF-8 strings
Flavor: r-oldrel-windows-ix86+x86_64