CRAN Package Check Results for Package robCompositions

Last updated on 2017-05-24 09:48:18.

Flavor Version Tinstall Tcheck Ttotal Status Flags
r-devel-linux-x86_64-debian-clang 2.0.3 8.29 115.94 124.23 NOTE
r-devel-linux-x86_64-debian-gcc 2.0.3 7.71 114.05 121.76 NOTE
r-devel-linux-x86_64-fedora-clang 2.0.3 261.00 NOTE --no-stop-on-test-error
r-devel-linux-x86_64-fedora-gcc 2.0.3 260.90 NOTE --no-stop-on-test-error
r-devel-windows-ix86+x86_64 2.0.3 26.00 220.00 246.00 OK --no-examples --no-tests --no-vignettes
r-patched-linux-x86_64 2.0.3 8.31 116.57 124.87 NOTE
r-patched-solaris-sparc 2.0.3 1385.00 NOTE
r-patched-solaris-x86 2.0.3 315.30 NOTE --no-stop-on-test-error
r-release-linux-x86_64 2.0.3 8.05 115.21 123.26 NOTE
r-release-windows-ix86+x86_64 2.0.3 25.00 236.00 261.00 OK --no-examples --no-tests --no-vignettes
r-release-osx-x86_64 2.0.3 NOTE
r-oldrel-windows-ix86+x86_64 2.0.3 35.00 224.00 259.00 OK --no-examples --no-tests --no-vignettes
r-oldrel-osx-x86_64 2.0.3 NOTE

Check Details

Version: 2.0.3
Check: compiled code
Result: NOTE
    File ‘robCompositions/libs/robCompositions.so’:
     Found no calls to: ‘R_registerRoutines’, ‘R_useDynamicSymbols’
    
    It is good practice to register native routines and to disable symbol
    search.
    
    See ‘Writing portable packages’ in the ‘Writing R Extensions’ manual.
Flavors: r-devel-linux-x86_64-debian-clang, r-devel-linux-x86_64-debian-gcc, r-patched-linux-x86_64, r-release-linux-x86_64

Version: 2.0.3
Flags: --no-stop-on-test-error
Check: data for non-ASCII characters
Result: NOTE
     Note: found 6077 marked UTF-8 strings
Flavors: r-devel-linux-x86_64-fedora-clang, r-devel-linux-x86_64-fedora-gcc, r-patched-solaris-x86

Version: 2.0.3
Flags: --no-stop-on-test-error
Check: compiled code
Result: NOTE
    File ‘robCompositions/libs/robCompositions.so’:
     Found no calls to: ‘R_registerRoutines’, ‘R_useDynamicSymbols’
    
    It is good practice to register native routines and to disable symbol
    search.
    
    See ‘Writing portable packages’ in the ‘Writing R Extensions’ manual.
Flavors: r-devel-linux-x86_64-fedora-clang, r-devel-linux-x86_64-fedora-gcc

Version: 2.0.3
Check: data for non-ASCII characters
Result: NOTE
     Note: found 6077 marked UTF-8 strings
Flavors: r-patched-solaris-sparc, r-release-osx-x86_64, r-oldrel-osx-x86_64