CRAN Package Check Results for Package robCompositions

Last updated on 2016-09-30 09:48:20.

Flavor Version Tinstall Tcheck Ttotal Status Flags
r-devel-linux-x86_64-debian-clang 2.0.2 8.03 102.54 110.56 OK
r-devel-linux-x86_64-debian-gcc 2.0.2 7.47 103.26 110.73 OK
r-devel-linux-x86_64-fedora-clang 2.0.2 227.81 OK
r-devel-linux-x86_64-fedora-gcc 2.0.2 204.04 OK
r-devel-macos-x86_64-clang 2.0.2 161.05 OK
r-devel-windows-ix86+x86_64 2.0.2 41.00 167.00 208.00 OK --no-examples --no-tests --no-vignettes
r-patched-linux-x86_64 2.0.2 7.02 102.47 109.49 OK
r-patched-solaris-sparc 2.0.2 1174.40 OK
r-patched-solaris-x86 2.0.2 260.50 NOTE
r-release-linux-x86_64 2.0.2 11.87 103.33 115.20 OK
r-release-osx-x86_64-mavericks 2.0.2 OK
r-release-windows-ix86+x86_64 2.0.2 20.00 178.00 198.00 OK --no-examples --no-tests --no-vignettes
r-oldrel-windows-ix86+x86_64 2.0.2 41.00 141.00 182.00 OK --no-examples --no-tests --no-vignettes

Check Details

Version: 2.0.2
Check: Rd cross-references
Result: NOTE
    Package unavailable to check Rd xrefs: ‘StatDA’
Flavor: r-patched-solaris-x86