CRAN Package Check Results for Package robCompositions

Last updated on 2017-04-26 03:48:33.

Flavor Version Tinstall Tcheck Ttotal Status Flags
r-devel-linux-x86_64-debian-clang 2.0.3 8.10 115.98 124.07 NOTE
r-devel-linux-x86_64-debian-gcc 2.0.3 7.79 113.38 121.17 NOTE
r-devel-linux-x86_64-fedora-clang 2.0.3 279.66 NOTE --no-stop-on-test-error
r-devel-linux-x86_64-fedora-gcc 2.0.3 251.95 NOTE --no-stop-on-test-error
r-devel-windows-ix86+x86_64 2.0.3 39.00 165.00 204.00 OK --no-examples --no-tests --no-vignettes
r-patched-linux-x86_64 2.0.3 7.52 114.25 121.77 NOTE
r-patched-solaris-sparc 2.0.3 1451.90 NOTE
r-patched-solaris-x86 2.0.3 311.90 NOTE
r-release-linux-x86_64 2.0.3 7.88 112.46 120.34 NOTE
r-release-windows-ix86+x86_64 2.0.3 27.00 153.00 180.00 OK --no-examples --no-tests --no-vignettes
r-release-osx-x86_64 2.0.3 NOTE
r-oldrel-windows-ix86+x86_64 2.0.3 24.00 205.00 229.00 OK --no-examples --no-tests --no-vignettes
r-oldrel-osx-x86_64 2.0.3 NOTE

Check Details

Version: 2.0.3
Check: compiled code
Result: NOTE
    File ‘robCompositions/libs/robCompositions.so’:
     Found no calls to: ‘R_registerRoutines’, ‘R_useDynamicSymbols’
    
    It is good practice to register native routines and to disable symbol
    search.
    
    See ‘Writing portable packages’ in the ‘Writing R Extensions’ manual.
Flavors: r-devel-linux-x86_64-debian-clang, r-devel-linux-x86_64-debian-gcc, r-patched-linux-x86_64, r-release-linux-x86_64

Version: 2.0.3
Flags: --no-stop-on-test-error
Check: data for non-ASCII characters
Result: NOTE
     Note: found 6077 marked UTF-8 strings
Flavors: r-devel-linux-x86_64-fedora-clang, r-devel-linux-x86_64-fedora-gcc

Version: 2.0.3
Flags: --no-stop-on-test-error
Check: compiled code
Result: NOTE
    File ‘robCompositions/libs/robCompositions.so’:
     Found no calls to: ‘R_registerRoutines’, ‘R_useDynamicSymbols’
    
    It is good practice to register native routines and to disable symbol
    search.
    
    See ‘Writing portable packages’ in the ‘Writing R Extensions’ manual.
Flavors: r-devel-linux-x86_64-fedora-clang, r-devel-linux-x86_64-fedora-gcc

Version: 2.0.3
Check: Rd cross-references
Result: NOTE
    Package unavailable to check Rd xrefs: ‘StatDA’
Flavors: r-patched-solaris-sparc, r-patched-solaris-x86

Version: 2.0.3
Check: data for non-ASCII characters
Result: NOTE
     Note: found 6077 marked UTF-8 strings
Flavors: r-patched-solaris-sparc, r-patched-solaris-x86, r-release-osx-x86_64, r-oldrel-osx-x86_64