CRAN Package Check Results for Package robCompositions

Last updated on 2017-01-17 05:49:10.

Flavor Version Tinstall Tcheck Ttotal Status Flags
r-devel-linux-x86_64-debian-clang 2.0.3 7.44 114.84 122.28 OK
r-devel-linux-x86_64-debian-gcc 2.0.3 7.63 113.22 120.85 OK
r-devel-linux-x86_64-fedora-clang 2.0.3 255.47 NOTE --no-stop-on-test-error
r-devel-linux-x86_64-fedora-gcc 2.0.3 251.79 NOTE --no-stop-on-test-error
r-devel-macos-x86_64-clang 2.0.3 194.17 NOTE --no-stop-on-test-error
r-devel-windows-ix86+x86_64 2.0.3 34.00 141.00 175.00 OK --no-examples --no-tests --no-vignettes
r-patched-linux-x86_64 2.0.3 7.49 105.38 112.88 OK
r-patched-solaris-sparc 2.0.3 1254.60 NOTE
r-patched-solaris-x86 2.0.3 247.10 NOTE
r-release-linux-x86_64 2.0.3 8.16 105.53 113.69 OK
r-release-osx-x86_64-mavericks 2.0.3 NOTE
r-release-windows-ix86+x86_64 2.0.3 37.00 191.00 228.00 OK --no-examples --no-tests --no-vignettes
r-oldrel-windows-ix86+x86_64 2.0.3 25.00 210.00 235.00 NOTE --no-examples --no-tests --no-vignettes

Check Details

Version: 2.0.3
Flags: --no-stop-on-test-error
Check: data for non-ASCII characters
Result: NOTE
     Note: found 6077 marked UTF-8 strings
Flavors: r-devel-linux-x86_64-fedora-clang, r-devel-linux-x86_64-fedora-gcc, r-devel-macos-x86_64-clang

Version: 2.0.3
Flags: --no-stop-on-test-error
Check: compiled code
Result: NOTE
    File ‘robCompositions/libs/robCompositions.so’:
     Found no calls to: ‘R_registerRoutines’, ‘R_useDynamicSymbols’
    
    It is good practice to use registered native symbols and disable symbol
    search.
    
    See ‘Writing portable packages’ in the ‘Writing R Extensions’ manual.
Flavor: r-devel-linux-x86_64-fedora-gcc

Version: 2.0.3
Check: Rd cross-references
Result: NOTE
    Package unavailable to check Rd xrefs: ‘StatDA’
Flavors: r-patched-solaris-sparc, r-patched-solaris-x86

Version: 2.0.3
Check: data for non-ASCII characters
Result: NOTE
     Note: found 6077 marked UTF-8 strings
Flavors: r-patched-solaris-sparc, r-patched-solaris-x86, r-release-osx-x86_64-mavericks

Version: 2.0.3
Flags: --no-examples --no-tests --no-vignettes
Check: data for non-ASCII characters
Result: NOTE
     Note: found 6077 marked UTF-8 strings
Flavor: r-oldrel-windows-ix86+x86_64