CRAN Package Check Results for Package robCompositions

Last updated on 2016-06-24 23:47:44.

Flavor Version Tinstall Tcheck Ttotal Status Flags
r-devel-linux-x86_64-debian-gcc 2.0.0 6.16 218.06 224.21 WARN
r-devel-linux-x86_64-fedora-clang 2.0.0 443.25 OK
r-devel-linux-x86_64-fedora-gcc 2.0.0 411.22 OK
r-devel-osx-x86_64-clang 2.0.0 326.57 OK
r-devel-windows-ix86+x86_64 2.0.0 34.00 152.00 186.00 OK --no-examples --no-tests --no-vignettes
r-patched-linux-x86_64 2.0.0 6.62 213.91 220.52 WARN
r-patched-solaris-x86 2.0.0 502.50 OK
r-release-linux-x86_64 2.0.0 6.31 222.23 228.54 WARN
r-release-osx-x86_64-mavericks 2.0.0 OK
r-release-windows-ix86+x86_64 2.0.0 30.00 105.00 135.00 OK --no-examples --no-tests --no-vignettes
r-oldrel-windows-ix86+x86_64 2.0.0 31.00 159.00 190.00 OK --no-examples --no-tests --no-vignettes

Check Details

Version: 2.0.0
Check: re-building of vignette outputs
Result: WARN
    Error in re-building vignettes:
     ...
    ! Class scrartcl Error: undefined old font command `\bf'.
    
    See the scrartcl class documentation for explanation.
    Type H <return> for immediate help.
     ...
    ! Class scrartcl Error: undefined old font command `\it'.
    
    See the scrartcl class documentation for explanation.
    Type H <return> for immediate help.
     ...
    ! Class scrartcl Error: undefined old font command `\it'.
    
    See the scrartcl class documentation for explanation.
    Type H <return> for immediate help.
     ...
    ! Class scrartcl Error: undefined old font command `\it'.
    
    See the scrartcl class documentation for explanation.
    Type H <return> for immediate help.
     ...
    ! Class scrartcl Error: undefined old font command `\it'.
    
    See the scrartcl class documentation for explanation.
    Calls: buildVignettes -> texi2pdf -> texi2dvi
    Execution halted
Flavors: r-devel-linux-x86_64-debian-gcc, r-patched-linux-x86_64, r-release-linux-x86_64