CRAN Package Check Results for Package robCompositions

Last updated on 2016-07-29 11:49:50.

Flavor Version Tinstall Tcheck Ttotal Status Flags
r-devel-linux-x86_64-debian-clang 2.0.0 6.09 229.08 235.16 WARN
r-devel-linux-x86_64-debian-gcc 2.0.0 8.39 206.53 214.92 WARN
r-devel-linux-x86_64-fedora-clang 2.0.0 448.95 WARN
r-devel-linux-x86_64-fedora-gcc 2.0.0 410.47 WARN
r-devel-osx-x86_64-clang 2.0.0 318.87 WARN
r-devel-windows-ix86+x86_64 2.0.0 29.00 117.00 146.00 OK --no-examples --no-tests --no-vignettes
r-patched-linux-x86_64 2.0.0 7.31 221.69 229.00 WARN
r-patched-solaris-sparc 2.0.0 2716.80 WARN
r-patched-solaris-x86 2.0.0 503.40 WARN
r-release-linux-x86_64 2.0.0 6.84 239.96 246.80 WARN
r-release-osx-x86_64-mavericks 2.0.0 OK
r-release-windows-ix86+x86_64 2.0.0 27.00 151.00 178.00 OK --no-examples --no-tests --no-vignettes
r-oldrel-windows-ix86+x86_64 2.0.0 33.00 166.00 199.00 OK --no-examples --no-tests --no-vignettes

Check Details

Version: 2.0.0
Check: re-building of vignette outputs
Result: WARN
    Error in re-building vignettes:
     ...
    ! Class scrartcl Error: undefined old font command `\bf'.
    
    See the scrartcl class documentation for explanation.
    Type H <return> for immediate help.
     ...
    ! Class scrartcl Error: undefined old font command `\it'.
    
    See the scrartcl class documentation for explanation.
    Type H <return> for immediate help.
     ...
    ! Class scrartcl Error: undefined old font command `\it'.
    
    See the scrartcl class documentation for explanation.
    Type H <return> for immediate help.
     ...
    ! Class scrartcl Error: undefined old font command `\it'.
    
    See the scrartcl class documentation for explanation.
    Type H <return> for immediate help.
     ...
    ! Class scrartcl Error: undefined old font command `\it'.
    
    See the scrartcl class documentation for explanation.
    Calls: buildVignettes -> texi2pdf -> texi2dvi
    Execution halted
Flavors: r-devel-linux-x86_64-debian-clang, r-devel-linux-x86_64-debian-gcc, r-patched-linux-x86_64, r-release-linux-x86_64

Version: 2.0.0
Check: re-building of vignette outputs
Result: WARN
    Error in re-building vignettes:
     ...
    Error in texi2dvi(file = file, pdf = TRUE, clean = clean, quiet = quiet, :
     Running 'texi2dvi' on 'imputation.tex' failed.
    LaTeX errors:
    ! Class scrartcl Error: undefined old font command `\bf'.
    
    See the scrartcl class documentation for explanation.
    Type H <return> for immediate help.
     ...
    ! Class scrartcl Error: undefined old font command `\it'.
    
    See the scrartcl class documentation for explanation.
    Type H <return> for immediate help.
     ...
    ! Class scrartcl Error: undefined old font command `\it'.
    
    See the scrartcl class documentation for explanation.
    Type H <return> for immediate help.
     ...
    ! Class scrartcl Error: undefined old font command `\it'.
    
    See the scrartcl class documentation for explanation.
    Type H <return> for immediate help.
     ...
    ! Class scrartcl Error: undefined old font command `\it'.
    
    See the scrartcl class documentation for explanation.
    Type H
    Calls: buildVignettes -> texi2pdf -> texi2dvi
    Execution halted
Flavors: r-devel-linux-x86_64-fedora-clang, r-devel-linux-x86_64-fedora-gcc, r-patched-solaris-sparc, r-patched-solaris-x86

Version: 2.0.0
Check: re-building of vignette outputs
Result: WARN
    Error in re-building vignettes:
     ...
    
    See the scrartcl class documentation for explanation.
    Type H <return> for immediate help.
     ...
    ! Class scrartcl Error: undefined old font command `\it'.
    
    See the scrartcl class documentation for explanation.
    Type H <return> for immediate help.
     ...
    ! Class scrartcl Error: undefined old font command `\it'.
    
    See the scrartcl class documentation for explanation.
    Type H <return> for immediate help.
     ...
    ! Class scrartcl Error: undefined old font command `\it'.
    
    See the scrartcl class documentation for explanation.
    Type H <return> for immediate help.
     ...
    ! Class scrartcl Error: undefined old font command `\it'.
    
    See the scrartcl class documentation for explanation.
    Type H
    Calls: buildVignettes -> texi2pdf -> texi2dvi
    Execution halted
Flavor: r-devel-osx-x86_64-clang