CRAN Package Check Results for Package robCompositions

Last updated on 2014-07-25 19:50:19.

Flavor Version Tinstall Tcheck Ttotal Status Flags
r-devel-linux-x86_64-debian-clang 1.8.0 2.19 200.01 202.20 OK
r-devel-linux-x86_64-debian-gcc 1.8.0 2.26 198.69 200.96 OK
r-devel-linux-x86_64-fedora-clang 1.8.0 441.21 OK
r-devel-linux-x86_64-fedora-gcc 1.8.0 423.70 OK
r-devel-osx-x86_64-clang 1.8.0 314.24 OK
r-devel-windows-ix86+x86_64 1.8.0 10.00 515.00 525.00 OK
r-patched-linux-x86_64 1.8.0 2.24 198.22 200.46 OK
r-patched-solaris-sparc 1.8.0 2484.20 OK
r-patched-solaris-x86 1.8.0 470.80 OK
r-release-linux-ix86 1.8.0 2.95 239.06 242.00 OK
r-release-linux-x86_64 1.8.0 2.28 199.30 201.58 OK
r-release-osx-x86_64-mavericks 1.8.0 NOTE
r-release-osx-x86_64-snowleopard 1.8.0 OK
r-release-windows-ix86+x86_64 1.8.0 10.00 483.00 493.00 OK
r-oldrel-windows-ix86+x86_64 1.8.0 11.00 526.00 537.00 OK

Check Details

Version: 1.8.0
Check: Rd cross-references
Result: NOTE
    Package unavailable to check Rd xrefs: ‘StatDA’
Flavor: r-release-osx-x86_64-mavericks