CRAN Package Check Results for Package robCompositions

Last updated on 2018-06-20 07:47:55 CEST.

Flavor Version Tinstall Tcheck Ttotal Status Flags
r-devel-linux-x86_64-debian-clang 2.0.8 18.79 212.36 231.15 OK
r-devel-linux-x86_64-debian-gcc 2.0.8 15.85 161.65 177.50 OK
r-devel-linux-x86_64-fedora-clang 2.0.8 268.03 NOTE
r-devel-linux-x86_64-fedora-gcc 2.0.8 258.90 NOTE
r-devel-windows-ix86+x86_64 2.0.8 52.00 241.00 293.00 OK --no-examples --no-tests --no-vignettes
r-patched-linux-x86_64 2.0.8 16.58 185.75 202.33 OK
r-patched-solaris-x86 2.0.8 340.00 NOTE
r-release-linux-x86_64 2.0.8 16.73 183.32 200.05 OK
r-release-windows-ix86+x86_64 2.0.8 30.00 221.00 251.00 OK --no-examples --no-tests --no-vignettes
r-release-osx-x86_64 2.0.8 NOTE
r-oldrel-windows-ix86+x86_64 2.0.8 27.00 168.00 195.00 OK --no-examples --no-tests --no-vignettes
r-oldrel-osx-x86_64 2.0.8 NOTE

Check Details

Version: 2.0.8
Check: data for non-ASCII characters
Result: NOTE
     Note: found 5701 marked UTF-8 strings
Flavors: r-devel-linux-x86_64-fedora-clang, r-devel-linux-x86_64-fedora-gcc, r-patched-solaris-x86, r-release-osx-x86_64, r-oldrel-osx-x86_64