CRAN Package Check Results for Package robCompositions

Last updated on 2017-06-24 09:55:58.

Flavor Version Tinstall Tcheck Ttotal Status Flags
r-devel-linux-x86_64-debian-clang 2.0.3 8.03 114.54 122.57 NOTE
r-devel-linux-x86_64-debian-gcc 2.0.3 7.97 112.78 120.76 NOTE
r-devel-linux-x86_64-fedora-clang 2.0.3 256.92 NOTE
r-devel-linux-x86_64-fedora-gcc 2.0.3 259.24 NOTE
r-devel-windows-ix86+x86_64 2.0.3 40.00 192.00 232.00 OK --no-examples --no-tests --no-vignettes
r-patched-linux-x86_64 2.0.3 8.13 114.62 122.75 NOTE
r-patched-solaris-sparc 2.0.3 1385.00 NOTE
r-patched-solaris-x86 2.0.3 317.30 NOTE
r-release-linux-x86_64 2.0.3 8.79 114.96 123.75 NOTE
r-release-windows-ix86+x86_64 2.0.3 46.00 221.00 267.00 OK --no-examples --no-tests --no-vignettes
r-release-osx-x86_64 2.0.3 NOTE
r-oldrel-windows-ix86+x86_64 2.0.3 44.00 176.00 220.00 OK --no-examples --no-tests --no-vignettes
r-oldrel-osx-x86_64 2.0.3 NOTE

Check Details

Version: 2.0.3
Check: compiled code
Result: NOTE
    File ‘robCompositions/libs/robCompositions.so’:
     Found no calls to: ‘R_registerRoutines’, ‘R_useDynamicSymbols’
    
    It is good practice to register native routines and to disable symbol
    search.
    
    See ‘Writing portable packages’ in the ‘Writing R Extensions’ manual.
Flavors: r-devel-linux-x86_64-debian-clang, r-devel-linux-x86_64-debian-gcc, r-devel-linux-x86_64-fedora-clang, r-devel-linux-x86_64-fedora-gcc, r-patched-linux-x86_64, r-release-linux-x86_64

Version: 2.0.3
Check: data for non-ASCII characters
Result: NOTE
     Note: found 6077 marked UTF-8 strings
Flavors: r-devel-linux-x86_64-fedora-clang, r-devel-linux-x86_64-fedora-gcc, r-patched-solaris-sparc, r-patched-solaris-x86, r-release-osx-x86_64, r-oldrel-osx-x86_64