CRAN Package Check Results for Package robCompositions

Last updated on 2016-12-05 14:47:32.

Flavor Version Tinstall Tcheck Ttotal Status Flags
r-devel-linux-x86_64-debian-clang 2.0.2 7.47 115.98 123.45 OK
r-devel-linux-x86_64-debian-gcc 2.0.2 7.46 117.05 124.51 OK
r-devel-linux-x86_64-fedora-clang 2.0.2 257.38 OK --no-stop-on-test-error
r-devel-linux-x86_64-fedora-gcc 2.0.2 260.06 OK --no-stop-on-test-error
r-devel-macos-x86_64-clang 2.0.2 201.58 OK --no-stop-on-test-error
r-devel-windows-ix86+x86_64 2.0.2 25.00 196.00 221.00 OK --no-examples --no-tests --no-vignettes
r-patched-linux-x86_64 2.0.2 7.69 103.41 111.10 OK
r-patched-solaris-sparc 2.0.2 1226.90 NOTE
r-patched-solaris-x86 2.0.2 268.40 NOTE
r-release-linux-x86_64 2.0.2 7.32 103.60 110.92 OK
r-release-osx-x86_64-mavericks 2.0.2 OK
r-release-windows-ix86+x86_64 2.0.2 33.00 147.00 180.00 OK --no-examples --no-tests --no-vignettes
r-oldrel-windows-ix86+x86_64 2.0.2 36.00 156.00 192.00 OK --no-examples --no-tests --no-vignettes

Check Details

Version: 2.0.2
Check: Rd cross-references
Result: NOTE
    Package unavailable to check Rd xrefs: ‘StatDA’
Flavors: r-patched-solaris-sparc, r-patched-solaris-x86