CRAN Package Check Results for Package robCompositions

Last updated on 2015-03-06 03:46:46.

Flavor Version Tinstall Tcheck Ttotal Status Flags
r-devel-linux-x86_64-debian-clang 1.9.0 2.58 218.83 221.41 NOTE
r-devel-linux-x86_64-debian-gcc 1.9.0 2.44 202.47 204.91 NOTE
r-devel-linux-x86_64-fedora-clang 1.9.0 404.23 NOTE
r-devel-linux-x86_64-fedora-gcc 1.9.0 388.93 NOTE
r-devel-osx-x86_64-clang 1.9.0 393.91 NOTE
r-devel-windows-ix86+x86_64 1.9.0 12.00 465.00 477.00 NOTE
r-patched-linux-x86_64 1.9.0 4.72 272.57 277.30 OK
r-patched-solaris-sparc 1.9.0 2952.30 OK
r-patched-solaris-x86 1.9.0 521.10 OK
r-release-linux-ix86 1.9.0 4.47 259.55 264.02 OK
r-release-linux-x86_64 1.9.0 4.65 252.63 257.28 OK
r-release-osx-x86_64-mavericks 1.9.0 ERROR
r-release-osx-x86_64-snowleopard 1.9.0 OK
r-release-windows-ix86+x86_64 1.9.0 18.00 568.00 586.00 OK
r-oldrel-windows-ix86+x86_64 1.9.0 17.00 631.00 648.00 OK

Check Details

Version: 1.9.0
Check: DESCRIPTION meta-information
Result: NOTE
    Malformed Title field: should not end in a period.
Flavors: r-devel-linux-x86_64-debian-clang, r-devel-linux-x86_64-debian-gcc, r-devel-linux-x86_64-fedora-clang, r-devel-linux-x86_64-fedora-gcc, r-devel-osx-x86_64-clang, r-devel-windows-ix86+x86_64

Version: 1.9.0
Check: running R code from vignettes
Result: ERROR
    Errors in running code in vignettes:
    when running code in ‘imputation.Rnw’
     ...
    Loading required package: robustbase
    Error in dyn.load(file, DLLpath = DLLpath, ...) :
     unable to load shared object '/Builds/CRAN-QA-Simon/packages/mavericks-x86_64/Rlib/3.1/robustbase/libs/robustbase.so':
     dlopen(/Builds/CRAN-QA-Simon/packages/mavericks-x86_64/Rlib/3.1/robustbase/libs/robustbase.so, 6): Library not loaded: /Library/Frameworks/R.framework/Versions/3.1/Resources/lib/libgfortran.3.dylib
     Referenced from: /Builds/CRAN-QA-Simon/packages/mavericks-x86_64/Rlib/3.1/robustbase/libs/robustbase.so
     Reason: image not found
    
     When sourcing ‘imputation.R’:
    Error: package ‘robustbase’ could not be loaded
    Execution halted
Flavor: r-release-osx-x86_64-mavericks