CRAN Package Check Results for Package robCompositions

Last updated on 2015-09-03 08:50:08.

Flavor Version Tinstall Tcheck Ttotal Status Flags
r-devel-linux-x86_64-debian-clang 1.9.1 2.18 175.28 177.46 NOTE
r-devel-linux-x86_64-debian-gcc 1.9.1 2.20 186.19 188.39 NOTE
r-devel-linux-x86_64-fedora-clang 1.9.1 380.74 NOTE
r-devel-linux-x86_64-fedora-gcc 1.9.1 360.08 NOTE
r-devel-osx-x86_64-clang 1.9.1 227.47 OK
r-devel-windows-ix86+x86_64 1.9.1 20.00 497.00 517.00 NOTE
r-patched-linux-x86_64 1.9.1 2.49 176.32 178.82 OK
r-patched-solaris-sparc 1.9.1 2535.30 OK
r-patched-solaris-x86 1.9.1 446.30 OK
r-release-linux-x86_64 1.9.1 2.33 183.75 186.08 OK
r-release-osx-x86_64-mavericks 1.9.1 OK
r-release-windows-ix86+x86_64 1.9.1 19.00 474.00 493.00 OK
r-oldrel-windows-ix86+x86_64 1.9.1 24.00 855.00 879.00 OK

Check Details

Version: 1.9.1
Check: R code for possible problems
Result: NOTE
    adtest : cv : classical: no visible global function definition for
     ‘var’
    adtest : cv : classical: no visible global function definition for
     ‘cov’
    adtest : cv : robust: no visible global function definition for
     ‘median’
    adtest : cv : robust: no visible global function definition for ‘mad’
    adtest : centre: no visible global function definition for ‘median’
    adtest : stat: no visible global function definition for
     ‘complete.cases’
    adtest : stat: no visible global function definition for ‘pnorm’
    adtest : <anonymous>: no visible global function definition for ‘rnorm’
    adtest : stat: no visible global function definition for ‘mahalanobis’
    adtest : stat: no visible global function definition for ‘pchisq’
    alphablend: no visible global function definition for ‘col2rgb’
    alphablend: no visible global function definition for ‘rgb’
    bootnComp: no visible global function definition for ‘na.omit’
    bootnComp: no visible binding for global variable ‘sd’
    bootnComp: no visible global function definition for ‘plot’
    bootnCompHD: no visible global function definition for ‘na.omit’
    bootnCompHD: no visible binding for global variable ‘mad’
    bootnCompHD: no visible binding for global variable ‘median’
    bootnCompHD: no visible global function definition for ‘plot’
    bootnCompHD: no visible global function definition for ‘sd’
    bootnCompHD: no visible global function definition for ‘abline’
    cenLR : geometricmean: no visible global function definition for
     ‘na.omit’
    daFisher: no visible binding for global variable ‘cov’
    daFisher: no visible global function definition for ‘plot’
    daFisher: no visible global function definition for ‘legend’
    drawMahal: no visible global function definition for ‘qchisq’
    drawMahal: no visible global function definition for ‘lines’
    gm: no visible global function definition for ‘na.omit’
    ilrregression: no visible global function definition for ‘lm’
    impAll: no visible global function definition for ‘na.omit’
    impCoda : geometricmean: no visible global function definition for
     ‘na.omit’
    impCoda : <anonymous>: no visible global function definition for
     ‘complete.cases’
    impCoda : impute : <anonymous>: no visible global function definition
     for ‘median’
    impCoda: no visible global function definition for ‘fitted’
    impCoda: no visible global function definition for ‘sd’
    impCoda: no visible global function definition for ‘rnorm’
    impKNNa : findknn: no visible global function definition for ‘quantile’
    impPCA: no visible global function definition for ‘sd’
    impPCA : <anonymous>: no visible global function definition for ‘sd’
    impPCA: no visible global function definition for ‘princomp’
    impRZalr: no visible global function definition for ‘lm’
    impRZalr: no visible global function definition for ‘predict’
    impRZalr: no visible global function definition for ‘sd’
    impRZalr: no visible global function definition for ‘dnorm’
    impRZalr: no visible global function definition for ‘pnorm’
    impRZilr: no visible global function definition for ‘lm’
    impRZilr: no visible global function definition for ‘predict’
    impRZilr: no visible global function definition for ‘dnorm’
    impRZilr: no visible global function definition for ‘pnorm’
    impRZilr: no visible global function definition for ‘density’
    impRZilr: no visible global function definition for ‘residuals’
    impRZilr: no visible global function definition for ‘median’
    impRZilr: no visible global function definition for ‘mad’
    impRZilr: no visible global function definition for ‘rnorm’
    lmCoDaX : ilrregression: no visible global function definition for ‘lm’
    outCoDa : covEst : standard: no visible global function definition for
     ‘cov’
    outCoDa: no visible global function definition for ‘mahalanobis’
    outCoDa: no visible global function definition for ‘qchisq’
    pcaCoDa: no visible global function definition for ‘princomp’
    pcaCoDa: no visible global function definition for ‘cov’
    pfa: no visible global function definition for ‘cov’
    pfa: no visible global function definition for ‘terms’
    pfa: no visible global function definition for ‘model.matrix’
    pfa: no visible global function definition for ‘cov.wt’
    pfa: no visible global function definition for ‘napredict’
    pfa: no visible global function definition for ‘pchisq’
    plot.imp: no visible global function definition for ‘par’
    plot.imp: no visible global function definition for ‘dev.interactive’
    plot.imp: no visible global function definition for ‘devAskNewPage’
    plot.imp: no visible global function definition for ‘plot’
    plot.imp: no visible global function definition for ‘segments’
    plot.imp: no visible global function definition for ‘mtext’
    plot.imp: no visible global function definition for ‘text’
    plot.imp: no visible global function definition for ‘points’
    plot.imp: no visible global function definition for ‘identify’
    plot.imp : createPlot: no visible global function definition for ‘par’
    plot.imp: no visible global function definition for ‘dev.cur’
    plot.imp: no visible global function definition for ‘locator’
    plot.imp: no visible global function definition for ‘flush.console’
    plot.outCoDa: no visible global function definition for ‘plot’
    plot.outCoDa: no visible global function definition for ‘abline’
    plot.pcaCoDa: no visible global function definition for ‘biplot’
    robVariation: no visible global function definition for ‘mad’
    robVariation: no visible global function definition for ‘var’
    summary.imp : geometricmean: no visible global function definition for
     ‘na.omit’
    summary.imp : <anonymous>: no visible global function definition for
     ‘complete.cases’
    ternaryDiag: no visible global function definition for ‘grey’
    ternaryDiag: no visible global function definition for ‘par’
    ternaryDiag: no visible global function definition for ‘plot’
    ternaryDiag: no visible global function definition for ‘segments’
    ternaryDiag: no visible global function definition for ‘mtext’
    ternaryDiag: no visible global function definition for ‘text’
    ternaryDiag : plotTern: no visible global function definition for ‘lm’
    ternaryDiag : plotTern: no visible global function definition for
     ‘predict’
    ternaryDiag : plotTern: no visible global function definition for
     ‘lines’
    ternaryDiag : plotTern: no visible global function definition for
     ‘gray’
    ternaryDiag : plotTern: no visible global function definition for
     ‘legend’
    ternaryDiag : f: no visible global function definition for ‘var’
    ternaryDiag : f: no visible global function definition for ‘princomp’
    ternaryDiag : f: no visible global function definition for ‘lines’
    ternaryDiag : f: no visible global function definition for ‘legend’
    ternaryDiag : dcov: no visible global function definition for ‘cov’
    ternaryDiag : dcov: no visible global function definition for ‘lines’
    ternaryDiag : da: no visible global function definition for ‘cov’
    ternaryDiag : da: no visible global function definition for ‘lowess’
    ternaryDiag : da: no visible global function definition for ‘lines’
    ternaryDiag: no visible global function definition for ‘points’
    ternaryDiagAbline: no visible global function definition for ‘lines’
    ternaryDiagEllipse: no visible global function definition for ‘cov’
    ternaryDiagEllipse: no visible global function definition for ‘lines’
    ternaryDiagLines: no visible global function definition for ‘lines’
    ternaryDiagPoints: no visible global function definition for ‘points’
    Undefined global functions or variables:
     abline biplot col2rgb complete.cases cov cov.wt density dev.cur
     dev.interactive devAskNewPage dnorm fitted flush.console gray grey
     identify legend lines lm locator lowess mad mahalanobis median
     model.matrix mtext na.omit napredict par pchisq plot pnorm points
     predict princomp qchisq quantile residuals rgb rnorm sd segments
     terms text var
    Consider adding
     importFrom("grDevices", "col2rgb", "dev.cur", "dev.interactive",
     "devAskNewPage", "gray", "grey", "rgb")
     importFrom("graphics", "abline", "identify", "legend", "lines",
     "locator", "mtext", "par", "plot", "points", "segments",
     "text")
     importFrom("stats", "biplot", "complete.cases", "cov", "cov.wt",
     "density", "dnorm", "fitted", "lm", "lowess", "mad",
     "mahalanobis", "median", "model.matrix", "na.omit",
     "napredict", "pchisq", "pnorm", "predict", "princomp",
     "qchisq", "quantile", "residuals", "rnorm", "sd", "terms",
     "var")
     importFrom("utils", "flush.console")
    to your NAMESPACE.
Flavors: r-devel-linux-x86_64-debian-clang, r-devel-linux-x86_64-debian-gcc, r-devel-linux-x86_64-fedora-clang, r-devel-linux-x86_64-fedora-gcc, r-devel-windows-ix86+x86_64