CRAN Package Check Results for Package robCompositions

Last updated on 2014-04-24 23:48:11.

Flavor Version Tinstall Tcheck Ttotal Status Flags
r-devel-linux-x86_64-debian-clang 1.8.0 2.47 206.73 209.20 OK
r-devel-linux-x86_64-debian-gcc 1.8.0 2.29 206.99 209.28 OK
r-devel-linux-x86_64-fedora-clang 1.8.0 429.95 OK
r-devel-linux-x86_64-fedora-gcc 1.8.0 425.55 OK
r-devel-osx-x86_64-clang 1.8.0 319.75 OK
r-devel-osx-x86_64-gcc 1.8.0 ERROR
r-devel-windows-ix86+x86_64 1.8.0 10.00 517.00 527.00 OK
r-patched-linux-x86_64 1.8.0 2.29 208.98 211.26 OK
r-patched-solaris-sparc 1.8.0 2484.20 OK
r-patched-solaris-x86 1.8.0 458.20 OK
r-release-linux-ix86 1.8.0 4.00 271.00 275.00 OK
r-release-linux-x86_64 1.8.0 2.41 207.95 210.36 OK
r-release-osx-x86_64-mavericks 1.8.0 WARN
r-release-osx-x86_64-snowleopard 1.8.0 OK
r-release-windows-ix86+x86_64 1.8.0 9.00 512.00 521.00 OK
r-oldrel-windows-ix86+x86_64 1.8.0 9.00 579.00 588.00 OK

Check Details

Version: 1.8.0
Check: package dependencies
Result: ERROR
    Packages required but not available: ‘robustbase’ ‘rrcov’ ‘car’
    
    See the information on DESCRIPTION files in the chapter ‘Creating R
    packages’ of the ‘Writing R Extensions’ manual.
Flavor: r-devel-osx-x86_64-gcc

Version: 1.8.0
Check: Rd cross-references
Result: NOTE
    Package unavailable to check Rd xrefs: ‘StatDA’
Flavor: r-release-osx-x86_64-mavericks

Version: 1.8.0
Check: PDF version of manual
Result: WARNING
    LaTeX errors when creating PDF version.
    This typically indicates Rd problems.
    LaTeX errors found:
    ! LaTeX Error: File `upquote.sty' not found.
    
    Type X to quit or <RETURN> to proceed,
    or enter new name. (Default extension: sty)
    
    3186111/Rd2.tex:8: ==> Fatal error occurred, no output PDF file produced!
Flavor: r-release-osx-x86_64-mavericks