CRAN Package Check Results for Package robCompositions

Last updated on 2019-03-18 22:54:29 CET.

Flavor Version Tinstall Tcheck Ttotal Status Flags
r-devel-linux-x86_64-debian-clang 2.0.10 25.22 202.40 227.62 OK
r-devel-linux-x86_64-debian-gcc 2.0.10 22.01 155.12 177.13 OK
r-devel-linux-x86_64-fedora-clang 2.0.10 266.33 NOTE
r-devel-linux-x86_64-fedora-gcc 2.0.10 249.80 NOTE
r-devel-windows-ix86+x86_64 2.0.10 69.00 272.00 341.00 OK --no-examples --no-tests --no-vignettes
r-patched-linux-x86_64 2.0.10 13.75 189.97 203.72 OK
r-patched-solaris-x86 2.0.10 358.90 NOTE
r-release-linux-x86_64 2.0.10 16.62 191.31 207.93 OK
r-release-windows-ix86+x86_64 2.0.10 33.00 251.00 284.00 OK --no-examples --no-tests --no-vignettes
r-release-osx-x86_64 2.0.10 NOTE
r-oldrel-windows-ix86+x86_64 2.0.10 44.00 250.00 294.00 OK --no-examples --no-tests --no-vignettes
r-oldrel-osx-x86_64 2.0.10 NOTE

Check Details

Version: 2.0.10
Check: data for non-ASCII characters
Result: NOTE
     Note: found 5701 marked UTF-8 strings
Flavors: r-devel-linux-x86_64-fedora-clang, r-devel-linux-x86_64-fedora-gcc, r-patched-solaris-x86, r-release-osx-x86_64, r-oldrel-osx-x86_64