CRAN Package Check Results for Package robCompositions

Last updated on 2015-04-01 13:48:25.

Flavor Version Tinstall Tcheck Ttotal Status Flags
r-devel-linux-x86_64-debian-clang 1.9.0 2.32 186.74 189.06 NOTE
r-devel-linux-x86_64-debian-gcc 1.9.0 2.27 180.82 183.10 NOTE
r-devel-linux-x86_64-fedora-clang 1.9.0 392.00 NOTE
r-devel-linux-x86_64-fedora-gcc 1.9.0 402.47 NOTE
r-devel-osx-x86_64-clang 1.9.0 326.10 NOTE
r-prerel-windows-ix86+x86_64 1.9.0 11.00 458.00 469.00 NOTE
r-prerel-linux-x86_64 1.9.0 2.22 187.78 189.99 NOTE
r-prerel-solaris-sparc 1.9.0 2559.60 NOTE
r-prerel-solaris-x86 1.9.0 454.00 NOTE
r-release-linux-x86_64 1.9.0 4.06 227.27 231.34 OK
r-release-osx-x86_64-mavericks 1.9.0 ERROR
r-release-osx-x86_64-snowleopard 1.9.0 OK
r-release-windows-ix86+x86_64 1.9.0 14.00 579.00 593.00 OK
r-oldrel-windows-ix86+x86_64 1.9.0 15.00 656.00 671.00 OK

Check Details

Version: 1.9.0
Check: DESCRIPTION meta-information
Result: NOTE
    Malformed Title field: should not end in a period.
Flavors: r-devel-linux-x86_64-debian-clang, r-devel-linux-x86_64-debian-gcc, r-devel-linux-x86_64-fedora-clang, r-devel-linux-x86_64-fedora-gcc, r-devel-osx-x86_64-clang, r-prerel-windows-ix86+x86_64, r-prerel-linux-x86_64, r-prerel-solaris-sparc, r-prerel-solaris-x86

Version: 1.9.0
Check: running R code from vignettes
Result: ERROR
    Errors in running code in vignettes:
    when running code in ‘imputation.Rnw’
     ...
    Loading required package: robustbase
    Error in dyn.load(file, DLLpath = DLLpath, ...) :
     unable to load shared object '/Builds/CRAN-QA-Simon/packages/mavericks-x86_64/Rlib/3.1/robustbase/libs/robustbase.so':
     dlopen(/Builds/CRAN-QA-Simon/packages/mavericks-x86_64/Rlib/3.1/robustbase/libs/robustbase.so, 6): Library not loaded: /Library/Frameworks/R.framework/Versions/3.1/Resources/lib/libgfortran.3.dylib
     Referenced from: /Builds/CRAN-QA-Simon/packages/mavericks-x86_64/Rlib/3.1/robustbase/libs/robustbase.so
     Reason: image not found
    
     When sourcing ‘imputation.R’:
    Error: package ‘robustbase’ could not be loaded
    Execution halted
Flavor: r-release-osx-x86_64-mavericks