CRAN Package Check Results for Package robCompositions

Last updated on 2018-04-25 19:47:24 CEST.

Flavor Version Tinstall Tcheck Ttotal Status Flags
r-devel-linux-x86_64-debian-clang 2.0.7 16.22 187.09 203.31 OK
r-devel-linux-x86_64-debian-gcc 2.0.7 14.50 146.82 161.32 OK
r-devel-linux-x86_64-fedora-clang 2.0.7 251.83 NOTE
r-devel-linux-x86_64-fedora-gcc 2.0.7 246.88 NOTE
r-devel-windows-ix86+x86_64 2.0.7 47.00 155.00 202.00 OK --no-examples --no-tests --no-vignettes
r-patched-linux-x86_64 2.0.7 17.30 185.39 202.69 OK
r-patched-solaris-x86 2.0.7 334.50 NOTE
r-release-linux-x86_64 2.0.7 17.87 186.37 204.24 OK
r-release-windows-ix86+x86_64 2.0.7 47.00 155.00 202.00 OK --no-examples --no-tests --no-vignettes
r-release-osx-x86_64 2.0.7 NOTE
r-oldrel-windows-ix86+x86_64 2.0.7 29.00 227.00 256.00 OK --no-examples --no-tests --no-vignettes
r-oldrel-osx-x86_64 2.0.7 NOTE

Check Details

Version: 2.0.7
Check: data for non-ASCII characters
Result: NOTE
     Note: found 5701 marked UTF-8 strings
Flavors: r-devel-linux-x86_64-fedora-clang, r-devel-linux-x86_64-fedora-gcc, r-patched-solaris-x86, r-release-osx-x86_64, r-oldrel-osx-x86_64