CRAN Package Check Results for Package robcor

Last updated on 2015-03-06 03:46:46.

Flavor Version Tinstall Tcheck Ttotal Status Flags
r-devel-linux-x86_64-debian-clang 0.1-6 0.56 9.88 10.44 NOTE
r-devel-linux-x86_64-debian-gcc 0.1-6 0.51 9.34 9.85 NOTE
r-devel-linux-x86_64-fedora-clang 0.1-6 18.38 NOTE
r-devel-linux-x86_64-fedora-gcc 0.1-6 17.53 NOTE
r-devel-osx-x86_64-clang 0.1-6 24.06 NOTE
r-devel-windows-ix86+x86_64 0.1-6 2.00 18.00 20.00 NOTE
r-patched-linux-x86_64 0.1-6 0.56 9.93 10.49 NOTE
r-patched-solaris-sparc 0.1-6 135.30 NOTE
r-patched-solaris-x86 0.1-6 30.90 NOTE
r-release-linux-ix86 0.1-6 0.81 15.89 16.70 NOTE
r-release-linux-x86_64 0.1-6 0.65 9.93 10.58 NOTE
r-release-osx-x86_64-mavericks 0.1-6 NOTE
r-release-osx-x86_64-snowleopard 0.1-6 OK
r-release-windows-ix86+x86_64 0.1-6 2.00 18.00 20.00 NOTE
r-oldrel-windows-ix86+x86_64 0.1-6 2.00 18.00 20.00 OK

Check Details

Version: 0.1-6
Check: dependencies in R code
Result: NOTE
    'library' or 'require' calls in package code:
     ‘robustbase’ ‘sfsmisc’
     Please use :: or requireNamespace() instead.
     See section 'Suggested packages' in the 'Writing R Extensions' manual.
Flavors: r-devel-linux-x86_64-debian-clang, r-devel-linux-x86_64-debian-gcc, r-devel-linux-x86_64-fedora-clang, r-devel-linux-x86_64-fedora-gcc, r-devel-osx-x86_64-clang, r-devel-windows-ix86+x86_64, r-patched-linux-x86_64, r-patched-solaris-sparc, r-patched-solaris-x86

Version: 0.1-6
Check: R code for possible problems
Result: NOTE
    psdcor: no visible global function definition for ‘posdefify’
    psdcor: no visible global function definition for ‘nearcor’
    robcor: no visible global function definition for ‘covMcd’
Flavors: r-devel-linux-x86_64-debian-clang, r-devel-linux-x86_64-debian-gcc, r-devel-linux-x86_64-fedora-clang, r-devel-linux-x86_64-fedora-gcc, r-devel-osx-x86_64-clang, r-devel-windows-ix86+x86_64, r-patched-linux-x86_64, r-patched-solaris-sparc, r-patched-solaris-x86, r-release-linux-ix86, r-release-linux-x86_64, r-release-osx-x86_64-mavericks, r-release-windows-ix86+x86_64