CRAN Package Check Results for Package robcor

Last updated on 2015-04-25 03:47:51.

Flavor Version Tinstall Tcheck Ttotal Status Flags
r-devel-linux-x86_64-debian-clang 0.1-6 0.53 9.20 9.73 NOTE
r-devel-linux-x86_64-debian-gcc 0.1-6 0.54 9.40 9.94 NOTE
r-devel-linux-x86_64-fedora-clang 0.1-6 18.52 NOTE
r-devel-linux-x86_64-fedora-gcc 0.1-6 17.48 NOTE
r-devel-osx-x86_64-clang 0.1-6 22.41 NOTE
r-devel-windows-ix86+x86_64 0.1-6 2.00 17.00 19.00 NOTE
r-patched-linux-x86_64 0.1-6 0.52 9.33 9.86 NOTE
r-patched-solaris-sparc 0.1-6 128.90 NOTE
r-patched-solaris-x86 0.1-6 26.60 NOTE
r-release-linux-x86_64 0.1-6 0.51 8.96 9.47 NOTE
r-release-osx-x86_64-mavericks 0.1-6 NOTE
r-release-osx-x86_64-snowleopard 0.1-6 NOTE
r-release-windows-ix86+x86_64 0.1-6 2.00 18.00 20.00 NOTE
r-oldrel-windows-ix86+x86_64 0.1-6 2.00 16.00 18.00 NOTE

Check Details

Version: 0.1-6
Check: dependencies in R code
Result: NOTE
    'library' or 'require' calls in package code:
     'robustbase' 'sfsmisc'
     Please use :: or requireNamespace() instead.
     See section 'Suggested packages' in the 'Writing R Extensions' manual.
Flavors: r-devel-windows-ix86+x86_64, r-patched-linux-x86_64, r-release-windows-ix86+x86_64, r-oldrel-windows-ix86+x86_64

Version: 0.1-6
Check: R code for possible problems
Result: NOTE
    psdcor: no visible global function definition for 'posdefify'
    psdcor: no visible global function definition for 'nearcor'
    robcor: no visible global function definition for 'covMcd'
Flavors: r-devel-windows-ix86+x86_64, r-patched-linux-x86_64, r-release-windows-ix86+x86_64, r-oldrel-windows-ix86+x86_64