CRAN Package Check Results for Package robcor

Last updated on 2014-09-17 01:48:18.

Flavor Version Tinstall Tcheck Ttotal Status Flags
r-devel-linux-x86_64-debian-clang 0.1-6 0.48 9.56 10.05 NOTE
r-devel-linux-x86_64-debian-gcc 0.1-6 0.50 9.42 9.92 NOTE
r-devel-linux-x86_64-fedora-clang 0.1-6 19.89 NOTE
r-devel-linux-x86_64-fedora-gcc 0.1-6 18.44 NOTE
r-devel-osx-x86_64-clang 0.1-6 22.65 NOTE
r-devel-windows-ix86+x86_64 0.1-6 1.00 15.00 16.00 NOTE
r-patched-linux-x86_64 0.1-6 0.51 9.46 9.98 OK
r-patched-solaris-sparc 0.1-6 132.80 OK
r-patched-solaris-x86 0.1-6 29.60 OK
r-release-linux-ix86 0.1-6 0.80 15.22 16.02 OK
r-release-linux-x86_64 0.1-6 0.53 10.20 10.72 OK
r-release-osx-x86_64-mavericks 0.1-6 OK
r-release-osx-x86_64-snowleopard 0.1-6 OK
r-release-windows-ix86+x86_64 0.1-6 2.00 17.00 19.00 OK
r-oldrel-windows-ix86+x86_64 0.1-6 2.00 17.00 19.00 OK

Check Details

Version: 0.1-6
Check: R code for possible problems
Result: NOTE
    psdcor: no visible global function definition for ‘posdefify’
    psdcor: no visible global function definition for ‘nearcor’
    robcor: no visible global function definition for ‘covMcd’
Flavors: r-devel-linux-x86_64-debian-clang, r-devel-linux-x86_64-debian-gcc, r-devel-linux-x86_64-fedora-clang, r-devel-linux-x86_64-fedora-gcc, r-devel-osx-x86_64-clang, r-devel-windows-ix86+x86_64