CRAN Package Check Results for Package robcor

Last updated on 2014-12-20 19:48:30.

Flavor Version Tinstall Tcheck Ttotal Status Flags
r-devel-linux-x86_64-debian-clang 0.1-6 0.56 10.57 11.12 NOTE
r-devel-linux-x86_64-debian-gcc 0.1-6 0.55 9.58 10.13 NOTE
r-devel-linux-x86_64-fedora-clang 0.1-6 21.72 NOTE
r-devel-linux-x86_64-fedora-gcc 0.1-6 20.05 NOTE
r-devel-osx-x86_64-clang 0.1-6 23.30 NOTE
r-devel-windows-ix86+x86_64 0.1-6 2.00 17.00 19.00 NOTE
r-patched-linux-x86_64 0.1-6 0.58 10.44 11.02 NOTE
r-patched-solaris-sparc 0.1-6 115.90 NOTE
r-patched-solaris-x86 0.1-6 31.60 NOTE
r-release-linux-ix86 0.1-6 0.83 14.84 15.68 NOTE
r-release-linux-x86_64 0.1-6 0.56 9.94 10.50 NOTE
r-release-osx-x86_64-mavericks 0.1-6 OK
r-release-osx-x86_64-snowleopard 0.1-6 OK
r-release-windows-ix86+x86_64 0.1-6 2.00 16.00 18.00 NOTE
r-oldrel-windows-ix86+x86_64 0.1-6 2.00 18.00 20.00 OK

Check Details

Version: 0.1-6
Check: R code for possible problems
Result: NOTE
    psdcor: no visible global function definition for ‘posdefify’
    psdcor: no visible global function definition for ‘nearcor’
    robcor: no visible global function definition for ‘covMcd’
Flavors: r-devel-linux-x86_64-debian-clang, r-devel-linux-x86_64-debian-gcc, r-devel-linux-x86_64-fedora-clang, r-devel-linux-x86_64-fedora-gcc, r-devel-osx-x86_64-clang, r-devel-windows-ix86+x86_64, r-patched-linux-x86_64, r-patched-solaris-sparc, r-patched-solaris-x86, r-release-linux-ix86, r-release-linux-x86_64, r-release-windows-ix86+x86_64