CRAN Package Check Results for Package robcor

Last updated on 2014-10-31 08:47:16.

Flavor Version Tinstall Tcheck Ttotal Status Flags
r-devel-linux-x86_64-debian-clang 0.1-6 0.64 9.85 10.48 NOTE
r-devel-linux-x86_64-debian-gcc 0.1-6 0.56 9.72 10.28 NOTE
r-devel-linux-x86_64-fedora-clang 0.1-6 20.53 NOTE
r-devel-linux-x86_64-fedora-gcc 0.1-6 19.25 NOTE
r-devel-osx-x86_64-clang 0.1-6 23.20 NOTE
r-devel-windows-ix86+x86_64 0.1-6 2.00 16.00 18.00 NOTE
r-patched-linux-x86_64 0.1-6 0.74 9.62 10.36 NOTE
r-patched-solaris-sparc 0.1-6 115.90 NOTE
r-patched-solaris-x86 0.1-6 30.40 NOTE
r-release-linux-ix86 0.1-6 0.81 15.27 16.08 OK
r-release-linux-x86_64 0.1-6 0.55 9.80 10.36 OK
r-release-osx-x86_64-mavericks 0.1-6 OK
r-release-osx-x86_64-snowleopard 0.1-6 OK
r-release-windows-ix86+x86_64 0.1-6 2.00 16.00 18.00 OK
r-oldrel-windows-ix86+x86_64 0.1-6 2.00 17.00 19.00 OK

Check Details

Version: 0.1-6
Check: R code for possible problems
Result: NOTE
    psdcor: no visible global function definition for ‘posdefify’
    psdcor: no visible global function definition for ‘nearcor’
    robcor: no visible global function definition for ‘covMcd’
Flavors: r-devel-linux-x86_64-debian-clang, r-devel-linux-x86_64-debian-gcc, r-devel-linux-x86_64-fedora-clang, r-devel-linux-x86_64-fedora-gcc, r-devel-osx-x86_64-clang, r-devel-windows-ix86+x86_64, r-patched-linux-x86_64, r-patched-solaris-sparc, r-patched-solaris-x86