CRAN Package Check Results for Package robcor

Last updated on 2016-02-12 05:48:12.

Flavor Version Tinstall Tcheck Ttotal Status Flags
r-devel-linux-x86_64-debian-gcc 0.1-6 0.60 8.46 9.06 NOTE
r-devel-linux-x86_64-fedora-clang 0.1-6 15.84 NOTE
r-devel-linux-x86_64-fedora-gcc 0.1-6 14.90 NOTE
r-devel-osx-x86_64-clang 0.1-6 19.30 NOTE
r-devel-windows-ix86+x86_64 0.1-6 3.00 29.00 32.00 NOTE
r-patched-linux-x86_64 0.1-6 0.56 9.58 10.14 NOTE
r-patched-solaris-sparc 0.1-6 103.10 NOTE
r-patched-solaris-x86 0.1-6 23.50 NOTE
r-release-linux-x86_64 0.1-6 0.55 9.11 9.66 NOTE
r-release-osx-x86_64-mavericks 0.1-6 NOTE
r-release-windows-ix86+x86_64 0.1-6 3.00 16.00 19.00 NOTE
r-oldrel-windows-ix86+x86_64 0.1-6 4.00 18.00 22.00 NOTE

Check Details

Version: 0.1-6
Check: dependencies in R code
Result: NOTE
    'library' or 'require' calls in package code:
     ‘robustbase’ ‘sfsmisc’
     Please use :: or requireNamespace() instead.
     See section 'Suggested packages' in the 'Writing R Extensions' manual.
Flavors: r-devel-linux-x86_64-debian-gcc, r-devel-linux-x86_64-fedora-clang, r-devel-linux-x86_64-fedora-gcc, r-devel-osx-x86_64-clang, r-devel-windows-ix86+x86_64, r-patched-linux-x86_64, r-patched-solaris-sparc, r-patched-solaris-x86, r-release-linux-x86_64, r-release-osx-x86_64-mavericks, r-release-windows-ix86+x86_64, r-oldrel-windows-ix86+x86_64

Version: 0.1-6
Check: R code for possible problems
Result: NOTE
    .BuildPartial: no visible global function definition for ‘as.formula’
    .BuildPartial: no visible global function definition for ‘residuals’
    .PairwiseCorrelation : .Standardize : <anonymous>: no visible global
     function definition for ‘na.omit’
    .PairwiseCorrelation : .Standardize: no visible binding for global
     variable ‘median’
    .PairwiseCorrelation: no visible global function definition for
     ‘complete.cases’
    .yw: no visible global function definition for ‘toeplitz’
    FastQn: no visible global function definition for ‘median’
    FastQn: no visible global function definition for ‘mad’
    fqn: no visible global function definition for ‘median’
    fqn: no visible global function definition for ‘mad’
    psdcor: no visible global function definition for ‘posdefify’
    psdcor: no visible global function definition for ‘nearcor’
    robar: no visible global function definition for ‘frequency’
    robcor: no visible global function definition for ‘covMcd’
    s_FastQn: no visible global function definition for ‘median’
    Undefined global functions or variables:
     as.formula complete.cases covMcd frequency mad median na.omit nearcor
     posdefify residuals toeplitz
    Consider adding
     importFrom("stats", "as.formula", "complete.cases", "frequency", "mad",
     "median", "na.omit", "residuals", "toeplitz")
    to your NAMESPACE file.
Flavors: r-devel-linux-x86_64-debian-gcc, r-devel-linux-x86_64-fedora-clang, r-devel-linux-x86_64-fedora-gcc, r-devel-osx-x86_64-clang, r-devel-windows-ix86+x86_64

Version: 0.1-6
Check: R code for possible problems
Result: NOTE
    psdcor: no visible global function definition for ‘posdefify’
    psdcor: no visible global function definition for ‘nearcor’
    robcor: no visible global function definition for ‘covMcd’
Flavors: r-patched-linux-x86_64, r-patched-solaris-sparc, r-patched-solaris-x86, r-release-linux-x86_64, r-release-osx-x86_64-mavericks, r-release-windows-ix86+x86_64, r-oldrel-windows-ix86+x86_64