CRAN Package Check Results for Package robcor

Last updated on 2015-02-01 05:48:04.

Flavor Version Tinstall Tcheck Ttotal Status Flags
r-devel-linux-x86_64-debian-clang 0.1-6 0.56 9.40 9.95 NOTE
r-devel-linux-x86_64-debian-gcc 0.1-6 0.52 8.93 9.45 NOTE
r-devel-linux-x86_64-fedora-clang 0.1-6 21.15 NOTE
r-devel-linux-x86_64-fedora-gcc 0.1-6 17.92 NOTE
r-devel-osx-x86_64-clang 0.1-6 24.05 NOTE
r-devel-windows-ix86+x86_64 0.1-6 3.00 15.00 18.00 NOTE
r-patched-linux-x86_64 0.1-6 0.58 9.69 10.26 NOTE
r-patched-solaris-sparc 0.1-6 118.70 NOTE
r-patched-solaris-x86 0.1-6 31.30 NOTE
r-release-linux-ix86 0.1-6 0.83 15.60 16.44 NOTE
r-release-linux-x86_64 0.1-6 0.58 9.60 10.18 NOTE
r-release-osx-x86_64-mavericks 0.1-6 NOTE
r-release-osx-x86_64-snowleopard 0.1-6 OK
r-release-windows-ix86+x86_64 0.1-6 2.00 17.00 19.00 NOTE
r-oldrel-windows-ix86+x86_64 0.1-6 2.00 17.00 19.00 OK

Check Details

Version: 0.1-6
Check: dependencies in R code
Result: NOTE
    'library' or 'require' calls in package code:
     ‘robustbase’ ‘sfsmisc’
     Please use :: or requireNamespace() instead.
     See section 'Suggested packages' in the 'Writing R Extensions' manual.
Flavors: r-devel-linux-x86_64-debian-clang, r-devel-linux-x86_64-debian-gcc, r-devel-linux-x86_64-fedora-clang, r-devel-linux-x86_64-fedora-gcc, r-devel-osx-x86_64-clang, r-devel-windows-ix86+x86_64

Version: 0.1-6
Check: R code for possible problems
Result: NOTE
    psdcor: no visible global function definition for ‘posdefify’
    psdcor: no visible global function definition for ‘nearcor’
    robcor: no visible global function definition for ‘covMcd’
Flavors: r-devel-linux-x86_64-debian-clang, r-devel-linux-x86_64-debian-gcc, r-devel-linux-x86_64-fedora-clang, r-devel-linux-x86_64-fedora-gcc, r-devel-osx-x86_64-clang, r-devel-windows-ix86+x86_64, r-patched-linux-x86_64, r-patched-solaris-sparc, r-patched-solaris-x86, r-release-linux-ix86, r-release-linux-x86_64, r-release-osx-x86_64-mavericks, r-release-windows-ix86+x86_64