CRAN Package Check Results for Package robcor

Last updated on 2014-04-24 03:47:53.

Flavor Version Tinstall Tcheck Ttotal Status Flags
r-devel-linux-x86_64-debian-clang 0.1-6 0.58 10.00 10.58 OK
r-devel-linux-x86_64-debian-gcc 0.1-6 0.60 9.86 10.46 OK
r-devel-linux-x86_64-fedora-clang 0.1-6 20.95 OK
r-devel-linux-x86_64-fedora-gcc 0.1-6 19.86 OK
r-devel-osx-x86_64-clang 0.1-6 23.41 OK
r-devel-osx-x86_64-gcc 0.1-6 NOTE
r-devel-windows-ix86+x86_64 0.1-6 2.00 15.00 17.00 OK
r-patched-linux-x86_64 0.1-6 0.56 9.73 10.29 OK
r-patched-solaris-sparc 0.1-6 143.50 OK
r-patched-solaris-x86 0.1-6 30.00 OK
r-release-linux-ix86 0.1-6 1.00 22.00 23.00 OK
r-release-linux-x86_64 0.1-6 0.61 9.96 10.57 OK
r-release-osx-x86_64-mavericks 0.1-6 WARN
r-release-osx-x86_64-snowleopard 0.1-6 OK
r-release-windows-ix86+x86_64 0.1-6 2.00 16.00 18.00 OK
r-oldrel-windows-ix86+x86_64 0.1-6 2.00 17.00 19.00 OK

Check Details

Version: 0.1-6
Check: package dependencies
Result: NOTE
    Package suggested but not available for checking: ‘robustbase’
Flavor: r-devel-osx-x86_64-gcc

Version: 0.1-6
Check: R code for possible problems
Result: NOTE
    robcor: no visible global function definition for ‘covMcd’
Flavor: r-devel-osx-x86_64-gcc

Version: 0.1-6
Check: Rd cross-references
Result: NOTE
    Package unavailable to check Rd xrefs: ‘robustbase’
Flavor: r-devel-osx-x86_64-gcc

Version: 0.1-6
Check: PDF version of manual
Result: WARNING
    LaTeX errors when creating PDF version.
    This typically indicates Rd problems.
    LaTeX errors found:
    ! LaTeX Error: File `upquote.sty' not found.
    
    Type X to quit or <RETURN> to proceed,
    or enter new name. (Default extension: sty)
    
    3ed712d/Rd2.tex:8: ==> Fatal error occurred, no output PDF file produced!
Flavor: r-release-osx-x86_64-mavericks