CRAN Package Check Results for Package robcor

Last updated on 2014-08-22 00:46:55.

Flavor Version Tinstall Tcheck Ttotal Status Flags
r-devel-linux-x86_64-debian-clang 0.1-6 0.56 8.96 9.52 OK
r-devel-linux-x86_64-debian-gcc 0.1-6 0.51 9.10 9.61 OK
r-devel-linux-x86_64-fedora-clang 0.1-6 20.56 NOTE
r-devel-linux-x86_64-fedora-gcc 0.1-6 18.63 NOTE
r-devel-osx-x86_64-clang 0.1-6 21.41 NOTE
r-devel-windows-ix86+x86_64 0.1-6 2.00 17.00 19.00 OK
r-patched-linux-x86_64 0.1-6 0.53 9.29 9.82 OK
r-patched-solaris-sparc 0.1-6 132.80 OK
r-patched-solaris-x86 0.1-6 29.80 OK
r-release-linux-ix86 0.1-6 0.81 15.26 16.06 OK
r-release-linux-x86_64 0.1-6 0.54 9.41 9.95 OK
r-release-osx-x86_64-mavericks 0.1-6 OK
r-release-osx-x86_64-snowleopard 0.1-6 OK
r-release-windows-ix86+x86_64 0.1-6 2.00 17.00 19.00 OK
r-oldrel-windows-ix86+x86_64 0.1-6 2.00 18.00 20.00 OK

Check Details

Version: 0.1-6
Check: R code for possible problems
Result: NOTE
    psdcor: no visible global function definition for ‘posdefify’
    psdcor: no visible global function definition for ‘nearcor’
    robcor: no visible global function definition for ‘covMcd’
Flavors: r-devel-linux-x86_64-fedora-clang, r-devel-linux-x86_64-fedora-gcc, r-devel-osx-x86_64-clang