CRAN Package Check Results for Package robfilter

Last updated on 2019-02-23 22:56:22 CET.

Flavor Version Tinstall Tcheck Ttotal Status Flags
r-devel-linux-x86_64-debian-clang 4.1.1 17.96 104.71 122.67 WARN
r-devel-linux-x86_64-debian-gcc 4.1.1 14.86 77.40 92.26 WARN
r-devel-linux-x86_64-fedora-clang 4.1.1 148.98 WARN
r-devel-linux-x86_64-fedora-gcc 4.1.1 136.90 WARN
r-devel-windows-ix86+x86_64 4.1.1 48.00 222.00 270.00 OK
r-patched-linux-x86_64 4.1.1 17.10 98.41 115.51 OK
r-patched-solaris-x86 4.1.1 184.40 OK
r-release-linux-x86_64 4.1.1 15.29 97.42 112.71 OK
r-release-windows-ix86+x86_64 4.1.1 45.00 229.00 274.00 OK
r-release-osx-x86_64 4.1.1 WARN
r-oldrel-windows-ix86+x86_64 4.1.1 30.00 229.00 259.00 OK
r-oldrel-osx-x86_64 4.1.1 OK

Check Details

Version: 4.1.1
Check: whether package can be installed
Result: WARN
    Found the following significant warnings:
     ./hammock.h:369:15: warning: assigning field to itself [-Wself-assign-field]
Flavors: r-devel-linux-x86_64-debian-clang, r-devel-linux-x86_64-fedora-clang, r-release-osx-x86_64

Version: 4.1.1
Check: whether package can be installed
Result: WARN
    Found the following significant warnings:
     robust.cpp:665:25: warning: catching polymorphic type ‘class std::exception’ by value [-Wcatch-value=]
Flavors: r-devel-linux-x86_64-debian-gcc, r-devel-linux-x86_64-fedora-gcc