CRAN Package Check Results for Package robfilter

Last updated on 2019-07-21 16:47:39 CEST.

Flavor Version Tinstall Tcheck Ttotal Status Flags
r-devel-linux-x86_64-debian-clang 4.1.1 18.18 103.72 121.90 WARN
r-devel-linux-x86_64-debian-gcc 4.1.1 16.87 76.18 93.05 WARN
r-devel-linux-x86_64-fedora-clang 4.1.1 147.01 WARN
r-devel-linux-x86_64-fedora-gcc 4.1.1 148.15 WARN
r-devel-windows-ix86+x86_64 4.1.1 38.00 229.00 267.00 OK
r-patched-linux-x86_64 4.1.1 17.52 101.12 118.64 WARN
r-patched-solaris-x86 4.1.1 195.30 OK
r-release-linux-x86_64 4.1.1 20.91 101.56 122.47 WARN
r-release-windows-ix86+x86_64 4.1.1 43.00 166.00 209.00 OK
r-release-osx-x86_64 4.1.1 WARN
r-oldrel-windows-ix86+x86_64 4.1.1 53.00 173.00 226.00 OK
r-oldrel-osx-x86_64 4.1.1 WARN

Additional issues

LTO

Check Details

Version: 4.1.1
Check: whether package can be installed
Result: WARN
    Found the following significant warnings:
     ./hammock.h:369:15: warning: assigning field to itself [-Wself-assign-field]
Flavors: r-devel-linux-x86_64-debian-clang, r-devel-linux-x86_64-fedora-clang, r-release-osx-x86_64, r-oldrel-osx-x86_64

Version: 4.1.1
Check: whether package can be installed
Result: WARN
    Found the following significant warnings:
     robust.cpp:665:25: warning: catching polymorphic type ‘class std::exception’ by value [-Wcatch-value=]
Flavors: r-devel-linux-x86_64-debian-gcc, r-devel-linux-x86_64-fedora-gcc, r-patched-linux-x86_64, r-release-linux-x86_64