CRAN Package Check Results for Package robfilter

Last updated on 2014-11-21 10:52:38.

Flavor Version Tinstall Tcheck Ttotal Status Flags
r-devel-linux-x86_64-debian-clang 4.0 5.23 81.33 86.56 NOTE
r-devel-linux-x86_64-debian-gcc 4.0 6.43 87.57 94.00 NOTE
r-devel-linux-x86_64-fedora-clang 4.0 183.61 NOTE
r-devel-linux-x86_64-fedora-gcc 4.0 170.09 NOTE
r-devel-osx-x86_64-clang 4.0 147.36 NOTE
r-devel-windows-ix86+x86_64 4.0 26.00 192.00 218.00 NOTE
r-patched-linux-x86_64 4.0 6.55 88.56 95.11 NOTE
r-patched-solaris-sparc 4.0 1096.40 NOTE
r-patched-solaris-x86 4.0 216.10 NOTE
r-release-linux-ix86 4.0 9.46 104.32 113.78 NOTE
r-release-linux-x86_64 4.0 6.65 89.22 95.87 NOTE
r-release-osx-x86_64-mavericks 4.0 NOTE
r-release-osx-x86_64-snowleopard 4.0 NOTE
r-release-windows-ix86+x86_64 4.0 36.00 225.00 261.00 NOTE
r-oldrel-windows-ix86+x86_64 4.0 27.00 263.00 290.00 NOTE

Check Details

Version: 4.0
Check: top-level files
Result: NOTE
    Non-standard files/directories found at top level:
     ‘privdata’ ‘scripts’
Flavors: r-devel-linux-x86_64-debian-clang, r-devel-linux-x86_64-debian-gcc, r-devel-linux-x86_64-fedora-clang, r-devel-linux-x86_64-fedora-gcc, r-patched-linux-x86_64, r-release-linux-x86_64

Version: 4.0
Check: dependencies in R code
Result: NOTE
    'library' or 'require' call to ‘lattice’ which was already attached by Depends.
     Please remove these calls from your code.
    Package in Depends field not imported from: ‘lattice’
     These packages need to be imported from (in the NAMESPACE file)
     for when this namespace is loaded but not attached.
    See the information on DESCRIPTION files in the chapter ‘Creating R
    packages’ of the ‘Writing R Extensions’ manual.
Flavors: r-devel-linux-x86_64-debian-clang, r-devel-linux-x86_64-debian-gcc, r-devel-linux-x86_64-fedora-clang, r-devel-linux-x86_64-fedora-gcc, r-devel-osx-x86_64-clang, r-devel-windows-ix86+x86_64, r-patched-linux-x86_64, r-patched-solaris-sparc, r-patched-solaris-x86, r-release-linux-ix86, r-release-linux-x86_64, r-release-osx-x86_64-mavericks, r-release-windows-ix86+x86_64, r-oldrel-windows-ix86+x86_64

Version: 4.0
Check: R code for possible problems
Result: NOTE
    LMSon: no visible global function definition for ‘lqs’
    LTSon: no visible global function definition for ‘lqs’
    adore.filter : get.critval: no visible binding for global variable
     ‘critvals’
    madore.filter : get.critval: no visible binding for global variable
     ‘critvals’
    madore.filter: no visible binding for global variable ‘const’
    mscarm.filter: no visible binding for global variable ‘const.Q’
    mscarm.filter: no visible binding for global variable ‘var.n’
    mscarm.filter : get.Q.adj: no visible binding for global variable
     ‘const.Q’
    mscarm.filter : get.critval: no visible binding for global variable
     ‘dfs’
    mscarm.filter : scarm.test.statistic: no visible binding for global
     variable ‘var.n’
    scarm.filter: no visible binding for global variable ‘const.Q’
    scarm.filter : get.Q.adj: no visible binding for global variable
     ‘const.Q’
    scarm.filter : get.critval: no visible binding for global variable
     ‘dfs’
    scarm.filter: no visible binding for global variable ‘var.n’
    scarm.filter : scarm.test.statistic: no visible binding for global
     variable ‘var.n’
    trendLMS: no visible global function definition for ‘lqs’
    trendLTS: no visible global function definition for ‘lqs’
    
    Found the following calls to data() loading into the global environment:
    File ‘robfilter/R/adore.filter.R’:
     data(critvals)
    File ‘robfilter/R/madore.filter.R’:
     data(critvals)
     data(const)
    File ‘robfilter/R/mscarm.filter.R’:
     data(dfs)
     data(const.Q)
     data(var.n)
    File ‘robfilter/R/scarm.filter.R’:
     data(dfs)
     data(var.n)
    See section ‘Good practice’ in ‘?data’.
Flavors: r-devel-linux-x86_64-debian-clang, r-devel-linux-x86_64-debian-gcc, r-devel-linux-x86_64-fedora-clang, r-devel-osx-x86_64-clang, r-patched-linux-x86_64, r-release-linux-ix86, r-release-linux-x86_64

Version: 4.0
Check: compiled code
Result: NOTE
    File ‘robfilter/libs/robfilter.so’:
     Found ‘rand’, possibly from ‘rand’ (C)
     Objects: ‘LQDAdvanced.o’, ‘RMquick.o’, ‘robust.o’
     Found ‘srand’, possibly from ‘srand’ (C)
     Object: ‘robust.o’
    
    Compiled code should not call entry points which might terminate R nor
    write to stdout/stderr instead of to the console, nor the C RNG.
    
    See ‘Writing portable packages’ in the ‘Writing R Extensions’ manual.
Flavors: r-devel-linux-x86_64-debian-clang, r-devel-linux-x86_64-debian-gcc, r-devel-linux-x86_64-fedora-clang, r-devel-linux-x86_64-fedora-gcc, r-patched-linux-x86_64, r-patched-solaris-sparc, r-patched-solaris-x86, r-release-linux-ix86, r-release-linux-x86_64

Version: 4.0
Check: R code for possible problems
Result: NOTE
    LMSon: no visible global function definition for ‘lqs’
    LTSon: no visible global function definition for ‘lqs’
    adore.filter : get.critval: no visible binding for global variable
     ‘critvals’
    madore.filter : get.critval: no visible binding for global variable
     ‘critvals’
    madore.filter: no visible binding for global variable ‘const’
    mscarm.filter: no visible binding for global variable ‘const.Q’
    mscarm.filter: no visible binding for global variable ‘var.n’
    mscarm.filter : get.Q.adj: no visible binding for global variable
     ‘const.Q’
    mscarm.filter : get.critval: no visible binding for global variable
     ‘dfs’
    mscarm.filter : scarm.test.statistic: no visible binding for global
     variable ‘var.n’
    scarm.filter: no visible binding for global variable ‘const.Q’
    scarm.filter : get.Q.adj: no visible binding for global variable
     ‘const.Q’
    scarm.filter : get.critval: no visible binding for global variable
     ‘dfs’
    scarm.filter: no visible binding for global variable ‘var.n’
    scarm.filter : scarm.test.statistic: no visible binding for global
     variable ‘var.n’
    trendLMS: no visible global function definition for ‘lqs’
    trendLTS: no visible global function definition for ‘lqs’
Flavors: r-devel-linux-x86_64-fedora-gcc, r-devel-windows-ix86+x86_64, r-patched-solaris-sparc, r-patched-solaris-x86, r-release-windows-ix86+x86_64

Version: 4.0
Check: compiled code
Result: NOTE
    File ‘robfilter/libs/robfilter.so’:
     Found ‘_rand’, possibly from ‘rand’ (C)
     Objects: ‘LQDAdvanced.o’, ‘RMquick.o’, ‘robust.o’
     Found ‘_srand’, possibly from ‘srand’ (C)
     Object: ‘robust.o’
    
    Compiled code should not call entry points which might terminate R nor
    write to stdout/stderr instead of to the console, nor the C RNG.
    
    See ‘Writing portable packages’ in the ‘Writing R Extensions’ manual.
Flavor: r-devel-osx-x86_64-clang

Version: 4.0
Check: compiled code
Result: NOTE
    File 'robfilter/libs/i386/robfilter.dll':
     Found 'rand', possibly from 'rand' (C)
     Objects: 'LQDAdvanced.o', 'RMquick.o', 'robust.o'
     Found 'srand', possibly from 'srand' (C)
     Object: 'robust.o'
    File 'robfilter/libs/x64/robfilter.dll':
     Found 'rand', possibly from 'rand' (C)
     Objects: 'LQDAdvanced.o', 'RMquick.o', 'robust.o'
     Found 'srand', possibly from 'srand' (C)
     Object: 'robust.o'
    
    Compiled code should not call entry points which might terminate R nor
    write to stdout/stderr instead of to the console, nor the C RNG.
    
    See 'Writing portable packages' in the 'Writing R Extensions' manual.
Flavors: r-devel-windows-ix86+x86_64, r-release-windows-ix86+x86_64

Version: 4.0
Check: dependencies in R code
Result: NOTE
    'library' or 'require' call to 'lattice' which was already attached by Depends.
     Please remove these calls from your code.
    Package in Depends field not imported from: 'lattice'
     These packages need to be imported from for the case when
     this namespace is loaded but not attached.
    See the information on DESCRIPTION files in the chapter 'Creating R
    packages' of the 'Writing R Extensions' manual.
Flavor: r-release-osx-x86_64-snowleopard