CRAN Package Check Results for Package robfilter

Last updated on 2018-09-22 05:49:13 CEST.

Flavor Version Tinstall Tcheck Ttotal Status Flags
r-devel-linux-x86_64-debian-clang 4.1.1 17.19 99.92 117.11 WARN
r-devel-linux-x86_64-debian-gcc 4.1.1 15.59 77.57 93.16 OK
r-devel-linux-x86_64-fedora-clang 4.1.1 144.02 WARN
r-devel-linux-x86_64-fedora-gcc 4.1.1 139.14 OK
r-devel-windows-ix86+x86_64 4.1.1 50.00 179.00 229.00 OK
r-patched-linux-x86_64 4.1.1 17.23 98.21 115.44 OK
r-patched-solaris-x86 4.1.1 175.00 OK
r-release-linux-x86_64 4.1.1 20.17 99.25 119.42 OK
r-release-windows-ix86+x86_64 4.1.1 34.00 212.00 246.00 OK
r-release-osx-x86_64 4.1.1 WARN
r-oldrel-windows-ix86+x86_64 4.1.1 29.00 223.00 252.00 OK
r-oldrel-osx-x86_64 4.1.1 OK

Check Details

Version: 4.1.1
Check: whether package can be installed
Result: WARN
    Found the following significant warnings:
     ./hammock.h:369:15: warning: assigning field to itself [-Wself-assign-field]
Flavors: r-devel-linux-x86_64-debian-clang, r-devel-linux-x86_64-fedora-clang, r-release-osx-x86_64