CRAN Package Check Results for Package robfilter

Last updated on 2014-08-20 10:47:06.

Flavor Version Tinstall Tcheck Ttotal Status Flags
r-devel-linux-x86_64-debian-clang 4.0 4.99 83.39 88.38 NOTE
r-devel-linux-x86_64-debian-gcc 4.0 6.52 81.31 87.83 NOTE
r-devel-linux-x86_64-fedora-clang 4.0 190.31 NOTE
r-devel-linux-x86_64-fedora-gcc 4.0 189.65 NOTE
r-devel-osx-x86_64-clang 4.0 139.99 NOTE
r-devel-windows-ix86+x86_64 4.0 27.00 208.00 235.00 NOTE
r-patched-linux-x86_64 4.0 6.73 87.04 93.78 NOTE
r-patched-solaris-sparc 4.0 1109.00 NOTE
r-patched-solaris-x86 4.0 213.20 NOTE
r-release-linux-ix86 4.0 10.05 108.94 119.00 NOTE
r-release-linux-x86_64 4.0 6.51 88.23 94.74 NOTE
r-release-osx-x86_64-mavericks 4.0 NOTE
r-release-osx-x86_64-snowleopard 4.0 NOTE
r-release-windows-ix86+x86_64 4.0 27.00 221.00 248.00 NOTE
r-oldrel-windows-ix86+x86_64 4.0 28.00 252.00 280.00 NOTE

Check Details

Version: 4.0
Check: dependencies in R code
Result: NOTE
    'library' or 'require' call to ‘lattice’ which was already attached by Depends.
     Please remove these calls from your code.
    Package in Depends field not imported from: ‘lattice’
     These packages need to be imported from (in the NAMESPACE file)
     for when this namespace is loaded but not attached.
    See the information on DESCRIPTION files in the chapter ‘Creating R
    packages’ of the ‘Writing R Extensions’ manual.
Flavors: r-devel-linux-x86_64-debian-clang, r-devel-linux-x86_64-debian-gcc, r-devel-linux-x86_64-fedora-clang, r-devel-linux-x86_64-fedora-gcc, r-devel-osx-x86_64-clang, r-devel-windows-ix86+x86_64, r-patched-linux-x86_64, r-patched-solaris-sparc, r-patched-solaris-x86, r-release-linux-ix86, r-release-linux-x86_64, r-release-osx-x86_64-mavericks, r-release-windows-ix86+x86_64, r-oldrel-windows-ix86+x86_64

Version: 4.0
Check: R code for possible problems
Result: NOTE
    Found the following calls to data() loading into the global environment:
    File ‘robfilter/R/adore.filter.R’:
     data(critvals)
    File ‘robfilter/R/madore.filter.R’:
     data(critvals)
     data(const)
    File ‘robfilter/R/mscarm.filter.R’:
     data(dfs)
     data(const.Q)
     data(var.n)
    File ‘robfilter/R/scarm.filter.R’:
     data(dfs)
     data(var.n)
    See section ‘Good practice’ in ‘?data’.
Flavors: r-devel-linux-x86_64-debian-clang, r-devel-linux-x86_64-debian-gcc, r-patched-linux-x86_64, r-release-linux-ix86, r-release-linux-x86_64

Version: 4.0
Check: top-level files
Result: NOTE
    Non-standard files/directories found at top level:
     ‘privdata’ ‘scripts’
Flavors: r-devel-linux-x86_64-fedora-clang, r-devel-linux-x86_64-fedora-gcc

Version: 4.0
Check: R code for possible problems
Result: NOTE
    LMSon: no visible global function definition for ‘lqs’
    LTSon: no visible global function definition for ‘lqs’
    adore.filter : get.critval: no visible binding for global variable
     ‘critvals’
    madore.filter : get.critval: no visible binding for global variable
     ‘critvals’
    madore.filter: no visible binding for global variable ‘const’
    mscarm.filter: no visible binding for global variable ‘const.Q’
    mscarm.filter: no visible binding for global variable ‘var.n’
    mscarm.filter : get.Q.adj: no visible binding for global variable
     ‘const.Q’
    mscarm.filter : get.critval: no visible binding for global variable
     ‘dfs’
    mscarm.filter : scarm.test.statistic: no visible binding for global
     variable ‘var.n’
    scarm.filter: no visible binding for global variable ‘const.Q’
    scarm.filter : get.Q.adj: no visible binding for global variable
     ‘const.Q’
    scarm.filter : get.critval: no visible binding for global variable
     ‘dfs’
    scarm.filter: no visible binding for global variable ‘var.n’
    scarm.filter : scarm.test.statistic: no visible binding for global
     variable ‘var.n’
    trendLMS: no visible global function definition for ‘lqs’
    trendLTS: no visible global function definition for ‘lqs’
    
    Found the following calls to data() loading into the global environment:
    File ‘robfilter/R/adore.filter.R’:
     data(critvals)
    File ‘robfilter/R/madore.filter.R’:
     data(critvals)
     data(const)
    File ‘robfilter/R/mscarm.filter.R’:
     data(dfs)
     data(const.Q)
     data(var.n)
    File ‘robfilter/R/scarm.filter.R’:
     data(dfs)
     data(var.n)
    See section ‘Good practice’ in ‘?data’.
Flavors: r-devel-linux-x86_64-fedora-clang, r-devel-osx-x86_64-clang

Version: 4.0
Check: R code for possible problems
Result: NOTE
    LMSon: no visible global function definition for ‘lqs’
    LTSon: no visible global function definition for ‘lqs’
    adore.filter : get.critval: no visible binding for global variable
     ‘critvals’
    madore.filter : get.critval: no visible binding for global variable
     ‘critvals’
    madore.filter: no visible binding for global variable ‘const’
    mscarm.filter: no visible binding for global variable ‘const.Q’
    mscarm.filter: no visible binding for global variable ‘var.n’
    mscarm.filter : get.Q.adj: no visible binding for global variable
     ‘const.Q’
    mscarm.filter : get.critval: no visible binding for global variable
     ‘dfs’
    mscarm.filter : scarm.test.statistic: no visible binding for global
     variable ‘var.n’
    scarm.filter: no visible binding for global variable ‘const.Q’
    scarm.filter : get.Q.adj: no visible binding for global variable
     ‘const.Q’
    scarm.filter : get.critval: no visible binding for global variable
     ‘dfs’
    scarm.filter: no visible binding for global variable ‘var.n’
    scarm.filter : scarm.test.statistic: no visible binding for global
     variable ‘var.n’
    trendLMS: no visible global function definition for ‘lqs’
    trendLTS: no visible global function definition for ‘lqs’
Flavor: r-devel-linux-x86_64-fedora-gcc

Version: 4.0
Check: dependencies in R code
Result: NOTE
    'library' or 'require' call to 'lattice' which was already attached by Depends.
     Please remove these calls from your code.
    Package in Depends field not imported from: 'lattice'
     These packages need to be imported from for the case when
     this namespace is loaded but not attached.
    See the information on DESCRIPTION files in the chapter 'Creating R
    packages' of the 'Writing R Extensions' manual.
Flavor: r-release-osx-x86_64-snowleopard