CRAN Package Check Results for Package robfilter

Last updated on 2018-12-15 12:51:22 CET.

Flavor Version Tinstall Tcheck Ttotal Status Flags
r-devel-linux-x86_64-debian-clang 4.1.1 15.64 103.52 119.16 WARN
r-devel-linux-x86_64-debian-gcc 4.1.1 16.27 76.21 92.48 WARN
r-devel-linux-x86_64-fedora-clang 4.1.1 144.87 WARN
r-devel-linux-x86_64-fedora-gcc 4.1.1 136.84 WARN
r-devel-windows-ix86+x86_64 4.1.1 53.00 218.00 271.00 OK
r-patched-linux-x86_64 4.1.1 18.46 99.07 117.53 OK
r-patched-solaris-x86 4.1.1 178.60 OK
r-release-linux-x86_64 4.1.1 19.77 98.30 118.07 OK
r-release-windows-ix86+x86_64 4.1.1 37.00 224.00 261.00 OK
r-release-osx-x86_64 4.1.1 WARN
r-oldrel-windows-ix86+x86_64 4.1.1 43.00 218.00 261.00 OK
r-oldrel-osx-x86_64 4.1.1 OK

Check Details

Version: 4.1.1
Check: whether package can be installed
Result: WARN
    Found the following significant warnings:
     ./hammock.h:369:15: warning: assigning field to itself [-Wself-assign-field]
Flavors: r-devel-linux-x86_64-debian-clang, r-devel-linux-x86_64-fedora-clang, r-release-osx-x86_64

Version: 4.1.1
Check: whether package can be installed
Result: WARN
    Found the following significant warnings:
     robust.cpp:665:25: warning: catching polymorphic type ‘class std::exception’ by value [-Wcatch-value=]
Flavors: r-devel-linux-x86_64-debian-gcc, r-devel-linux-x86_64-fedora-gcc