CRAN Package Check Results for Package robfilter

Last updated on 2014-04-25 09:52:22.

Flavor Version Tinstall Tcheck Ttotal Status Flags
r-devel-linux-x86_64-debian-clang 4.0 5.04 90.19 95.24 NOTE
r-devel-linux-x86_64-debian-gcc 4.0 7.01 96.61 103.62 NOTE
r-devel-linux-x86_64-fedora-clang 4.0 195.52 NOTE
r-devel-linux-x86_64-fedora-gcc 4.0 184.60 NOTE
r-devel-osx-x86_64-clang 4.0 149.70 NOTE
r-devel-osx-x86_64-gcc 4.0 ERROR
r-devel-windows-ix86+x86_64 4.0 24.00 212.00 236.00 NOTE
r-patched-linux-x86_64 4.0 6.96 96.22 103.18 NOTE
r-patched-solaris-sparc 4.0 1102.10 NOTE
r-patched-solaris-x86 4.0 214.10 NOTE
r-release-linux-ix86 4.0 12.00 136.00 148.00 NOTE
r-release-linux-x86_64 4.0 6.90 92.20 99.09 NOTE
r-release-osx-x86_64-mavericks 4.0 WARN
r-release-osx-x86_64-snowleopard 4.0 NOTE
r-release-windows-ix86+x86_64 4.0 26.00 245.00 271.00 NOTE
r-oldrel-windows-ix86+x86_64 4.0 27.00 263.00 290.00 NOTE

Check Details

Version: 4.0
Check: dependencies in R code
Result: NOTE
    'library' or 'require' call to ‘lattice’ which was already attached by Depends.
     Please remove these calls from your code.
    Package in Depends field not imported from: ‘lattice’
     These packages need to be imported from (in the NAMESPACE file)
     for when this namespace is loaded but not attached.
    See the information on DESCRIPTION files in the chapter ‘Creating R
    packages’ of the ‘Writing R Extensions’ manual.
Flavors: r-devel-linux-x86_64-debian-clang, r-devel-linux-x86_64-debian-gcc, r-devel-linux-x86_64-fedora-clang, r-devel-linux-x86_64-fedora-gcc, r-devel-osx-x86_64-clang, r-devel-windows-ix86+x86_64, r-patched-linux-x86_64, r-patched-solaris-sparc, r-patched-solaris-x86, r-release-linux-ix86, r-release-linux-x86_64, r-release-osx-x86_64-mavericks, r-release-windows-ix86+x86_64, r-oldrel-windows-ix86+x86_64

Version: 4.0
Check: R code for possible problems
Result: NOTE
    Found the following calls to data() loading into the global environment:
    File ‘robfilter/R/adore.filter.R’:
     data(critvals)
    File ‘robfilter/R/madore.filter.R’:
     data(critvals)
     data(const)
    File ‘robfilter/R/mscarm.filter.R’:
     data(dfs)
     data(const.Q)
     data(var.n)
    File ‘robfilter/R/scarm.filter.R’:
     data(dfs)
     data(var.n)
    See section ‘Good practice’ in ‘?data’.
Flavors: r-devel-linux-x86_64-debian-clang, r-devel-linux-x86_64-debian-gcc, r-devel-linux-x86_64-fedora-clang, r-devel-osx-x86_64-clang, r-patched-linux-x86_64, r-release-linux-ix86, r-release-linux-x86_64

Version: 4.0
Check: top-level files
Result: NOTE
    Non-standard files/directories found at top level:
     ‘privdata’ ‘scripts’
Flavors: r-devel-linux-x86_64-fedora-clang, r-devel-linux-x86_64-fedora-gcc

Version: 4.0
Check: package dependencies
Result: ERROR
    Package required but not available: ‘robustbase’
    
    See the information on DESCRIPTION files in the chapter ‘Creating R
    packages’ of the ‘Writing R Extensions’ manual.
Flavor: r-devel-osx-x86_64-gcc

Version: 4.0
Check: PDF version of manual
Result: WARNING
    LaTeX errors when creating PDF version.
    This typically indicates Rd problems.
    LaTeX errors found:
    ! LaTeX Error: File `upquote.sty' not found.
    
    Type X to quit or <RETURN> to proceed,
    or enter new name. (Default extension: sty)
    
    51b20ed/Rd2.tex:8: ==> Fatal error occurred, no output PDF file produced!
Flavor: r-release-osx-x86_64-mavericks

Version: 4.0
Check: dependencies in R code
Result: NOTE
    'library' or 'require' call to 'lattice' which was already attached by Depends.
     Please remove these calls from your code.
    Package in Depends field not imported from: 'lattice'
     These packages need to be imported from for the case when
     this namespace is loaded but not attached.
    See the information on DESCRIPTION files in the chapter 'Creating R
    packages' of the 'Writing R Extensions' manual.
Flavor: r-release-osx-x86_64-snowleopard