CRAN Package Check Results for Package robfilter

Last updated on 2014-07-23 12:47:34.

Flavor Version Tinstall Tcheck Ttotal Status Flags
r-devel-linux-x86_64-debian-clang 4.0 5.54 88.81 94.34 NOTE
r-devel-linux-x86_64-debian-gcc 4.0 6.43 85.82 92.25 NOTE
r-devel-linux-x86_64-fedora-clang 4.0 198.72 NOTE
r-devel-linux-x86_64-fedora-gcc 4.0 198.58 NOTE
r-devel-osx-x86_64-clang 4.0 150.82 NOTE
r-devel-windows-ix86+x86_64 4.0 26.00 221.00 247.00 NOTE
r-patched-linux-x86_64 4.0 6.46 87.25 93.71 NOTE
r-patched-solaris-sparc 4.0 1102.10 NOTE
r-patched-solaris-x86 4.0 211.80 NOTE
r-release-linux-ix86 4.0 10.34 109.70 120.04 NOTE
r-release-linux-x86_64 4.0 6.57 89.45 96.02 NOTE
r-release-osx-x86_64-mavericks 4.0 NOTE
r-release-osx-x86_64-snowleopard 4.0 NOTE
r-release-windows-ix86+x86_64 4.0 26.00 226.00 252.00 NOTE
r-oldrel-windows-ix86+x86_64 4.0 29.00 274.00 303.00 NOTE

Check Details

Version: 4.0
Check: dependencies in R code
Result: NOTE
    'library' or 'require' call to ‘lattice’ which was already attached by Depends.
     Please remove these calls from your code.
    Package in Depends field not imported from: ‘lattice’
     These packages need to be imported from (in the NAMESPACE file)
     for when this namespace is loaded but not attached.
    See the information on DESCRIPTION files in the chapter ‘Creating R
    packages’ of the ‘Writing R Extensions’ manual.
Flavors: r-devel-linux-x86_64-debian-clang, r-devel-linux-x86_64-debian-gcc, r-devel-linux-x86_64-fedora-clang, r-devel-linux-x86_64-fedora-gcc, r-devel-osx-x86_64-clang, r-devel-windows-ix86+x86_64, r-patched-linux-x86_64, r-patched-solaris-sparc, r-patched-solaris-x86, r-release-linux-ix86, r-release-linux-x86_64, r-release-osx-x86_64-mavericks, r-release-windows-ix86+x86_64, r-oldrel-windows-ix86+x86_64

Version: 4.0
Check: R code for possible problems
Result: NOTE
    Found the following calls to data() loading into the global environment:
    File ‘robfilter/R/adore.filter.R’:
     data(critvals)
    File ‘robfilter/R/madore.filter.R’:
     data(critvals)
     data(const)
    File ‘robfilter/R/mscarm.filter.R’:
     data(dfs)
     data(const.Q)
     data(var.n)
    File ‘robfilter/R/scarm.filter.R’:
     data(dfs)
     data(var.n)
    See section ‘Good practice’ in ‘?data’.
Flavors: r-devel-linux-x86_64-debian-clang, r-devel-linux-x86_64-debian-gcc, r-devel-linux-x86_64-fedora-clang, r-devel-osx-x86_64-clang, r-patched-linux-x86_64, r-release-linux-ix86, r-release-linux-x86_64

Version: 4.0
Check: top-level files
Result: NOTE
    Non-standard files/directories found at top level:
     ‘privdata’ ‘scripts’
Flavors: r-devel-linux-x86_64-fedora-clang, r-devel-linux-x86_64-fedora-gcc

Version: 4.0
Check: dependencies in R code
Result: NOTE
    'library' or 'require' call to 'lattice' which was already attached by Depends.
     Please remove these calls from your code.
    Package in Depends field not imported from: 'lattice'
     These packages need to be imported from for the case when
     this namespace is loaded but not attached.
    See the information on DESCRIPTION files in the chapter 'Creating R
    packages' of the 'Writing R Extensions' manual.
Flavor: r-release-osx-x86_64-snowleopard