CRAN Package Check Results for Package robnptests

Last updated on 2022-07-07 08:53:25 CEST.

Flavor Version Tinstall Tcheck Ttotal Status Flags
r-devel-linux-x86_64-debian-clang 1.0.0 4.62 52.63 57.25 OK
r-devel-linux-x86_64-debian-gcc 1.0.0 3.28 40.58 43.86 OK
r-devel-linux-x86_64-fedora-clang 1.0.0 77.60 WARN
r-devel-linux-x86_64-fedora-gcc 1.0.0 77.11 WARN
r-devel-windows-x86_64 1.0.0 35.00 96.00 131.00 OK
r-patched-linux-x86_64 1.0.0 3.32 50.21 53.53 OK
r-release-linux-x86_64 1.0.0 3.00 53.11 56.11 OK
r-release-macos-arm64 1.0.0 26.00 OK
r-release-macos-x86_64 1.0.0 40.00 OK
r-release-windows-x86_64 1.0.0 35.00 112.00 147.00 OK
r-oldrel-macos-arm64 1.0.0 27.00 OK
r-oldrel-macos-x86_64 1.0.0 35.00 OK
r-oldrel-windows-ix86+x86_64 1.0.0 9.00 68.00 77.00 WARN

Check Details

Version: 1.0.0
Check: package dependencies
Result: WARN
    Requires orphaned package: ‘gtools’
Flavors: r-devel-linux-x86_64-fedora-clang, r-devel-linux-x86_64-fedora-gcc

Version: 1.0.0
Check: re-building of vignette outputs
Result: WARN
    Error(s) in re-building vignettes:
    --- re-building 'm_tests.Rmd' using rmarkdown
    --- finished re-building 'm_tests.Rmd'
    
    +-+m_tests.html
    --- re-building 'robnptests.Rmd' using rmarkdown
    --- finished re-building 'robnptests.Rmd'
    
    SUMMARY: processing the following file failed:
     'm_tests.Rmd'
    
    Error: Vignette re-building failed.
    Execution halted
Flavor: r-oldrel-windows-ix86+x86_64