CRAN Package Check Results for Package roboBayes

Last updated on 2022-12-08 02:51:11 CET.

Flavor Version Tinstall Tcheck Ttotal Status Flags
r-devel-linux-x86_64-debian-clang 1.1 199.15 30.70 229.85 OK
r-devel-linux-x86_64-debian-gcc 1.1 155.42 24.13 179.55 OK
r-devel-linux-x86_64-fedora-clang 1.1 367.87 OK
r-devel-linux-x86_64-fedora-gcc 1.1 315.20 OK
r-devel-windows-x86_64 1.1 181.00 80.00 261.00 OK
r-patched-linux-x86_64 1.1 170.47 29.99 200.46 OK
r-release-linux-x86_64 1.1 166.44 30.05 196.49 OK
r-release-macos-arm64 1.1 65.00 NOTE
r-release-macos-x86_64 1.1 88.00 NOTE
r-release-windows-x86_64 1.1 155.00 82.00 237.00 OK
r-oldrel-macos-arm64 1.1 58.00 NOTE
r-oldrel-macos-x86_64 1.1 102.00 NOTE
r-oldrel-windows-ix86+x86_64 1.1 491.00 83.00 574.00 OK

Check Details

Version: 1.1
Check: installed package size
Result: NOTE
     installed size is 7.5Mb
     sub-directories of 1Mb or more:
     libs 7.3Mb
Flavors: r-release-macos-arm64, r-release-macos-x86_64, r-oldrel-macos-arm64, r-oldrel-macos-x86_64