CRAN Package Check Results for Package robregcc

Last updated on 2022-12-05 10:57:24 CET.

Flavor Version Tinstall Tcheck Ttotal Status Flags
r-devel-linux-x86_64-debian-clang 1.1 46.84 44.16 91.00 OK
r-devel-linux-x86_64-debian-gcc 1.1 35.11 33.73 68.84 OK
r-devel-linux-x86_64-fedora-clang 1.1 135.49 OK
r-devel-linux-x86_64-fedora-gcc 1.1 129.64 OK
r-devel-windows-x86_64 1.1 46.00 92.00 138.00 OK
r-patched-linux-x86_64 1.1 43.42 40.90 84.32 OK
r-release-linux-x86_64 1.1 39.17 42.46 81.63 OK
r-release-macos-arm64 1.1 36.00 NOTE
r-release-macos-x86_64 1.1 47.00 NOTE
r-release-windows-x86_64 1.1 49.00 92.00 141.00 OK
r-oldrel-macos-arm64 1.1 35.00 NOTE
r-oldrel-macos-x86_64 1.1 73.00 OK
r-oldrel-windows-ix86+x86_64 1.1 113.00 108.00 221.00 OK

Check Details

Version: 1.1
Check: installed package size
Result: NOTE
     installed size is 5.0Mb
     sub-directories of 1Mb or more:
     libs 4.7Mb
Flavors: r-release-macos-arm64, r-release-macos-x86_64, r-oldrel-macos-arm64