CRAN Package Check Results for Package robsurvey

Last updated on 2022-01-21 19:48:47 CET.

Flavor Version Tinstall Tcheck Ttotal Status Flags
r-devel-linux-x86_64-debian-clang 0.2 7.92 60.50 68.42 OK
r-devel-linux-x86_64-debian-gcc 0.2 5.61 46.55 52.16 OK
r-devel-linux-x86_64-fedora-clang 0.2 85.34 OK
r-devel-linux-x86_64-fedora-gcc 0.2 71.71 OK
r-devel-windows-x86_64-new-UL 0.2 110.00 106.00 216.00 OK
r-devel-windows-x86_64-new-TK 0.2 OK
r-patched-linux-x86_64 0.1.1 3.89 47.29 51.18 NOTE
r-release-linux-x86_64 0.2 5.97 63.94 69.91 OK
r-release-macos-arm64 0.1.1 NOTE
r-release-macos-x86_64 0.2 OK
r-release-windows-ix86+x86_64 0.2 20.00 106.00 126.00 OK
r-oldrel-macos-x86_64 0.1.1 OK
r-oldrel-windows-ix86+x86_64 0.2 25.00 110.00 135.00 OK

Check Details

Version: 0.1.1
Check: LazyData
Result: NOTE
     'LazyData' is specified without a 'data' directory
Flavors: r-patched-linux-x86_64, r-release-macos-arm64