CRAN Package Check Results for Package robumeta

Last updated on 2020-07-04 14:48:37 CEST.

Flavor Version Tinstall Tcheck Ttotal Status Flags
r-devel-linux-x86_64-debian-clang 2.0 3.85 28.69 32.54 OK
r-devel-linux-x86_64-debian-gcc 2.0 2.65 22.79 25.44 OK
r-devel-linux-x86_64-fedora-clang 2.0 46.56 NOTE
r-devel-linux-x86_64-fedora-gcc 2.0 38.52 NOTE
r-devel-windows-ix86+x86_64 2.0 10.00 38.00 48.00 OK
r-patched-linux-x86_64 2.0 3.06 28.71 31.77 OK
r-patched-solaris-x86 2.0 53.70 NOTE
r-release-linux-x86_64 2.0 3.09 28.60 31.69 OK
r-release-osx-x86_64 2.0 NOTE
r-release-windows-ix86+x86_64 2.0 8.00 41.00 49.00 OK
r-oldrel-osx-x86_64 2.0 NOTE
r-oldrel-windows-ix86+x86_64 2.0 13.00 54.00 67.00 OK

Check Details

Version: 2.0
Check: data for non-ASCII characters
Result: NOTE
     Note: found 6 marked UTF-8 strings
Flavors: r-devel-linux-x86_64-fedora-clang, r-devel-linux-x86_64-fedora-gcc, r-patched-solaris-x86, r-release-osx-x86_64, r-oldrel-osx-x86_64