CRAN Package Check Results for Package robust

Last updated on 2014-08-28 14:47:39.

Flavor Version Tinstall Tcheck Ttotal Status Flags
r-devel-linux-x86_64-debian-clang 0.4-16 11.24 47.31 58.54 NOTE
r-devel-linux-x86_64-debian-gcc 0.4-16 11.17 46.43 57.60 NOTE
r-devel-linux-x86_64-fedora-clang 0.4-16 116.06 NOTE
r-devel-linux-x86_64-fedora-gcc 0.4-16 111.36 NOTE
r-devel-osx-x86_64-clang 0.4-16 94.38 NOTE
r-devel-windows-ix86+x86_64 0.4-16 33.00 94.00 127.00 NOTE
r-patched-linux-x86_64 0.4-16 11.08 49.46 60.55 OK
r-patched-solaris-sparc 0.4-16 654.60 OK
r-patched-solaris-x86 0.4-16 147.30 OK
r-release-linux-ix86 0.4-16 15.77 62.80 78.57 OK
r-release-linux-x86_64 0.4-16 10.89 49.76 60.66 OK
r-release-osx-x86_64-mavericks 0.4-16 OK
r-release-osx-x86_64-snowleopard 0.4-16 OK
r-release-windows-ix86+x86_64 0.4-16 35.00 99.00 134.00 OK
r-oldrel-windows-ix86+x86_64 0.4-16 36.00 100.00 136.00 OK

Check Details

Version: 0.4-16
Check: R code for possible problems
Result: NOTE
    covRob: no visible global function definition for ‘getCov’
    covRob: no visible global function definition for ‘getCenter’
    covRob: no visible global function definition for ‘getDistance’
    covRob: no visible global function definition for ‘CovOgk’
    covRob: no visible global function definition for ‘CovControlOgk’
    covRob: no visible global function definition for ‘covMest’
    ddPlot.covfm : panel.special: no visible global function definition for
     ‘panel.xyplot’
    ddPlot.covfm : panel.special: no visible global function definition for
     ‘panel.text’
    ddPlot.covfm : panel.special: no visible global function definition for
     ‘panel.abline’
    ddPlot.covfm : <anonymous>: no visible global function definition for
     ‘strip.default’
    distancePlot.covfm : panel.special: no visible global function
     definition for ‘panel.xyplot’
    distancePlot.covfm : panel.special: no visible global function
     definition for ‘panel.text’
    distancePlot.covfm : panel.special: no visible global function
     definition for ‘panel.abline’
    distancePlot.covfm : <anonymous>: no visible global function definition
     for ‘strip.default’
    glmRob.Initial.LMS: no visible global function definition for ‘lmsreg’
    overlaidDenPlot.fdfm : prepanel.special: no visible global function
     definition for ‘prepanel.default.histogram’
    overlaidDenPlot.fdfm : panel.special: no visible global function
     definition for ‘panel.histogram’
    overlaidDenPlot.fdfm : panel.special: no visible global function
     definition for ‘panel.mathdensity’
    overlaidDenPlot.fdfm: no visible global function definition for
     ‘simpleKey’
    overlaidDenPlot.fdfm: no visible global function definition for
     ‘histogram’
    overlaidDenPlot.fdfm : <anonymous>: no visible global function
     definition for ‘strip.default’
    plot.glmRob: no visible global function definition for ‘plot.glmfm’
    qqPlot.fdfm : panel.special: no visible global function definition for
     ‘panel.xyplot’
    qqPlot.fdfm : panel.special: no visible global function definition for
     ‘panel.abline’
    qqPlot.fdfm : <anonymous>: no visible global function definition for
     ‘strip.default’
    screePlot.covfm: no visible global function definition for ‘simpleKey’
    screePlot.covfm : <anonymous>: no visible global function definition
     for ‘strip.default’
Flavors: r-devel-linux-x86_64-debian-clang, r-devel-linux-x86_64-debian-gcc, r-devel-linux-x86_64-fedora-clang, r-devel-linux-x86_64-fedora-gcc, r-devel-osx-x86_64-clang, r-devel-windows-ix86+x86_64

Version: 0.4-16
Check: compiled code
Result: NOTE
    File ‘/home/hornik/tmp/R.check/r-devel-clang/Work/build/Packages/robust/libs/robust.so’:
     Found ‘srand’, possibly from ‘srand’ (C)
     Object: ‘rb.o’
    
    Compiled code should not call entry points which might terminate R nor
    write to stdout/stderr instead of to the console, nor the C RNG.
    
    See ‘Writing portable packages’ in the ‘Writing R Extensions’ manual.
Flavor: r-devel-linux-x86_64-debian-clang

Version: 0.4-16
Check: compiled code
Result: NOTE
    File ‘/home/hornik/tmp/R.check/r-devel-gcc/Work/build/Packages/robust/libs/robust.so’:
     Found ‘srand’, possibly from ‘srand’ (C)
     Object: ‘rb.o’
    
    Compiled code should not call entry points which might terminate R nor
    write to stdout/stderr instead of to the console, nor the C RNG.
    
    See ‘Writing portable packages’ in the ‘Writing R Extensions’ manual.
Flavor: r-devel-linux-x86_64-debian-gcc

Version: 0.4-16
Check: compiled code
Result: NOTE
    File ‘/data/gannet/ripley/R/packages/tests-clang/robust.Rcheck/robust/libs/robust.so’:
     Found ‘srand’, possibly from ‘srand’ (C)
     Object: ‘rb.o’
    
    Compiled code should not call entry points which might terminate R nor
    write to stdout/stderr instead of to the console, nor the C RNG.
    
    See ‘Writing portable packages’ in the ‘Writing R Extensions’ manual.
Flavor: r-devel-linux-x86_64-fedora-clang

Version: 0.4-16
Check: compiled code
Result: NOTE
    File ‘/data/gannet/ripley/R/packages/tests-devel/robust.Rcheck/robust/libs/robust.so’:
     Found ‘srand’, possibly from ‘srand’ (C)
     Object: ‘rb.o’
    
    Compiled code should not call entry points which might terminate R nor
    write to stdout/stderr instead of to the console, nor the C RNG.
    
    See ‘Writing portable packages’ in the ‘Writing R Extensions’ manual.
Flavor: r-devel-linux-x86_64-fedora-gcc

Version: 0.4-16
Check: compiled code
Result: NOTE
    File ‘/Users/ripley/R/packages/tests-devel/robust.Rcheck/robust/libs/robust.so’:
     Found ‘_srand’, possibly from ‘srand’ (C)
     Object: ‘rb.o’
    
    Compiled code should not call entry points which might terminate R nor
    write to stdout/stderr instead of to the console, nor the C RNG.
    
    See ‘Writing portable packages’ in the ‘Writing R Extensions’ manual.
Flavor: r-devel-osx-x86_64-clang

Version: 0.4-16
Check: compiled code
Result: NOTE
    File 'd:/Rcompile/CRANpkg/lib/3.2/robust/libs/i386/robust.dll':
     Found 'srand', possibly from 'srand' (C)
     Object: 'rb.o'
    File 'd:/Rcompile/CRANpkg/lib/3.2/robust/libs/x64/robust.dll':
     Found 'srand', possibly from 'srand' (C)
     Object: 'rb.o'
    
    Compiled code should not call entry points which might terminate R nor
    write to stdout/stderr instead of to the console, nor the C RNG.
    
    See 'Writing portable packages' in the 'Writing R Extensions' manual.
Flavor: r-devel-windows-ix86+x86_64