CRAN Package Check Results for Package robust

Last updated on 2019-06-18 01:48:52 CEST.

Flavor Version Tinstall Tcheck Ttotal Status Flags
r-devel-linux-x86_64-debian-clang 0.4-18 20.83 75.10 95.93 OK
r-devel-linux-x86_64-debian-gcc 0.4-18 18.18 58.46 76.64 OK
r-devel-linux-x86_64-fedora-clang 0.4-18 118.51 OK
r-devel-linux-x86_64-fedora-gcc 0.4-18 112.86 OK
r-devel-windows-ix86+x86_64 0.4-18 87.00 126.00 213.00 OK
r-patched-linux-x86_64 0.4-18 19.59 75.78 95.37 OK
r-patched-solaris-x86 0.4-18 160.40 ERROR
r-release-linux-x86_64 0.4-18 21.18 76.02 97.20 OK
r-release-windows-ix86+x86_64 0.4-18 57.00 167.00 224.00 OK
r-release-osx-x86_64 0.4-18 OK
r-oldrel-windows-ix86+x86_64 0.4-18 53.00 140.00 193.00 OK
r-oldrel-osx-x86_64 0.4-18 OK

Additional issues

LTO

Check Details

Version: 0.4-18
Check: examples
Result: ERROR
    Running examples in ‘robust-Ex.R’ failed
    The error most likely occurred in:
    
    > ### Name: overlaidDenPlot.fdfm
    > ### Title: Overlaid Density Plot
    > ### Aliases: overlaidDenPlot.fdfm
    > ### Keywords: hplot
    >
    > ### ** Examples
    >
    > data(los, package="robustbase")
    > los.fm <- fit.models(c(Robust = "fitdstnRob", MLE = "fitdstn"),
    + x = los, densfun = "gamma")
    
     *** caught segfault ***
    address 10, cause 'memory not mapped'
    
    Traceback:
     1: Tabgamma(b1, b2, alpha1, alpha2, k, A, maxta, maxtc, maxit, til, tol)
     2: gammaRob(x, ...)
     3: fitdstnRob(x = los, densfun = "gamma")
     4: eval(model.call, sys.parent())
     5: eval(model.call, sys.parent())
     6: fit.models(c(Robust = "fitdstnRob", MLE = "fitdstn"), x = los, densfun = "gamma")
    An irrecoverable exception occurred. R is aborting now ...
Flavor: r-patched-solaris-x86