CRAN Package Check Results for Package robust

Last updated on 2015-03-30 08:50:08.

Flavor Version Tinstall Tcheck Ttotal Status Flags
r-devel-linux-x86_64-debian-clang 0.4-16 10.86 44.15 55.01 NOTE
r-devel-linux-x86_64-debian-gcc 0.4-16 10.33 42.86 53.19 NOTE
r-devel-linux-x86_64-fedora-clang 0.4-16 102.17 NOTE
r-devel-linux-x86_64-fedora-gcc 0.4-16 100.31 NOTE
r-devel-osx-x86_64-clang 0.4-16 95.22 NOTE
r-prerel-windows-ix86+x86_64 0.4-16 35.00 92.00 127.00 NOTE
r-prerel-linux-x86_64 0.4-16 11.47 42.48 53.96 NOTE
r-prerel-solaris-sparc 0.4-16 612.70 NOTE
r-prerel-solaris-x86 0.4-16 132.40 NOTE
r-release-linux-x86_64 0.4-16 11.45 50.28 61.73 NOTE
r-release-osx-x86_64-mavericks 0.4-16 NOTE
r-release-osx-x86_64-snowleopard 0.4-16 OK
r-release-windows-ix86+x86_64 0.4-16 36.00 96.00 132.00 NOTE
r-oldrel-windows-ix86+x86_64 0.4-16 37.00 119.00 156.00 OK

Check Details

Version: 0.4-16
Check: S3 generic/method consistency
Result: NOTE
    Found the following apparent S3 methods exported but not registered:
     anova.glmRoblist anova.lmRoblist plot.covClassic plot.covRob
     plot.glmRob
    See section ‘Registering S3 methods’ in the ‘Writing R Extensions’
    manual.
Flavors: r-devel-linux-x86_64-debian-clang, r-devel-linux-x86_64-debian-gcc, r-devel-linux-x86_64-fedora-clang, r-devel-linux-x86_64-fedora-gcc, r-devel-osx-x86_64-clang, r-prerel-linux-x86_64

Version: 0.4-16
Check: R code for possible problems
Result: NOTE
    covRob: no visible global function definition for ‘getCov’
    covRob: no visible global function definition for ‘getCenter’
    covRob: no visible global function definition for ‘getDistance’
    covRob: no visible global function definition for ‘CovOgk’
    covRob: no visible global function definition for ‘CovControlOgk’
    covRob: no visible global function definition for ‘covMest’
    ddPlot.covfm : panel.special: no visible global function definition for
     ‘panel.xyplot’
    ddPlot.covfm : panel.special: no visible global function definition for
     ‘panel.text’
    ddPlot.covfm : panel.special: no visible global function definition for
     ‘panel.abline’
    ddPlot.covfm : <anonymous>: no visible global function definition for
     ‘strip.default’
    distancePlot.covfm : panel.special: no visible global function
     definition for ‘panel.xyplot’
    distancePlot.covfm : panel.special: no visible global function
     definition for ‘panel.text’
    distancePlot.covfm : panel.special: no visible global function
     definition for ‘panel.abline’
    distancePlot.covfm : <anonymous>: no visible global function definition
     for ‘strip.default’
    glmRob.Initial.LMS: no visible global function definition for ‘lmsreg’
    overlaidDenPlot.fdfm : prepanel.special: no visible global function
     definition for ‘prepanel.default.histogram’
    overlaidDenPlot.fdfm : panel.special: no visible global function
     definition for ‘panel.histogram’
    overlaidDenPlot.fdfm : panel.special: no visible global function
     definition for ‘panel.mathdensity’
    overlaidDenPlot.fdfm: no visible global function definition for
     ‘simpleKey’
    overlaidDenPlot.fdfm: no visible global function definition for
     ‘histogram’
    overlaidDenPlot.fdfm : <anonymous>: no visible global function
     definition for ‘strip.default’
    plot.glmRob: no visible global function definition for ‘plot.glmfm’
    qqPlot.fdfm : panel.special: no visible global function definition for
     ‘panel.xyplot’
    qqPlot.fdfm : panel.special: no visible global function definition for
     ‘panel.abline’
    qqPlot.fdfm : <anonymous>: no visible global function definition for
     ‘strip.default’
    screePlot.covfm: no visible global function definition for ‘simpleKey’
    screePlot.covfm : <anonymous>: no visible global function definition
     for ‘strip.default’
Flavors: r-devel-linux-x86_64-debian-clang, r-devel-linux-x86_64-debian-gcc, r-devel-linux-x86_64-fedora-clang, r-devel-linux-x86_64-fedora-gcc, r-devel-osx-x86_64-clang, r-prerel-windows-ix86+x86_64, r-prerel-linux-x86_64, r-prerel-solaris-sparc, r-prerel-solaris-x86, r-release-linux-x86_64, r-release-osx-x86_64-mavericks, r-release-windows-ix86+x86_64

Version: 0.4-16
Check: compiled code
Result: NOTE
    File ‘robust/libs/robust.so’:
     Found ‘srand’, possibly from ‘srand’ (C)
     Object: ‘rb.o’
    
    Compiled code should not call entry points which might terminate R nor
    write to stdout/stderr instead of to the console, nor the system RNG.
    
    See ‘Writing portable packages’ in the ‘Writing R Extensions’ manual.
Flavors: r-devel-linux-x86_64-debian-clang, r-devel-linux-x86_64-debian-gcc, r-devel-linux-x86_64-fedora-clang, r-devel-linux-x86_64-fedora-gcc, r-prerel-linux-x86_64, r-prerel-solaris-sparc, r-prerel-solaris-x86, r-release-linux-x86_64

Version: 0.4-16
Check: compiled code
Result: NOTE
    File ‘robust/libs/robust.so’:
     Found ‘_srand’, possibly from ‘srand’ (C)
     Object: ‘rb.o’
    
    Compiled code should not call entry points which might terminate R nor
    write to stdout/stderr instead of to the console, nor the system RNG.
    
    See ‘Writing portable packages’ in the ‘Writing R Extensions’ manual.
Flavors: r-devel-osx-x86_64-clang, r-release-osx-x86_64-mavericks

Version: 0.4-16
Check: compiled code
Result: NOTE
    File 'robust/libs/i386/robust.dll':
     Found 'srand', possibly from 'srand' (C)
     Object: 'rb.o'
    File 'robust/libs/x64/robust.dll':
     Found 'srand', possibly from 'srand' (C)
     Object: 'rb.o'
    
    Compiled code should not call entry points which might terminate R nor
    write to stdout/stderr instead of to the console, nor the system RNG.
    
    See 'Writing portable packages' in the 'Writing R Extensions' manual.
Flavors: r-prerel-windows-ix86+x86_64, r-release-windows-ix86+x86_64