CRAN Package Check Results for Package robust

Last updated on 2014-04-23 20:47:21.

Flavor Version Tinstall Tcheck Ttotal Status Flags
r-devel-linux-x86_64-debian-clang 0.4-15 11.13 51.50 62.63 NOTE
r-devel-linux-x86_64-debian-gcc 0.4-15 11.08 52.22 63.30 NOTE
r-devel-linux-x86_64-fedora-clang 0.4-15 120.07 NOTE
r-devel-linux-x86_64-fedora-gcc 0.4-15 117.03 NOTE
r-devel-osx-x86_64-clang 0.4-15 100.67 NOTE
r-devel-osx-x86_64-gcc 0.4-15 ERROR
r-devel-windows-ix86+x86_64 0.4-15 35.00 96.00 131.00 NOTE
r-patched-linux-x86_64 0.4-15 11.06 51.43 62.49 NOTE
r-patched-solaris-sparc 0.4-15 646.60 NOTE
r-patched-solaris-x86 0.4-15 148.60 NOTE
r-release-linux-ix86 0.4-15 17.00 82.00 99.00 NOTE
r-release-linux-x86_64 0.4-15 11.04 51.46 62.49 NOTE
r-release-osx-x86_64-mavericks 0.4-15 WARN
r-release-windows-ix86+x86_64 0.4-15 33.00 101.00 134.00 NOTE
r-oldrel-windows-ix86+x86_64 0.4-15 37.00 98.00 135.00 NOTE

Check Details

Version: 0.4-15
Check: DESCRIPTION meta-information
Result: NOTE
    Package listed in more than one of Depends, Imports, Suggests, Enhances:
     ‘robustbase’
    A package should be listed in only one of these fields.
Flavors: r-devel-linux-x86_64-debian-clang, r-devel-linux-x86_64-debian-gcc, r-devel-linux-x86_64-fedora-clang, r-devel-linux-x86_64-fedora-gcc, r-devel-osx-x86_64-clang, r-devel-windows-ix86+x86_64, r-patched-linux-x86_64, r-patched-solaris-sparc, r-patched-solaris-x86, r-release-linux-ix86, r-release-linux-x86_64, r-release-osx-x86_64-mavericks, r-release-windows-ix86+x86_64, r-oldrel-windows-ix86+x86_64

Version: 0.4-15
Check: dependencies in R code
Result: NOTE
    Packages in Depends field not imported from:
     ‘MASS’ ‘fit.models’ ‘lattice’ ‘rrcov’
     These packages need to be imported from (in the NAMESPACE file)
     for when this namespace is loaded but not attached.
    Unexported object imported by a ':::' call: ‘stats:::deviance.lm’
     See the note in ?`:::` about the use of this operator.
    See the information on DESCRIPTION files in the chapter ‘Creating R
    packages’ of the ‘Writing R Extensions’ manual.
Flavors: r-devel-linux-x86_64-debian-clang, r-devel-linux-x86_64-debian-gcc, r-devel-linux-x86_64-fedora-clang, r-devel-linux-x86_64-fedora-gcc, r-devel-osx-x86_64-clang, r-devel-windows-ix86+x86_64, r-patched-linux-x86_64, r-patched-solaris-sparc, r-patched-solaris-x86, r-release-linux-ix86, r-release-linux-x86_64, r-release-osx-x86_64-mavericks, r-release-windows-ix86+x86_64, r-oldrel-windows-ix86+x86_64

Version: 0.4-15
Check: top-level files
Result: NOTE
    Non-standard file/directory found at top level:
     ‘Copyright’
    Copyright information should be in file inst/COPYRIGHTS
Flavors: r-devel-linux-x86_64-fedora-clang, r-devel-linux-x86_64-fedora-gcc

Version: 0.4-15
Check: package dependencies
Result: ERROR
    Packages required but not available: ‘robustbase’ ‘rrcov’
    
    See the information on DESCRIPTION files in the chapter ‘Creating R
    packages’ of the ‘Writing R Extensions’ manual.
Flavor: r-devel-osx-x86_64-gcc

Version: 0.4-15
Check: PDF version of manual
Result: WARNING
    LaTeX errors when creating PDF version.
    This typically indicates Rd problems.
    LaTeX errors found:
    ! LaTeX Error: File `upquote.sty' not found.
    
    Type X to quit or <RETURN> to proceed,
    or enter new name. (Default extension: sty)
    
    1e172205/Rd2.tex:8: ==> Fatal error occurred, no output PDF file produced!
Flavor: r-release-osx-x86_64-mavericks