CRAN Package Check Results for Package robust

Last updated on 2017-12-15 04:47:39 CET.

Flavor Version Tinstall Tcheck Ttotal Status Flags
r-devel-linux-x86_64-debian-clang 0.4-18 14.63 47.47 62.10 FAIL
r-devel-linux-x86_64-debian-gcc 0.4-18 11.37 71.05 82.42 OK
r-devel-linux-x86_64-fedora-clang 0.4-18 111.50 OK
r-devel-linux-x86_64-fedora-gcc 0.4-18 107.11 OK
r-devel-windows-ix86+x86_64 0.4-18 64.00 197.00 261.00 OK
r-patched-linux-x86_64 0.4-18 13.82 95.25 109.07 OK
r-patched-solaris-x86 0.4-18 131.60 ERROR
r-release-linux-x86_64 0.4-18 13.90 95.35 109.25 OK
r-release-windows-ix86+x86_64 0.4-18 48.00 120.00 168.00 OK
r-release-osx-x86_64 0.4-18 OK
r-oldrel-windows-ix86+x86_64 0.4-18 62.00 131.00 193.00 OK
r-oldrel-osx-x86_64 0.4-18 OK

Check Details

Version: 0.4-18
Check: pragmas in C/C++ headers and code
Result: FAIL
    
Flavor: r-devel-linux-x86_64-debian-clang

Version: 0.4-18
Check: examples
Result: ERROR
    Running examples in ‘robust-Ex.R’ failed
    The error most likely occurred in:
    
    > ### Name: overlaidDenPlot.fdfm
    > ### Title: Overlaid Density Plot
    > ### Aliases: overlaidDenPlot.fdfm
    > ### Keywords: hplot
    >
    > ### ** Examples
    >
    > data(los, package="robustbase")
    > los.fm <- fit.models(c(Robust = "fitdstnRob", MLE = "fitdstn"),
    + x = los, densfun = "gamma")
    
     *** caught segfault ***
    address 1, cause 'memory not mapped'
    
    Traceback:
     1: .Fortran("rlcretabi", b1 = as.double(b1), b2 = as.double(b2), kk = as.integer(k), la = as.integer(2), a = as.double(A), maxta = as.integer(maxta), maxtc = as.integer(maxtc), maxit = as.integer(maxit), til = as.double(til), tol = as.double(tol), alpha1 = as.double(alpha1), alpha2 = as.double(alpha2), monit = as.integer(0), tab = tab, tpar = double(6), PACKAGE = "robust")
     2: Tabgamma(b1, b2, alpha1, alpha2, k, A, maxta, maxtc, maxit, til, tol)
     3: gammaRob(x, ...)
     4: fitdstnRob(x = los, densfun = "gamma")
     5: eval(model.call, sys.parent())
     6: eval(model.call, sys.parent())
     7: fit.models(c(Robust = "fitdstnRob", MLE = "fitdstn"), x = los, densfun = "gamma")
    An irrecoverable exception occurred. R is aborting now ...
Flavor: r-patched-solaris-x86