CRAN Package Check Results for Package robust

Last updated on 2015-08-31 21:47:02.

Flavor Version Tinstall Tcheck Ttotal Status Flags
r-devel-linux-x86_64-debian-clang 0.4-16 10.95 42.26 53.21 NOTE
r-devel-linux-x86_64-debian-gcc 0.4-16 10.96 41.05 52.00 NOTE
r-devel-linux-x86_64-fedora-clang 0.4-16 99.35 NOTE
r-devel-linux-x86_64-fedora-gcc 0.4-16 93.01 NOTE
r-devel-osx-x86_64-clang 0.4-16 70.52 NOTE
r-devel-windows-ix86+x86_64 0.4-16 50.00 99.00 149.00 NOTE
r-patched-linux-x86_64 0.4-16 11.24 41.84 53.08 NOTE
r-patched-solaris-sparc 0.4-16 619.40 NOTE
r-patched-solaris-x86 0.4-16 138.30 NOTE
r-release-linux-x86_64 0.4-16 11.62 43.62 55.24 NOTE
r-release-osx-x86_64-mavericks 0.4-16 NOTE
r-release-windows-ix86+x86_64 0.4-16 45.00 99.00 144.00 NOTE
r-oldrel-windows-ix86+x86_64 0.4-16 48.00 118.00 166.00 NOTE

Check Details

Version: 0.4-16
Check: S3 generic/method consistency
Result: NOTE
    Found the following apparent S3 methods exported but not registered:
     anova.glmRoblist anova.lmRoblist plot.covClassic plot.covRob
     plot.glmRob
    See section ‘Registering S3 methods’ in the ‘Writing R Extensions’
    manual.
Flavors: r-devel-linux-x86_64-debian-clang, r-devel-linux-x86_64-debian-gcc, r-devel-linux-x86_64-fedora-clang, r-devel-linux-x86_64-fedora-gcc, r-devel-osx-x86_64-clang, r-patched-linux-x86_64, r-patched-solaris-sparc, r-patched-solaris-x86, r-release-linux-x86_64

Version: 0.4-16
Check: R code for possible problems
Result: NOTE
    S.G.l: no visible global function definition for ‘pnorm’
    S.G.n: no visible global function definition for ‘dnorm’
    S.G.n: no visible global function definition for ‘pnorm’
    S.G.w: no visible global function definition for ‘pweibull’
    S.G2.g: no visible global function definition for ‘pgamma’
    S.G2.l: no visible global function definition for ‘dnorm’
    S.G2.l: no visible global function definition for ‘pnorm’
    S.G2.n: no visible global function definition for ‘dnorm’
    S.G2.n: no visible global function definition for ‘pnorm’
    S.G2.w: no visible global function definition for ‘pweibull’
    S.K.l: no visible global function definition for ‘pnorm’
    S.K.lw: no visible global function definition for ‘pweibull’
    S.K1.l: no visible global function definition for ‘dnorm’
    S.K2.g: no visible global function definition for ‘pgamma’
    S.K2.l: no visible global function definition for ‘dnorm’
    S.K2.w: no visible global function definition for ‘pweibull’
    S.Theta.gamma: no visible global function definition for ‘qgamma’
    S.Theta.gamma: no visible global function definition for ‘dgamma’
    S.Theta.gamma: no visible global function definition for ‘pgamma’
    S.Theta.lnorm: no visible global function definition for ‘dnorm’
    S.Theta.lnorm: no visible global function definition for ‘pnorm’
    S.Theta.lnorm: no visible global function definition for ‘qnorm’
    S.Theta.lnorm: no visible global function definition for ‘dlnorm’
    S.Theta.weibull: no visible global function definition for ‘qweibull’
    S.Theta.weibull: no visible global function definition for ‘dweibull’
    S.Theta.weibull: no visible global function definition for ‘dgamma’
    S.Theta.weibull: no visible global function definition for ‘pweibull’
    anova.glmRob: no visible global function definition for ‘model.frame’
    anova.glmRob: no visible global function definition for ‘model.matrix’
    anova.glmRob: no visible global function definition for ‘model.extract’
    anova.glmRob: no visible global function definition for ‘weighted.mean’
    anova.glmRob: no visible global function definition for ‘deviance’
    anova.glmRob: no visible global function definition for ‘formula’
    anova.glmRob: no visible global function definition for ‘stat.anova’
    anova.glmRoblist: no visible global function definition for ‘anova’
    anova.glmRoblist : <anonymous>: no visible global function definition
     for ‘formula’
    anova.glmRoblist: no visible global function definition for
     ‘stat.anova’
    anova.glmRoblist: no visible global function definition for ‘deviance’
    anova.lmRob: no visible global function definition for ‘pchisq’
    anova.lmRob: no visible global function definition for ‘as.formula’
    anova.lmRob: no visible global function definition for ‘update’
    anova.lmRob: no visible global function definition for ‘resid’
    anova.lmRoblist : diff.Rn2: no visible global function definition for
     ‘pchisq’
    anova.lmRoblist : diff.Tau: no visible global function definition for
     ‘pchisq’
    anova.lmRoblist : <anonymous>: no visible global function definition
     for ‘formula’
    anova.lmRoblist : <anonymous>: no visible global function definition
     for ‘residuals’
    anova.lmRoblist: no visible global function definition for ‘anova’
    covClassic: no visible binding for global variable ‘na.fail’
    covClassic: no visible global function definition for ‘mahalanobis’
    covRob: no visible binding for global variable ‘na.fail’
    covRob: no visible global function definition for ‘getCov’
    covRob: no visible global function definition for ‘getCenter’
    covRob: no visible global function definition for ‘getDistance’
    covRob: no visible global function definition for ‘CovOgk’
    covRob: no visible global function definition for ‘CovControlOgk’
    covRob: no visible global function definition for ‘covMest’
    covRob: no visible global function definition for ‘mahalanobis’
    ddPlot.covfm : panel.special: no visible global function definition for
     ‘panel.xyplot’
    ddPlot.covfm : panel.special: no visible global function definition for
     ‘panel.text’
    ddPlot.covfm : panel.special: no visible global function definition for
     ‘panel.abline’
    ddPlot.covfm: no visible global function definition for ‘qchisq’
    ddPlot.covfm : <anonymous>: no visible global function definition for
     ‘strip.default’
    deviance.lm: no visible global function definition for ‘deviance’
    distancePlot.covfm: no visible global function definition for ‘qchisq’
    distancePlot.covfm : panel.special: no visible global function
     definition for ‘panel.xyplot’
    distancePlot.covfm : panel.special: no visible global function
     definition for ‘panel.text’
    distancePlot.covfm : panel.special: no visible global function
     definition for ‘panel.abline’
    distancePlot.covfm : <anonymous>: no visible global function definition
     for ‘strip.default’
    drop1.lmRob: no visible global function definition for ‘model.matrix’
    drop1.lmRob: no visible global function definition for ‘drop.scope’
    drop1.lmRob: no visible global function definition for ‘terms’
    drop1.lmRob: no visible global function definition for ‘update.formula’
    drop1.lmRob: no visible global function definition for ‘lsfit’
    drop1.lmRob: no visible global function definition for ‘mad’
    drop1.lmRob: no visible global function definition for ‘as.formula’
    drop1.lmRob: no visible global function definition for ‘update’
    drop1.lmRob: no visible global function definition for ‘formula’
    ellipsesPlot.covfm: no visible global function definition for ‘par’
    ellipsesPlot.covfm : ellipse: no visible global function definition for
     ‘qchisq’
    ellipsesPlot.covfm: no visible global function definition for ‘plot’
    ellipsesPlot.covfm: no visible global function definition for ‘polygon’
    ellipsesPlot.covfm: no visible global function definition for ‘legend’
    ellipsesPlot.covfm: no visible global function definition for
     ‘strwidth’
    ellipsesPlot.covfm: no visible global function definition for
     ‘strheight’
    ellipsesPlot.covfm: no visible global function definition for ‘text’
    ellipsesPlot.covfm: no visible global function definition for ‘lines’
    fitdstn: no visible global function definition for ‘var’
    fitdstn: no visible binding for global variable ‘dgamma’
    gammaRob: no visible global function definition for ‘median’
    gammaRob: no visible global function definition for ‘mad’
    gammaRob: no visible global function definition for ‘dgamma’
    gen.data: no visible global function definition for ‘rnorm’
    gen.data: no visible global function definition for ‘runif’
    glmRob: no visible global function definition for ‘binomial’
    glmRob: no visible global function definition for ‘model.extract’
    glmRob: no visible global function definition for ‘model.matrix’
    glmRob.Initial.LMS: no visible global function definition for ‘median’
    glmRob.Initial.LMS: no visible global function definition for ‘mad’
    glmRob.Initial.LMS: no visible global function definition for ‘lmsreg’
    glmRob.cubif: no visible global function definition for ‘binomial’
    glmRob.mallows: no visible global function definition for ‘glm.fit’
    glmRob.mallows: no visible global function definition for ‘binomial’
    glmRob.misclass: no visible global function definition for ‘coef’
    glmRob.misclass: no visible global function definition for ‘glm.fit’
    glmRob.misclass: no visible global function definition for ‘binomial’
    lmRob: no visible global function definition for ‘model.extract’
    lmRob: no visible global function definition for ‘model.matrix’
    lmRob.RFPE: no visible global function definition for ‘residuals’
    lmRob.effad: no visible global function definition for ‘uniroot’
    lmRob.effvy: no visible global function definition for ‘uniroot’
    lmRob.fit.compute: no visible global function definition for ‘mad’
    lmRob.fit.compute: no visible global function definition for ‘median’
    lsRobTest: no visible global function definition for ‘lm’
    lsRobTest: no visible global function definition for ‘formula’
    lsRobTest: no visible global function definition for ‘residuals’
    lsRobTest: no visible global function definition for ‘model.matrix’
    lsRobTest: no visible global function definition for ‘coef’
    lsRobTest: no visible global function definition for ‘pnorm’
    lsRobTest: no visible global function definition for ‘pchisq’
    model.frame.glmRob: no visible global function definition for
     ‘model.frame’
    model.frame.lmRob: no visible global function definition for
     ‘model.frame’
    model.matrix.glmRob: no visible global function definition for
     ‘model.matrix’
    model.matrix.lmRob: no visible global function definition for
     ‘model.matrix’
    overlaidDenPlot.fdfm : prepanel.special: no visible global function
     definition for ‘prepanel.default.histogram’
    overlaidDenPlot.fdfm : prepanel.special: no visible global function
     definition for ‘nlm’
    overlaidDenPlot.fdfm : panel.special: no visible global function
     definition for ‘panel.histogram’
    overlaidDenPlot.fdfm : panel.special: no visible global function
     definition for ‘panel.mathdensity’
    overlaidDenPlot.fdfm: no visible global function definition for
     ‘simpleKey’
    overlaidDenPlot.fdfm: no visible global function definition for
     ‘histogram’
    overlaidDenPlot.fdfm : <anonymous>: no visible global function
     definition for ‘strip.default’
    plot.covClassic: no visible global function definition for ‘plot’
    plot.covRob: no visible global function definition for ‘plot’
    plot.covfm: no visible global function definition for ‘par’
    plot.covfm: no visible global function definition for ‘menu’
    plot.fdfm: no visible global function definition for ‘par’
    plot.fdfm: no visible global function definition for ‘menu’
    plot.fitdstn: no visible global function definition for ‘plot’
    plot.glmRob: no visible global function definition for ‘plot.glmfm’
    plot.lmRob: no visible global function definition for ‘plot’
    predict.glmRob: no visible global function definition for
     ‘model.matrix’
    predict.glmRob: no visible global function definition for
     ‘delete.response’
    predict.glmRob: no visible global function definition for ‘coef’
    predict.glmRob: no visible global function definition for ‘napredict’
    predict.lmRob: no visible global function definition for ‘fitted’
    predict.lmRob: no visible global function definition for ‘model.matrix’
    predict.lmRob: no visible global function definition for
     ‘delete.response’
    predict.lmRob: no visible global function definition for ‘coef’
    predict.lmRob: no visible global function definition for ‘napredict’
    print.summary.glmRob: no visible global function definition for
     ‘quantile’
    print.summary.lmRob: no visible global function definition for
     ‘quantile’
    print.summary.lmRob: no visible global function definition for
     ‘printCoefmat’
    print.summary.lmRob: no visible global function definition for
     ‘naprint’
    qqPlot.fdfm : panel.special: no visible global function definition for
     ‘panel.xyplot’
    qqPlot.fdfm : panel.special: no visible global function definition for
     ‘quantile’
    qqPlot.fdfm : panel.special: no visible global function definition for
     ‘panel.abline’
    qqPlot.fdfm : <anonymous>: no visible global function definition for
     ‘strip.default’
    rb.lmRob: no visible global function definition for ‘model.matrix’
    rb.lmRob: no visible global function definition for ‘model.extract’
    rb.lmRob: no visible global function definition for ‘model.frame’
    rb.lmRob : <anonymous>: no visible global function definition for ‘var’
    residuals.lmRob: no visible global function definition for ‘residuals’
    robMD2: no visible global function definition for ‘model.frame’
    robMD2: no visible global function definition for ‘fitted’
    robMD2: no visible global function definition for ‘terms’
    robMD2: no visible global function definition for ‘model.matrix’
    robMD2: no visible binding for global variable ‘weighted.mean’
    robMD2: no visible global function definition for ‘mahalanobis’
    robMD2: no visible global function definition for ‘var’
    screePlot.covfm: no visible global function definition for ‘simpleKey’
    screePlot.covfm : <anonymous>: no visible global function definition
     for ‘strip.default’
    step.lmRob : make.step: no visible global function definition for
     ‘formula’
    step.lmRob: no visible global function definition for ‘terms’
    step.lmRob: no visible global function definition for ‘update.formula’
    step.lmRob: no visible global function definition for ‘model.frame’
    step.lmRob: no visible global function definition for ‘model.matrix’
    step.lmRob: no visible global function definition for ‘model.extract’
    step.lmRob: no visible global function definition for ‘formula’
    step.lmRob: no visible global function definition for ‘factor.scope’
    step.lmRob: no visible global function definition for ‘update’
    summary.glmRob: no visible global function definition for ‘residuals’
    summary.glmRob: no visible global function definition for ‘pnorm’
    summary.glmRob: no visible global function definition for ‘deviance’
    summary.lmRob: no visible global function definition for ‘coef’
    summary.lmRob: no visible global function definition for ‘pt’
    test.lmRob: no visible global function definition for ‘model.extract’
    test.lmRob: no visible global function definition for ‘model.matrix’
    test.lmRob: no visible global function definition for ‘coef’
    test.lmRob: no visible global function definition for ‘lsfit’
    test.lmRob: no visible global function definition for ‘qchisq’
    test.lmRob: no visible global function definition for ‘pchisq’
    weibullRob: no visible global function definition for ‘dweibull’
    Undefined global functions or variables:
     CovControlOgk CovOgk anova as.formula binomial coef covMest
     delete.response deviance dgamma dlnorm dnorm drop.scope dweibull
     factor.scope fitted formula getCenter getCov getDistance glm.fit
     histogram legend lines lm lmsreg lsfit mad mahalanobis median menu
     model.extract model.frame model.matrix na.fail napredict naprint nlm
     panel.abline panel.histogram panel.mathdensity panel.text
     panel.xyplot par pchisq pgamma plot plot.glmfm pnorm polygon
     prepanel.default.histogram printCoefmat pt pweibull qchisq qgamma
     qnorm quantile qweibull resid residuals rnorm runif simpleKey
     stat.anova strheight strip.default strwidth terms text uniroot update
     update.formula var weighted.mean
    Consider adding
     importFrom("graphics", "legend", "lines", "par", "plot", "polygon",
     "strheight", "strwidth", "text")
     importFrom("stats", "anova", "as.formula", "binomial", "coef",
     "delete.response", "deviance", "dgamma", "dlnorm", "dnorm",
     "drop.scope", "dweibull", "factor.scope", "fitted",
     "formula", "glm.fit", "lm", "lsfit", "mad", "mahalanobis",
     "median", "model.extract", "model.frame", "model.matrix",
     "na.fail", "napredict", "naprint", "nlm", "pchisq",
     "pgamma", "pnorm", "printCoefmat", "pt", "pweibull",
     "qchisq", "qgamma", "qnorm", "quantile", "qweibull",
     "resid", "residuals", "rnorm", "runif", "stat.anova",
     "terms", "uniroot", "update", "update.formula", "var",
     "weighted.mean")
     importFrom("utils", "menu")
    to your NAMESPACE.
Flavors: r-devel-linux-x86_64-debian-clang, r-devel-linux-x86_64-debian-gcc, r-devel-linux-x86_64-fedora-clang, r-devel-linux-x86_64-fedora-gcc, r-devel-windows-ix86+x86_64

Version: 0.4-16
Check: compiled code
Result: NOTE
    File ‘robust/libs/robust.so’:
     Found ‘srand’, possibly from ‘srand’ (C)
     Object: ‘rb.o’
    
    Compiled code should not call entry points which might terminate R nor
    write to stdout/stderr instead of to the console, nor the system RNG.
    
    See ‘Writing portable packages’ in the ‘Writing R Extensions’ manual.
Flavors: r-devel-linux-x86_64-debian-clang, r-devel-linux-x86_64-debian-gcc, r-devel-linux-x86_64-fedora-clang, r-devel-linux-x86_64-fedora-gcc, r-patched-linux-x86_64, r-patched-solaris-sparc, r-patched-solaris-x86, r-release-linux-x86_64

Version: 0.4-16
Check: R code for possible problems
Result: NOTE
    covRob: no visible global function definition for ‘getCov’
    covRob: no visible global function definition for ‘getCenter’
    covRob: no visible global function definition for ‘getDistance’
    covRob: no visible global function definition for ‘CovOgk’
    covRob: no visible global function definition for ‘CovControlOgk’
    covRob: no visible global function definition for ‘covMest’
    ddPlot.covfm : panel.special: no visible global function definition for
     ‘panel.xyplot’
    ddPlot.covfm : panel.special: no visible global function definition for
     ‘panel.text’
    ddPlot.covfm : panel.special: no visible global function definition for
     ‘panel.abline’
    ddPlot.covfm : <anonymous>: no visible global function definition for
     ‘strip.default’
    distancePlot.covfm : panel.special: no visible global function
     definition for ‘panel.xyplot’
    distancePlot.covfm : panel.special: no visible global function
     definition for ‘panel.text’
    distancePlot.covfm : panel.special: no visible global function
     definition for ‘panel.abline’
    distancePlot.covfm : <anonymous>: no visible global function definition
     for ‘strip.default’
    glmRob.Initial.LMS: no visible global function definition for ‘lmsreg’
    overlaidDenPlot.fdfm : prepanel.special: no visible global function
     definition for ‘prepanel.default.histogram’
    overlaidDenPlot.fdfm : panel.special: no visible global function
     definition for ‘panel.histogram’
    overlaidDenPlot.fdfm : panel.special: no visible global function
     definition for ‘panel.mathdensity’
    overlaidDenPlot.fdfm: no visible global function definition for
     ‘simpleKey’
    overlaidDenPlot.fdfm: no visible global function definition for
     ‘histogram’
    overlaidDenPlot.fdfm : <anonymous>: no visible global function
     definition for ‘strip.default’
    plot.glmRob: no visible global function definition for ‘plot.glmfm’
    qqPlot.fdfm : panel.special: no visible global function definition for
     ‘panel.xyplot’
    qqPlot.fdfm : panel.special: no visible global function definition for
     ‘panel.abline’
    qqPlot.fdfm : <anonymous>: no visible global function definition for
     ‘strip.default’
    screePlot.covfm: no visible global function definition for ‘simpleKey’
    screePlot.covfm : <anonymous>: no visible global function definition
     for ‘strip.default’
    Undefined global functions or variables:
     CovControlOgk CovOgk covMest getCenter getCov getDistance histogram
     lmsreg panel.abline panel.histogram panel.mathdensity panel.text
     panel.xyplot plot.glmfm prepanel.default.histogram simpleKey
     strip.default
Flavor: r-devel-osx-x86_64-clang

Version: 0.4-16
Check: compiled code
Result: NOTE
    File ‘robust/libs/robust.so’:
     Found ‘_srand’, possibly from ‘srand’ (C)
     Object: ‘rb.o’
    
    Compiled code should not call entry points which might terminate R nor
    write to stdout/stderr instead of to the console, nor the system RNG.
    
    See ‘Writing portable packages’ in the ‘Writing R Extensions’ manual.
Flavors: r-devel-osx-x86_64-clang, r-release-osx-x86_64-mavericks

Version: 0.4-16
Check: compiled code
Result: NOTE
    File 'robust/libs/i386/robust.dll':
     Found 'srand', possibly from 'srand' (C)
     Object: 'rb.o'
    File 'robust/libs/x64/robust.dll':
     Found 'srand', possibly from 'srand' (C)
     Object: 'rb.o'
    
    Compiled code should not call entry points which might terminate R nor
    write to stdout/stderr instead of to the console, nor the system RNG.
    
    See 'Writing portable packages' in the 'Writing R Extensions' manual.
Flavors: r-devel-windows-ix86+x86_64, r-release-windows-ix86+x86_64, r-oldrel-windows-ix86+x86_64

Version: 0.4-16
Check: R code for possible problems
Result: NOTE
    covRob: no visible global function definition for ‘getCov’
    covRob: no visible global function definition for ‘getCenter’
    covRob: no visible global function definition for ‘getDistance’
    covRob: no visible global function definition for ‘CovOgk’
    covRob: no visible global function definition for ‘CovControlOgk’
    covRob: no visible global function definition for ‘covMest’
    ddPlot.covfm : panel.special: no visible global function definition for
     ‘panel.xyplot’
    ddPlot.covfm : panel.special: no visible global function definition for
     ‘panel.text’
    ddPlot.covfm : panel.special: no visible global function definition for
     ‘panel.abline’
    ddPlot.covfm : <anonymous>: no visible global function definition for
     ‘strip.default’
    distancePlot.covfm : panel.special: no visible global function
     definition for ‘panel.xyplot’
    distancePlot.covfm : panel.special: no visible global function
     definition for ‘panel.text’
    distancePlot.covfm : panel.special: no visible global function
     definition for ‘panel.abline’
    distancePlot.covfm : <anonymous>: no visible global function definition
     for ‘strip.default’
    glmRob.Initial.LMS: no visible global function definition for ‘lmsreg’
    overlaidDenPlot.fdfm : prepanel.special: no visible global function
     definition for ‘prepanel.default.histogram’
    overlaidDenPlot.fdfm : panel.special: no visible global function
     definition for ‘panel.histogram’
    overlaidDenPlot.fdfm : panel.special: no visible global function
     definition for ‘panel.mathdensity’
    overlaidDenPlot.fdfm: no visible global function definition for
     ‘simpleKey’
    overlaidDenPlot.fdfm: no visible global function definition for
     ‘histogram’
    overlaidDenPlot.fdfm : <anonymous>: no visible global function
     definition for ‘strip.default’
    plot.glmRob: no visible global function definition for ‘plot.glmfm’
    qqPlot.fdfm : panel.special: no visible global function definition for
     ‘panel.xyplot’
    qqPlot.fdfm : panel.special: no visible global function definition for
     ‘panel.abline’
    qqPlot.fdfm : <anonymous>: no visible global function definition for
     ‘strip.default’
    screePlot.covfm: no visible global function definition for ‘simpleKey’
    screePlot.covfm : <anonymous>: no visible global function definition
     for ‘strip.default’
Flavors: r-patched-linux-x86_64, r-patched-solaris-sparc, r-patched-solaris-x86, r-release-linux-x86_64, r-release-osx-x86_64-mavericks, r-release-windows-ix86+x86_64, r-oldrel-windows-ix86+x86_64