CRAN Package Check Results for Package robust

Last updated on 2018-05-21 10:50:16 CEST.

Flavor Version Tinstall Tcheck Ttotal Status Flags
r-devel-linux-x86_64-debian-clang 0.4-18 18.73 65.46 84.19 OK
r-devel-linux-x86_64-debian-gcc 0.4-18 17.03 55.45 72.48 OK
r-devel-linux-x86_64-fedora-clang 0.4-18 114.91 OK
r-devel-linux-x86_64-fedora-gcc 0.4-18 111.38 OK
r-devel-windows-ix86+x86_64 0.4-18 71.00 141.00 212.00 OK
r-patched-linux-x86_64 0.4-18 20.88 70.61 91.49 OK
r-patched-solaris-x86 0.4-18 140.40 ERROR
r-release-linux-x86_64 0.4-18 18.40 69.33 87.73 OK
r-release-windows-ix86+x86_64 0.4-18 66.00 143.00 209.00 OK
r-release-osx-x86_64 0.4-18 OK
r-oldrel-windows-ix86+x86_64 0.4-18 44.00 132.00 176.00 OK
r-oldrel-osx-x86_64 0.4-18 OK

Additional issues

MKL

Check Details

Version: 0.4-18
Check: examples
Result: ERROR
    Running examples in ‘robust-Ex.R’ failed
    The error most likely occurred in:
    
    > ### Name: overlaidDenPlot.fdfm
    > ### Title: Overlaid Density Plot
    > ### Aliases: overlaidDenPlot.fdfm
    > ### Keywords: hplot
    >
    > ### ** Examples
    >
    > data(los, package="robustbase")
    > los.fm <- fit.models(c(Robust = "fitdstnRob", MLE = "fitdstn"),
    + x = los, densfun = "gamma")
    
     *** caught segfault ***
    address 0, cause 'memory not mapped'
    
    Traceback:
     1: Tabgamma(b1, b2, alpha1, alpha2, k, A, maxta, maxtc, maxit, til, tol)
     2: gammaRob(x, ...)
     3: fitdstnRob(x = los, densfun = "gamma")
     4: eval(model.call, sys.parent())
     5: eval(model.call, sys.parent())
     6: fit.models(c(Robust = "fitdstnRob", MLE = "fitdstn"), x = los, densfun = "gamma")
    An irrecoverable exception occurred. R is aborting now ...
Flavor: r-patched-solaris-x86