CRAN Package Check Results for Package robust

Last updated on 2014-12-21 03:48:25.

Flavor Version Tinstall Tcheck Ttotal Status Flags
r-devel-linux-x86_64-debian-clang 0.4-16 11.26 51.07 62.34 NOTE
r-devel-linux-x86_64-debian-gcc 0.4-16 11.32 50.55 61.86 NOTE
r-devel-linux-x86_64-fedora-clang 0.4-16 119.21 NOTE
r-devel-linux-x86_64-fedora-gcc 0.4-16 109.87 NOTE
r-devel-osx-x86_64-clang 0.4-16 99.92 NOTE
r-devel-windows-ix86+x86_64 0.4-16 36.00 100.00 136.00 NOTE
r-patched-linux-x86_64 0.4-16 11.21 50.87 62.08 NOTE
r-patched-solaris-sparc 0.4-16 720.80 NOTE
r-patched-solaris-x86 0.4-16 146.70 NOTE
r-release-linux-ix86 0.4-16 14.92 60.22 75.14 NOTE
r-release-linux-x86_64 0.4-16 10.90 50.42 61.32 NOTE
r-release-osx-x86_64-mavericks 0.4-16 OK
r-release-osx-x86_64-snowleopard 0.4-16 OK
r-release-windows-ix86+x86_64 0.4-16 37.00 102.00 139.00 NOTE
r-oldrel-windows-ix86+x86_64 0.4-16 35.00 106.00 141.00 OK

Check Details

Version: 0.4-16
Check: R code for possible problems
Result: NOTE
    covRob: no visible global function definition for ‘getCov’
    covRob: no visible global function definition for ‘getCenter’
    covRob: no visible global function definition for ‘getDistance’
    covRob: no visible global function definition for ‘CovOgk’
    covRob: no visible global function definition for ‘CovControlOgk’
    covRob: no visible global function definition for ‘covMest’
    ddPlot.covfm : panel.special: no visible global function definition for
     ‘panel.xyplot’
    ddPlot.covfm : panel.special: no visible global function definition for
     ‘panel.text’
    ddPlot.covfm : panel.special: no visible global function definition for
     ‘panel.abline’
    ddPlot.covfm : <anonymous>: no visible global function definition for
     ‘strip.default’
    distancePlot.covfm : panel.special: no visible global function
     definition for ‘panel.xyplot’
    distancePlot.covfm : panel.special: no visible global function
     definition for ‘panel.text’
    distancePlot.covfm : panel.special: no visible global function
     definition for ‘panel.abline’
    distancePlot.covfm : <anonymous>: no visible global function definition
     for ‘strip.default’
    glmRob.Initial.LMS: no visible global function definition for ‘lmsreg’
    overlaidDenPlot.fdfm : prepanel.special: no visible global function
     definition for ‘prepanel.default.histogram’
    overlaidDenPlot.fdfm : panel.special: no visible global function
     definition for ‘panel.histogram’
    overlaidDenPlot.fdfm : panel.special: no visible global function
     definition for ‘panel.mathdensity’
    overlaidDenPlot.fdfm: no visible global function definition for
     ‘simpleKey’
    overlaidDenPlot.fdfm: no visible global function definition for
     ‘histogram’
    overlaidDenPlot.fdfm : <anonymous>: no visible global function
     definition for ‘strip.default’
    plot.glmRob: no visible global function definition for ‘plot.glmfm’
    qqPlot.fdfm : panel.special: no visible global function definition for
     ‘panel.xyplot’
    qqPlot.fdfm : panel.special: no visible global function definition for
     ‘panel.abline’
    qqPlot.fdfm : <anonymous>: no visible global function definition for
     ‘strip.default’
    screePlot.covfm: no visible global function definition for ‘simpleKey’
    screePlot.covfm : <anonymous>: no visible global function definition
     for ‘strip.default’
Flavors: r-devel-linux-x86_64-debian-clang, r-devel-linux-x86_64-debian-gcc, r-devel-linux-x86_64-fedora-clang, r-devel-linux-x86_64-fedora-gcc, r-devel-osx-x86_64-clang, r-devel-windows-ix86+x86_64, r-patched-linux-x86_64, r-patched-solaris-sparc, r-patched-solaris-x86, r-release-linux-ix86, r-release-linux-x86_64, r-release-windows-ix86+x86_64

Version: 0.4-16
Check: compiled code
Result: NOTE
    File ‘robust/libs/robust.so’:
     Found ‘srand’, possibly from ‘srand’ (C)
     Object: ‘rb.o’
    
    Compiled code should not call entry points which might terminate R nor
    write to stdout/stderr instead of to the console, nor the system RNG.
    
    See ‘Writing portable packages’ in the ‘Writing R Extensions’ manual.
Flavors: r-devel-linux-x86_64-debian-clang, r-devel-linux-x86_64-debian-gcc, r-devel-linux-x86_64-fedora-clang, r-devel-linux-x86_64-fedora-gcc, r-patched-linux-x86_64, r-patched-solaris-sparc, r-patched-solaris-x86

Version: 0.4-16
Check: compiled code
Result: NOTE
    File ‘robust/libs/robust.so’:
     Found ‘_srand’, possibly from ‘srand’ (C)
     Object: ‘rb.o’
    
    Compiled code should not call entry points which might terminate R nor
    write to stdout/stderr instead of to the console, nor the system RNG.
    
    See ‘Writing portable packages’ in the ‘Writing R Extensions’ manual.
Flavor: r-devel-osx-x86_64-clang

Version: 0.4-16
Check: compiled code
Result: NOTE
    File 'robust/libs/i386/robust.dll':
     Found 'srand', possibly from 'srand' (C)
     Object: 'rb.o'
    File 'robust/libs/x64/robust.dll':
     Found 'srand', possibly from 'srand' (C)
     Object: 'rb.o'
    
    Compiled code should not call entry points which might terminate R nor
    write to stdout/stderr instead of to the console, nor the system RNG.
    
    See 'Writing portable packages' in the 'Writing R Extensions' manual.
Flavor: r-devel-windows-ix86+x86_64

Version: 0.4-16
Check: compiled code
Result: NOTE
    File ‘robust/libs/robust.so’:
     Found ‘srand’, possibly from ‘srand’ (C)
     Object: ‘rb.o’
    
    Compiled code should not call entry points which might terminate R nor
    write to stdout/stderr instead of to the console, nor the C RNG.
    
    See ‘Writing portable packages’ in the ‘Writing R Extensions’ manual.
Flavors: r-release-linux-ix86, r-release-linux-x86_64

Version: 0.4-16
Check: compiled code
Result: NOTE
    File 'robust/libs/i386/robust.dll':
     Found 'srand', possibly from 'srand' (C)
     Object: 'rb.o'
    File 'robust/libs/x64/robust.dll':
     Found 'srand', possibly from 'srand' (C)
     Object: 'rb.o'
    
    Compiled code should not call entry points which might terminate R nor
    write to stdout/stderr instead of to the console, nor the C RNG.
    
    See 'Writing portable packages' in the 'Writing R Extensions' manual.
Flavor: r-release-windows-ix86+x86_64