CRAN Package Check Results for Package robust

Last updated on 2019-08-26 11:48:55 CEST.

Flavor Version Tinstall Tcheck Ttotal Status Flags
r-devel-linux-x86_64-debian-clang 0.4-18.1 23.81 76.43 100.24 OK
r-devel-linux-x86_64-debian-gcc 0.4-18.1 19.18 58.63 77.81 OK
r-devel-linux-x86_64-fedora-clang 0.4-18.1 124.15 OK
r-devel-linux-x86_64-fedora-gcc 0.4-18.1 116.10 OK
r-devel-windows-ix86+x86_64 0.4-18.1 65.00 109.00 174.00 OK
r-patched-linux-x86_64 0.4-18.1 21.37 75.00 96.37 OK
r-patched-solaris-x86 0.4-18.1 149.70 ERROR
r-release-linux-x86_64 0.4-18.1 19.09 74.43 93.52 OK
r-release-windows-ix86+x86_64 0.4-18.1 80.00 168.00 248.00 OK
r-release-osx-x86_64 0.4-18.1 OK
r-oldrel-windows-ix86+x86_64 0.4-18.1 68.00 153.00 221.00 OK
r-oldrel-osx-x86_64 0.4-18.1 OK

Check Details

Version: 0.4-18.1
Check: examples
Result: ERROR
    Running examples in ‘robust-Ex.R’ failed
    The error most likely occurred in:
    
    > ### Name: overlaidDenPlot.fdfm
    > ### Title: Overlaid Density Plot
    > ### Aliases: overlaidDenPlot.fdfm
    > ### Keywords: hplot
    >
    > ### ** Examples
    >
    > data(los, package="robustbase")
    > los.fm <- fit.models(c(Robust = "fitdstnRob", MLE = "fitdstn"),
    + x = los, densfun = "gamma")
    
     *** caught segfault ***
    address 10, cause 'memory not mapped'
    
    Traceback:
     1: Tabgamma(b1, b2, alpha1, alpha2, k, A, maxta, maxtc, maxit, til, tol)
     2: gammaRob(x, ...)
     3: fitdstnRob(x = los, densfun = "gamma")
     4: eval(model.call, sys.parent())
     5: eval(model.call, sys.parent())
     6: fit.models(c(Robust = "fitdstnRob", MLE = "fitdstn"), x = los, densfun = "gamma")
    An irrecoverable exception occurred. R is aborting now ...
Flavor: r-patched-solaris-x86