CRAN Package Check Results for Package robustHD

Last updated on 2016-05-27 06:47:02.

Flavor Version Tinstall Tcheck Ttotal Status Flags
r-devel-linux-x86_64-debian-gcc 0.5.1 62.04 46.33 108.37 NOTE
r-devel-linux-x86_64-fedora-clang 0.5.1 188.29 OK
r-devel-linux-x86_64-fedora-gcc 0.5.1 170.89 NOTE
r-devel-osx-x86_64-clang 0.5.1 149.72 OK
r-devel-windows-ix86+x86_64 0.5.1 140.00 121.00 261.00 OK
r-patched-linux-x86_64 0.5.1 43.95 45.62 89.57 NOTE
r-patched-solaris-sparc 0.5.1 1070.80 OK
r-patched-solaris-x86 0.5.1 193.40 OK
r-release-linux-x86_64 0.5.1 43.88 45.85 89.73 NOTE
r-release-osx-x86_64-mavericks 0.5.1 OK
r-release-windows-ix86+x86_64 0.5.1 190.00 115.00 305.00 OK
r-oldrel-windows-ix86+x86_64 0.5.1 126.00 110.00 236.00 OK

Check Details

Version: 0.5.1
Check: installed package size
Result: NOTE
     installed size is 6.0Mb
     sub-directories of 1Mb or more:
     libs 5.6Mb
Flavors: r-devel-linux-x86_64-debian-gcc, r-devel-linux-x86_64-fedora-gcc, r-patched-linux-x86_64, r-release-linux-x86_64