CRAN Package Check Results for Package robustHD

Last updated on 2014-04-17 20:47:42.

Flavor Version Tinstall Tcheck Ttotal Status Flags
r-devel-linux-x86_64-debian-clang 0.4.0 31.94 53.90 85.83 OK
r-devel-linux-x86_64-debian-gcc 0.4.0 35.72 56.60 92.31 OK
r-devel-linux-x86_64-fedora-clang 0.4.0 178.81 OK
r-devel-linux-x86_64-fedora-gcc 0.4.0 174.85 OK
r-devel-macosx-x86_64-clang 0.4.0 148.33 OK
r-devel-macosx-x86_64-gcc 0.4.0 ERROR
r-devel-windows-ix86+x86_64 0.4.0 88.00 122.00 210.00 OK
r-patched-linux-x86_64 0.4.0 35.78 55.09 90.87 OK
r-patched-solaris-sparc 0.4.0 1110.50 NOTE
r-patched-solaris-x86 0.4.0 214.00 OK
r-release-linux-ix86 0.4.0 73.00 93.00 166.00 OK
r-release-linux-x86_64 0.4.0 35.93 54.57 90.50 OK
r-release-macosx-x86_64 0.4.0 OK
r-release-windows-ix86+x86_64 0.4.0 96.00 123.00 219.00 OK
r-oldrel-windows-ix86+x86_64 0.4.0 90.00 133.00 223.00 OK

Check Details

Version: 0.4.0
Check: package dependencies
Result: ERROR
    Packages required but not available: ‘ggplot2’ ‘perry’ ‘robustbase’
    
    See the information on DESCRIPTION files in the chapter ‘Creating R
    packages’ of the ‘Writing R Extensions’ manual.
Flavor: r-devel-macosx-x86_64-gcc

Version: 0.4.0
Check: installed package size
Result: NOTE
     installed size is 5.1Mb
     sub-directories of 1Mb or more:
     libs 4.8Mb
Flavor: r-patched-solaris-sparc