CRAN Package Check Results for Package robustHD

Last updated on 2016-07-26 18:48:31.

Flavor Version Tinstall Tcheck Ttotal Status Flags
r-devel-linux-x86_64-debian-clang 0.5.1 64.26 53.23 117.49 OK
r-devel-linux-x86_64-debian-gcc 0.5.1 69.44 54.66 124.10 NOTE
r-devel-linux-x86_64-fedora-clang 0.5.1 196.06 OK
r-devel-linux-x86_64-fedora-gcc 0.5.1 171.81 NOTE
r-devel-osx-x86_64-clang 0.5.1 133.75 OK
r-devel-windows-ix86+x86_64 0.5.1 211.00 142.00 353.00 OK
r-patched-linux-x86_64 0.5.1 48.63 54.25 102.88 NOTE
r-patched-solaris-sparc 0.5.1 1091.00 OK
r-patched-solaris-x86 0.5.1 192.80 OK
r-release-linux-x86_64 0.5.1 50.19 52.14 102.33 NOTE
r-release-osx-x86_64-mavericks 0.5.1 OK
r-release-windows-ix86+x86_64 0.5.1 203.00 136.00 339.00 OK
r-oldrel-windows-ix86+x86_64 0.5.1 188.00 154.00 342.00 OK

Check Details

Version: 0.5.1
Check: installed package size
Result: NOTE
     installed size is 6.1Mb
     sub-directories of 1Mb or more:
     libs 5.6Mb
Flavors: r-devel-linux-x86_64-debian-gcc, r-devel-linux-x86_64-fedora-gcc, r-patched-linux-x86_64, r-release-linux-x86_64