CRAN Package Check Results for Package robustHD

Last updated on 2015-01-25 04:47:14.

Flavor Version Tinstall Tcheck Ttotal Status Flags
r-devel-linux-x86_64-debian-clang 0.5.0 37.82 53.67 91.49 OK
r-devel-linux-x86_64-debian-gcc 0.5.0 43.16 53.18 96.34 NOTE
r-devel-linux-x86_64-fedora-clang 0.5.0 200.69 NOTE
r-devel-linux-x86_64-fedora-gcc 0.5.0 191.43 NOTE
r-devel-osx-x86_64-clang 0.5.0 128.00 OK
r-devel-windows-ix86+x86_64 0.5.0 123.00 126.00 249.00 OK
r-patched-linux-x86_64 0.5.0 41.28 56.30 97.58 NOTE
r-patched-solaris-sparc 0.5.0 1201.40 NOTE
r-patched-solaris-x86 0.5.0 236.20 NOTE
r-release-linux-ix86 0.5.0 49.00 69.24 118.24 OK
r-release-linux-x86_64 0.5.0 41.48 55.63 97.11 NOTE
r-release-osx-x86_64-mavericks 0.5.0 OK
r-release-osx-x86_64-snowleopard 0.5.0 OK
r-release-windows-ix86+x86_64 0.5.0 109.00 141.00 250.00 OK
r-oldrel-windows-ix86+x86_64 0.5.0 118.00 143.00 261.00 OK

Check Details

Version: 0.5.0
Check: installed package size
Result: NOTE
     installed size is 5.2Mb
     sub-directories of 1Mb or more:
     libs 4.8Mb
Flavors: r-devel-linux-x86_64-debian-gcc, r-devel-linux-x86_64-fedora-clang, r-devel-linux-x86_64-fedora-gcc, r-patched-linux-x86_64, r-patched-solaris-sparc, r-patched-solaris-x86, r-release-linux-x86_64