CRAN Package Check Results for Package robustHD

Last updated on 2015-05-26 12:47:28.

Flavor Version Tinstall Tcheck Ttotal Status Flags
r-devel-linux-x86_64-debian-clang 0.5.0 40.51 47.93 88.44 OK
r-devel-linux-x86_64-debian-gcc 0.5.0 42.90 47.77 90.67 NOTE
r-devel-linux-x86_64-fedora-clang 0.5.0 187.37 OK
r-devel-linux-x86_64-fedora-gcc 0.5.0 173.06 NOTE
r-devel-osx-x86_64-clang 0.5.0 132.94 OK
r-devel-windows-ix86+x86_64 0.5.0 126.00 120.00 246.00 OK
r-patched-linux-x86_64 0.5.0 42.96 47.15 90.10 NOTE
r-patched-solaris-sparc 0.5.0 1185.50 NOTE
r-patched-solaris-x86 0.5.0 219.80 NOTE
r-release-linux-x86_64 0.5.0 43.27 46.65 89.92 NOTE
r-release-osx-x86_64-mavericks 0.5.0 OK
r-release-osx-x86_64-snowleopard 0.5.0 ERROR
r-release-windows-ix86+x86_64 0.5.0 128.00 110.00 238.00 OK
r-oldrel-windows-ix86+x86_64 0.5.0 122.00 153.00 275.00 OK

Check Details

Version: 0.5.0
Check: installed package size
Result: NOTE
     installed size is 5.5Mb
     sub-directories of 1Mb or more:
     libs 5.1Mb
Flavors: r-devel-linux-x86_64-debian-gcc, r-devel-linux-x86_64-fedora-gcc, r-patched-linux-x86_64, r-patched-solaris-sparc, r-patched-solaris-x86, r-release-linux-x86_64

Version: 0.5.0
Check: package dependencies
Result: ERROR
    Packages required but not available: ‘ggplot2’ ‘perry’
    
    See section ‘The DESCRIPTION file’ in the ‘Writing R Extensions’
    manual.
Flavor: r-release-osx-x86_64-snowleopard