CRAN Package Check Results for Package robustHD

Last updated on 2017-07-22 14:46:54.

Flavor Version Tinstall Tcheck Ttotal Status Flags
r-devel-linux-x86_64-debian-clang 0.5.1 55.84 62.11 117.95 NOTE
r-devel-linux-x86_64-debian-gcc 0.5.1 59.41 61.10 120.50 NOTE
r-devel-linux-x86_64-fedora-clang 0.5.1 216.22 NOTE
r-devel-linux-x86_64-fedora-gcc 0.5.1 210.16 NOTE
r-devel-windows-ix86+x86_64 0.5.1 217.00 176.00 393.00 OK
r-patched-linux-x86_64 0.5.1 59.00 65.69 124.69 NOTE
r-patched-solaris-x86 0.5.1 218.90 OK
r-release-linux-x86_64 0.5.1 58.68 62.13 120.81 NOTE
r-release-windows-ix86+x86_64 0.5.1 189.00 176.00 365.00 OK
r-release-osx-x86_64 0.5.1 OK
r-oldrel-windows-ix86+x86_64 0.5.1 249.00 164.00 413.00 OK
r-oldrel-osx-x86_64 0.5.1 OK

Check Details

Version: 0.5.1
Check: compiled code
Result: NOTE
    File ‘robustHD/libs/robustHD.so’:
     Found no calls to: ‘R_registerRoutines’, ‘R_useDynamicSymbols’
    
    It is good practice to register native routines and to disable symbol
    search.
    
    See ‘Writing portable packages’ in the ‘Writing R Extensions’ manual.
Flavors: r-devel-linux-x86_64-debian-clang, r-devel-linux-x86_64-debian-gcc, r-devel-linux-x86_64-fedora-clang, r-devel-linux-x86_64-fedora-gcc, r-patched-linux-x86_64, r-release-linux-x86_64

Version: 0.5.1
Check: installed package size
Result: NOTE
     installed size is 6.5Mb
     sub-directories of 1Mb or more:
     libs 6.1Mb
Flavor: r-devel-linux-x86_64-fedora-gcc