CRAN Package Check Results for Package robustHD

Last updated on 2015-03-02 19:52:26.

Flavor Version Tinstall Tcheck Ttotal Status Flags
r-devel-linux-x86_64-debian-clang 0.5.0 37.91 46.68 84.58 OK
r-devel-linux-x86_64-debian-gcc 0.5.0 41.78 45.74 87.52 NOTE
r-devel-linux-x86_64-fedora-clang 0.5.0 186.14 OK
r-devel-linux-x86_64-fedora-gcc 0.5.0 167.88 NOTE
r-devel-osx-x86_64-clang 0.5.0 121.79 OK
r-devel-windows-ix86+x86_64 0.5.0 184.00 146.00 330.00 OK
r-patched-linux-x86_64 0.5.0 43.67 56.86 100.53 NOTE
r-patched-solaris-sparc 0.5.0 1285.10 NOTE
r-patched-solaris-x86 0.5.0 242.50 NOTE
r-release-linux-ix86 0.5.0 49.85 70.46 120.31 OK
r-release-linux-x86_64 0.5.0 43.12 57.80 100.91 NOTE
r-release-osx-x86_64-mavericks 0.5.0 OK
r-release-osx-x86_64-snowleopard 0.5.0 OK
r-release-windows-ix86+x86_64 0.5.0 136.00 180.00 316.00 OK
r-oldrel-windows-ix86+x86_64 0.5.0 117.00 146.00 263.00 OK

Check Details

Version: 0.5.0
Check: installed package size
Result: NOTE
     installed size is 5.2Mb
     sub-directories of 1Mb or more:
     libs 4.8Mb
Flavors: r-devel-linux-x86_64-debian-gcc, r-devel-linux-x86_64-fedora-gcc, r-patched-linux-x86_64, r-patched-solaris-sparc, r-patched-solaris-x86, r-release-linux-x86_64