CRAN Package Check Results for Package robustHD

Last updated on 2018-02-23 14:49:43 CET.

Flavor Version Tinstall Tcheck Ttotal Status Flags
r-devel-linux-x86_64-debian-clang 0.5.1 81.92 76.69 158.61 NOTE
r-devel-linux-x86_64-debian-gcc 0.5.1 69.46 58.84 128.30 NOTE
r-devel-linux-x86_64-fedora-clang 0.5.1 236.58 NOTE
r-devel-linux-x86_64-fedora-gcc 0.5.1 214.22 NOTE
r-devel-windows-ix86+x86_64 0.5.1 209.00 193.00 402.00 OK
r-patched-linux-x86_64 0.5.1 83.13 84.08 167.21 NOTE
r-patched-solaris-x86 0.5.1 217.20 OK
r-release-linux-x86_64 0.5.1 87.26 84.43 171.69 NOTE
r-release-windows-ix86+x86_64 0.5.1 233.00 184.00 417.00 OK
r-release-osx-x86_64 0.5.1 OK
r-oldrel-windows-ix86+x86_64 0.5.1 172.00 165.00 337.00 OK
r-oldrel-osx-x86_64 0.5.1 OK

Check Details

Version: 0.5.1
Check: compiled code
Result: NOTE
    File ‘robustHD/libs/robustHD.so’:
     Found no calls to: ‘R_registerRoutines’, ‘R_useDynamicSymbols’
    
    It is good practice to register native routines and to disable symbol
    search.
    
    See ‘Writing portable packages’ in the ‘Writing R Extensions’ manual.
Flavors: r-devel-linux-x86_64-debian-clang, r-devel-linux-x86_64-debian-gcc, r-devel-linux-x86_64-fedora-clang, r-devel-linux-x86_64-fedora-gcc, r-patched-linux-x86_64, r-release-linux-x86_64

Version: 0.5.1
Check: installed package size
Result: NOTE
     installed size is 5.7Mb
     sub-directories of 1Mb or more:
     libs 5.1Mb
Flavors: r-devel-linux-x86_64-fedora-clang, r-devel-linux-x86_64-fedora-gcc