CRAN Package Check Results for Package robustHD

Last updated on 2015-08-31 04:48:58.

Flavor Version Tinstall Tcheck Ttotal Status Flags
r-devel-linux-x86_64-debian-clang 0.5.0 41.87 45.00 86.86 NOTE
r-devel-linux-x86_64-debian-gcc 0.5.0 42.43 46.42 88.85 NOTE
r-devel-linux-x86_64-fedora-clang 0.5.0 182.10 NOTE
r-devel-linux-x86_64-fedora-gcc 0.5.0 164.53 NOTE
r-devel-osx-x86_64-clang 0.5.0 103.42 OK
r-devel-windows-ix86+x86_64 0.5.0 190.00 126.00 316.00 NOTE
r-patched-linux-x86_64 0.5.0 42.46 46.13 88.59 NOTE
r-patched-solaris-sparc 0.5.0 1201.40 OK
r-patched-solaris-x86 0.5.0 211.30 OK
r-release-linux-x86_64 0.5.0 42.88 47.16 90.04 NOTE
r-release-osx-x86_64-mavericks 0.5.0 OK
r-release-windows-ix86+x86_64 0.5.0 170.00 135.00 305.00 OK
r-oldrel-windows-ix86+x86_64 0.5.0 166.00 159.00 325.00 OK

Check Details

Version: 0.5.0
Check: R code for possible problems
Result: NOTE
    coefPlot.sparseLTS: no visible binding for global variable ‘tail’
    diagnosticPlot.default: no visible global function definition for
     ‘devAskNewPage’
    labelify: no visible global function definition for ‘head’
    labelify : <anonymous>: no visible global function definition for
     ‘head’
    Undefined global functions or variables:
     devAskNewPage head tail
    Consider adding
     importFrom("grDevices", "devAskNewPage")
     importFrom("utils", "head", "tail")
    to your NAMESPACE.
Flavors: r-devel-linux-x86_64-debian-clang, r-devel-linux-x86_64-debian-gcc, r-devel-linux-x86_64-fedora-clang, r-devel-linux-x86_64-fedora-gcc, r-devel-windows-ix86+x86_64

Version: 0.5.0
Check: installed package size
Result: NOTE
     installed size is 5.4Mb
     sub-directories of 1Mb or more:
     libs 5.0Mb
Flavors: r-devel-linux-x86_64-debian-gcc, r-devel-linux-x86_64-fedora-gcc, r-patched-linux-x86_64, r-release-linux-x86_64