CRAN Package Check Results for Package robustHD

Last updated on 2014-08-22 13:47:02.

Flavor Version Tinstall Tcheck Ttotal Status Flags
r-devel-linux-x86_64-debian-clang 0.5.0 34.30 52.35 86.64 OK
r-devel-linux-x86_64-debian-gcc 0.5.0 40.98 52.72 93.70 NOTE
r-devel-linux-x86_64-fedora-clang 0.5.0 189.00 OK
r-devel-linux-x86_64-fedora-gcc 0.5.0 186.08 NOTE
r-devel-osx-x86_64-clang 0.5.0 143.62 OK
r-devel-windows-ix86+x86_64 0.5.0 98.00 127.00 225.00 OK
r-patched-linux-x86_64 0.5.0 41.24 54.42 95.66 NOTE
r-patched-solaris-sparc 0.5.0 1204.50 NOTE
r-patched-solaris-x86 0.5.0 230.70 OK
r-release-linux-ix86 0.5.0 50.88 72.30 123.18 OK
r-release-linux-x86_64 0.5.0 41.09 55.31 96.40 NOTE
r-release-osx-x86_64-mavericks 0.5.0 OK
r-release-osx-x86_64-snowleopard 0.5.0 OK
r-release-windows-ix86+x86_64 0.5.0 110.00 141.00 251.00 OK
r-oldrel-windows-ix86+x86_64 0.5.0 112.00 139.00 251.00 OK

Check Details

Version: 0.5.0
Check: installed package size
Result: NOTE
     installed size is 5.3Mb
     sub-directories of 1Mb or more:
     libs 4.8Mb
Flavors: r-devel-linux-x86_64-debian-gcc, r-devel-linux-x86_64-fedora-gcc, r-patched-linux-x86_64, r-patched-solaris-sparc, r-release-linux-x86_64