CRAN Package Check Results for Package robustHD

Last updated on 2016-08-31 17:47:55.

Flavor Version Tinstall Tcheck Ttotal Status Flags
r-devel-linux-x86_64-debian-clang 0.5.1 51.40 46.93 98.33 OK
r-devel-linux-x86_64-debian-gcc 0.5.1 55.60 47.05 102.65 NOTE
r-devel-linux-x86_64-fedora-clang 0.5.1 194.91 OK
r-devel-linux-x86_64-fedora-gcc 0.5.1 188.36 NOTE
r-devel-osx-x86_64-clang 0.5.1 134.82 OK
r-devel-windows-ix86+x86_64 0.5.1 212.00 148.00 360.00 OK
r-patched-linux-x86_64 0.5.1 43.65 47.55 91.20 NOTE
r-patched-solaris-sparc 0.5.1 1087.90 OK
r-patched-solaris-x86 0.5.1 190.30 OK
r-release-linux-x86_64 0.5.1 44.35 46.44 90.78 NOTE
r-release-osx-x86_64-mavericks 0.5.1 OK
r-release-windows-ix86+x86_64 0.5.1 219.00 150.00 369.00 OK
r-oldrel-windows-ix86+x86_64 0.5.1 195.00 162.00 357.00 OK

Check Details

Version: 0.5.1
Check: installed package size
Result: NOTE
     installed size is 6.0Mb
     sub-directories of 1Mb or more:
     libs 5.5Mb
Flavors: r-devel-linux-x86_64-debian-gcc, r-devel-linux-x86_64-fedora-gcc, r-patched-linux-x86_64, r-release-linux-x86_64