CRAN Package Check Results for Package robustHD

Last updated on 2017-02-19 18:48:00.

Flavor Version Tinstall Tcheck Ttotal Status Flags
r-devel-linux-x86_64-debian-clang 0.5.1 52.04 53.32 105.35 NOTE
r-devel-linux-x86_64-debian-gcc 0.5.1 56.07 52.72 108.79 NOTE
r-devel-linux-x86_64-fedora-clang 0.5.1 207.51 NOTE --no-stop-on-test-error
r-devel-linux-x86_64-fedora-gcc 0.5.1 206.62 NOTE --no-stop-on-test-error
r-devel-macos-x86_64-clang 0.5.1 142.24 NOTE --no-stop-on-test-error
r-devel-windows-ix86+x86_64 0.5.1 231.00 137.00 368.00 OK
r-patched-linux-x86_64 0.5.1 45.18 51.06 96.24 OK
r-patched-solaris-sparc 0.5.1 1082.70 OK
r-patched-solaris-x86 0.5.1 202.90 OK
r-release-linux-x86_64 0.5.1 43.96 47.83 91.79 OK
r-release-osx-x86_64-mavericks 0.5.1 OK
r-release-windows-ix86+x86_64 0.5.1 152.00 128.00 280.00 OK
r-oldrel-windows-ix86+x86_64 0.5.1 210.00 165.00 375.00 OK

Check Details

Version: 0.5.1
Check: compiled code
Result: NOTE
    File ‘robustHD/libs/robustHD.so’:
     Found no calls to: ‘R_registerRoutines’, ‘R_useDynamicSymbols’
    
    It is good practice to register native routines and to disable symbol
    search.
    
    See ‘Writing portable packages’ in the ‘Writing R Extensions’ manual.
Flavors: r-devel-linux-x86_64-debian-clang, r-devel-linux-x86_64-debian-gcc

Version: 0.5.1
Flags: --no-stop-on-test-error
Check: compiled code
Result: NOTE
    File ‘robustHD/libs/robustHD.so’:
     Found no calls to: ‘R_registerRoutines’, ‘R_useDynamicSymbols’
    
    It is good practice to register native routines and to disable symbol
    search.
    
    See ‘Writing portable packages’ in the ‘Writing R Extensions’ manual.
Flavors: r-devel-linux-x86_64-fedora-clang, r-devel-linux-x86_64-fedora-gcc, r-devel-macos-x86_64-clang

Version: 0.5.1
Flags: --no-stop-on-test-error
Check: installed package size
Result: NOTE
     installed size is 5.9Mb
     sub-directories of 1Mb or more:
     libs 5.5Mb
Flavor: r-devel-linux-x86_64-fedora-gcc