CRAN Package Check Results for Package robustHD

Last updated on 2016-02-06 15:51:53.

Flavor Version Tinstall Tcheck Ttotal Status Flags
r-devel-linux-x86_64-debian-gcc 0.5.1 42.09 45.13 87.22 NOTE
r-devel-linux-x86_64-fedora-clang 0.5.1 185.56 OK
r-devel-linux-x86_64-fedora-gcc 0.5.1 167.99 NOTE
r-devel-osx-x86_64-clang 0.5.1 143.75 OK
r-devel-windows-ix86+x86_64 0.5.1 184.00 147.00 331.00 OK
r-patched-linux-x86_64 0.5.1 42.38 46.27 88.64 NOTE
r-patched-solaris-sparc 0.5.1 1084.20 OK
r-patched-solaris-x86 0.5.1 194.70 OK
r-release-linux-x86_64 0.5.1 42.56 45.83 88.39 NOTE
r-release-osx-x86_64-mavericks 0.5.1 OK
r-release-windows-ix86+x86_64 0.5.1 137.00 128.00 265.00 OK
r-oldrel-windows-ix86+x86_64 0.5.0 179.00 196.00 375.00 OK

Check Details

Version: 0.5.1
Check: installed package size
Result: NOTE
     installed size is 5.7Mb
     sub-directories of 1Mb or more:
     libs 5.2Mb
Flavors: r-devel-linux-x86_64-debian-gcc, r-devel-linux-x86_64-fedora-gcc, r-patched-linux-x86_64, r-release-linux-x86_64