CRAN Package Check Results for Package robustHD

Last updated on 2017-03-30 20:47:24.

Flavor Version Tinstall Tcheck Ttotal Status Flags
r-devel-linux-x86_64-debian-clang 0.5.1 52.80 54.71 107.52 NOTE
r-devel-linux-x86_64-debian-gcc 0.5.1 56.09 53.09 109.18 NOTE
r-devel-linux-x86_64-fedora-clang 0.5.1 213.61 NOTE --no-stop-on-test-error
r-devel-linux-x86_64-fedora-gcc 0.5.1 208.74 NOTE --no-stop-on-test-error
r-devel-macos-x86_64-clang 0.5.1 141.77 NOTE --no-stop-on-test-error
r-devel-windows-ix86+x86_64 0.5.1 143.00 182.00 325.00 OK
r-patched-linux-x86_64 0.5.1 44.38 54.54 98.92 NOTE
r-patched-solaris-sparc 0.5.1 1137.70 OK
r-release-linux-x86_64 0.5.1 43.79 48.38 92.17 OK
r-release-osx-x86_64-mavericks 0.5.1 OK
r-release-windows-ix86+x86_64 0.5.1 279.00 153.00 432.00 OK
r-oldrel-windows-ix86+x86_64 0.5.1 172.00 196.00 368.00 OK

Check Details

Version: 0.5.1
Check: compiled code
Result: NOTE
    File ‘robustHD/libs/robustHD.so’:
     Found no calls to: ‘R_registerRoutines’, ‘R_useDynamicSymbols’
    
    It is good practice to register native routines and to disable symbol
    search.
    
    See ‘Writing portable packages’ in the ‘Writing R Extensions’ manual.
Flavors: r-devel-linux-x86_64-debian-clang, r-devel-linux-x86_64-debian-gcc, r-patched-linux-x86_64

Version: 0.5.1
Flags: --no-stop-on-test-error
Check: compiled code
Result: NOTE
    File ‘robustHD/libs/robustHD.so’:
     Found no calls to: ‘R_registerRoutines’, ‘R_useDynamicSymbols’
    
    It is good practice to register native routines and to disable symbol
    search.
    
    See ‘Writing portable packages’ in the ‘Writing R Extensions’ manual.
Flavors: r-devel-linux-x86_64-fedora-clang, r-devel-linux-x86_64-fedora-gcc, r-devel-macos-x86_64-clang

Version: 0.5.1
Flags: --no-stop-on-test-error
Check: installed package size
Result: NOTE
     installed size is 5.9Mb
     sub-directories of 1Mb or more:
     libs 5.5Mb
Flavor: r-devel-linux-x86_64-fedora-gcc