CRAN Package Check Results for Package robustHD

Last updated on 2016-06-30 06:47:15.

Flavor Version Tinstall Tcheck Ttotal Status Flags
r-devel-linux-x86_64-debian-gcc 0.5.1 62.83 52.42 115.25 NOTE
r-devel-linux-x86_64-fedora-clang 0.5.1 192.36 OK
r-devel-linux-x86_64-fedora-gcc 0.5.1 171.77 NOTE
r-devel-osx-x86_64-clang 0.5.1 133.28 OK
r-devel-windows-ix86+x86_64 0.5.1 158.00 117.00 275.00 OK
r-patched-linux-x86_64 0.5.1 45.76 47.54 93.29 NOTE
r-patched-solaris-sparc 0.5.1 1091.70 NOTE
r-patched-solaris-x86 0.5.1 195.00 NOTE
r-release-linux-x86_64 0.5.1 43.54 46.49 90.03 NOTE
r-release-osx-x86_64-mavericks 0.5.1 OK
r-release-windows-ix86+x86_64 0.5.1 196.00 108.00 304.00 OK
r-oldrel-windows-ix86+x86_64 0.5.1 182.00 110.00 292.00 OK

Check Details

Version: 0.5.1
Check: installed package size
Result: NOTE
     installed size is 6.0Mb
     sub-directories of 1Mb or more:
     libs 5.6Mb
Flavors: r-devel-linux-x86_64-debian-gcc, r-devel-linux-x86_64-fedora-gcc, r-patched-linux-x86_64, r-patched-solaris-sparc, r-patched-solaris-x86, r-release-linux-x86_64