CRAN Package Check Results for Package robustHD

Last updated on 2020-01-28 20:50:14 CET.

Flavor Version Tinstall Tcheck Ttotal Status Flags
r-devel-linux-x86_64-debian-clang 0.6.1 114.68 99.02 213.70 OK
r-devel-linux-x86_64-debian-gcc 0.6.1 81.30 74.08 155.38 OK
r-devel-linux-x86_64-fedora-clang 0.6.1 284.02 NOTE
r-devel-linux-x86_64-fedora-gcc 0.6.1 273.27 OK
r-devel-windows-ix86+x86_64 0.6.1 216.00 216.00 432.00 OK
r-devel-windows-ix86+x86_64-gcc8 0.6.1 330.00 200.00 530.00 OK
r-patched-linux-x86_64 0.6.1 OK
r-patched-solaris-x86 0.6.1 272.20 OK
r-release-linux-x86_64 0.6.1 92.07 91.40 183.47 OK
r-release-windows-ix86+x86_64 0.6.1 214.00 161.00 375.00 OK
r-release-osx-x86_64 0.6.1 NOTE
r-oldrel-windows-ix86+x86_64 0.6.1 234.00 192.00 426.00 OK
r-oldrel-osx-x86_64 0.6.1 NOTE

Check Details

Version: 0.6.1
Check: installed package size
Result: NOTE
     installed size is 6.4Mb
     sub-directories of 1Mb or more:
     libs 5.8Mb
Flavors: r-devel-linux-x86_64-fedora-clang, r-release-osx-x86_64, r-oldrel-osx-x86_64