CRAN Package Check Results for Package robustHD

Last updated on 2015-04-19 17:48:48.

Flavor Version Tinstall Tcheck Ttotal Status Flags
r-devel-linux-x86_64-debian-clang 0.5.0 40.34 46.60 86.93 OK
r-devel-linux-x86_64-debian-gcc 0.5.0 42.15 46.16 88.30 NOTE
r-devel-linux-x86_64-fedora-clang 0.5.0 201.24 OK
r-devel-linux-x86_64-fedora-gcc 0.5.0 171.43 NOTE
r-devel-osx-x86_64-clang 0.5.0 116.41 OK
r-devel-windows-ix86+x86_64 0.5.0 172.00 120.00 292.00 OK
r-patched-linux-x86_64 0.5.0 42.42 47.61 90.04 NOTE
r-patched-solaris-sparc 0.5.0 1178.90 NOTE
r-patched-solaris-x86 0.5.0 216.20 NOTE
r-release-linux-x86_64 0.5.0 44.42 45.35 89.77 NOTE
r-release-osx-x86_64-mavericks 0.5.0 OK
r-release-osx-x86_64-snowleopard 0.5.0 ERROR
r-release-windows-ix86+x86_64 0.5.0 105.00 112.00 217.00 OK
r-oldrel-windows-ix86+x86_64 0.5.0 147.00 183.00 330.00 OK

Check Details

Version: 0.5.0
Check: installed package size
Result: NOTE
     installed size is 5.4Mb
     sub-directories of 1Mb or more:
     libs 4.9Mb
Flavors: r-devel-linux-x86_64-debian-gcc, r-devel-linux-x86_64-fedora-gcc, r-patched-linux-x86_64, r-patched-solaris-sparc, r-patched-solaris-x86, r-release-linux-x86_64

Version: 0.5.0
Check: package dependencies
Result: ERROR
    Packages required but not available: ‘ggplot2’ ‘perry’
    
    See section ‘The DESCRIPTION file’ in the ‘Writing R Extensions’
    manual.
Flavor: r-release-osx-x86_64-snowleopard