CRAN Package Check Results for Package robustHD

Last updated on 2014-12-22 19:48:31.

Flavor Version Tinstall Tcheck Ttotal Status Flags
r-devel-linux-x86_64-debian-clang 0.5.0 36.13 54.72 90.85 OK
r-devel-linux-x86_64-debian-gcc 0.5.0 41.14 53.45 94.59 NOTE
r-devel-linux-x86_64-fedora-clang 0.5.0 198.04 NOTE
r-devel-linux-x86_64-fedora-gcc 0.5.0 190.03 NOTE
r-devel-osx-x86_64-clang 0.5.0 138.18 OK
r-devel-windows-ix86+x86_64 0.5.0 112.00 133.00 245.00 OK
r-patched-linux-x86_64 0.5.0 41.06 57.42 98.48 NOTE
r-patched-solaris-sparc 0.5.0 1203.00 NOTE
r-patched-solaris-x86 0.5.0 234.20 OK
r-release-linux-ix86 0.5.0 49.04 68.92 117.97 OK
r-release-linux-x86_64 0.5.0 40.60 55.90 96.50 NOTE
r-release-osx-x86_64-mavericks 0.5.0 OK
r-release-osx-x86_64-snowleopard 0.5.0 OK
r-release-windows-ix86+x86_64 0.5.0 114.00 142.00 256.00 OK
r-oldrel-windows-ix86+x86_64 0.5.0 121.00 147.00 268.00 OK

Check Details

Version: 0.5.0
Check: installed package size
Result: NOTE
     installed size is 5.2Mb
     sub-directories of 1Mb or more:
     libs 4.8Mb
Flavors: r-devel-linux-x86_64-debian-gcc, r-devel-linux-x86_64-fedora-clang, r-devel-linux-x86_64-fedora-gcc, r-patched-linux-x86_64, r-patched-solaris-sparc, r-release-linux-x86_64