CRAN Package Check Results for Package robustHD

Last updated on 2017-01-19 10:52:21.

Flavor Version Tinstall Tcheck Ttotal Status Flags
r-devel-linux-x86_64-debian-clang 0.5.1 50.94 53.83 104.77 OK
r-devel-linux-x86_64-debian-gcc 0.5.1 54.74 52.89 107.63 OK
r-devel-linux-x86_64-fedora-clang 0.5.1 207.62 OK --no-stop-on-test-error
r-devel-linux-x86_64-fedora-gcc 0.5.1 202.29 NOTE --no-stop-on-test-error
r-devel-macos-x86_64-clang 0.5.1 141.99 OK --no-stop-on-test-error
r-devel-windows-ix86+x86_64 0.5.1 202.00 129.00 331.00 OK
r-patched-linux-x86_64 0.5.1 44.15 47.55 91.70 OK
r-patched-solaris-sparc 0.5.1 1082.70 OK
r-patched-solaris-x86 0.5.1 209.10 OK
r-release-linux-x86_64 0.5.1 43.95 48.68 92.63 OK
r-release-osx-x86_64-mavericks 0.5.1 OK
r-release-windows-ix86+x86_64 0.5.1 148.00 121.00 269.00 OK
r-oldrel-windows-ix86+x86_64 0.5.1 137.00 128.00 265.00 OK

Check Details

Version: 0.5.1
Flags: --no-stop-on-test-error
Check: installed package size
Result: NOTE
     installed size is 5.9Mb
     sub-directories of 1Mb or more:
     libs 5.5Mb
Flavor: r-devel-linux-x86_64-fedora-gcc