CRAN Package Check Results for Package robustHD

Last updated on 2016-04-29 19:50:00.

Flavor Version Tinstall Tcheck Ttotal Status Flags
r-devel-linux-x86_64-debian-gcc 0.5.1 42.98 45.90 88.88 NOTE
r-devel-linux-x86_64-fedora-clang 0.5.1 186.93 OK
r-devel-linux-x86_64-fedora-gcc 0.5.1 171.27 NOTE
r-devel-osx-x86_64-clang 0.5.1 144.10 OK
r-devel-windows-ix86+x86_64 0.5.1 157.00 119.00 276.00 OK
r-patched-linux-x86_64 0.5.1 42.83 46.23 89.07 NOTE
r-patched-solaris-sparc 0.5.1 1063.70 OK
r-patched-solaris-x86 0.5.1 195.00 OK
r-release-linux-x86_64 0.5.1 43.41 47.41 90.82 NOTE
r-release-osx-x86_64-mavericks 0.5.1 OK
r-release-windows-ix86+x86_64 0.5.1 138.00 116.00 254.00 OK
r-oldrel-windows-ix86+x86_64 0.5.0 179.00 196.00 375.00 OK

Check Details

Version: 0.5.1
Check: installed package size
Result: NOTE
     installed size is 5.7Mb
     sub-directories of 1Mb or more:
     libs 5.2Mb
Flavors: r-devel-linux-x86_64-debian-gcc, r-devel-linux-x86_64-fedora-gcc, r-patched-linux-x86_64, r-release-linux-x86_64