CRAN Package Check Results for Package robustHD

Last updated on 2016-09-25 20:47:32.

Flavor Version Tinstall Tcheck Ttotal Status Flags
r-devel-linux-x86_64-debian-clang 0.5.1 51.21 45.89 97.10 OK
r-devel-linux-x86_64-debian-gcc 0.5.1 54.25 47.40 101.65 NOTE
r-devel-linux-x86_64-fedora-clang 0.5.1 190.61 OK
r-devel-linux-x86_64-fedora-gcc 0.5.1 186.20 NOTE
r-devel-macos-x86_64-clang 0.5.1 130.88 OK
r-devel-windows-ix86+x86_64 0.5.1 149.00 151.00 300.00 OK
r-patched-linux-x86_64 0.5.1 43.49 46.80 90.29 NOTE
r-patched-solaris-sparc 0.5.1 1087.90 OK
r-patched-solaris-x86 0.5.1 190.00 OK
r-release-linux-x86_64 0.5.1 44.16 48.38 92.53 NOTE
r-release-osx-x86_64-mavericks 0.5.1 OK
r-release-windows-ix86+x86_64 0.5.1 155.00 121.00 276.00 OK
r-oldrel-windows-ix86+x86_64 0.5.1 190.00 223.00 413.00 OK

Check Details

Version: 0.5.1
Check: installed package size
Result: NOTE
     installed size is 6.0Mb
     sub-directories of 1Mb or more:
     libs 5.5Mb
Flavors: r-devel-linux-x86_64-debian-gcc, r-devel-linux-x86_64-fedora-gcc, r-patched-linux-x86_64, r-release-linux-x86_64