CRAN Package Check Results for Package robustHD

Last updated on 2014-07-30 20:48:52.

Flavor Version Tinstall Tcheck Ttotal Status Flags
r-devel-linux-x86_64-debian-clang 0.5.0 34.91 54.01 88.92 OK
r-devel-linux-x86_64-debian-gcc 0.5.0 40.82 54.69 95.52 NOTE
r-devel-linux-x86_64-fedora-clang 0.5.0 191.46 OK
r-devel-linux-x86_64-fedora-gcc 0.5.0 188.38 NOTE
r-devel-osx-x86_64-clang 0.5.0 145.06 OK
r-devel-windows-ix86+x86_64 0.5.0 108.00 134.00 242.00 OK
r-patched-linux-x86_64 0.5.0 41.28 54.23 95.51 NOTE
r-patched-solaris-sparc 0.5.0 1204.50 NOTE
r-patched-solaris-x86 0.5.0 231.00 OK
r-release-linux-ix86 0.5.0 50.12 71.35 121.47 OK
r-release-linux-x86_64 0.5.0 41.13 55.51 96.64 NOTE
r-release-osx-x86_64-mavericks 0.5.0 OK
r-release-osx-x86_64-snowleopard 0.5.0 OK
r-release-windows-ix86+x86_64 0.5.0 110.00 128.00 238.00 OK
r-oldrel-windows-ix86+x86_64 0.5.0 122.00 186.00 308.00 OK

Check Details

Version: 0.5.0
Check: installed package size
Result: NOTE
     installed size is 5.1Mb
     sub-directories of 1Mb or more:
     libs 4.7Mb
Flavors: r-devel-linux-x86_64-debian-gcc, r-devel-linux-x86_64-fedora-gcc, r-patched-linux-x86_64, r-patched-solaris-sparc, r-release-linux-x86_64