CRAN Package Check Results for Package robustHD

Last updated on 2018-06-23 16:46:55 CEST.

Flavor Version Tinstall Tcheck Ttotal Status Flags
r-devel-linux-x86_64-debian-clang 0.5.1 102.73 80.03 182.76 NOTE
r-devel-linux-x86_64-debian-gcc 0.5.1 77.53 61.22 138.75 NOTE
r-devel-linux-x86_64-fedora-clang 0.5.1 232.12 NOTE
r-devel-linux-x86_64-fedora-gcc 0.5.1 213.70 NOTE
r-devel-windows-ix86+x86_64 0.5.1 171.00 140.00 311.00 OK
r-patched-linux-x86_64 0.5.1 93.29 77.95 171.24 NOTE
r-patched-solaris-x86 0.5.1 232.00 OK
r-release-linux-x86_64 0.5.1 99.90 77.12 177.02 NOTE
r-release-windows-ix86+x86_64 0.5.1 217.00 130.00 347.00 OK
r-release-osx-x86_64 0.5.1 OK
r-oldrel-windows-ix86+x86_64 0.5.1 223.00 195.00 418.00 OK
r-oldrel-osx-x86_64 0.5.1 OK

Check Details

Version: 0.5.1
Check: compiled code
Result: NOTE
    File ‘robustHD/libs/robustHD.so’:
     Found no calls to: ‘R_registerRoutines’, ‘R_useDynamicSymbols’
    
    It is good practice to register native routines and to disable symbol
    search.
    
    See ‘Writing portable packages’ in the ‘Writing R Extensions’ manual.
Flavors: r-devel-linux-x86_64-debian-clang, r-devel-linux-x86_64-debian-gcc, r-devel-linux-x86_64-fedora-clang, r-devel-linux-x86_64-fedora-gcc, r-patched-linux-x86_64, r-release-linux-x86_64

Version: 0.5.1
Check: installed package size
Result: NOTE
     installed size is 5.8Mb
     sub-directories of 1Mb or more:
     libs 5.2Mb
Flavor: r-devel-linux-x86_64-fedora-clang