CRAN Package Check Results for Package robustHD

Last updated on 2017-11-25 09:50:01 CET.

Flavor Version Tinstall Tcheck Ttotal Status Flags
r-devel-linux-x86_64-debian-clang 0.5.1 73.15 126.75 199.90 NOTE
r-devel-linux-x86_64-debian-gcc 0.5.1 66.68 107.57 174.25 NOTE
r-devel-linux-x86_64-fedora-clang 0.5.1 210.97 NOTE
r-devel-linux-x86_64-fedora-gcc 0.5.1 205.97 NOTE
r-devel-windows-ix86+x86_64 0.5.1 155.00 147.00 302.00 OK
r-patched-linux-x86_64 0.5.1 80.01 128.89 208.90 NOTE
r-patched-solaris-x86 0.5.1 235.20 OK
r-release-linux-x86_64 0.5.1 80.90 129.69 210.60 NOTE
r-release-windows-ix86+x86_64 0.5.1 171.00 126.00 297.00 OK
r-release-osx-x86_64 0.5.1 OK
r-oldrel-windows-ix86+x86_64 0.5.1 169.00 138.00 307.00 OK
r-oldrel-osx-x86_64 0.5.1 OK

Additional issues

gcc-ASAN

Check Details

Version: 0.5.1
Check: compiled code
Result: NOTE
    File ‘robustHD/libs/robustHD.so’:
     Found no calls to: ‘R_registerRoutines’, ‘R_useDynamicSymbols’
    
    It is good practice to register native routines and to disable symbol
    search.
    
    See ‘Writing portable packages’ in the ‘Writing R Extensions’ manual.
Flavors: r-devel-linux-x86_64-debian-clang, r-devel-linux-x86_64-debian-gcc, r-devel-linux-x86_64-fedora-clang, r-devel-linux-x86_64-fedora-gcc, r-patched-linux-x86_64, r-release-linux-x86_64

Version: 0.5.1
Check: installed package size
Result: NOTE
     installed size is 5.0Mb
     sub-directories of 1Mb or more:
     libs 4.6Mb
Flavors: r-devel-linux-x86_64-fedora-clang, r-devel-linux-x86_64-fedora-gcc