CRAN Package Check Results for Package robustHD

Last updated on 2014-11-24 19:50:33.

Flavor Version Tinstall Tcheck Ttotal Status Flags
r-devel-linux-x86_64-debian-clang 0.5.0 36.55 53.96 90.51 OK
r-devel-linux-x86_64-debian-gcc 0.5.0 40.89 52.53 93.42 NOTE
r-devel-linux-x86_64-fedora-clang 0.5.0 200.04 NOTE
r-devel-linux-x86_64-fedora-gcc 0.5.0 189.34 NOTE
r-devel-osx-x86_64-clang 0.5.0 146.71 OK
r-devel-windows-ix86+x86_64 0.5.0 108.00 131.00 239.00 OK
r-patched-linux-x86_64 0.5.0 44.00 56.69 100.69 NOTE
r-patched-solaris-sparc 0.5.0 1225.70 NOTE
r-patched-solaris-x86 0.5.0 233.20 OK
r-release-linux-ix86 0.5.0 50.82 68.61 119.42 OK
r-release-linux-x86_64 0.5.0 40.96 56.00 96.96 NOTE
r-release-osx-x86_64-mavericks 0.5.0 OK
r-release-osx-x86_64-snowleopard 0.5.0 OK
r-release-windows-ix86+x86_64 0.5.0 128.00 131.00 259.00 OK
r-oldrel-windows-ix86+x86_64 0.5.0 112.00 145.00 257.00 OK

Check Details

Version: 0.5.0
Check: installed package size
Result: NOTE
     installed size is 5.2Mb
     sub-directories of 1Mb or more:
     libs 4.8Mb
Flavors: r-devel-linux-x86_64-debian-gcc, r-devel-linux-x86_64-fedora-clang, r-devel-linux-x86_64-fedora-gcc, r-patched-linux-x86_64, r-patched-solaris-sparc, r-release-linux-x86_64