CRAN Package Check Results for Package robustHD

Last updated on 2015-07-03 21:46:47.

Flavor Version Tinstall Tcheck Ttotal Status Flags
r-devel-linux-x86_64-debian-clang 0.5.0 44.60 46.34 90.93 NOTE
r-devel-linux-x86_64-debian-gcc 0.5.0 42.93 47.17 90.10 NOTE
r-devel-linux-x86_64-fedora-clang 0.5.0 185.36 NOTE
r-devel-linux-x86_64-fedora-gcc 0.5.0 170.95 NOTE
r-devel-osx-x86_64-clang 0.5.0 116.16 OK
r-devel-windows-ix86+x86_64 0.5.0 128.00 126.00 254.00 NOTE
r-patched-linux-x86_64 0.5.0 44.42 48.87 93.29 NOTE
r-patched-solaris-sparc 0.5.0 1141.10 NOTE
r-patched-solaris-x86 0.5.0 219.90 NOTE
r-release-linux-x86_64 0.5.0 44.35 47.20 91.55 NOTE
r-release-osx-x86_64-mavericks 0.5.0 OK
r-release-windows-ix86+x86_64 0.5.0 182.00 119.00 301.00 OK
r-oldrel-windows-ix86+x86_64 0.5.0 133.00 141.00 274.00 OK

Check Details

Version: 0.5.0
Check: R code for possible problems
Result: NOTE
    coefPlot.sparseLTS: no visible binding for global variable ‘tail’
    diagnosticPlot.default: no visible global function definition for
     ‘devAskNewPage’
    labelify: no visible global function definition for ‘head’
    labelify : <anonymous>: no visible global function definition for
     ‘head’
    Undefined global functions or variables:
     devAskNewPage head tail
Flavors: r-devel-linux-x86_64-debian-clang, r-devel-linux-x86_64-debian-gcc, r-devel-linux-x86_64-fedora-clang, r-devel-linux-x86_64-fedora-gcc, r-devel-windows-ix86+x86_64

Version: 0.5.0
Check: installed package size
Result: NOTE
     installed size is 5.6Mb
     sub-directories of 1Mb or more:
     libs 5.2Mb
Flavors: r-devel-linux-x86_64-debian-gcc, r-devel-linux-x86_64-fedora-gcc, r-patched-linux-x86_64, r-patched-solaris-sparc, r-patched-solaris-x86, r-release-linux-x86_64