CRAN Package Check Results for Package robustHD

Last updated on 2018-04-19 10:47:14 CEST.

Flavor Version Tinstall Tcheck Ttotal Status Flags
r-devel-linux-x86_64-debian-clang 0.5.1 96.52 71.95 168.47 NOTE
r-devel-linux-x86_64-debian-gcc 0.5.1 74.54 59.20 133.74 NOTE
r-devel-linux-x86_64-fedora-clang 0.5.1 227.93 NOTE
r-devel-linux-x86_64-fedora-gcc 0.5.1 213.38 NOTE
r-devel-windows-ix86+x86_64 0.5.1 229.00 191.00 420.00 OK
r-devel-osx-x86_64 0.5.1 OK
r-patched-linux-x86_64 0.5.1 91.58 75.91 167.49 NOTE
r-patched-solaris-x86 0.5.1 227.90 OK
r-release-linux-x86_64 0.5.1 89.16 84.78 173.94 NOTE
r-release-windows-ix86+x86_64 0.5.1 157.00 187.00 344.00 OK
r-release-osx-x86_64 0.5.1 OK
r-oldrel-windows-ix86+x86_64 0.5.1 167.00 177.00 344.00 OK

Check Details

Version: 0.5.1
Check: compiled code
Result: NOTE
    File ‘robustHD/libs/robustHD.so’:
     Found no calls to: ‘R_registerRoutines’, ‘R_useDynamicSymbols’
    
    It is good practice to register native routines and to disable symbol
    search.
    
    See ‘Writing portable packages’ in the ‘Writing R Extensions’ manual.
Flavors: r-devel-linux-x86_64-debian-clang, r-devel-linux-x86_64-debian-gcc, r-devel-linux-x86_64-fedora-clang, r-devel-linux-x86_64-fedora-gcc, r-patched-linux-x86_64, r-release-linux-x86_64

Version: 0.5.1
Check: installed package size
Result: NOTE
     installed size is 5.8Mb
     sub-directories of 1Mb or more:
     libs 5.2Mb
Flavors: r-devel-linux-x86_64-fedora-clang, r-devel-linux-x86_64-fedora-gcc