CRAN Package Check Results for Package robustHD

Last updated on 2017-09-20 06:49:46.

Flavor Version Tinstall Tcheck Ttotal Status Flags
r-devel-linux-x86_64-debian-clang 0.5.1 54.30 53.45 107.76 NOTE
r-devel-linux-x86_64-debian-gcc 0.5.1 59.47 53.57 113.04 NOTE
r-devel-linux-x86_64-fedora-clang 0.5.1 220.25 NOTE
r-devel-linux-x86_64-fedora-gcc 0.5.1 213.18 NOTE
r-devel-windows-ix86+x86_64 0.5.1 163.00 187.00 350.00 OK
r-patched-linux-x86_64 0.5.1 59.96 53.52 113.48 NOTE
r-patched-solaris-x86 0.5.1 242.90 OK
r-release-linux-x86_64 0.5.1 59.23 54.89 114.12 NOTE
r-release-windows-ix86+x86_64 0.5.1 170.00 151.00 321.00 OK
r-release-osx-x86_64 0.5.1 OK
r-oldrel-windows-ix86+x86_64 0.5.1 157.00 120.00 277.00 OK
r-oldrel-osx-x86_64 0.5.1 OK

Additional issues

gcc-ASAN

Check Details

Version: 0.5.1
Check: compiled code
Result: NOTE
    File ‘robustHD/libs/robustHD.so’:
     Found no calls to: ‘R_registerRoutines’, ‘R_useDynamicSymbols’
    
    It is good practice to register native routines and to disable symbol
    search.
    
    See ‘Writing portable packages’ in the ‘Writing R Extensions’ manual.
Flavors: r-devel-linux-x86_64-debian-clang, r-devel-linux-x86_64-debian-gcc, r-devel-linux-x86_64-fedora-clang, r-devel-linux-x86_64-fedora-gcc, r-patched-linux-x86_64, r-release-linux-x86_64

Version: 0.5.1
Check: installed package size
Result: NOTE
     installed size is 6.3Mb
     sub-directories of 1Mb or more:
     libs 5.8Mb
Flavor: r-devel-linux-x86_64-fedora-gcc