CRAN Package Check Results for Package robustHD

Last updated on 2017-05-28 21:47:10.

Flavor Version Tinstall Tcheck Ttotal Status Flags
r-devel-linux-x86_64-debian-clang 0.5.1 55.99 53.87 109.86 NOTE
r-devel-linux-x86_64-debian-gcc 0.5.1 59.04 54.96 114.00 NOTE
r-devel-linux-x86_64-fedora-clang 0.5.1 215.53 NOTE
r-devel-linux-x86_64-fedora-gcc 0.5.1 211.28 NOTE
r-devel-windows-ix86+x86_64 0.5.1 164.00 181.00 345.00 OK
r-patched-linux-x86_64 0.5.1 50.18 53.77 103.95 NOTE
r-patched-solaris-sparc 0.5.1 1137.70 OK
r-patched-solaris-x86 0.5.1 215.20 OK
r-release-linux-x86_64 0.5.1 47.30 53.54 100.84 NOTE
r-release-windows-ix86+x86_64 0.5.1 219.00 186.00 405.00 OK
r-release-osx-x86_64 0.5.1 OK
r-oldrel-windows-ix86+x86_64 0.5.1 193.00 134.00 327.00 OK
r-oldrel-osx-x86_64 0.5.1 OK

Check Details

Version: 0.5.1
Check: compiled code
Result: NOTE
    File ‘robustHD/libs/robustHD.so’:
     Found no calls to: ‘R_registerRoutines’, ‘R_useDynamicSymbols’
    
    It is good practice to register native routines and to disable symbol
    search.
    
    See ‘Writing portable packages’ in the ‘Writing R Extensions’ manual.
Flavors: r-devel-linux-x86_64-debian-clang, r-devel-linux-x86_64-debian-gcc, r-devel-linux-x86_64-fedora-clang, r-devel-linux-x86_64-fedora-gcc, r-patched-linux-x86_64, r-release-linux-x86_64

Version: 0.5.1
Check: installed package size
Result: NOTE
     installed size is 6.5Mb
     sub-directories of 1Mb or more:
     libs 6.1Mb
Flavor: r-devel-linux-x86_64-fedora-gcc