CRAN Package Check Results for Package robustHD

Last updated on 2014-10-26 01:48:15.

Flavor Version Tinstall Tcheck Ttotal Status Flags
r-devel-linux-x86_64-debian-clang 0.5.0 37.58 54.54 92.12 OK
r-devel-linux-x86_64-debian-gcc 0.5.0 42.66 55.79 98.45 NOTE
r-devel-linux-x86_64-fedora-clang 0.5.0 197.40 NOTE
r-devel-linux-x86_64-fedora-gcc 0.5.0 186.90 NOTE
r-devel-osx-x86_64-clang 0.5.0 146.20 OK
r-devel-windows-ix86+x86_64 0.5.0 113.00 122.00 235.00 OK
r-patched-linux-x86_64 0.5.0 41.08 55.51 96.60 NOTE
r-patched-solaris-sparc 0.5.0 1204.50 NOTE
r-patched-solaris-x86 0.5.0 235.80 NOTE
r-release-linux-ix86 0.5.0 52.18 72.67 124.84 OK
r-release-linux-x86_64 0.5.0 43.56 55.97 99.54 NOTE
r-release-osx-x86_64-mavericks 0.5.0 OK
r-release-osx-x86_64-snowleopard 0.5.0 OK
r-release-windows-ix86+x86_64 0.5.0 128.00 132.00 260.00 OK
r-oldrel-windows-ix86+x86_64 0.5.0 120.00 140.00 260.00 OK

Check Details

Version: 0.5.0
Check: installed package size
Result: NOTE
     installed size is 5.3Mb
     sub-directories of 1Mb or more:
     libs 4.8Mb
Flavors: r-devel-linux-x86_64-debian-gcc, r-devel-linux-x86_64-fedora-clang, r-devel-linux-x86_64-fedora-gcc, r-patched-linux-x86_64, r-patched-solaris-sparc, r-patched-solaris-x86, r-release-linux-x86_64