CRAN Package Check Results for Package robustHD

Last updated on 2020-09-23 15:28:13 CEST.

Flavor Version Tinstall Tcheck Ttotal Status Flags
r-devel-linux-x86_64-debian-clang 0.6.1 129.38 103.54 232.92 OK
r-devel-linux-x86_64-debian-gcc 0.6.1 97.96 79.40 177.36 OK
r-devel-linux-x86_64-fedora-clang 0.6.1 351.46 NOTE
r-devel-linux-x86_64-fedora-gcc 0.6.1 296.87 OK
r-devel-windows-ix86+x86_64 0.6.1 293.00 154.00 447.00 OK
r-patched-linux-x86_64 0.6.1 99.09 97.93 197.02 OK
r-patched-solaris-x86 0.6.1 283.10 OK
r-release-linux-x86_64 0.6.1 108.79 101.07 209.86 OK
r-release-macos-x86_64 0.6.1 NOTE
r-release-windows-ix86+x86_64 0.6.1 297.00 196.00 493.00 OK
r-oldrel-macos-x86_64 0.6.1 NOTE
r-oldrel-windows-ix86+x86_64 0.6.1 201.00 202.00 403.00 OK

Check Details

Version: 0.6.1
Check: installed package size
Result: NOTE
     installed size is 7.2Mb
     sub-directories of 1Mb or more:
     libs 6.6Mb
Flavors: r-devel-linux-x86_64-fedora-clang, r-release-macos-x86_64, r-oldrel-macos-x86_64