CRAN Package Check Results for Package robustHD

Last updated on 2014-09-22 03:48:26.

Flavor Version Tinstall Tcheck Ttotal Status Flags
r-devel-linux-x86_64-debian-clang 0.5.0 37.88 52.78 90.66 OK
r-devel-linux-x86_64-debian-gcc 0.5.0 42.25 52.74 95.00 NOTE
r-devel-linux-x86_64-fedora-clang 0.5.0 195.32 NOTE
r-devel-linux-x86_64-fedora-gcc 0.5.0 181.42 NOTE
r-devel-osx-x86_64-clang 0.5.0 136.78 OK
r-devel-windows-ix86+x86_64 0.5.0 110.00 125.00 235.00 OK
r-patched-linux-x86_64 0.5.0 43.55 54.99 98.54 NOTE
r-patched-solaris-sparc 0.5.0 1204.50 NOTE
r-patched-solaris-x86 0.5.0 234.20 OK
r-release-linux-ix86 0.5.0 51.79 72.94 124.72 OK
r-release-linux-x86_64 0.5.0 42.39 58.35 100.74 NOTE
r-release-osx-x86_64-mavericks 0.5.0 OK
r-release-osx-x86_64-snowleopard 0.5.0 OK
r-release-windows-ix86+x86_64 0.5.0 106.00 132.00 238.00 OK
r-oldrel-windows-ix86+x86_64 0.5.0 116.00 141.00 257.00 OK

Check Details

Version: 0.5.0
Check: installed package size
Result: NOTE
     installed size is 5.3Mb
     sub-directories of 1Mb or more:
     libs 4.8Mb
Flavors: r-devel-linux-x86_64-debian-gcc, r-devel-linux-x86_64-fedora-clang, r-devel-linux-x86_64-fedora-gcc, r-patched-linux-x86_64, r-patched-solaris-sparc, r-release-linux-x86_64