CRAN Package Check Results for Package robustX

Last updated on 2014-04-25 09:52:22.

Flavor Version Tinstall Tcheck Ttotal Status Flags
r-devel-linux-x86_64-debian-clang 1.1-4 1.01 20.88 21.90 NOTE
r-devel-linux-x86_64-debian-gcc 1.1-4 0.86 21.42 22.27 NOTE
r-devel-linux-x86_64-fedora-clang 1.1-4 44.36 NOTE
r-devel-linux-x86_64-fedora-gcc 1.1-4 41.99 NOTE
r-devel-osx-x86_64-clang 1.1-4 40.96 NOTE
r-devel-osx-x86_64-gcc 1.1-4 ERROR
r-devel-windows-ix86+x86_64 1.1-4 2.00 28.00 30.00 NOTE
r-patched-linux-x86_64 1.1-4 0.88 21.57 22.45 NOTE
r-patched-solaris-sparc 1.1-4 232.90 NOTE
r-patched-solaris-x86 1.1-4 55.90 NOTE
r-release-linux-ix86 1.1-4 2.00 43.00 45.00 NOTE
r-release-linux-x86_64 1.1-4 1.08 21.18 22.26 NOTE
r-release-osx-x86_64-mavericks 1.1-4 WARN
r-release-osx-x86_64-snowleopard 1.1-4 WARN
r-release-windows-ix86+x86_64 1.1-4 3.00 34.00 37.00 NOTE
r-oldrel-windows-ix86+x86_64 1.1-4 3.00 38.00 41.00 NOTE

Check Details

Version: 1.1-4
Check: dependencies in R code
Result: NOTE
    Package in Depends field not imported from: ‘robustbase’
     These packages need to be imported from (in the NAMESPACE file)
     for when this namespace is loaded but not attached.
    See the information on DESCRIPTION files in the chapter ‘Creating R
    packages’ of the ‘Writing R Extensions’ manual.
Flavors: r-devel-linux-x86_64-debian-clang, r-devel-linux-x86_64-debian-gcc, r-devel-linux-x86_64-fedora-clang, r-devel-linux-x86_64-fedora-gcc, r-devel-osx-x86_64-clang, r-devel-windows-ix86+x86_64, r-patched-linux-x86_64, r-patched-solaris-sparc, r-patched-solaris-x86, r-release-linux-ix86, r-release-linux-x86_64, r-release-osx-x86_64-mavericks, r-release-windows-ix86+x86_64, r-oldrel-windows-ix86+x86_64

Version: 1.1-4
Check: package dependencies
Result: ERROR
    Package required but not available: ‘robustbase’
    
    Package which this enhances but not available for checking: ‘ICS’
    
    See the information on DESCRIPTION files in the chapter ‘Creating R
    packages’ of the ‘Writing R Extensions’ manual.
Flavor: r-devel-osx-x86_64-gcc

Version: 1.1-4
Check: PDF version of manual
Result: WARNING
    LaTeX errors when creating PDF version.
    This typically indicates Rd problems.
    LaTeX errors found:
    ! LaTeX Error: File `upquote.sty' not found.
    
    Type X to quit or <RETURN> to proceed,
    or enter new name. (Default extension: sty)
    
    c4b6063/Rd2.tex:8: ==> Fatal error occurred, no output PDF file produced!
Flavor: r-release-osx-x86_64-mavericks

Version: 1.1-4
Check: dependencies in R code
Result: NOTE
    Package in Depends field not imported from: 'robustbase'
     These packages need to be imported from for the case when
     this namespace is loaded but not attached.
    See the information on DESCRIPTION files in the chapter 'Creating R
    packages' of the 'Writing R Extensions' manual.
Flavor: r-release-osx-x86_64-snowleopard

Version: 1.1-4
Check: examples
Result: WARNING
    checking a package with encoding 'UTF-8' in an ASCII locale
    
     OK
Flavor: r-release-osx-x86_64-snowleopard