CRAN Package Check Results for Package robustX

Last updated on 2022-08-07 21:56:34 CEST.

Flavor Version Tinstall Tcheck Ttotal Status Flags
r-devel-linux-x86_64-debian-clang 1.2-5 4.15 52.02 56.17 OK
r-devel-linux-x86_64-debian-gcc 1.2-5 2.88 40.41 43.29 OK
r-devel-linux-x86_64-fedora-clang 1.2-5 77.81 NOTE
r-devel-linux-x86_64-fedora-gcc 1.2-5 75.77 OK
r-devel-windows-x86_64 1.2-5 14.00 75.00 89.00 OK
r-patched-linux-x86_64 1.2-5 4.92 49.63 54.55 OK
r-release-linux-x86_64 1.2-5 3.25 48.51 51.76 OK
r-release-macos-arm64 1.2-5 25.00 OK
r-release-macos-x86_64 1.2-5 33.00 OK
r-release-windows-x86_64 1.2-5 18.00 75.00 93.00 OK
r-oldrel-macos-arm64 1.2-5 29.00 OK
r-oldrel-macos-x86_64 1.2-5 34.00 OK
r-oldrel-windows-ix86+x86_64 1.2-5 8.00 66.00 74.00 OK

Check Details

Version: 1.2-5
Check: Rd cross-references
Result: NOTE
    Undeclared package ‘pcaPP’ in Rd xrefs
Flavor: r-devel-linux-x86_64-fedora-clang