CRAN Package Check Results for Package robustX

Last updated on 2015-04-18 13:48:57.

Flavor Version Tinstall Tcheck Ttotal Status Flags
r-devel-linux-x86_64-debian-clang 1.1-4 0.82 19.48 20.30 NOTE
r-devel-linux-x86_64-debian-gcc 1.1-4 0.71 18.26 18.97 NOTE
r-devel-linux-x86_64-fedora-clang 1.1-4 38.29 NOTE
r-devel-linux-x86_64-fedora-gcc 1.1-4 36.49 NOTE
r-devel-osx-x86_64-clang 1.1-4 37.08 NOTE
r-patched-linux-x86_64 1.1-4 0.80 18.84 19.63 NOTE
r-patched-solaris-sparc 1.1-4 231.60 NOTE
r-patched-solaris-x86 1.1-4 49.30 NOTE
r-release-linux-x86_64 1.1-4 0.71 18.08 18.78 NOTE
r-release-osx-x86_64-mavericks 1.1-4 NOTE
r-release-osx-x86_64-snowleopard 1.1-4 WARN
r-release-windows-ix86+x86_64 1.1-4 3.00 43.00 46.00 NOTE
r-oldrel-windows-ix86+x86_64 1.1-4 4.00 40.00 44.00 NOTE

Check Details

Version: 1.1-4
Check: dependencies in R code
Result: NOTE
    Package in Depends field not imported from: ‘robustbase’
     These packages need to be imported from (in the NAMESPACE file)
     for when this namespace is loaded but not attached.
Flavors: r-devel-linux-x86_64-debian-clang, r-devel-linux-x86_64-debian-gcc, r-devel-linux-x86_64-fedora-clang, r-devel-linux-x86_64-fedora-gcc, r-devel-osx-x86_64-clang, r-patched-linux-x86_64, r-patched-solaris-sparc, r-patched-solaris-x86, r-release-linux-x86_64, r-release-osx-x86_64-mavericks, r-release-windows-ix86+x86_64

Version: 1.1-4
Check: dependencies in R code
Result: NOTE
    Package in Depends field not imported from: 'robustbase'
     These packages need to be imported from for the case when
     this namespace is loaded but not attached.
    See the information on DESCRIPTION files in the chapter 'Creating R
    packages' of the 'Writing R Extensions' manual.
Flavor: r-release-osx-x86_64-snowleopard

Version: 1.1-4
Check: examples
Result: WARN
    checking a package with encoding 'UTF-8' in an ASCII locale
    
     OK
Flavor: r-release-osx-x86_64-snowleopard

Version: 1.1-4
Check: dependencies in R code
Result: NOTE
    Package in Depends field not imported from: 'robustbase'
     These packages need to be imported from (in the NAMESPACE file)
     for when this namespace is loaded but not attached.
    See the information on DESCRIPTION files in the chapter 'Creating R
    packages' of the 'Writing R Extensions' manual.
Flavor: r-oldrel-windows-ix86+x86_64