CRAN Package Check Results for Package robustX

Last updated on 2022-12-05 02:51:04 CET.

Flavor Version Tinstall Tcheck Ttotal Status Flags
r-devel-linux-x86_64-debian-clang 1.2-5 4.56 48.76 53.32 OK
r-devel-linux-x86_64-debian-gcc 1.2-5 3.32 37.53 40.85 OK
r-devel-linux-x86_64-fedora-clang 1.2-5 76.09 NOTE
r-devel-linux-x86_64-fedora-gcc 1.2-5 79.29 OK
r-devel-windows-x86_64 1.2-5 14.00 75.00 89.00 OK
r-patched-linux-x86_64 1.2-5 4.63 45.28 49.91 OK
r-release-linux-x86_64 1.2-5 3.89 50.00 53.89 OK
r-release-macos-arm64 1.2-5 25.00 OK
r-release-macos-x86_64 1.2-5 33.00 OK
r-release-windows-x86_64 1.2-5 13.00 79.00 92.00 OK
r-oldrel-macos-arm64 1.2-5 29.00 OK
r-oldrel-macos-x86_64 1.2-5 34.00 OK
r-oldrel-windows-ix86+x86_64 1.2-5 8.00 77.00 85.00 OK

Additional issues

ATLAS

Check Details

Version: 1.2-5
Check: Rd cross-references
Result: NOTE
    Undeclared package ‘pcaPP’ in Rd xrefs
Flavor: r-devel-linux-x86_64-fedora-clang