CRAN Package Check Results for Package robustX

Last updated on 2014-07-25 07:53:21.

Flavor Version Tinstall Tcheck Ttotal Status Flags
r-devel-linux-x86_64-debian-clang 1.1-4 0.76 20.08 20.84 NOTE
r-devel-linux-x86_64-debian-gcc 1.1-4 1.03 20.36 21.39 NOTE
r-devel-linux-x86_64-fedora-clang 1.1-4 45.16 NOTE
r-devel-linux-x86_64-fedora-gcc 1.1-4 41.76 NOTE
r-devel-osx-x86_64-clang 1.1-4 39.75 NOTE
r-devel-windows-ix86+x86_64 1.1-4 3.00 34.00 37.00 NOTE
r-patched-linux-x86_64 1.1-4 0.86 19.88 20.75 NOTE
r-patched-solaris-sparc 1.1-4 232.90 NOTE
r-patched-solaris-x86 1.1-4 54.80 NOTE
r-release-linux-ix86 1.1-4 1.17 32.39 33.56 NOTE
r-release-linux-x86_64 1.1-4 0.81 20.14 20.96 NOTE
r-release-osx-x86_64-mavericks 1.1-4 NOTE
r-release-osx-x86_64-snowleopard 1.1-4 WARN
r-release-windows-ix86+x86_64 1.1-4 3.00 31.00 34.00 NOTE
r-oldrel-windows-ix86+x86_64 1.1-4 3.00 38.00 41.00 NOTE

Check Details

Version: 1.1-4
Check: dependencies in R code
Result: NOTE
    Package in Depends field not imported from: ‘robustbase’
     These packages need to be imported from (in the NAMESPACE file)
     for when this namespace is loaded but not attached.
    See the information on DESCRIPTION files in the chapter ‘Creating R
    packages’ of the ‘Writing R Extensions’ manual.
Flavors: r-devel-linux-x86_64-debian-clang, r-devel-linux-x86_64-debian-gcc, r-devel-linux-x86_64-fedora-clang, r-devel-linux-x86_64-fedora-gcc, r-devel-osx-x86_64-clang, r-devel-windows-ix86+x86_64, r-patched-linux-x86_64, r-patched-solaris-sparc, r-patched-solaris-x86, r-release-linux-ix86, r-release-linux-x86_64, r-release-osx-x86_64-mavericks, r-release-windows-ix86+x86_64, r-oldrel-windows-ix86+x86_64

Version: 1.1-4
Check: dependencies in R code
Result: NOTE
    Package in Depends field not imported from: 'robustbase'
     These packages need to be imported from for the case when
     this namespace is loaded but not attached.
    See the information on DESCRIPTION files in the chapter 'Creating R
    packages' of the 'Writing R Extensions' manual.
Flavor: r-release-osx-x86_64-snowleopard

Version: 1.1-4
Check: examples
Result: WARNING
    checking a package with encoding 'UTF-8' in an ASCII locale
    
     OK
Flavor: r-release-osx-x86_64-snowleopard