CRAN Package Check Results for Package robustX

Last updated on 2014-08-21 11:15:14.

Flavor Version Tinstall Tcheck Ttotal Status Flags
r-devel-linux-x86_64-debian-clang 1.1-4 0.92 19.25 20.17 NOTE
r-devel-linux-x86_64-debian-gcc 1.1-4 0.78 19.56 20.34 NOTE
r-devel-linux-x86_64-fedora-clang 1.1-4 41.79 NOTE
r-devel-linux-x86_64-fedora-gcc 1.1-4 42.41 NOTE
r-devel-osx-x86_64-clang 1.1-4 37.53 NOTE
r-devel-windows-ix86+x86_64 1.1-4 3.00 30.00 33.00 NOTE
r-patched-linux-x86_64 1.1-4 1.01 20.44 21.45 NOTE
r-patched-solaris-sparc 1.1-4 242.70 NOTE
r-patched-solaris-x86 1.1-4 54.40 NOTE
r-release-linux-ix86 1.1-4 1.18 32.72 33.89 NOTE
r-release-linux-x86_64 1.1-4 0.83 20.16 20.99 NOTE
r-release-osx-x86_64-mavericks 1.1-4 NOTE
r-release-osx-x86_64-snowleopard 1.1-4 WARN
r-release-windows-ix86+x86_64 1.1-4 3.00 35.00 38.00 NOTE
r-oldrel-windows-ix86+x86_64 1.1-4 4.00 39.00 43.00 NOTE

Check Details

Version: 1.1-4
Check: dependencies in R code
Result: NOTE
    Package in Depends field not imported from: ‘robustbase’
     These packages need to be imported from (in the NAMESPACE file)
     for when this namespace is loaded but not attached.
    See the information on DESCRIPTION files in the chapter ‘Creating R
    packages’ of the ‘Writing R Extensions’ manual.
Flavors: r-devel-linux-x86_64-debian-clang, r-devel-linux-x86_64-debian-gcc, r-devel-linux-x86_64-fedora-clang, r-devel-linux-x86_64-fedora-gcc, r-devel-osx-x86_64-clang, r-devel-windows-ix86+x86_64, r-patched-linux-x86_64, r-patched-solaris-sparc, r-patched-solaris-x86, r-release-linux-ix86, r-release-linux-x86_64, r-release-osx-x86_64-mavericks, r-release-windows-ix86+x86_64, r-oldrel-windows-ix86+x86_64

Version: 1.1-4
Check: dependencies in R code
Result: NOTE
    Package in Depends field not imported from: 'robustbase'
     These packages need to be imported from for the case when
     this namespace is loaded but not attached.
    See the information on DESCRIPTION files in the chapter 'Creating R
    packages' of the 'Writing R Extensions' manual.
Flavor: r-release-osx-x86_64-snowleopard

Version: 1.1-4
Check: examples
Result: WARN
    checking a package with encoding 'UTF-8' in an ASCII locale
    
     OK
Flavor: r-release-osx-x86_64-snowleopard