CRAN Package Check Results for Package robustX

Last updated on 2015-07-01 17:47:54.

Flavor Version Tinstall Tcheck Ttotal Status Flags
r-devel-linux-x86_64-debian-clang 1.1-4 0.63 17.86 18.49 NOTE
r-devel-linux-x86_64-debian-gcc 1.1-4 0.63 18.69 19.32 NOTE
r-devel-linux-x86_64-fedora-clang 1.1-4 36.49 NOTE
r-devel-linux-x86_64-fedora-gcc 1.1-4 34.29 NOTE
r-devel-osx-x86_64-clang 1.1-4 30.76 NOTE
r-devel-windows-ix86+x86_64 1.1-4 5.00 31.00 36.00 NOTE
r-patched-linux-x86_64 1.1-4 0.80 19.00 19.81 NOTE
r-patched-solaris-sparc 1.1-4 227.00 NOTE
r-patched-solaris-x86 1.1-4 49.80 NOTE
r-release-linux-x86_64 1.1-4 0.66 18.36 19.02 NOTE
r-release-osx-x86_64-mavericks 1.1-4 NOTE
r-release-windows-ix86+x86_64 1.1-4 2.00 33.00 35.00 NOTE
r-oldrel-windows-ix86+x86_64 1.1-4 5.00 33.00 38.00 NOTE

Check Details

Version: 1.1-4
Check: dependencies in R code
Result: NOTE
    Package in Depends field not imported from: ‘robustbase’
     These packages need to be imported from (in the NAMESPACE file)
     for when this namespace is loaded but not attached.
Flavors: r-devel-linux-x86_64-debian-clang, r-devel-linux-x86_64-debian-gcc, r-devel-linux-x86_64-fedora-clang, r-devel-linux-x86_64-fedora-gcc, r-devel-osx-x86_64-clang, r-devel-windows-ix86+x86_64, r-patched-linux-x86_64, r-patched-solaris-sparc, r-patched-solaris-x86, r-release-linux-x86_64, r-release-osx-x86_64-mavericks, r-release-windows-ix86+x86_64, r-oldrel-windows-ix86+x86_64

Version: 1.1-4
Check: R code for possible problems
Result: NOTE
    .lmBACON : GiveTis: no visible global function definition for ‘lm’
    .lmBACON : GiveTis: no visible global function definition for
     ‘hatvalues’
    .lmBACON: no visible global function definition for ‘qt’
    L1median: no visible binding for global variable ‘median’
    L1median: no visible global function definition for ‘nlm’
    L1median: no visible global function definition for ‘optim’
    L1median: no visible global function definition for ‘nlminb’
    L1median : Tnew: no visible global function definition for ‘median’
    covNNC : nclean.sub : NNdist: no visible global function definition for
     ‘dist’
    covNNC: no visible binding for global variable ‘median’
    covNNC: no visible binding for global variable ‘mad’
    covNNC: no visible global function definition for ‘mahalanobis’
    covNNC: no visible global function definition for ‘qchisq’
    covNNC1 : nclean.sub : splusNN: no visible global function definition
     for ‘dist’
    covNNC1: no visible binding for global variable ‘median’
    covNNC1: no visible binding for global variable ‘mad’
    covNNC1: no visible global function definition for ‘mahalanobis’
    covNNC1: no visible global function definition for ‘qchisq’
    mvBACON : chiCrit: no visible global function definition for ‘qchisq’
    mvBACON: no visible global function definition for ‘var’
    mvBACON: no visible global function definition for ‘mahalanobis’
    mvBACON: no visible binding for global variable ‘median’
    rbwheel: no visible binding for global variable ‘rnorm’
    rbwheel : <anonymous>: no visible global function definition for
     ‘rchisq’
    rbwheel : <anonymous>: no visible global function definition for
     ‘runif’
    rbwheel: no visible global function definition for ‘cov’
Flavors: r-devel-linux-x86_64-debian-clang, r-devel-linux-x86_64-debian-gcc, r-devel-linux-x86_64-fedora-clang, r-devel-linux-x86_64-fedora-gcc, r-devel-windows-ix86+x86_64