CRAN Package Check Results for Package robustX

Last updated on 2015-03-28 00:54:27.

Flavor Version Tinstall Tcheck Ttotal Status Flags
r-devel-linux-x86_64-debian-clang 1.1-4 0.69 19.77 20.46 NOTE
r-devel-linux-x86_64-debian-gcc 1.1-4 0.66 18.22 18.88 NOTE
r-devel-linux-x86_64-fedora-clang 1.1-4 38.05 NOTE
r-devel-linux-x86_64-fedora-gcc 1.1-4 36.90 NOTE
r-devel-osx-x86_64-clang 1.1-4 40.50 NOTE
r-prerel-windows-ix86+x86_64 1.1-4 4.00 31.00 35.00 NOTE
r-prerel-linux-x86_64 1.1-4 0.66 18.40 19.06 NOTE
r-prerel-solaris-sparc 1.1-4 231.60 NOTE
r-prerel-solaris-x86 1.1-4 49.20 NOTE
r-release-linux-x86_64 1.1-4 0.87 20.60 21.47 NOTE
r-release-osx-x86_64-mavericks 1.1-4 NOTE
r-release-osx-x86_64-snowleopard 1.1-4 WARN
r-release-windows-ix86+x86_64 1.1-4 3.00 33.00 36.00 NOTE
r-oldrel-windows-ix86+x86_64 1.1-4 3.00 54.00 57.00 NOTE

Check Details

Version: 1.1-4
Check: dependencies in R code
Result: NOTE
    Package in Depends field not imported from: ‘robustbase’
     These packages need to be imported from (in the NAMESPACE file)
     for when this namespace is loaded but not attached.
Flavors: r-devel-linux-x86_64-debian-clang, r-devel-linux-x86_64-debian-gcc, r-devel-linux-x86_64-fedora-clang, r-devel-linux-x86_64-fedora-gcc, r-devel-osx-x86_64-clang, r-prerel-windows-ix86+x86_64, r-prerel-linux-x86_64, r-prerel-solaris-sparc, r-prerel-solaris-x86, r-release-linux-x86_64, r-release-windows-ix86+x86_64

Version: 1.1-4
Check: dependencies in R code
Result: NOTE
    Package in Depends field not imported from: ‘robustbase’
     These packages need to be imported from (in the NAMESPACE file)
     for when this namespace is loaded but not attached.
    See the information on DESCRIPTION files in the chapter ‘Creating R
    packages’ of the ‘Writing R Extensions’ manual.
Flavors: r-release-osx-x86_64-mavericks, r-oldrel-windows-ix86+x86_64

Version: 1.1-4
Check: dependencies in R code
Result: NOTE
    Package in Depends field not imported from: 'robustbase'
     These packages need to be imported from for the case when
     this namespace is loaded but not attached.
    See the information on DESCRIPTION files in the chapter 'Creating R
    packages' of the 'Writing R Extensions' manual.
Flavor: r-release-osx-x86_64-snowleopard

Version: 1.1-4
Check: examples
Result: WARN
    checking a package with encoding 'UTF-8' in an ASCII locale
    
     OK
Flavor: r-release-osx-x86_64-snowleopard