CRAN Package Check Results for Package robustX

Last updated on 2015-05-29 23:48:14.

Flavor Version Tinstall Tcheck Ttotal Status Flags
r-devel-linux-x86_64-debian-clang 1.1-4 0.66 18.50 19.15 NOTE
r-devel-linux-x86_64-debian-gcc 1.1-4 0.68 18.15 18.84 NOTE
r-devel-linux-x86_64-fedora-clang 1.1-4 38.89 NOTE
r-devel-linux-x86_64-fedora-gcc 1.1-4 35.81 NOTE
r-devel-osx-x86_64-clang 1.1-4 36.93 NOTE
r-devel-windows-ix86+x86_64 1.1-4 2.00 27.00 29.00 NOTE
r-patched-linux-x86_64 1.1-4 0.68 18.38 19.06 NOTE
r-patched-solaris-sparc 1.1-4 227.00 NOTE
r-patched-solaris-x86 1.1-4 48.40 NOTE
r-release-linux-x86_64 1.1-4 0.69 18.59 19.28 NOTE
r-release-osx-x86_64-mavericks 1.1-4 NOTE
r-release-osx-x86_64-snowleopard 1.1-4 NOTE
r-release-windows-ix86+x86_64 1.1-4 2.00 31.00 33.00 NOTE
r-oldrel-windows-ix86+x86_64 1.1-4 3.00 36.00 39.00 NOTE

Check Details

Version: 1.1-4
Check: dependencies in R code
Result: NOTE
    Package in Depends field not imported from: ‘robustbase’
     These packages need to be imported from (in the NAMESPACE file)
     for when this namespace is loaded but not attached.
Flavors: r-devel-linux-x86_64-debian-clang, r-devel-linux-x86_64-debian-gcc, r-devel-linux-x86_64-fedora-clang, r-devel-linux-x86_64-fedora-gcc, r-devel-osx-x86_64-clang, r-devel-windows-ix86+x86_64, r-patched-linux-x86_64, r-patched-solaris-sparc, r-patched-solaris-x86, r-release-linux-x86_64, r-release-osx-x86_64-mavericks, r-release-osx-x86_64-snowleopard, r-release-windows-ix86+x86_64, r-oldrel-windows-ix86+x86_64

Version: 1.1-4
Check: package dependencies
Result: NOTE
    Package which this enhances but not available for checking: ‘ICS’
Flavor: r-release-osx-x86_64-snowleopard