CRAN Package Check Results for Package robustX

Last updated on 2015-02-27 05:48:13.

Flavor Version Tinstall Tcheck Ttotal Status Flags
r-devel-linux-x86_64-debian-clang 1.1-4 0.68 18.90 19.58 NOTE
r-devel-linux-x86_64-debian-gcc 1.1-4 0.66 17.99 18.65 NOTE
r-devel-linux-x86_64-fedora-clang 1.1-4 38.51 NOTE
r-devel-linux-x86_64-fedora-gcc 1.1-4 36.59 NOTE
r-devel-osx-x86_64-clang 1.1-4 37.57 NOTE
r-devel-windows-ix86+x86_64 1.1-4 3.00 28.00 31.00 NOTE
r-patched-linux-x86_64 1.1-4 1.04 20.68 21.72 NOTE
r-patched-solaris-sparc 1.1-4 226.70 NOTE
r-patched-solaris-x86 1.1-4 56.60 NOTE
r-release-linux-ix86 1.1-4 1.11 32.14 33.24 NOTE
r-release-linux-x86_64 1.1-4 0.85 0.27 1.12 OK
r-release-osx-x86_64-mavericks 1.1-4 NOTE
r-release-osx-x86_64-snowleopard 1.1-4 WARN
r-release-windows-ix86+x86_64 1.1-4 4.00 33.00 37.00 NOTE
r-oldrel-windows-ix86+x86_64 1.1-4 3.00 39.00 42.00 NOTE

Check Details

Version: 1.1-4
Check: dependencies in R code
Result: NOTE
    Package in Depends field not imported from: ‘robustbase’
     These packages need to be imported from (in the NAMESPACE file)
     for when this namespace is loaded but not attached.
Flavors: r-devel-linux-x86_64-debian-clang, r-devel-linux-x86_64-debian-gcc, r-devel-linux-x86_64-fedora-clang, r-devel-linux-x86_64-fedora-gcc, r-devel-osx-x86_64-clang, r-devel-windows-ix86+x86_64, r-patched-linux-x86_64, r-patched-solaris-x86

Version: 1.1-4
Check: dependencies in R code
Result: NOTE
    Package in Depends field not imported from: ‘robustbase’
     These packages need to be imported from (in the NAMESPACE file)
     for when this namespace is loaded but not attached.
    See the information on DESCRIPTION files in the chapter ‘Creating R
    packages’ of the ‘Writing R Extensions’ manual.
Flavors: r-patched-solaris-sparc, r-release-linux-ix86, r-release-osx-x86_64-mavericks, r-release-windows-ix86+x86_64, r-oldrel-windows-ix86+x86_64

Version: 1.1-4
Check: dependencies in R code
Result: NOTE
    Package in Depends field not imported from: 'robustbase'
     These packages need to be imported from for the case when
     this namespace is loaded but not attached.
    See the information on DESCRIPTION files in the chapter 'Creating R
    packages' of the 'Writing R Extensions' manual.
Flavor: r-release-osx-x86_64-snowleopard

Version: 1.1-4
Check: examples
Result: WARN
    checking a package with encoding 'UTF-8' in an ASCII locale
    
     OK
Flavor: r-release-osx-x86_64-snowleopard