CRAN Package Check Results for Package robustX

Last updated on 2014-12-20 15:46:34.

Flavor Version Tinstall Tcheck Ttotal Status Flags
r-devel-linux-x86_64-debian-clang 1.1-4 0.79 19.74 20.53 NOTE
r-devel-linux-x86_64-debian-gcc 1.1-4 0.72 19.92 20.64 NOTE
r-devel-linux-x86_64-fedora-clang 1.1-4 44.09 NOTE
r-devel-linux-x86_64-fedora-gcc 1.1-4 41.76 NOTE
r-devel-osx-x86_64-clang 1.1-4 40.11 NOTE
r-devel-windows-ix86+x86_64 1.1-4 4.00 31.00 35.00 NOTE
r-patched-linux-x86_64 1.1-4 0.77 21.60 22.37 NOTE
r-patched-solaris-sparc 1.1-4 242.70 NOTE
r-patched-solaris-x86 1.1-4 54.70 NOTE
r-release-linux-ix86 1.1-4 1.08 31.36 32.44 NOTE
r-release-linux-x86_64 1.1-4 0.76 20.94 21.70 NOTE
r-release-osx-x86_64-mavericks 1.1-4 NOTE
r-release-osx-x86_64-snowleopard 1.1-4 WARN
r-release-windows-ix86+x86_64 1.1-4 3.00 33.00 36.00 NOTE
r-oldrel-windows-ix86+x86_64 1.1-4 3.00 43.00 46.00 NOTE

Check Details

Version: 1.1-4
Check: dependencies in R code
Result: NOTE
    Package in Depends field not imported from: ‘robustbase’
     These packages need to be imported from (in the NAMESPACE file)
     for when this namespace is loaded but not attached.
    See the information on DESCRIPTION files in the chapter ‘Creating R
    packages’ of the ‘Writing R Extensions’ manual.
Flavors: r-devel-linux-x86_64-debian-clang, r-devel-linux-x86_64-debian-gcc, r-devel-linux-x86_64-fedora-clang, r-devel-linux-x86_64-fedora-gcc, r-devel-osx-x86_64-clang, r-devel-windows-ix86+x86_64, r-patched-linux-x86_64, r-patched-solaris-sparc, r-patched-solaris-x86, r-release-linux-ix86, r-release-linux-x86_64, r-release-osx-x86_64-mavericks, r-release-windows-ix86+x86_64, r-oldrel-windows-ix86+x86_64

Version: 1.1-4
Check: dependencies in R code
Result: NOTE
    Package in Depends field not imported from: 'robustbase'
     These packages need to be imported from for the case when
     this namespace is loaded but not attached.
    See the information on DESCRIPTION files in the chapter 'Creating R
    packages' of the 'Writing R Extensions' manual.
Flavor: r-release-osx-x86_64-snowleopard

Version: 1.1-4
Check: examples
Result: WARN
    checking a package with encoding 'UTF-8' in an ASCII locale
    
     OK
Flavor: r-release-osx-x86_64-snowleopard