CRAN Package Check Results for Package robustbase

Last updated on 2015-07-01 06:48:52.

Flavor Version Tinstall Tcheck Ttotal Status Flags
r-devel-linux-x86_64-debian-clang 0.92-4 13.28 136.25 149.53 NOTE
r-devel-linux-x86_64-debian-gcc 0.92-4 13.44 136.40 149.84 NOTE
r-devel-linux-x86_64-fedora-clang 0.92-4 292.29 NOTE
r-devel-linux-x86_64-fedora-gcc 0.92-4 283.06 NOTE
r-devel-osx-x86_64-clang 0.92-4 213.28 OK
r-devel-windows-ix86+x86_64 0.92-4 59.00 322.00 381.00 NOTE
r-patched-linux-x86_64 0.92-4 13.72 138.20 151.93 OK
r-patched-solaris-sparc 0.92-4 1691.60 OK
r-patched-solaris-x86 0.92-4 370.20 OK
r-release-linux-x86_64 0.92-4 13.92 137.28 151.20 OK
r-release-osx-x86_64-mavericks 0.92-4 OK
r-release-windows-ix86+x86_64 0.92-4 43.00 354.00 397.00 OK
r-oldrel-windows-ix86+x86_64 0.92-4 59.00 344.00 403.00 OK

Check Details

Version: 0.92-4
Check: R code for possible problems
Result: NOTE
    confint.nlrob: no visible global function definition for ‘profile’
    plot.lmrob: no visible binding for global variable ‘panel.smooth’
    plot.lmrob: no visible global function definition for ‘extendrange’
    plot.lmrob: no visible global function definition for ‘strheight’
    r6pack: no visible global function definition for ‘cor’
Flavors: r-devel-linux-x86_64-debian-clang, r-devel-linux-x86_64-debian-gcc, r-devel-linux-x86_64-fedora-clang, r-devel-linux-x86_64-fedora-gcc, r-devel-windows-ix86+x86_64