CRAN Package Check Results for Package robustbase

Last updated on 2017-04-23 23:51:24.

Flavor Version Tinstall Tcheck Ttotal Status Flags
r-devel-linux-x86_64-debian-clang 0.92-7 16.53 166.18 182.71 OK
r-devel-linux-x86_64-debian-gcc 0.92-7 16.17 164.06 180.23 OK
r-devel-linux-x86_64-fedora-clang 0.92-7 378.99 OK --no-stop-on-test-error
r-devel-linux-x86_64-fedora-gcc 0.92-7 351.49 OK --no-stop-on-test-error
r-devel-windows-ix86+x86_64 0.92-7 74.00 567.00 641.00 OK
r-patched-linux-x86_64 0.92-7 15.30 163.95 179.25 OK
r-patched-solaris-sparc 0.92-7 2186.90 OK
r-patched-solaris-x86 0.92-7 422.90 OK
r-release-linux-x86_64 0.92-7 16.73 163.15 179.88 OK
r-release-windows-ix86+x86_64 0.92-7 44.00 425.00 469.00 OK
r-release-osx-x86_64 0.92-7 NOTE
r-oldrel-windows-ix86+x86_64 0.92-7 46.00 408.00 454.00 OK
r-oldrel-osx-x86_64 0.92-7 OK

Check Details

Version: 0.92-7
Check: re-building of vignette outputs
Result: NOTE
    Error in re-building vignettes:
     ...
    Loading required package: robustbase
    Error in texi2dvi(file = file, pdf = TRUE, clean = clean, quiet = quiet, :
     Running 'texi2dvi' on 'fastMcd-kmini.tex' failed.
    BibTeX errors:
    The top-level auxiliary file: fastMcd-kmini.aux
    I couldn't open style file chicago.bst
    ---line 43 of file fastMcd-kmini.aux
     : \bibstyle{chicago
     : }
    I'm skipping whatever remains of this command
    I found no style file---while reading file fastMcd-kmini.aux
    Calls: buildVignettes -> texi2pdf -> texi2dvi
    Execution halted
Flavor: r-release-osx-x86_64