CRAN Package Check Results for Package robustbase

Last updated on 2014-12-20 23:47:26.

Flavor Version Tinstall Tcheck Ttotal Status Flags
r-devel-linux-x86_64-debian-clang 0.92-2 13.86 126.54 140.40 OK
r-devel-linux-x86_64-debian-gcc 0.92-2 14.93 123.38 138.31 OK
r-devel-linux-x86_64-fedora-clang 0.92-2 284.98 OK
r-devel-linux-x86_64-fedora-gcc 0.92-2 255.33 OK
r-devel-osx-x86_64-clang 0.92-2 237.14 OK
r-devel-windows-ix86+x86_64 0.92-2 40.00 277.00 317.00 OK
r-patched-linux-x86_64 0.92-2 15.15 133.75 148.90 OK
r-patched-solaris-sparc 0.92-2 1613.00 OK
r-patched-solaris-x86 0.92-2 346.00 OK
r-release-linux-ix86 0.92-2 18.14 156.86 175.01 OK
r-release-linux-x86_64 0.92-2 15.41 130.55 145.96 OK
r-release-osx-x86_64-mavericks 0.92-2 NOTE
r-release-osx-x86_64-snowleopard 0.92-2 OK
r-release-windows-ix86+x86_64 0.92-2 43.00 286.00 329.00 OK
r-oldrel-windows-ix86+x86_64 0.92-2 45.00 302.00 347.00 OK

Check Details

Version: 0.92-2
Check: re-building of vignette outputs
Result: NOTE
    Error in re-building vignettes:
     ...
    Loading required package: robustbase
    Error in texi2dvi(file = file, pdf = TRUE, clean = clean, quiet = quiet, :
     Running 'texi2dvi' on 'fastMcd-kmini.tex' failed.
    BibTeX errors:
    The top-level auxiliary file: fastMcd-kmini.aux
    I couldn't open style file chicago.bst
    ---line 43 of file fastMcd-kmini.aux
     : \bibstyle{chicago
     : }
    I'm skipping whatever remains of this command
    I found no style file---while reading file fastMcd-kmini.aux
    Calls: buildVignettes -> texi2pdf -> texi2dvi
    Execution halted
Flavor: r-release-osx-x86_64-mavericks