CRAN Package Check Results for Package robustbase

Last updated on 2017-06-22 15:48:53.

Flavor Version Tinstall Tcheck Ttotal Status Flags
r-devel-linux-x86_64-debian-clang 0.92-7 16.94 179.75 196.69 OK
r-devel-linux-x86_64-debian-gcc 0.92-7 16.16 177.84 194.00 OK
r-devel-linux-x86_64-fedora-clang 0.92-7 380.92 OK
r-devel-linux-x86_64-fedora-gcc 0.92-7 374.07 OK
r-devel-windows-ix86+x86_64 0.92-7 73.00 576.00 649.00 OK
r-patched-linux-x86_64 0.92-7 15.49 164.18 179.67 OK
r-patched-solaris-sparc 0.92-7 2186.90 OK
r-patched-solaris-x86 0.92-7 422.90 OK
r-release-linux-x86_64 0.92-7 15.76 165.58 181.33 OK
r-release-windows-ix86+x86_64 0.92-7 72.00 452.00 524.00 OK
r-release-osx-x86_64 0.92-7 NOTE
r-oldrel-windows-ix86+x86_64 0.92-7 69.00 413.00 482.00 OK
r-oldrel-osx-x86_64 0.92-7 OK

Check Details

Version: 0.92-7
Check: re-building of vignette outputs
Result: NOTE
    Error in re-building vignettes:
     ...
    Loading required package: robustbase
    Error in texi2dvi(file = file, pdf = TRUE, clean = clean, quiet = quiet, :
     Running 'texi2dvi' on 'fastMcd-kmini.tex' failed.
    BibTeX errors:
    The top-level auxiliary file: fastMcd-kmini.aux
    I couldn't open style file chicago.bst
    ---line 43 of file fastMcd-kmini.aux
     : \bibstyle{chicago
     : }
    I'm skipping whatever remains of this command
    I found no style file---while reading file fastMcd-kmini.aux
    Calls: buildVignettes -> texi2pdf -> texi2dvi
    Execution halted
Flavor: r-release-osx-x86_64