CRAN Package Check Results for Package robustbase

Last updated on 2022-12-08 16:51:06 CET.

Flavor Version Tinstall Tcheck Ttotal Status Flags
r-devel-linux-x86_64-debian-clang 0.95-0 29.24 325.24 354.48 WARN
r-devel-linux-x86_64-debian-gcc 0.95-0 21.03 270.67 291.70 WARN
r-devel-linux-x86_64-fedora-clang 0.95-0 462.91 WARN
r-devel-linux-x86_64-fedora-gcc 0.95-0 439.48 WARN
r-devel-windows-x86_64 0.95-0 151.00 550.00 701.00 NOTE
r-patched-linux-x86_64 0.95-0 29.41 305.51 334.92 OK
r-release-linux-x86_64 0.95-0 28.60 302.12 330.72 OK
r-release-macos-arm64 0.95-0 122.00 OK
r-release-macos-x86_64 0.95-0 179.00 OK
r-release-windows-x86_64 0.95-0 136.00 447.00 583.00 OK
r-oldrel-macos-arm64 0.95-0 117.00 OK
r-oldrel-macos-x86_64 0.95-0 177.00 OK
r-oldrel-windows-ix86+x86_64 0.95-0 59.00 563.00 622.00 OK

Check Details

Version: 0.95-0
Check: whether package can be installed
Result: WARN
    Found the following significant warnings:
     monitor.c:15:22: warning: a function declaration without a prototype is deprecated in all versions of C [-Wstrict-prototypes]
Flavors: r-devel-linux-x86_64-debian-clang, r-devel-linux-x86_64-fedora-clang

Version: 0.95-0
Check: Rd files
Result: NOTE
    checkRd: (-1) aircraft.Rd:8: Escaped LaTeX specials: \$
Flavors: r-devel-linux-x86_64-debian-clang, r-devel-linux-x86_64-debian-gcc, r-devel-linux-x86_64-fedora-clang, r-devel-linux-x86_64-fedora-gcc, r-devel-windows-x86_64

Version: 0.95-0
Check: whether package can be installed
Result: WARN
    Found the following significant warnings:
     monitor.c:15:14: warning: function declaration isn’t a prototype [-Wstrict-prototypes]
Flavors: r-devel-linux-x86_64-debian-gcc, r-devel-linux-x86_64-fedora-gcc