CRAN Package Check Results for Package robustbase

Last updated on 2014-04-25 05:47:24.

Flavor Version Tinstall Tcheck Ttotal Status Flags
r-devel-linux-x86_64-debian-clang 0.90-2 13.72 122.39 136.11 OK
r-devel-linux-x86_64-debian-gcc 0.91-0 14.36 122.70 137.06 OK
r-devel-linux-x86_64-fedora-clang 0.91-0 228.69 OK
r-devel-linux-x86_64-fedora-gcc 0.91-0 204.48 OK
r-devel-osx-x86_64-clang 0.91-0 153.99 OK
r-devel-osx-x86_64-gcc 0.90-2 ERROR
r-devel-windows-ix86+x86_64 0.90-2 37.00 253.00 290.00 OK
r-patched-linux-x86_64 0.90-2 14.55 122.47 137.02 OK
r-patched-solaris-sparc 0.91-0 1476.60 OK
r-patched-solaris-x86 0.91-0 286.00 OK
r-release-linux-ix86 0.90-2 22.00 145.00 167.00 ERROR
r-release-linux-x86_64 0.90-2 15.02 124.30 139.33 OK
r-release-osx-x86_64-mavericks 0.90-2 WARN
r-release-osx-x86_64-snowleopard 0.90-2 ERROR
r-release-windows-ix86+x86_64 0.91-0 31.00 216.00 247.00 OK
r-oldrel-windows-ix86+x86_64 0.90-2 38.00 289.00 327.00 OK

Check Details

Version: 0.90-2
Check: package dependencies
Result: NOTE
    Packages suggested but not available for checking: ‘robust’ ‘ggplot2’
Flavors: r-devel-osx-x86_64-gcc, r-release-osx-x86_64-mavericks

Version: 0.90-2
Check: Rd cross-references
Result: NOTE
    Packages unavailable to check Rd xrefs: ‘robustX’, ‘robust’, ‘quantreg’, ‘Hmisc’
Flavor: r-devel-osx-x86_64-gcc

Version: 0.90-2
Check: tests
Result: ERROR
    Running the tests in ‘tests/nlregrob-tst.R’ failed.
    Last 13 lines of output:
     Time elapsed: 0.008 0.001 0.009
     >
     > ## presence of high leverage point outliers
     > d.exp.Hlev <- within(d.exp40out, {
     + x[28:30] <- x[28:30] + 10 ## shift 10
     + y <- Expo(x, 1, 0.2) + err
     + y[28:30] <- y[28:30] + 500
     + })
     > Cfit.Hlev <- update(Cfit, data = d.exp.Hlev, control = nls.control(tol = 5e-8))
     Error in nls(formula = y ~ Expo(x, a, b), data = d.exp.Hlev, start = c(a = 1, :
     step factor 0.000488281 reduced below 'minFactor' of 0.000976562
     Calls: update -> update.default -> eval -> eval -> nls
     Execution halted
Flavors: r-devel-osx-x86_64-gcc, r-release-osx-x86_64-snowleopard

Version: 0.90-2
Check: tests
Result: ERROR
    Running the tests in ‘tests/nlrob-tst.R’ failed.
    Last 13 lines of output:
     11 13
     0.6087 0.7621
     > stopifnot(all.equal(Y, fitted(fm1) + residuals(fm1), check.attributes=FALSE),
     + ## fitted(<nls>) has "label" attribute
     + identical3(c(fitted(fm1)), predict(fm1), predict(fm1, newdata=DNase1)),
     + ## robust fit :
     + identical3(fitted(rm1), predict(rm1), predict(rm1, newdata=DNase1)),
     + all.equal(Y, unname(fitted(rm1) + residuals(rm1))))
     > assert.EQ(coef(rm1),
     + c(Asym=2.35963008, xmid=1.49945088, scal=1.04506392), tol = 1e-8)
     Error in assert.EQ(coef(rm1), c(Asym = 2.35963008, xmid = 1.49945088, :
     all.equal() |-> Mean relative difference: 1.023227e-08
     Execution halted
Flavor: r-release-linux-ix86

Version: 0.90-2
Check: Rd cross-references
Result: NOTE
    Packages unavailable to check Rd xrefs: ‘robustX’, ‘robust’
Flavor: r-release-osx-x86_64-mavericks

Version: 0.90-2
Check: re-building of vignette outputs
Result: NOTE
    Error in re-building vignettes:
     ...
    Loading required package: xtable
    Loading required package: robustbase
    Error in texi2dvi(file = file, pdf = TRUE, clean = clean, quiet = quiet, :
     Running 'texi2dvi' on 'lmrob_simulation.tex' failed.
    BibTeX errors:
    The top-level auxiliary file: lmrob_simulation.aux
    I couldn't open style file chicago.bst
    ---line 73 of file lmrob_simulation.aux
     : \bibstyle{chicago
     : }
    I'm skipping whatever remains of this command
    I found no style file---while reading file lmrob_simulation.aux
    Calls: buildVignettes -> texi2pdf -> texi2dvi
    Execution halted
Flavor: r-release-osx-x86_64-mavericks

Version: 0.90-2
Check: PDF version of manual
Result: WARNING
    LaTeX errors when creating PDF version.
    This typically indicates Rd problems.
    LaTeX errors found:
    ! LaTeX Error: File `upquote.sty' not found.
    
    Type X to quit or <RETURN> to proceed,
    or enter new name. (Default extension: sty)
    
    6f336db1/Rd2.tex:8: ==> Fatal error occurred, no output PDF file produced!
Flavor: r-release-osx-x86_64-mavericks