CRAN Package Check Results for Package robustbase

Last updated on 2017-08-21 09:48:20.

Flavor Version Tinstall Tcheck Ttotal Status Flags
r-devel-linux-x86_64-debian-clang 0.92-7 14.34 174.12 188.46 OK
r-devel-linux-x86_64-debian-gcc 0.92-7 14.42 172.33 186.75 OK
r-devel-linux-x86_64-fedora-clang 0.92-7 384.93 OK
r-devel-linux-x86_64-fedora-gcc 0.92-7 370.55 OK
r-devel-windows-ix86+x86_64 0.92-7 47.00 436.00 483.00 OK
r-patched-linux-x86_64 0.92-7 14.89 168.27 183.15 OK
r-patched-solaris-x86 0.92-7 431.20 OK
r-release-linux-x86_64 0.92-7 15.67 163.36 179.02 OK
r-release-windows-ix86+x86_64 0.92-7 65.00 441.00 506.00 OK
r-release-osx-x86_64 0.92-7 NOTE
r-oldrel-windows-ix86+x86_64 0.92-7 48.00 360.00 408.00 OK
r-oldrel-osx-x86_64 0.92-7 OK

Check Details

Version: 0.92-7
Check: re-building of vignette outputs
Result: NOTE
    Error in re-building vignettes:
     ...
    Loading required package: robustbase
    Error in texi2dvi(file = file, pdf = TRUE, clean = clean, quiet = quiet, :
     Running 'texi2dvi' on 'fastMcd-kmini.tex' failed.
    BibTeX errors:
    The top-level auxiliary file: fastMcd-kmini.aux
    I couldn't open style file chicago.bst
    ---line 43 of file fastMcd-kmini.aux
     : \bibstyle{chicago
     : }
    I'm skipping whatever remains of this command
    I found no style file---while reading file fastMcd-kmini.aux
    Calls: buildVignettes -> texi2pdf -> texi2dvi
    Execution halted
Flavor: r-release-osx-x86_64