CRAN Package Check Results for Package robustbase

Last updated on 2017-10-21 22:46:56.

Flavor Version Tinstall Tcheck Ttotal Status Flags
r-devel-linux-x86_64-debian-clang 0.92-7 14.89 181.69 196.58 OK
r-devel-linux-x86_64-debian-gcc 0.92-7 18.30 181.87 200.17 OK
r-devel-linux-x86_64-fedora-clang 0.92-7 379.77 OK
r-devel-linux-x86_64-fedora-gcc 0.92-7 389.47 OK
r-devel-windows-ix86+x86_64 0.92-7 58.00 434.00 492.00 OK
r-patched-linux-x86_64 0.92-7 14.05 165.54 179.58 OK
r-patched-solaris-x86 0.92-7 439.10 OK
r-release-linux-x86_64 0.92-7 14.74 165.28 180.03 OK
r-release-windows-ix86+x86_64 0.92-7 66.00 436.00 502.00 OK
r-release-osx-x86_64 0.92-7 NOTE
r-oldrel-windows-ix86+x86_64 0.92-7 45.00 488.00 533.00 OK
r-oldrel-osx-x86_64 0.92-7 OK

Check Details

Version: 0.92-7
Check: re-building of vignette outputs
Result: NOTE
    Error in re-building vignettes:
     ...
    Loading required package: robustbase
    Error in texi2dvi(file = file, pdf = TRUE, clean = clean, quiet = quiet, :
     Running 'texi2dvi' on 'fastMcd-kmini.tex' failed.
    BibTeX errors:
    The top-level auxiliary file: fastMcd-kmini.aux
    I couldn't open style file chicago.bst
    ---line 43 of file fastMcd-kmini.aux
     : \bibstyle{chicago
     : }
    I'm skipping whatever remains of this command
    I found no style file---while reading file fastMcd-kmini.aux
    Calls: buildVignettes -> texi2pdf -> texi2dvi
    Execution halted
Flavor: r-release-osx-x86_64