CRAN Package Check Results for Package robustbase

Last updated on 2017-05-24 10:48:30.

Flavor Version Tinstall Tcheck Ttotal Status Flags
r-devel-linux-x86_64-debian-clang 0.92-7 16.71 176.93 193.64 OK
r-devel-linux-x86_64-debian-gcc 0.92-7 16.07 173.08 189.15 OK
r-devel-linux-x86_64-fedora-clang 0.92-7 380.94 OK --no-stop-on-test-error
r-devel-linux-x86_64-fedora-gcc 0.92-7 350.96 OK --no-stop-on-test-error
r-devel-windows-ix86+x86_64 0.92-7 54.00 462.00 516.00 OK
r-patched-linux-x86_64 0.92-7 15.41 165.19 180.60 OK
r-patched-solaris-sparc 0.92-7 2186.90 OK
r-patched-solaris-x86 0.92-7 425.10 OK
r-release-linux-x86_64 0.92-7 15.49 161.50 176.99 OK
r-release-windows-ix86+x86_64 0.92-7 48.00 567.00 615.00 OK
r-release-osx-x86_64 0.92-7 NOTE
r-oldrel-windows-ix86+x86_64 0.92-7 79.00 484.00 563.00 OK
r-oldrel-osx-x86_64 0.92-7 OK

Check Details

Version: 0.92-7
Check: re-building of vignette outputs
Result: NOTE
    Error in re-building vignettes:
     ...
    Loading required package: robustbase
    Error in texi2dvi(file = file, pdf = TRUE, clean = clean, quiet = quiet, :
     Running 'texi2dvi' on 'fastMcd-kmini.tex' failed.
    BibTeX errors:
    The top-level auxiliary file: fastMcd-kmini.aux
    I couldn't open style file chicago.bst
    ---line 43 of file fastMcd-kmini.aux
     : \bibstyle{chicago
     : }
    I'm skipping whatever remains of this command
    I found no style file---while reading file fastMcd-kmini.aux
    Calls: buildVignettes -> texi2pdf -> texi2dvi
    Execution halted
Flavor: r-release-osx-x86_64