CRAN Package Check Results for Package robustbase

Last updated on 2014-09-03 01:47:57.

Flavor Version Tinstall Tcheck Ttotal Status Flags
r-devel-linux-x86_64-debian-clang 0.91-1 13.13 110.65 123.78 OK
r-devel-linux-x86_64-debian-gcc 0.91-1 13.63 107.34 120.97 OK
r-devel-linux-x86_64-fedora-clang 0.91-1 257.40 OK
r-devel-linux-x86_64-fedora-gcc 0.91-1 247.54 OK
r-devel-osx-x86_64-clang 0.91-1 198.08 OK
r-devel-windows-ix86+x86_64 0.91-1 38.00 249.00 287.00 OK
r-patched-linux-x86_64 0.91-1 14.59 120.42 135.00 OK
r-patched-solaris-sparc 0.91-1 1587.70 OK
r-patched-solaris-x86 0.91-1 328.40 OK
r-release-linux-ix86 0.91-1 17.79 114.63 132.42 ERROR
r-release-linux-x86_64 0.91-1 14.72 121.85 136.57 OK
r-release-osx-x86_64-mavericks 0.91-1 NOTE
r-release-osx-x86_64-snowleopard 0.91-1 OK
r-release-windows-ix86+x86_64 0.91-1 39.00 255.00 294.00 OK
r-oldrel-windows-ix86+x86_64 0.91-1 40.00 282.00 322.00 OK

Check Details

Version: 0.91-1
Check: tests
Result: ERROR
    Running the tests in ‘tests/nlrob-tst.R’ failed.
    Last 13 lines of output:
     > stopifnot(all.equal(Y, fitted(fm1) + residuals(fm1), check.attributes=FALSE),
     + ## fitted(<nls>) has "label" attribute
     + identical3(c(fitted(fm1)), predict(fm1), predict(fm1, newdata=DNase1)),
     + ## robust fit :
     + identical3(fitted(rm1), predict(rm1), predict(rm1, newdata=DNase1)),
     + all.equal(Y, unname(fitted(rm1) + residuals(rm1))))
     > assert.EQ(coef(rm1), # print(coef(rm1), digits=12)
     + ## 2.35963008460 1.49945088410 1.04506391722 F19 Lx 64b
     + ## 2.35963008613 1.49945088600 1.04506391793 F19 Lx 32b
     + c(Asym=2.35963008, xmid=1.49945088, scal=1.04506392), tol = 1e-8)
     Error in assert.EQ(coef(rm1), c(Asym = 2.35963008, xmid = 1.49945088, :
     all.equal() |-> Mean relative difference: 1.023227e-08
     Execution halted
Flavor: r-release-linux-ix86

Version: 0.91-1
Check: re-building of vignette outputs
Result: NOTE
    Error in re-building vignettes:
     ...
    Loading required package: xtable
    Loading required package: robustbase
    Error in texi2dvi(file = file, pdf = TRUE, clean = clean, quiet = quiet, :
     Running 'texi2dvi' on 'lmrob_simulation.tex' failed.
    BibTeX errors:
    The top-level auxiliary file: lmrob_simulation.aux
    I couldn't open style file chicago.bst
    ---line 74 of file lmrob_simulation.aux
     : \bibstyle{chicago
     : }
    I'm skipping whatever remains of this command
    I found no style file---while reading file lmrob_simulation.aux
    Calls: buildVignettes -> texi2pdf -> texi2dvi
    Execution halted
Flavor: r-release-osx-x86_64-mavericks