CRAN Package Check Results for Package robustbase

Last updated on 2016-12-08 08:47:46.

Flavor Version Tinstall Tcheck Ttotal Status Flags
r-devel-linux-x86_64-debian-clang 0.92-6 17.15 154.26 171.42 WARN
r-devel-linux-x86_64-debian-gcc 0.92-6 16.59 149.18 165.77 WARN
r-devel-linux-x86_64-fedora-clang 0.92-6 318.81 WARN --no-stop-on-test-error
r-devel-linux-x86_64-fedora-gcc 0.92-6 314.54 WARN --no-stop-on-test-error
r-devel-macos-x86_64-clang 0.92-6 224.47 WARN --no-stop-on-test-error
r-devel-windows-ix86+x86_64 0.92-6 51.00 348.00 399.00 WARN
r-patched-linux-x86_64 0.92-6 14.59 134.34 148.92 WARN
r-patched-solaris-sparc 0.92-6 1641.80 WARN
r-patched-solaris-x86 0.92-6 329.50 WARN
r-release-linux-x86_64 0.92-6 14.97 134.68 149.65 WARN
r-release-osx-x86_64-mavericks 0.92-6 OK
r-release-windows-ix86+x86_64 0.92-6 88.00 307.00 395.00 WARN
r-oldrel-windows-ix86+x86_64 0.92-6 62.00 334.00 396.00 ERROR

Check Details

Version: 0.92-6
Check: re-building of vignette outputs
Result: WARN
    Error in re-building vignettes:
     ...
    Loading required package: robustbase
    Loading required package: xtable
    Loading required package: GGally
    
    Error: processing vignette ‘lmrob_simulation.Rnw’ failed with diagnostics:
     chunk 6 (label = fig-example-design)
    Error : ggplot2 doesn't know how to deal with data of class matrix
    Execution halted
Flavors: r-devel-linux-x86_64-debian-clang, r-devel-linux-x86_64-debian-gcc, r-devel-windows-ix86+x86_64, r-patched-linux-x86_64, r-patched-solaris-sparc, r-patched-solaris-x86, r-release-linux-x86_64, r-release-windows-ix86+x86_64

Version: 0.92-6
Flags: --no-stop-on-test-error
Check: re-building of vignette outputs
Result: WARN
    Error in re-building vignettes:
     ...
    Loading required package: robustbase
    Loading required package: xtable
    Loading required package: GGally
    
    Error: processing vignette 'lmrob_simulation.Rnw' failed with diagnostics:
     chunk 6 (label = fig-example-design)
    Error : ggplot2 doesn't know how to deal with data of class matrix
    Execution halted
Flavors: r-devel-linux-x86_64-fedora-clang, r-devel-linux-x86_64-fedora-gcc, r-devel-macos-x86_64-clang

Version: 0.92-6
Check: running R code from vignettes
Result: ERROR
    Errors in running code in vignettes:
    when running code in 'lmrob_simulation.Rnw'
     ...
    > require(GGally)
    Loading required package: GGally
    
    > colnames(rand_25_5) <- paste0("X", 1:5)
    
    > print(ggpairs(rand_25_5, axisLabels = "show", title = "rand_25_5: n=25, p=5"))
    
     When sourcing 'lmrob_simulation.R':
    Error: ggplot2 doesn't know how to deal with data of class matrix
    Execution halted
Flavor: r-oldrel-windows-ix86+x86_64

Version: 0.92-6
Check: re-building of vignette outputs
Result: NOTE
    Error in re-building vignettes:
     ...
    Loading required package: robustbase
    Loading required package: xtable
    Loading required package: GGally
    
    Error: processing vignette 'lmrob_simulation.Rnw' failed with diagnostics:
     chunk 6 (label = fig-example-design)
    Error : ggplot2 doesn't know how to deal with data of class matrix
    Execution halted
Flavor: r-oldrel-windows-ix86+x86_64