CRAN Package Check Results for Package robustbase

Last updated on 2014-11-28 12:46:57.

Flavor Version Tinstall Tcheck Ttotal Status Flags
r-devel-linux-x86_64-debian-clang 0.92-2 15.95 126.90 142.86 OK
r-devel-linux-x86_64-debian-gcc 0.92-2 14.14 122.86 137.00 OK
r-devel-linux-x86_64-fedora-clang 0.92-2 283.91 OK
r-devel-linux-x86_64-fedora-gcc 0.92-2 270.27 OK
r-devel-osx-x86_64-clang 0.92-2 247.94 OK
r-devel-windows-ix86+x86_64 0.92-2 37.00 261.00 298.00 OK
r-patched-linux-x86_64 0.92-2 14.75 132.16 146.91 OK
r-patched-solaris-sparc 0.92-2 1613.00 OK
r-patched-solaris-x86 0.92-2 344.40 OK
r-release-linux-ix86 0.92-2 18.15 155.28 173.43 OK
r-release-linux-x86_64 0.92-2 15.25 130.32 145.57 OK
r-release-osx-x86_64-mavericks 0.92-2 NOTE
r-release-osx-x86_64-snowleopard 0.92-2 OK
r-release-windows-ix86+x86_64 0.92-2 41.00 292.00 333.00 OK
r-oldrel-windows-ix86+x86_64 0.92-2 40.00 302.00 342.00 OK

Check Details

Version: 0.92-2
Check: re-building of vignette outputs
Result: NOTE
    Error in re-building vignettes:
     ...
    Loading required package: robustbase
    Error in texi2dvi(file = file, pdf = TRUE, clean = clean, quiet = quiet, :
     Running 'texi2dvi' on 'fastMcd-kmini.tex' failed.
    BibTeX errors:
    The top-level auxiliary file: fastMcd-kmini.aux
    I couldn't open style file chicago.bst
    ---line 43 of file fastMcd-kmini.aux
     : \bibstyle{chicago
     : }
    I'm skipping whatever remains of this command
    I found no style file---while reading file fastMcd-kmini.aux
    Calls: buildVignettes -> texi2pdf -> texi2dvi
    Execution halted
Flavor: r-release-osx-x86_64-mavericks